[INFO] cloning repository https://github.com/UnitedTraders/aeron-rs
[INFO] running `Command { std: "git" "-c" "credential.helper=" "-c" "credential.helper=/workspace/cargo-home/bin/git-credential-null" "clone" "--bare" "https://github.com/UnitedTraders/aeron-rs" "/workspace/cache/git-repos/https%3A%2F%2Fgithub.com%2FUnitedTraders%2Faeron-rs", kill_on_drop: false }`
[INFO] [stderr] Cloning into bare repository '/workspace/cache/git-repos/https%3A%2F%2Fgithub.com%2FUnitedTraders%2Faeron-rs'...
[INFO] running `Command { std: "git" "rev-parse" "HEAD", kill_on_drop: false }`
[INFO] [stdout] 7a384d2de50ba040a05756655ab6053c41b54e8b
[INFO] testing UnitedTraders/aeron-rs against nightly-2025-01-18 for randomize-layout-2
[INFO] running `Command { std: "git" "clone" "/workspace/cache/git-repos/https%3A%2F%2Fgithub.com%2FUnitedTraders%2Faeron-rs" "/workspace/builds/worker-4-tc1/source", kill_on_drop: false }`
[INFO] [stderr] Cloning into '/workspace/builds/worker-4-tc1/source'...
[INFO] [stderr] done.
[INFO] validating manifest of git repo https://github.com/UnitedTraders/aeron-rs on toolchain nightly-2025-01-18
[INFO] running `Command { std: CARGO_HOME="/workspace/cargo-home" RUSTUP_HOME="/workspace/rustup-home" "/workspace/cargo-home/bin/cargo" "+nightly-2025-01-18" "metadata" "--manifest-path" "Cargo.toml" "--no-deps", kill_on_drop: false }`
[INFO] started tweaking git repo https://github.com/UnitedTraders/aeron-rs
[INFO] finished tweaking git repo https://github.com/UnitedTraders/aeron-rs
[INFO] tweaked toml for git repo https://github.com/UnitedTraders/aeron-rs written to /workspace/builds/worker-4-tc1/source/Cargo.toml
[INFO] running `Command { std: CARGO_HOME="/workspace/cargo-home" RUSTUP_HOME="/workspace/rustup-home" "/workspace/cargo-home/bin/cargo" "+nightly-2025-01-18" "generate-lockfile" "--manifest-path" "Cargo.toml", kill_on_drop: false }`
[INFO] [stderr]     Updating crates.io index
[INFO] [stderr]      Locking 104 packages to latest compatible versions
[INFO] running `Command { std: CARGO_HOME="/workspace/cargo-home" RUSTUP_HOME="/workspace/rustup-home" "/workspace/cargo-home/bin/cargo" "+nightly-2025-01-18" "fetch" "--manifest-path" "Cargo.toml", kill_on_drop: false }`
[INFO] [stderr]  Downloading crates ...
[INFO] [stderr]   Downloaded galvanic-assert v0.8.7
[INFO] [stderr]   Downloaded cache_line_size v1.0.0
[INFO] running `Command { std: "docker" "create" "-v" "/var/lib/crater-agent-workspace/builds/worker-4-tc1/target:/opt/rustwide/target:rw,Z" "-v" "/var/lib/crater-agent-workspace/builds/worker-4-tc1/source:/opt/rustwide/workdir:ro,Z" "-v" "/var/lib/crater-agent-workspace/cargo-home:/opt/rustwide/cargo-home:ro,Z" "-v" "/var/lib/crater-agent-workspace/rustup-home:/opt/rustwide/rustup-home:ro,Z" "-e" "SOURCE_DIR=/opt/rustwide/workdir" "-e" "CARGO_TARGET_DIR=/opt/rustwide/target" "-e" "CARGO_HOME=/opt/rustwide/cargo-home" "-e" "RUSTUP_HOME=/opt/rustwide/rustup-home" "-w" "/opt/rustwide/workdir" "-m" "1610612736" "--user" "0:0" "--network" "none" "ghcr.io/rust-lang/crates-build-env/linux@sha256:819108c5571ea2e421544af4d832f968d213c87fbe3707a016657f43d2f853bc" "/opt/rustwide/cargo-home/bin/cargo" "+nightly-2025-01-18" "metadata" "--no-deps" "--format-version=1", kill_on_drop: false }`
[INFO] [stdout] b522240c0a19493f0f0a5d1560d87729de40415aa6e2aa8cf4c165c1a424dbee
[INFO] running `Command { std: "docker" "start" "-a" "b522240c0a19493f0f0a5d1560d87729de40415aa6e2aa8cf4c165c1a424dbee", kill_on_drop: false }`
[INFO] running `Command { std: "docker" "inspect" "b522240c0a19493f0f0a5d1560d87729de40415aa6e2aa8cf4c165c1a424dbee", kill_on_drop: false }`
[INFO] running `Command { std: "docker" "rm" "-f" "b522240c0a19493f0f0a5d1560d87729de40415aa6e2aa8cf4c165c1a424dbee", kill_on_drop: false }`
[INFO] [stdout] b522240c0a19493f0f0a5d1560d87729de40415aa6e2aa8cf4c165c1a424dbee
[INFO] running `Command { std: "docker" "create" "-v" "/var/lib/crater-agent-workspace/builds/worker-4-tc1/target:/opt/rustwide/target:rw,Z" "-v" "/var/lib/crater-agent-workspace/builds/worker-4-tc1/source:/opt/rustwide/workdir:ro,Z" "-v" "/var/lib/crater-agent-workspace/cargo-home:/opt/rustwide/cargo-home:ro,Z" "-v" "/var/lib/crater-agent-workspace/rustup-home:/opt/rustwide/rustup-home:ro,Z" "-e" "SOURCE_DIR=/opt/rustwide/workdir" "-e" "CARGO_TARGET_DIR=/opt/rustwide/target" "-e" "CARGO_INCREMENTAL=0" "-e" "RUST_BACKTRACE=full" "-e" "RUSTFLAGS=--cap-lints=forbid" "-e" "RUSTDOCFLAGS=--cap-lints=forbid" "-e" "CARGO_HOME=/opt/rustwide/cargo-home" "-e" "RUSTUP_HOME=/opt/rustwide/rustup-home" "-w" "/opt/rustwide/workdir" "-m" "1610612736" "--user" "0:0" "--network" "none" "ghcr.io/rust-lang/crates-build-env/linux@sha256:819108c5571ea2e421544af4d832f968d213c87fbe3707a016657f43d2f853bc" "/opt/rustwide/cargo-home/bin/cargo" "+nightly-2025-01-18" "build" "--frozen" "--message-format=json", kill_on_drop: false }`
[INFO] [stdout] c4dc7c77f4b66952bd7d90d6504d2cc7b63c1dab244766e0cae831d92a6b8ba0
[INFO] running `Command { std: "docker" "start" "-a" "c4dc7c77f4b66952bd7d90d6504d2cc7b63c1dab244766e0cae831d92a6b8ba0", kill_on_drop: false }`
[INFO] [stderr]    Compiling libc v0.2.169
[INFO] [stderr]    Compiling proc-macro2 v1.0.93
[INFO] [stderr]    Compiling unicode-ident v1.0.14
[INFO] [stderr]    Compiling autocfg v1.4.0
[INFO] [stderr]    Compiling semver v1.0.25
[INFO] [stderr]    Compiling regex-syntax v0.8.5
[INFO] [stderr]    Compiling aho-corasick v1.1.3
[INFO] [stderr]    Compiling byteorder v1.5.0
[INFO] [stderr]    Compiling cfg_aliases v0.2.1
[INFO] [stderr]    Compiling nix v0.29.0
[INFO] [stderr]    Compiling log v0.4.25
[INFO] [stderr]    Compiling humantime v2.1.0
[INFO] [stderr]    Compiling thiserror v2.0.11
[INFO] [stderr]    Compiling num-traits v0.2.19
[INFO] [stderr]    Compiling quote v1.0.38
[INFO] [stderr]    Compiling rustc_version v0.4.1
[INFO] [stderr]    Compiling syn v2.0.96
[INFO] [stderr]    Compiling memoffset v0.9.1
[INFO] [stderr]    Compiling bitflags v2.8.0
[INFO] [stderr]    Compiling termcolor v1.4.1
[INFO] [stderr]    Compiling aeron-rs v0.1.8 (/opt/rustwide/workdir)
[INFO] [stderr]    Compiling iana-time-zone v0.1.61
[INFO] [stderr]    Compiling galvanic-assert v0.8.7
[INFO] [stderr]    Compiling lazy_static v1.5.0
[INFO] [stderr]    Compiling cache_line_size v1.0.0
[INFO] [stderr]    Compiling regex-automata v0.4.9
[INFO] [stderr]    Compiling chrono v0.4.39
[INFO] [stderr]    Compiling getrandom v0.2.15
[INFO] [stderr]    Compiling rand_core v0.6.4
[INFO] [stderr]    Compiling is-terminal v0.4.13
[INFO] [stderr]    Compiling memmap v0.7.0
[INFO] [stderr]    Compiling zerocopy-derive v0.7.35
[INFO] [stderr]    Compiling thiserror-impl v2.0.11
[INFO] [stderr]    Compiling ctrlc v3.4.5
[INFO] [stderr]    Compiling zerocopy v0.7.35
[INFO] [stderr]    Compiling regex v1.11.1
[INFO] [stderr]    Compiling ppv-lite86 v0.2.20
[INFO] [stderr]    Compiling env_logger v0.10.2
[INFO] [stderr]    Compiling rand_chacha v0.3.1
[INFO] [stderr]    Compiling pretty_env_logger v0.5.0
[INFO] [stderr]    Compiling rand v0.8.5
[INFO] [stderr]     Finished `dev` profile [unoptimized + debuginfo] target(s) in 21.43s
[INFO] running `Command { std: "docker" "inspect" "c4dc7c77f4b66952bd7d90d6504d2cc7b63c1dab244766e0cae831d92a6b8ba0", kill_on_drop: false }`
[INFO] running `Command { std: "docker" "rm" "-f" "c4dc7c77f4b66952bd7d90d6504d2cc7b63c1dab244766e0cae831d92a6b8ba0", kill_on_drop: false }`
[INFO] [stdout] c4dc7c77f4b66952bd7d90d6504d2cc7b63c1dab244766e0cae831d92a6b8ba0
[INFO] running `Command { std: "docker" "create" "-v" "/var/lib/crater-agent-workspace/builds/worker-4-tc1/target:/opt/rustwide/target:rw,Z" "-v" "/var/lib/crater-agent-workspace/builds/worker-4-tc1/source:/opt/rustwide/workdir:ro,Z" "-v" "/var/lib/crater-agent-workspace/cargo-home:/opt/rustwide/cargo-home:ro,Z" "-v" "/var/lib/crater-agent-workspace/rustup-home:/opt/rustwide/rustup-home:ro,Z" "-e" "SOURCE_DIR=/opt/rustwide/workdir" "-e" "CARGO_TARGET_DIR=/opt/rustwide/target" "-e" "CARGO_INCREMENTAL=0" "-e" "RUST_BACKTRACE=full" "-e" "RUSTFLAGS=--cap-lints=forbid" "-e" "RUSTDOCFLAGS=--cap-lints=forbid" "-e" "CARGO_HOME=/opt/rustwide/cargo-home" "-e" "RUSTUP_HOME=/opt/rustwide/rustup-home" "-w" "/opt/rustwide/workdir" "-m" "1610612736" "--user" "0:0" "--network" "none" "ghcr.io/rust-lang/crates-build-env/linux@sha256:819108c5571ea2e421544af4d832f968d213c87fbe3707a016657f43d2f853bc" "/opt/rustwide/cargo-home/bin/cargo" "+nightly-2025-01-18" "test" "--frozen" "--no-run" "--message-format=json", kill_on_drop: false }`
[INFO] [stdout] cfcc4bcfdd5a07da9e897dbe9e5549912ec5ca795111f2dab3e77851ffa021c8
[INFO] running `Command { std: "docker" "start" "-a" "cfcc4bcfdd5a07da9e897dbe9e5549912ec5ca795111f2dab3e77851ffa021c8", kill_on_drop: false }`
[INFO] [stderr]    Compiling byteorder v1.5.0
[INFO] [stderr]    Compiling bitflags v2.8.0
[INFO] [stderr]    Compiling syn v2.0.96
[INFO] [stderr]    Compiling utf8parse v0.2.2
[INFO] [stderr]    Compiling crossbeam-utils v0.8.21
[INFO] [stderr]    Compiling is_terminal_polyfill v1.70.1
[INFO] [stderr]    Compiling rustix v0.38.43
[INFO] [stderr]    Compiling anstyle-query v1.1.2
[INFO] [stderr]    Compiling adler2 v2.0.0
[INFO] [stderr]    Compiling anstyle-parse v0.2.6
[INFO] [stderr]    Compiling nix v0.29.0
[INFO] [stderr]    Compiling anstyle v1.0.10
[INFO] [stderr]    Compiling colorchoice v1.0.3
[INFO] [stderr]    Compiling miniz_oxide v0.8.3
[INFO] [stderr]    Compiling crc32fast v1.4.2
[INFO] [stderr]    Compiling anstream v0.6.18
[INFO] [stderr]    Compiling linux-raw-sys v0.4.15
[INFO] [stderr]    Compiling minimal-lexical v0.2.1
[INFO] [stderr]    Compiling clap_lex v0.7.4
[INFO] [stderr]    Compiling heck v0.5.0
[INFO] [stderr]    Compiling strsim v0.11.1
[INFO] [stderr]    Compiling crossbeam-channel v0.5.14
[INFO] [stderr]    Compiling clap_builder v4.5.26
[INFO] [stderr]    Compiling flate2 v1.0.35
[INFO] [stderr]    Compiling nom v7.1.3
[INFO] [stderr]    Compiling base64 v0.21.7
[INFO] [stderr]    Compiling fastrand v2.3.0
[INFO] [stderr]    Compiling once_cell v1.20.2
[INFO] [stderr]    Compiling ctrlc v3.4.5
[INFO] [stderr]    Compiling tempfile v3.15.0
[INFO] [stderr]    Compiling hdrhistogram v7.5.4
[INFO] [stderr]    Compiling zerocopy-derive v0.7.35
[INFO] [stderr]    Compiling thiserror-impl v2.0.11
[INFO] [stderr]    Compiling clap_derive v4.5.24
[INFO] [stderr]    Compiling zerocopy v0.7.35
[INFO] [stderr]    Compiling thiserror v2.0.11
[INFO] [stderr]    Compiling ppv-lite86 v0.2.20
[INFO] [stderr]    Compiling clap v4.5.26
[INFO] [stderr]    Compiling rand_chacha v0.3.1
[INFO] [stderr]    Compiling rand v0.8.5
[INFO] [stderr]    Compiling aeron-rs v0.1.8 (/opt/rustwide/workdir)
[INFO] [stderr]     Finished `test` profile [unoptimized + debuginfo] target(s) in 36.56s
[INFO] running `Command { std: "docker" "inspect" "cfcc4bcfdd5a07da9e897dbe9e5549912ec5ca795111f2dab3e77851ffa021c8", kill_on_drop: false }`
[INFO] running `Command { std: "docker" "rm" "-f" "cfcc4bcfdd5a07da9e897dbe9e5549912ec5ca795111f2dab3e77851ffa021c8", kill_on_drop: false }`
[INFO] [stdout] cfcc4bcfdd5a07da9e897dbe9e5549912ec5ca795111f2dab3e77851ffa021c8
[INFO] running `Command { std: "docker" "create" "-v" "/var/lib/crater-agent-workspace/builds/worker-4-tc1/target:/opt/rustwide/target:rw,Z" "-v" "/var/lib/crater-agent-workspace/builds/worker-4-tc1/source:/opt/rustwide/workdir:ro,Z" "-v" "/var/lib/crater-agent-workspace/cargo-home:/opt/rustwide/cargo-home:ro,Z" "-v" "/var/lib/crater-agent-workspace/rustup-home:/opt/rustwide/rustup-home:ro,Z" "-e" "SOURCE_DIR=/opt/rustwide/workdir" "-e" "CARGO_TARGET_DIR=/opt/rustwide/target" "-e" "CARGO_INCREMENTAL=0" "-e" "RUST_BACKTRACE=full" "-e" "RUSTFLAGS=--cap-lints=forbid" "-e" "RUSTDOCFLAGS=--cap-lints=forbid" "-e" "CARGO_HOME=/opt/rustwide/cargo-home" "-e" "RUSTUP_HOME=/opt/rustwide/rustup-home" "-w" "/opt/rustwide/workdir" "-m" "1610612736" "--user" "0:0" "--network" "none" "ghcr.io/rust-lang/crates-build-env/linux@sha256:819108c5571ea2e421544af4d832f968d213c87fbe3707a016657f43d2f853bc" "/opt/rustwide/cargo-home/bin/cargo" "+nightly-2025-01-18" "test" "--frozen", kill_on_drop: false }`
[INFO] [stdout] 7392603f61c6fec25d243a71fba7e5fbdcf7e7bb6476fcb9621a320b01cb9983
[INFO] running `Command { std: "docker" "start" "-a" "7392603f61c6fec25d243a71fba7e5fbdcf7e7bb6476fcb9621a320b01cb9983", kill_on_drop: false }`
[INFO] [stderr]     Finished `test` profile [unoptimized + debuginfo] target(s) in 0.12s
[INFO] [stderr]      Running unittests src/lib.rs (/opt/rustwide/target/debug/deps/aeron_rs-3e8c7d40ce21b9b7)
[INFO] [stdout] 
[INFO] [stdout] running 227 tests
[INFO] [stdout] test channel_uri::tests::should_parse_with_single_parameter ... ok
[INFO] [stdout] test channel_uri::tests::should_parse_simple_default_uris ... ok
[INFO] [stdout] test channel_uri::tests::should_parse_with_multiple_arguments ... ok
[INFO] [stdout] test channel_uri::tests::should_reject_uri_without_aeron_prefix ... ok
[INFO] [stdout] test channel_uri::tests::should_reject_with_invalid_params ... ok
[INFO] [stdout] test channel_uri::tests::should_reject_with_missing_query_separator_when_followed_with_params ... ok
[INFO] [stdout] test channel_uri::tests::should_reject_with_out_of_place_colon ... ok
[INFO] [stdout] test channel_uri::tests::should_round_trip_to_string ... ok
[INFO] [stdout] test channel_uri_string_builder::tests::should_generate_basic_ipc_channel ... ok
[INFO] [stdout] test channel_uri_string_builder::tests::should_generate_basic_udp_channel ... ok
[INFO] [stdout] test channel_uri_string_builder::tests::should_generate_basic_udp_channel_spy ... ok
[INFO] [stdout] test channel_uri_string_builder::tests::should_generate_complex_udp_channel ... ok
[INFO] [stdout] test channel_uri_string_builder::tests::should_generate_replay_udp_channel ... ok
[INFO] [stdout] test channel_uri::tests::should_round_trip_to_string_builder ... ok
[INFO] [stdout] test channel_uri::tests::should_allow_return_default_if_param_not_specified ... ok
[INFO] [stdout] test channel_uri::tests::should_reject_invalid_media ... ok
[INFO] [stdout] test channel_uri::tests::should_round_trip_to_string_builder_with_prefix ... ok
[INFO] [stdout] test client_conductor::tests::should_call_error_handler_when_inter_service_timeout_exceeded ... ok
[INFO] [stdout] test client_conductor::tests::should_call_on_new_pub_after_log_buffers_created ... ok
[INFO] [stdout] test client_conductor::tests::should_call_on_unavailable_counter ... ok
[INFO] [stdout] test client_conductor::tests::should_call_inactive_connection_after_inactive_connection ... ok
[INFO] [stdout] test client_conductor::tests::should_call_new_connection_after_on_new_connection ... ok
[INFO] [stdout] test client_conductor::tests::should_call_error_handler_when_driver_inactive_on_idle ... ok
[INFO] [stdout] test client_conductor::tests::should_call_on_new_sub_after_operation_success ... ok
[INFO] [stdout] test client_conductor::tests::should_call_unavailable_image_if_subscription_released ... ok
[INFO] [stdout] test client_conductor::tests::should_close_all_publications_and_subscriptions_on_inter_service_timeout ... ok
[INFO] [stdout] test client_conductor::tests::should_close_exclusive_publication_on_inter_service_timeout ... ok
[INFO] [stdout] test client_conductor::tests::should_close_subscription_on_inter_service_timeout ... ok
[INFO] [stdout] test client_conductor::tests::should_exception_on_find_when_receiving_error_response_on_add_counter ... ok
[INFO] [stdout] test client_conductor::tests::should_close_publication_on_inter_service_timeout ... ok
[INFO] [stdout] test client_conductor::tests::should_exception_on_find_when_receiving_error_response_on_add_publication ... ok
[INFO] [stdout] test client_conductor::tests::should_exception_on_find_when_receiving_error_response_on_add_exclusive_publication ... ok
[INFO] [stdout] test client_conductor::tests::should_exception_on_find_when_receiving_error_response_on_add_subscription ... ok
[INFO] [stdout] test client_conductor::tests::should_exception_when_release_publication_after_driver_inactive ... ok
[INFO] [stdout] test client_conductor::tests::should_exception_when_add_publication_after_driver_inactive ... ok
[INFO] [stdout] test client_conductor::tests::should_ignore_exclusive_publication_ready_for_unknown_correlation_id ... ok
[INFO] [stdout] test client_conductor::tests::should_exception_when_add_subscription_after_driver_inactive ... ok
[INFO] [stdout] test client_conductor::tests::should_exception_when_release_subscription_after_driver_inactive ... ok
[INFO] [stdout] test client_conductor::tests::should_ignore_publication_ready_for_unknown_correlation_id ... ok
[INFO] [stdout] test client_conductor::tests::should_ignore_operation_success_for_unknown_correlation_id ... ok
[INFO] [stdout] test client_conductor::tests::should_release_exclusive_publication_after_going_out_of_scope ... ok
[INFO] [stdout] test client_conductor::tests::should_not_call_inactive_connection_if_uninteresting_connection_correlation_id ... ok
[INFO] [stdout] test client_conductor::tests::should_not_call_inactive_connection_if_no_operation_success ... ok
[INFO] [stdout] test client_conductor::tests::should_release_counter_after_going_out_of_scope ... ok
[INFO] [stdout] test client_conductor::tests::should_not_call_new_connection_if_uninteresting_registration_id ... ok
[INFO] [stdout] test client_conductor::tests::should_not_find_counter_on_available_counter_for_unknown_correlation_id ... ok
[INFO] [stdout] test client_conductor::tests::should_not_call_new_connection_if_no_operation_success ... ok
[INFO] [stdout] test client_conductor::tests::should_release_publication_after_going_out_of_scope ... ok
[INFO] [stdout] test client_conductor::tests::should_release_subscription_after_going_out_of_scope ... ok
[INFO] [stdout] test client_conductor::tests::should_return_different_id_for_duplicate_add_exclusive_publication ... ok
[INFO] [stdout] test client_conductor::tests::should_remove_image_on_inter_service_timeout ... ok
[INFO] [stdout] test client_conductor::tests::should_return_different_ids_for_duplicate_add_subscription ... ok
[INFO] [stdout] test client_conductor::tests::should_return_counter_after_on_available_counter ... ok
[INFO] [stdout] test client_conductor::tests::should_return_different_ids_for_duplicate_add_counter_calls ... ok
[INFO] [stdout] test client_conductor::tests::should_return_different_counter_after_on_available_counters ... ok
[INFO] [stdout] test client_conductor::tests::should_return_exclusive_publication_after_log_buffers_created ... ok
[INFO] [stdout] test client_conductor::tests::should_return_different_subscription_after_operation_success ... ok
[INFO] [stdout] test client_conductor::tests::should_return_null_for_counter_without_on_available_counter ... ok
[INFO] [stdout] test client_conductor::tests::should_return_null_for_publication_without_log_buffers ... ok
[INFO] [stdout] test client_conductor::tests::should_return_null_for_exclusive_publication_without_log_buffers ... ok
[INFO] [stdout] test client_conductor::tests::should_return_null_for_subscription_without_operation_success ... ok
[INFO] [stdout] test client_conductor::tests::should_return_null_for_unknown_exclusive_publication ... ok
[INFO] [stdout] test client_conductor::tests::should_return_null_for_unknown_counter ... ok
[INFO] [stdout] test client_conductor::tests::should_return_same_find_counter_after_on_available_counter ... ok
[INFO] [stdout] test client_conductor::tests::should_return_null_for_unknown_publication ... ok
[INFO] [stdout] test client_conductor::tests::should_return_publication_after_log_buffers_created ... ok
[INFO] [stdout] test client_conductor::tests::should_return_null_for_unknown_subscription ... ok
[INFO] [stdout] test client_conductor::tests::should_return_same_exclusive_publication_after_log_buffers_created ... ok
[INFO] [stdout] test client_conductor::tests::should_send_publication_to_driver ... ok
[INFO] [stdout] test client_conductor::tests::should_send_add_counter_to_driver ... ok
[INFO] [stdout] test client_conductor::tests::should_return_subscription_after_operation_success ... ok
[INFO] [stdout] test client_conductor::tests::should_return_same_find_subscription_after_operation_success ... ok
[INFO] [stdout] test client_conductor::tests::should_return_same_publication_after_log_buffers_created ... ok
[INFO] [stdout] test client_conductor::tests::should_send_add_exclusive_publication_to_driver ... ok
[INFO] [stdout] test concurrent::atomic_buffer::tests::atomic_buffer_aligned_buffer_create ... ok
[INFO] [stdout] test concurrent::atomic_buffer::tests::atomic_buffer_can_be_created ... ok
[INFO] [stdout] test concurrent::atomic_buffer::tests::atomic_buffer_get_as_slice ... ok
[INFO] [stdout] test concurrent::atomic_buffer::tests::atomic_buffer_get_sub_slice ... ok
[INFO] [stdout] test concurrent::atomic_buffer::tests::atomic_buffer_preserves_from_aligned ... ok
[INFO] [stdout] test concurrent::atomic_buffer::tests::atomic_buffer_get_as_mut_slice ... ok
[INFO] [stdout] test concurrent::atomic_buffer::tests::atomic_buffer_put_and_get_string ... ok
[INFO] [stdout] test concurrent::atomic_buffer::tests::atomic_buffer_put_bytes ... ok
[INFO] [stdout] test concurrent::atomic_buffer::tests::atomic_buffer_write_read ... ok
[INFO] [stdout] test concurrent::broadcast::broadcast_receiver::tests::test_1 ... ok
[INFO] [stdout] test concurrent::broadcast::broadcast_transmitter::tests::should_calculate_capacity_for_buffer ... ok
[INFO] [stdout] test concurrent::broadcast::broadcast_transmitter::tests::should_throw_exception_for_capacity_that_is_not_power_of_two ... ok
[INFO] [stdout] test concurrent::broadcast::broadcast_transmitter::tests::should_throw_exception_when_max_message_length_exceeded ... ok
[INFO] [stdout] test concurrent::atomic_buffer::tests::atomic_buffer_put_bytes_with_write_trait ... ok
[INFO] [stdout] test concurrent::broadcast::broadcast_transmitter::tests::should_throw_exception_when_message_type_id_invalid ... ok
[INFO] [stdout] test concurrent::broadcast::broadcast_transmitter::tests::should_transmit_into_empty_buffer ... ok
[INFO] [stdout] test concurrent::broadcast::broadcast_transmitter::tests::should_transmit_into_used_buffer ... ok
[INFO] [stdout] test concurrent::broadcast::broadcast_transmitter::tests::should_transmit_into_end_of_buffer ... ok
[INFO] [stdout] test concurrent::counters::tests::test_counters_check_alloc ... ok
[INFO] [stdout] test concurrent::counters::tests::test_counters_check_empty ... ok
[INFO] [stdout] test concurrent::counters::tests::test_counters_check_overflow ... ok
[INFO] [stdout] test concurrent::counters::tests::test_counters_free_and_reuse_counters ... ok
[INFO] [stdout] test concurrent::counters::tests::test_counters_free_and_reuse_counters_after_cool_down ... ok
[INFO] [stdout] test concurrent::counters::tests::test_counters_map_position ... ok
[INFO] [stdout] test concurrent::atomic_buffer::tests::atomic_buffer_get_sub_slice_out_of_bounds - should panic ... ok
[INFO] [stdout] test concurrent::counters::tests::test_counters_free_and_not_reuse_counters_that_have_cool_down ... ok
[INFO] [stdout] test concurrent::counters::tests::test_counters_packed_struct_read_write ... ok
[INFO] [stdout] test concurrent::counters::tests::test_counters_recycle ... ok
[INFO] [stdout] test concurrent::counters::tests::test_counters_store_meta_data ... ok
[INFO] [stdout] test concurrent::counters::tests::test_counters_store_and_load_value ... ok
[INFO] [stdout] test concurrent::logbuffer::term_appender::tests::test_term_appender_append_frame_twice ... ok
[INFO] [stdout] test concurrent::logbuffer::term_appender::tests::test_term_appender_claim_region_for_zero_copy_encoding ... ok
[INFO] [stdout] test concurrent::logbuffer::term_appender::tests::test_term_appender_fragment_message ... ok
[INFO] [stdout] test concurrent::logbuffer::term_appender::tests::test_term_appender_append_frame_to_empty_log ... ok
[INFO] [stdout] test concurrent::logbuffer::term_appender::tests::test_term_appender_pad_log ... ok
[INFO] [stdout] test concurrent::logbuffer::term_appender::tests::test_term_appender_buf_capacity ... ok
[INFO] [stdout] test concurrent::logbuffer::term_reader::tests::test_term_reader_not_read_last_message_when_padding ... ok
[INFO] [stdout] test client_conductor::tests::should_send_subscription_to_driver ... ok
[INFO] [stdout] test concurrent::logbuffer::term_reader::tests::test_term_reader_not_read_past_tail ... ok
[INFO] [stdout] test concurrent::logbuffer::term_reader::tests::test_term_reader_read_last_message ... ok
[INFO] [stdout] test concurrent::logbuffer::term_reader::tests::test_term_reader_read_multiple_messages ... ok
[INFO] [stdout] test concurrent::logbuffer::term_scan::tests::test_scan_empty_buffer ... ok
[INFO] [stdout] test concurrent::logbuffer::term_scan::tests::test_scan_fail_to_read_first_message_because_of_limit ... ok
[INFO] [stdout] test concurrent::logbuffer::term_reader::tests::test_term_reader_read_first_message ... ok
[INFO] [stdout] test concurrent::logbuffer::term_scan::tests::test_scan_fail_to_scan_message_larger_than_max_length ... ok
[INFO] [stdout] test concurrent::logbuffer::term_reader::tests::test_term_reader_read_one_limited_message ... ok
[INFO] [stdout] test concurrent::logbuffer::term_scan::tests::test_scan_last_message_in_buffer_plus_padding ... ok
[INFO] [stdout] test concurrent::logbuffer::term_scan::tests::test_scan_last_message_in_buffer_minus_padding_limited_by_mtu ... ok
[INFO] [stdout] test concurrent::logbuffer::term_scan::tests::test_scan_read_block_of_one_message_then_padding ... ok
[INFO] [stdout] test concurrent::logbuffer::term_scan::tests::test_scan_read_block_of_two_messages ... ok
[INFO] [stdout] test concurrent::logbuffer::term_scan::tests::test_scan_read_block_of_two_messages_because_of_limit ... ok
[INFO] [stdout] test concurrent::logbuffer::term_scan::tests::test_scan_read_block_of_three_messages_that_fill_buffer ... ok
[INFO] [stdout] test concurrent::logbuffer::term_scan::tests::test_scan_read_first_message ... ok
[INFO] [stdout] test concurrent::logbuffer::term_scan::tests::test_scan_read_one_message_on_limit ... ok
[INFO] [stdout] test concurrent::logbuffer::term_scan::tests::test_scan_last_frame_in_buffer ... ok
[INFO] [stdout] test concurrent::logbuffer::term_scan::tests::test_scan_report_gap_at_beginning_of_buffer ... ok
[INFO] [stdout] test concurrent::logbuffer::term_scan::tests::test_scan_report_no_gap_when_hwm_is_in_padding ... ok
[INFO] [stdout] test concurrent::logbuffer::term_scan::tests::test_scan_single_message ... ok
[INFO] [stdout] test concurrent::logbuffer::term_scan::tests::test_scan_pack_padding_and_offset_into_resulting_status ... ok
[INFO] [stdout] test concurrent::logbuffer::term_scan::tests::test_scan_two_messages_and_stop_at_second_that_spans_mtu ... ok
[INFO] [stdout] test concurrent::logbuffer::term_scan::tests::test_scan_two_messages_that_fit_in_single_mtu ... ok
[INFO] [stdout] test concurrent::logbuffer::term_scan::tests::test_scan_report_single_gap_when_buffer_is_full ... ok
[INFO] [stdout] test concurrent::ring_buffer::tests::ring_buffer_calculate_capacity_for_buffer ... ok
[INFO] [stdout] test concurrent::ring_buffer::tests::ring_buffer_capacity_not_power_of_two ... ok
[INFO] [stdout] test concurrent::logbuffer::term_scan::tests::test_scan_report_single_gap_when_buffer_not_full ... ok
[INFO] [stdout] test concurrent::logbuffer::term_scan::tests::test_scan_two_messages_and_stop_at_mtu_boundary ... ok
[INFO] [stdout] test concurrent::ring_buffer::tests::ring_buffer_should_cope_with_exception_from_handler ... ok
[INFO] [stdout] test concurrent::ring_buffer::tests::ring_buffer_should_insert_padding_record_plus_message_on_buffer_wrap ... ok
[INFO] [stdout] test concurrent::ring_buffer::tests::ring_buffer_should_insert_padding_record_plus_message_on_buffer_wrap_with_head_equal_to_tail ... ok
[INFO] [stdout] test client_conductor::tests::should_timeout_add_counter_without_on_available_counter ... ok
[INFO] [stdout] test concurrent::ring_buffer::tests::ring_buffer_should_not_read_single_message_part_way_through_writing ... ok
[INFO] [stdout] test concurrent::ring_buffer::tests::ring_buffer_header_construction ... ok
[INFO] [stdout] test concurrent::ring_buffer::tests::ring_buffer_max_message_size_exceeded ... ok
[INFO] [stdout] test concurrent::ring_buffer::tests::ring_buffer_should_not_unblock_gap_with_message_race_on_second_message_increasing_tail_then_interrupting ... ok
[INFO] [stdout] test concurrent::ring_buffer::tests::ring_buffer_should_not_unblock_when_empty ... ok
[INFO] [stdout] test concurrent::ring_buffer::tests::ring_buffer_should_read_nothing_from_empty_buffer ... ok
[INFO] [stdout] test concurrent::ring_buffer::tests::ring_buffer_should_limit_read_of_messages ... ok
[INFO] [stdout] test concurrent::ring_buffer::tests::ring_buffer_should_read_single_message ... ok
[INFO] [stdout] test concurrent::ring_buffer::tests::ring_buffer_should_read_two_messages ... ok
[INFO] [stdout] test concurrent::ring_buffer::tests::ring_buffer_should_reject_write_when_buffer_full ... ok
[INFO] [stdout] test concurrent::ring_buffer::tests::ring_buffer_should_reject_write_when_insufficient_space ... ok
[INFO] [stdout] test concurrent::ring_buffer::tests::ring_buffer_should_unblock_gap_with_zeros ... ok
[INFO] [stdout] test concurrent::ring_buffer::tests::ring_buffer_should_unblock_message_with_header ... ok
[INFO] [stdout] test concurrent::ring_buffer::tests::ring_buffer_that_capacity_ok ... ok
[INFO] [stdout] test concurrent::ring_buffer::tests::ring_buffer_that_writes_to_empty ... ok
[INFO] [stdout] test concurrent::status::status_indicator_reader::tests::test_id_not_allocated ... ok
[INFO] [stdout] test concurrent::status::status_indicator_reader::tests::test ... ok
[INFO] [stdout] test client_conductor::tests::should_timeout_add_exclusive_publication_without_publication_ready ... ok
[INFO] [stdout] test client_conductor::tests::should_timeout_add_subscription_without_operation_success ... ok
[INFO] [stdout] test exclusive_publication::tests::should_fail_to_offer_when_append_fails ... ok
[INFO] [stdout] test client_conductor::tests::should_timeout_add_publication_without_publication_ready ... ok
[INFO] [stdout] test exclusive_publication::tests::should_offer_a_message_upon_construction ... ok
[INFO] [stdout] test exclusive_publication::tests::should_ensure_the_publication_is_open_before_offer ... ok
[INFO] [stdout] test exclusive_publication::tests::should_ensure_the_publication_is_open_before_claim ... ok
[INFO] [stdout] test exclusive_publication::tests::should_fail_to_offer_a_message_when_limited ... ok
[INFO] [stdout] test exclusive_publication::tests::should_ensure_the_publication_is_open_before_reading_position ... ok
[INFO] [stdout] test exclusive_publication::tests::should_report_max_message_length ... ok
[INFO] [stdout] test exclusive_publication::tests::should_report_that_publication_has_not_been_connected_yet ... ok
[INFO] [stdout] test fragment_assembler::test::should_not_reassemble_if_end_first_fragment ... ok
[INFO] [stdout] test fragment_assembler::test::should_not_reassemble_if_missing_begin ... ok
[INFO] [stdout] test exclusive_publication::tests::should_report_correct_term_buffer_length ... ok
[INFO] [stdout] test exclusive_publication::tests::should_report_initial_position ... ok
[INFO] [stdout] test fragment_assembler::test::should_reassemble_from_three_fragments ... ok
[INFO] [stdout] test fragment_assembler::test::should_reassemble_from_two_fragments ... ok
[INFO] [stdout] test image::tests::check_partition_count ... ok
[INFO] [stdout] test fragment_assembler::test::should_pass_through_unfragmented_message ... ok
[INFO] [stdout] test exclusive_publication::tests::should_report_that_publication_has_been_connected_yet ... ok
[INFO] [stdout] test concurrent::ring_buffer::tests::ring_buffer_should_exchange_messages ... ok
[INFO] [stdout] test exclusive_publication::tests::should_rotate_when_append_trips ... ok
[INFO] [stdout] test image::tests::should_poll_fragments_to_bounded_controlled_fragment_handler_with_initial_offset_not_zero ... ok
[INFO] [stdout] test image::tests::should_ensure_image_is_open_before_poll ... ok
[INFO] [stdout] test image::tests::should_not_poll_one_fragment_to_controlled_fragment_handler_on_abort ... ok
[INFO] [stdout] test image::tests::should_ensure_image_is_open_before_reading_position ... ok
[INFO] [stdout] test image::tests::should_poll_fragments_to_bounded_controlled_fragment_handler_with_max_position_above_int_max_value ... ok
[INFO] [stdout] test image::tests::should_poll_fragments_to_bounded_controlled_fragment_handler_with_max_position_after_end_of_term ... ok
[INFO] [stdout] test image::tests::should_poll_fragments_to_bounded_fragment_handler_within_itial_offset_not_zero ... ok
[INFO] [stdout] test image::tests::should_poll_fragments_to_bounded_fragment_handler_with_max_position_before_next_message ... ok
[INFO] [stdout] test exclusive_publication::tests::should_rotate_when_claim_trips ... ok
[INFO] [stdout] test image::tests::should_poll_fragments_to_bounded_fragment_handler_with_max_position_above_int_max_value ... ok
[INFO] [stdout] test image::tests::should_poll_fragments_to_bounded_controlled_fragment_handler_with_max_position_before_next_message ... ok
[INFO] [stdout] test image::tests::should_poll_fragments_to_bounded_fragment_handler_with_max_position_after_end_of_term ... ok
[INFO] [stdout] test image::tests::should_poll_no_fragments_to_bounded_fragment_handler_with_max_position_before_initial_position ... ok
[INFO] [stdout] test image::tests::should_poll_fragments_to_controlled_fragment_handler_on_continue ... ok
[INFO] [stdout] test image::tests::should_poll_no_fragments_to_bounded_controlled_fragment_handler_with_max_position_before_initial_position ... ok
[INFO] [stdout] test image::tests::should_poll_fragments_to_controlled_fragment_handler_on_commit ... ok
[INFO] [stdout] test image::tests::should_poll_no_fragments_to_controlled_fragment_handler ... ok
[INFO] [stdout] test image::tests::should_report_correct_position_on_reception_with_non_zero_position_in_noninitial_term_id ... ok
[INFO] [stdout] test image::tests::should_report_correct_initial_term_id ... ok
[INFO] [stdout] test image::tests::should_poll_one_fragment_to_controlled_fragment_handler_on_break ... ok
[INFO] [stdout] test image::tests::should_poll_one_fragment_to_controlled_fragment_handler_on_continue ... ok
[INFO] [stdout] test image::tests::should_report_correct_position_on_reception ... ok
[INFO] [stdout] test image::tests::should_report_correct_term_buffer_length ... ok
[INFO] [stdout] test image::tests::should_report_correct_position_on_reception_with_non_zero_position_initial_term_id ... ok
[INFO] [stdout] test publication::tests::should_offer_a_message_upon_construction ... ok
[INFO] [stdout] test publication::tests::should_ensure_the_publication_is_open_before_claim ... ok
[INFO] [stdout] test publication::tests::should_fail_to_offer_a_message_when_limited ... ok
[INFO] [stdout] test publication::tests::should_fail_to_offer_when_append_fails ... ok
[INFO] [stdout] test publication::tests::should_ensure_the_publication_is_open_before_offer ... ok
[INFO] [stdout] test publication::tests::should_report_correct_term_buffer_length ... ok
[INFO] [stdout] test publication::tests::should_ensure_the_publication_is_open_before_reading_position ... ok
[INFO] [stdout] test concurrent::ring_buffer::tests::ring_buffer_should_provide_correlation_ids ... ok
[INFO] [stdout] test utils::bit_utils::tests::test_next_power_of_two ... ok
[INFO] [stdout] test utils::memory_mapped_file::tests::test_creating_file ... ok
[INFO] [stdout] test utils::bit_utils::tests::test_number_of_trailing_zeroes ... ok
[INFO] [stdout] test utils::memory_mapped_file::tests::test_file_size ... ok
[INFO] [stdout] test utils::types::tests::offset_simple ... ok
[INFO] [stdout] test utils::memory_mapped_file::tests::test_read_write ... ok
[INFO] [stdout] test publication::tests::should_report_initial_position ... ok
[INFO] [stdout] test publication::tests::should_report_that_publication_has_not_been_connected_yet ... ok
[INFO] [stdout] test publication::tests::should_report_max_message_length ... ok
[INFO] [stdout] test publication::tests::should_rotate_when_claim_trips ... ok
[INFO] [stdout] test publication::tests::should_rotate_when_append_trips ... ok
[INFO] [stdout] test publication::tests::should_report_that_publication_has_been_connected_yet ... ok
[INFO] [stdout] 
[INFO] [stdout] test result: ok. 227 passed; 0 failed; 0 ignored; 0 measured; 0 filtered out; finished in 6.49s
[INFO] [stdout] 
[INFO] [stderr]      Running unittests src/bin/aeron_stat.rs (/opt/rustwide/target/debug/deps/aeron_stat-ea0de2bef138b474)
[INFO] [stdout] 
[INFO] [stdout] running 0 tests
[INFO] [stdout] 
[INFO] [stdout] test result: ok. 0 passed; 0 failed; 0 ignored; 0 measured; 0 filtered out; finished in 0.00s
[INFO] [stdout] 
[INFO] [stderr]      Running unittests src/bin/error_stat.rs (/opt/rustwide/target/debug/deps/error_stat-b84cc8882188890d)
[INFO] [stdout] 
[INFO] [stdout] running 0 tests
[INFO] [stdout] 
[INFO] [stdout] test result: ok. 0 passed; 0 failed; 0 ignored; 0 measured; 0 filtered out; finished in 0.00s
[INFO] [stdout] 
[INFO] [stderr]      Running unittests src/bin/loss_stat.rs (/opt/rustwide/target/debug/deps/loss_stat-e1c5d08991cee3fe)
[INFO] [stdout] 
[INFO] [stdout] running 0 tests
[INFO] [stdout] 
[INFO] [stdout] test result: ok. 0 passed; 0 failed; 0 ignored; 0 measured; 0 filtered out; finished in 0.00s
[INFO] [stdout] 
[INFO] [stderr]      Running tests/common.rs (/opt/rustwide/target/debug/deps/common-638547b339ccefa1)
[INFO] [stdout] 
[INFO] [stdout] running 0 tests
[INFO] [stdout] 
[INFO] [stdout] test result: ok. 0 passed; 0 failed; 0 ignored; 0 measured; 0 filtered out; finished in 0.00s
[INFO] [stdout] 
[INFO] [stderr]      Running tests/counters.rs (/opt/rustwide/target/debug/deps/counters-6be86f6aba267125)
[INFO] [stdout] 
[INFO] [stdout] running 1 test
[INFO] [stdout] test test_counter_create ... FAILED
[INFO] [stdout] 
[INFO] [stdout] failures:
[INFO] [stdout] 
[INFO] [stdout] ---- test_counter_create stdout ----
[INFO] [stdout] 
[INFO] [stdout] thread 'test_counter_create' panicked at tests/common.rs:36:10:
[INFO] [stdout] aeronmd failed to start: Os { code: 2, kind: NotFound, message: "No such file or directory" }
[INFO] [stdout] stack backtrace:
[INFO] [stdout]    0:     0x5afa2523ad8a - std::backtrace_rs::backtrace::libunwind::trace::hb059275cfc8d6126
[INFO] [stdout]                                at /rustc/6067b36314ab5eb2eb47cecc464545ba58e1ad24/library/std/src/../../backtrace/src/backtrace/libunwind.rs:116:5
[INFO] [stdout]    1:     0x5afa2523ad8a - std::backtrace_rs::backtrace::trace_unsynchronized::h2da071e4327ce3ee
[INFO] [stdout]                                at /rustc/6067b36314ab5eb2eb47cecc464545ba58e1ad24/library/std/src/../../backtrace/src/backtrace/mod.rs:66:5
[INFO] [stdout]    2:     0x5afa2523ad8a - std::sys::backtrace::_print_fmt::h842a1474e6f8d23f
[INFO] [stdout]                                at /rustc/6067b36314ab5eb2eb47cecc464545ba58e1ad24/library/std/src/sys/backtrace.rs:66:9
[INFO] [stdout]    3:     0x5afa2523ad8a - <std::sys::backtrace::BacktraceLock::print::DisplayBacktrace as core::fmt::Display>::fmt::h71a62eb3b9696b12
[INFO] [stdout]                                at /rustc/6067b36314ab5eb2eb47cecc464545ba58e1ad24/library/std/src/sys/backtrace.rs:39:26
[INFO] [stdout]    4:     0x5afa252633a3 - core::fmt::rt::Argument::fmt::hdb6b616786b41dc1
[INFO] [stdout]                                at /rustc/6067b36314ab5eb2eb47cecc464545ba58e1ad24/library/core/src/fmt/rt.rs:177:76
[INFO] [stdout]    5:     0x5afa252633a3 - core::fmt::write::h2cc1698af7e2d686
[INFO] [stdout]                                at /rustc/6067b36314ab5eb2eb47cecc464545ba58e1ad24/library/core/src/fmt/mod.rs:1440:21
[INFO] [stdout]    6:     0x5afa25237823 - std::io::Write::write_fmt::hab1b4cd059a79022
[INFO] [stdout]                                at /rustc/6067b36314ab5eb2eb47cecc464545ba58e1ad24/library/std/src/io/mod.rs:1887:15
[INFO] [stdout]    7:     0x5afa2523abd2 - std::sys::backtrace::BacktraceLock::print::h147fe35b4ea13b08
[INFO] [stdout]                                at /rustc/6067b36314ab5eb2eb47cecc464545ba58e1ad24/library/std/src/sys/backtrace.rs:42:9
[INFO] [stdout]    8:     0x5afa2523c1af - std::panicking::default_hook::{{closure}}::hbd44223dbdc0d208
[INFO] [stdout]                                at /rustc/6067b36314ab5eb2eb47cecc464545ba58e1ad24/library/std/src/panicking.rs:298:22
[INFO] [stdout]    9:     0x5afa2523bfc8 - std::panicking::default_hook::h20f81eb0576efcec
[INFO] [stdout]                                at /rustc/6067b36314ab5eb2eb47cecc464545ba58e1ad24/library/std/src/panicking.rs:322:9
[INFO] [stdout]   10:     0x5afa25191c83 - <alloc::boxed::Box<F,A> as core::ops::function::Fn<Args>>::call::hdb53814c496a4d34
[INFO] [stdout]                                at /rustc/6067b36314ab5eb2eb47cecc464545ba58e1ad24/library/alloc/src/boxed.rs:2027:9
[INFO] [stdout]   11:     0x5afa25191c83 - test::test_main::{{closure}}::hc0a4963c59427c24
[INFO] [stdout]                                at /rustc/6067b36314ab5eb2eb47cecc464545ba58e1ad24/library/test/src/lib.rs:134:21
[INFO] [stdout]   12:     0x5afa2523cca3 - <alloc::boxed::Box<F,A> as core::ops::function::Fn<Args>>::call::h591b2225413a77e9
[INFO] [stdout]                                at /rustc/6067b36314ab5eb2eb47cecc464545ba58e1ad24/library/alloc/src/boxed.rs:2027:9
[INFO] [stdout]   13:     0x5afa2523cca3 - std::panicking::rust_panic_with_hook::h625eea43051b2edc
[INFO] [stdout]                                at /rustc/6067b36314ab5eb2eb47cecc464545ba58e1ad24/library/std/src/panicking.rs:839:13
[INFO] [stdout]   14:     0x5afa2523c95a - std::panicking::begin_panic_handler::{{closure}}::h4f9159cfbc3f6bd3
[INFO] [stdout]                                at /rustc/6067b36314ab5eb2eb47cecc464545ba58e1ad24/library/std/src/panicking.rs:704:13
[INFO] [stdout]   15:     0x5afa2523b289 - std::sys::backtrace::__rust_end_short_backtrace::h0390abce48353151
[INFO] [stdout]                                at /rustc/6067b36314ab5eb2eb47cecc464545ba58e1ad24/library/std/src/sys/backtrace.rs:168:18
[INFO] [stdout]   16:     0x5afa2523c5ed - rust_begin_unwind
[INFO] [stdout]                                at /rustc/6067b36314ab5eb2eb47cecc464545ba58e1ad24/library/std/src/panicking.rs:695:5
[INFO] [stdout]   17:     0x5afa25261a30 - core::panicking::panic_fmt::h9e7c637e9e5f29c9
[INFO] [stdout]                                at /rustc/6067b36314ab5eb2eb47cecc464545ba58e1ad24/library/core/src/panicking.rs:75:14
[INFO] [stdout]   18:     0x5afa25261ea6 - core::result::unwrap_failed::h7979f09313fe1849
[INFO] [stdout]                                at /rustc/6067b36314ab5eb2eb47cecc464545ba58e1ad24/library/core/src/result.rs:1704:5
[INFO] [stdout]   19:     0x5afa24eb7ee5 - core::result::Result<T,E>::expect::h1b2e7525137f6e5f
[INFO] [stdout]                                at /rustc/6067b36314ab5eb2eb47cecc464545ba58e1ad24/library/core/src/result.rs:1061:23
[INFO] [stdout]   20:     0x5afa24eba7fc - counters::common::start_aeron_md::h8ef5f1c0e87e5b36
[INFO] [stdout]                                at /opt/rustwide/workdir/tests/common.rs:32:15
[INFO] [stdout]   21:     0x5afa24ebe335 - counters::test_counter_create::hbf3ddc72d95c56c9
[INFO] [stdout]                                at /opt/rustwide/workdir/tests/counters.rs:90:14
[INFO] [stdout]   22:     0x5afa24ebe2d7 - counters::test_counter_create::{{closure}}::h6e224cb517d3f4dc
[INFO] [stdout]                                at /opt/rustwide/workdir/tests/counters.rs:88:25
[INFO] [stdout]   23:     0x5afa24ebada6 - core::ops::function::FnOnce::call_once::h53b854e7610c0cbd
[INFO] [stdout]                                at /rustc/6067b36314ab5eb2eb47cecc464545ba58e1ad24/library/core/src/ops/function.rs:250:5
[INFO] [stdout]   24:     0x5afa251973db - core::ops::function::FnOnce::call_once::he27718dfdd183f43
[INFO] [stdout]                                at /rustc/6067b36314ab5eb2eb47cecc464545ba58e1ad24/library/core/src/ops/function.rs:250:5
[INFO] [stdout]   25:     0x5afa251973db - test::__rust_begin_short_backtrace::h4e84902998457a5d
[INFO] [stdout]                                at /rustc/6067b36314ab5eb2eb47cecc464545ba58e1ad24/library/test/src/lib.rs:632:18
[INFO] [stdout]   26:     0x5afa25196313 - test::run_test_in_process::{{closure}}::h7176fd18fc1feca0
[INFO] [stdout]                                at /rustc/6067b36314ab5eb2eb47cecc464545ba58e1ad24/library/test/src/lib.rs:655:60
[INFO] [stdout]   27:     0x5afa25196313 - <core::panic::unwind_safe::AssertUnwindSafe<F> as core::ops::function::FnOnce<()>>::call_once::hf79cff2a624d8cf7
[INFO] [stdout]                                at /rustc/6067b36314ab5eb2eb47cecc464545ba58e1ad24/library/core/src/panic/unwind_safe.rs:272:9
[INFO] [stdout]   28:     0x5afa25196313 - std::panicking::try::do_call::h3da0561d9ab99c25
[INFO] [stdout]                                at /rustc/6067b36314ab5eb2eb47cecc464545ba58e1ad24/library/std/src/panicking.rs:587:40
[INFO] [stdout]   29:     0x5afa25196313 - std::panicking::try::h41c9fa508bc61df6
[INFO] [stdout]                                at /rustc/6067b36314ab5eb2eb47cecc464545ba58e1ad24/library/std/src/panicking.rs:550:19
[INFO] [stdout]   30:     0x5afa25196313 - std::panic::catch_unwind::h6b3ff07bb5afad93
[INFO] [stdout]                                at /rustc/6067b36314ab5eb2eb47cecc464545ba58e1ad24/library/std/src/panic.rs:358:14
[INFO] [stdout]   31:     0x5afa25196313 - test::run_test_in_process::hc7253dd11b39b9f4
[INFO] [stdout]                                at /rustc/6067b36314ab5eb2eb47cecc464545ba58e1ad24/library/test/src/lib.rs:655:27
[INFO] [stdout]   32:     0x5afa25196313 - test::run_test::{{closure}}::hfb2007f8649c30bb
[INFO] [stdout]                                at /rustc/6067b36314ab5eb2eb47cecc464545ba58e1ad24/library/test/src/lib.rs:576:43
[INFO] [stdout]   33:     0x5afa251593f5 - test::run_test::{{closure}}::h56a17aa7a282a9f4
[INFO] [stdout]                                at /rustc/6067b36314ab5eb2eb47cecc464545ba58e1ad24/library/test/src/lib.rs:606:41
[INFO] [stdout]   34:     0x5afa251593f5 - std::sys::backtrace::__rust_begin_short_backtrace::hd2d2d2fb8e8c6aac
[INFO] [stdout]                                at /rustc/6067b36314ab5eb2eb47cecc464545ba58e1ad24/library/std/src/sys/backtrace.rs:152:18
[INFO] [stdout]   35:     0x5afa2515ccda - std::thread::Builder::spawn_unchecked_::{{closure}}::{{closure}}::h4faa3f9db6133423
[INFO] [stdout]                                at /rustc/6067b36314ab5eb2eb47cecc464545ba58e1ad24/library/std/src/thread/mod.rs:559:17
[INFO] [stdout]   36:     0x5afa2515ccda - <core::panic::unwind_safe::AssertUnwindSafe<F> as core::ops::function::FnOnce<()>>::call_once::hf2e855a36a4ea846
[INFO] [stdout]                                at /rustc/6067b36314ab5eb2eb47cecc464545ba58e1ad24/library/core/src/panic/unwind_safe.rs:272:9
[INFO] [stdout]   37:     0x5afa2515ccda - std::panicking::try::do_call::h2f73af3616c35465
[INFO] [stdout]                                at /rustc/6067b36314ab5eb2eb47cecc464545ba58e1ad24/library/std/src/panicking.rs:587:40
[INFO] [stdout]   38:     0x5afa2515ccda - std::panicking::try::hd1660ce9efadef5a
[INFO] [stdout]                                at /rustc/6067b36314ab5eb2eb47cecc464545ba58e1ad24/library/std/src/panicking.rs:550:19
[INFO] [stdout]   39:     0x5afa2515ccda - std::panic::catch_unwind::h5ee8d7823b8ca744
[INFO] [stdout]                                at /rustc/6067b36314ab5eb2eb47cecc464545ba58e1ad24/library/std/src/panic.rs:358:14
[INFO] [stdout]   40:     0x5afa2515ccda - std::thread::Builder::spawn_unchecked_::{{closure}}::h53c3a1894dce8407
[INFO] [stdout]                                at /rustc/6067b36314ab5eb2eb47cecc464545ba58e1ad24/library/std/src/thread/mod.rs:557:30
[INFO] [stdout]   41:     0x5afa2515ccda - core::ops::function::FnOnce::call_once{{vtable.shim}}::h048ce291ad4f62bf
[INFO] [stdout]                                at /rustc/6067b36314ab5eb2eb47cecc464545ba58e1ad24/library/core/src/ops/function.rs:250:5
[INFO] [stdout]   42:     0x5afa25240d2b - <alloc::boxed::Box<F,A> as core::ops::function::FnOnce<Args>>::call_once::ha52bedf99a3b4981
[INFO] [stdout]                                at /rustc/6067b36314ab5eb2eb47cecc464545ba58e1ad24/library/alloc/src/boxed.rs:2013:9
[INFO] [stdout]   43:     0x5afa25240d2b - <alloc::boxed::Box<F,A> as core::ops::function::FnOnce<Args>>::call_once::h567748934d80ccf8
[INFO] [stdout]                                at /rustc/6067b36314ab5eb2eb47cecc464545ba58e1ad24/library/alloc/src/boxed.rs:2013:9
[INFO] [stdout]   44:     0x5afa25240d2b - std::sys::pal::unix::thread::Thread::new::thread_start::h2d970728ae887adc
[INFO] [stdout]                                at /rustc/6067b36314ab5eb2eb47cecc464545ba58e1ad24/library/std/src/sys/pal/unix/thread.rs:106:17
[INFO] [stdout]   45:     0x767444dcbac3 - <unknown>
[INFO] [stdout]   46:     0x767444e5ca04 - clone
[INFO] [stdout]   47:                0x0 - <unknown>
[INFO] [stdout] 
[INFO] [stdout] 
[INFO] [stdout] failures:
[INFO] [stdout]     test_counter_create
[INFO] [stdout] 
[INFO] [stdout] test result: FAILED. 0 passed; 1 failed; 0 ignored; 0 measured; 0 filtered out; finished in 0.07s
[INFO] [stdout] 
[INFO] [stderr] error: test failed, to rerun pass `--test counters`
[INFO] running `Command { std: "docker" "inspect" "7392603f61c6fec25d243a71fba7e5fbdcf7e7bb6476fcb9621a320b01cb9983", kill_on_drop: false }`
[INFO] running `Command { std: "docker" "rm" "-f" "7392603f61c6fec25d243a71fba7e5fbdcf7e7bb6476fcb9621a320b01cb9983", kill_on_drop: false }`
[INFO] [stdout] 7392603f61c6fec25d243a71fba7e5fbdcf7e7bb6476fcb9621a320b01cb9983
