[INFO] cloning repository https://github.com/TygerBurning/aoc23-rs
[INFO] running `Command { std: "git" "-c" "credential.helper=" "-c" "credential.helper=/workspace/cargo-home/bin/git-credential-null" "clone" "--bare" "https://github.com/TygerBurning/aoc23-rs" "/workspace/cache/git-repos/https%3A%2F%2Fgithub.com%2FTygerBurning%2Faoc23-rs", kill_on_drop: false }`
[INFO] [stderr] Cloning into bare repository '/workspace/cache/git-repos/https%3A%2F%2Fgithub.com%2FTygerBurning%2Faoc23-rs'...
[INFO] running `Command { std: "git" "rev-parse" "HEAD", kill_on_drop: false }`
[INFO] [stdout] cf89b329d9ba8eea53a2123b4f7389b221313e97
[INFO] testing TygerBurning/aoc23-rs against nightly-2025-01-18+rustflags=-Zrandomize-layout for randomize-layout-2
[INFO] running `Command { std: "git" "clone" "/workspace/cache/git-repos/https%3A%2F%2Fgithub.com%2FTygerBurning%2Faoc23-rs" "/workspace/builds/worker-6-tc2/source", kill_on_drop: false }`
[INFO] [stderr] Cloning into '/workspace/builds/worker-6-tc2/source'...
[INFO] [stderr] done.
[INFO] validating manifest of git repo https://github.com/TygerBurning/aoc23-rs on toolchain nightly-2025-01-18
[INFO] running `Command { std: CARGO_HOME="/workspace/cargo-home" RUSTUP_HOME="/workspace/rustup-home" "/workspace/cargo-home/bin/cargo" "+nightly-2025-01-18" "metadata" "--manifest-path" "Cargo.toml" "--no-deps", kill_on_drop: false }`
[INFO] started tweaking git repo https://github.com/TygerBurning/aoc23-rs
[INFO] finished tweaking git repo https://github.com/TygerBurning/aoc23-rs
[INFO] tweaked toml for git repo https://github.com/TygerBurning/aoc23-rs written to /workspace/builds/worker-6-tc2/source/Cargo.toml
[INFO] crate git repo https://github.com/TygerBurning/aoc23-rs already has a lockfile, it will not be regenerated
[INFO] running `Command { std: CARGO_HOME="/workspace/cargo-home" RUSTUP_HOME="/workspace/rustup-home" "/workspace/cargo-home/bin/cargo" "+nightly-2025-01-18" "fetch" "--manifest-path" "Cargo.toml", kill_on_drop: false }`
[INFO] running `Command { std: "docker" "create" "-v" "/var/lib/crater-agent-workspace/builds/worker-6-tc2/target:/opt/rustwide/target:rw,Z" "-v" "/var/lib/crater-agent-workspace/builds/worker-6-tc2/source:/opt/rustwide/workdir:ro,Z" "-v" "/var/lib/crater-agent-workspace/cargo-home:/opt/rustwide/cargo-home:ro,Z" "-v" "/var/lib/crater-agent-workspace/rustup-home:/opt/rustwide/rustup-home:ro,Z" "-e" "SOURCE_DIR=/opt/rustwide/workdir" "-e" "CARGO_TARGET_DIR=/opt/rustwide/target" "-e" "CARGO_HOME=/opt/rustwide/cargo-home" "-e" "RUSTUP_HOME=/opt/rustwide/rustup-home" "-w" "/opt/rustwide/workdir" "-m" "1610612736" "--user" "0:0" "--network" "none" "ghcr.io/rust-lang/crates-build-env/linux@sha256:819108c5571ea2e421544af4d832f968d213c87fbe3707a016657f43d2f853bc" "/opt/rustwide/cargo-home/bin/cargo" "+nightly-2025-01-18" "metadata" "--no-deps" "--format-version=1", kill_on_drop: false }`
[INFO] [stdout] bb885955dae62d4ce52649c17cb699d3702f319e0b55e7c135a2e99c98c43949
[INFO] running `Command { std: "docker" "start" "-a" "bb885955dae62d4ce52649c17cb699d3702f319e0b55e7c135a2e99c98c43949", kill_on_drop: false }`
[INFO] running `Command { std: "docker" "inspect" "bb885955dae62d4ce52649c17cb699d3702f319e0b55e7c135a2e99c98c43949", kill_on_drop: false }`
[INFO] running `Command { std: "docker" "rm" "-f" "bb885955dae62d4ce52649c17cb699d3702f319e0b55e7c135a2e99c98c43949", kill_on_drop: false }`
[INFO] [stdout] bb885955dae62d4ce52649c17cb699d3702f319e0b55e7c135a2e99c98c43949
[INFO] running `Command { std: "docker" "create" "-v" "/var/lib/crater-agent-workspace/builds/worker-6-tc2/target:/opt/rustwide/target:rw,Z" "-v" "/var/lib/crater-agent-workspace/builds/worker-6-tc2/source:/opt/rustwide/workdir:ro,Z" "-v" "/var/lib/crater-agent-workspace/cargo-home:/opt/rustwide/cargo-home:ro,Z" "-v" "/var/lib/crater-agent-workspace/rustup-home:/opt/rustwide/rustup-home:ro,Z" "-e" "SOURCE_DIR=/opt/rustwide/workdir" "-e" "CARGO_TARGET_DIR=/opt/rustwide/target" "-e" "CARGO_INCREMENTAL=0" "-e" "RUST_BACKTRACE=full" "-e" "RUSTFLAGS=--cap-lints=forbid -Zrandomize-layout" "-e" "RUSTDOCFLAGS=--cap-lints=forbid" "-e" "CARGO_HOME=/opt/rustwide/cargo-home" "-e" "RUSTUP_HOME=/opt/rustwide/rustup-home" "-w" "/opt/rustwide/workdir" "-m" "1610612736" "--user" "0:0" "--network" "none" "ghcr.io/rust-lang/crates-build-env/linux@sha256:819108c5571ea2e421544af4d832f968d213c87fbe3707a016657f43d2f853bc" "/opt/rustwide/cargo-home/bin/cargo" "+nightly-2025-01-18" "build" "--frozen" "--message-format=json", kill_on_drop: false }`
[INFO] [stdout] bbbee7336e9c4404c08c42b5873f919923c4d7587b6bc33acbe11aa4e43abccc
[INFO] running `Command { std: "docker" "start" "-a" "bbbee7336e9c4404c08c42b5873f919923c4d7587b6bc33acbe11aa4e43abccc", kill_on_drop: false }`
[INFO] [stderr]    Compiling num-traits v0.2.17
[INFO] [stderr]    Compiling proc-macro2 v1.0.70
[INFO] [stderr]    Compiling num-integer v0.1.45
[INFO] [stderr]    Compiling libc v0.2.151
[INFO] [stderr]    Compiling syn v1.0.109
[INFO] [stderr]    Compiling num-bigint v0.4.4
[INFO] [stderr]    Compiling num-iter v0.1.43
[INFO] [stderr]    Compiling num-rational v0.4.1
[INFO] [stderr]    Compiling unicode-segmentation v1.10.1
[INFO] [stderr]    Compiling memchr v2.6.4
[INFO] [stderr]    Compiling unicode-width v0.1.11
[INFO] [stderr]    Compiling ansi_term v0.12.1
[INFO] [stderr]    Compiling strsim v0.8.0
[INFO] [stderr]    Compiling proc-macro-error v1.0.4
[INFO] [stderr]    Compiling vec_map v0.8.2
[INFO] [stderr]    Compiling bitflags v1.3.2
[INFO] [stderr]    Compiling textwrap v0.11.0
[INFO] [stderr]    Compiling heck v0.3.3
[INFO] [stderr]    Compiling aho-corasick v1.1.2
[INFO] [stderr]    Compiling quote v1.0.33
[INFO] [stderr]    Compiling proc-macro-error-attr v1.0.4
[INFO] [stderr]    Compiling atty v0.2.14
[INFO] [stderr]    Compiling clap v2.34.0
[INFO] [stderr]    Compiling num-complex v0.4.4
[INFO] [stderr]    Compiling regex-automata v0.4.3
[INFO] [stderr]    Compiling num v0.4.1
[INFO] [stderr]    Compiling structopt-derive v0.4.18
[INFO] [stderr]    Compiling regex v1.10.2
[INFO] [stderr]    Compiling structopt v0.3.26
[INFO] [stderr]    Compiling aoc23-rs v0.1.0 (/opt/rustwide/workdir)
[INFO] [stdout] warning: found module declaration for lib.rs
[INFO] [stdout]  --> src/main.rs:2:1
[INFO] [stdout]   |
[INFO] [stdout] 2 | mod lib;
[INFO] [stdout]   | ^^^^^^^^
[INFO] [stdout]   |
[INFO] [stdout]   = note: lib.rs is the root of this crate's library target
[INFO] [stdout]   = help: to refer to it from other targets, use the library's name as the path
[INFO] [stdout]   = note: `#[warn(special_module_name)]` on by default
[INFO] [stdout] 
[INFO] [stdout] 
[INFO] [stdout] warning: unused import: `aoc23_rs::create_grid`
[INFO] [stdout]  --> src/day03.rs:3:5
[INFO] [stdout]   |
[INFO] [stdout] 3 | use aoc23_rs::create_grid;
[INFO] [stdout]   |     ^^^^^^^^^^^^^^^^^^^^^
[INFO] [stdout]   |
[INFO] [stdout]   = note: `#[warn(unused_imports)]` on by default
[INFO] [stdout] 
[INFO] [stdout] 
[INFO] [stdout] warning: unnecessary parentheses around `if` condition
[INFO] [stdout]   --> src/day03.rs:30:20
[INFO] [stdout]    |
[INFO] [stdout] 30 |                 if (grid[vertical as usize][horizontal as usize] == '*') {
[INFO] [stdout]    |                    ^                                                   ^
[INFO] [stdout]    |
[INFO] [stdout]    = note: `#[warn(unused_parens)]` on by default
[INFO] [stdout] help: remove these parentheses
[INFO] [stdout]    |
[INFO] [stdout] 30 -                 if (grid[vertical as usize][horizontal as usize] == '*') {
[INFO] [stdout] 30 +                 if grid[vertical as usize][horizontal as usize] == '*' {
[INFO] [stdout]    |
[INFO] [stdout] 
[INFO] [stdout] 
[INFO] [stdout] warning: unused import: `HashSet`
[INFO] [stdout]  --> src/day07.rs:3:28
[INFO] [stdout]   |
[INFO] [stdout] 3 |     collections::{HashMap, HashSet},
[INFO] [stdout]   |                            ^^^^^^^
[INFO] [stdout] 
[INFO] [stdout] 
[INFO] [stdout] warning: unused import: `aoc23_rs::Grid`
[INFO] [stdout]  --> src/day16.rs:1:5
[INFO] [stdout]   |
[INFO] [stdout] 1 | use aoc23_rs::Grid;
[INFO] [stdout]   |     ^^^^^^^^^^^^^^
[INFO] [stdout] 
[INFO] [stdout] 
[INFO] [stdout] warning: unused imports: `current`, `sleep`, and `time::Duration`
[INFO] [stdout]  --> src/day17.rs:5:14
[INFO] [stdout]   |
[INFO] [stdout] 5 |     thread::{current, sleep},
[INFO] [stdout]   |              ^^^^^^^  ^^^^^
[INFO] [stdout] 6 |     time::Duration,
[INFO] [stdout]   |     ^^^^^^^^^^^^^^
[INFO] [stdout] 
[INFO] [stdout] 
[INFO] [stdout] warning: unused import: `num::complex::ComplexFloat`
[INFO] [stdout]  --> src/day19.rs:3:5
[INFO] [stdout]   |
[INFO] [stdout] 3 | use num::complex::ComplexFloat;
[INFO] [stdout]   |     ^^^^^^^^^^^^^^^^^^^^^^^^^^
[INFO] [stdout] 
[INFO] [stdout] 
[INFO] [stdout] warning: unnecessary parentheses around `while` condition
[INFO] [stdout]    --> src/day19.rs:181:15
[INFO] [stdout]     |
[INFO] [stdout] 181 |         while (undecided) {
[INFO] [stdout]     |               ^         ^
[INFO] [stdout]     |
[INFO] [stdout] help: remove these parentheses
[INFO] [stdout]     |
[INFO] [stdout] 181 -         while (undecided) {
[INFO] [stdout] 181 +         while undecided {
[INFO] [stdout]     |
[INFO] [stdout] 
[INFO] [stdout] 
[INFO] [stdout] warning: unused import: `ops::Index`
[INFO] [stdout]  --> src/day20.rs:1:33
[INFO] [stdout]   |
[INFO] [stdout] 1 | use std::{collections::HashMap, ops::Index};
[INFO] [stdout]   |                                 ^^^^^^^^^^
[INFO] [stdout] 
[INFO] [stdout] 
[INFO] [stdout] warning: unused variable: `input`
[INFO] [stdout]   --> src/day05.rs:46:12
[INFO] [stdout]    |
[INFO] [stdout] 46 | fn solve_b(input: &str) -> usize {
[INFO] [stdout]    |            ^^^^^ help: if this is intentional, prefix it with an underscore: `_input`
[INFO] [stdout]    |
[INFO] [stdout]    = note: `#[warn(unused_variables)]` on by default
[INFO] [stdout] 
[INFO] [stdout] 
[INFO] [stdout] warning: unused variable: `i`
[INFO] [stdout]    --> src/day07.rs:103:22
[INFO] [stdout]     |
[INFO] [stdout] 103 |         .filter(|(c, i)| c != &&Card::Jack)
[INFO] [stdout]     |                      ^ help: if this is intentional, prefix it with an underscore: `_i`
[INFO] [stdout] 
[INFO] [stdout] 
[INFO] [stdout] warning: variable does not need to be mutable
[INFO] [stdout]   --> src/day08.rs:25:9
[INFO] [stdout]    |
[INFO] [stdout] 25 |     let mut start_nodes = graph
[INFO] [stdout]    |         ----^^^^^^^^^^^
[INFO] [stdout]    |         |
[INFO] [stdout]    |         help: remove this `mut`
[INFO] [stdout]    |
[INFO] [stdout]    = note: `#[warn(unused_mut)]` on by default
[INFO] [stdout] 
[INFO] [stdout] 
[INFO] [stdout] warning: unused variable: `inside`
[INFO] [stdout]    --> src/day10.rs:123:17
[INFO] [stdout]     |
[INFO] [stdout] 123 |         let mut inside = false;
[INFO] [stdout]     |                 ^^^^^^ help: if this is intentional, prefix it with an underscore: `_inside`
[INFO] [stdout] 
[INFO] [stdout] 
[INFO] [stdout] warning: variable does not need to be mutable
[INFO] [stdout]    --> src/day10.rs:121:9
[INFO] [stdout]     |
[INFO] [stdout] 121 |     let mut internal = 0;
[INFO] [stdout]     |         ----^^^^^^^^
[INFO] [stdout]     |         |
[INFO] [stdout]     |         help: remove this `mut`
[INFO] [stdout] 
[INFO] [stdout] 
[INFO] [stdout] warning: variable does not need to be mutable
[INFO] [stdout]    --> src/day10.rs:123:13
[INFO] [stdout]     |
[INFO] [stdout] 123 |         let mut inside = false;
[INFO] [stdout]     |             ----^^^^^^
[INFO] [stdout]     |             |
[INFO] [stdout]     |             help: remove this `mut`
[INFO] [stdout] 
[INFO] [stdout] 
[INFO] [stdout] warning: unused variable: `input`
[INFO] [stdout]    --> src/day17.rs:297:12
[INFO] [stdout]     |
[INFO] [stdout] 297 | fn solve_b(input: &str) -> u32 {
[INFO] [stdout]     |            ^^^^^ help: if this is intentional, prefix it with an underscore: `_input`
[INFO] [stdout] 
[INFO] [stdout] 
[INFO] [stdout] warning: unused variable: `input`
[INFO] [stdout]    --> src/day20.rs:172:12
[INFO] [stdout]     |
[INFO] [stdout] 172 | fn solve_b(input: &str) -> usize {
[INFO] [stdout]     |            ^^^^^ help: if this is intentional, prefix it with an underscore: `_input`
[INFO] [stdout] 
[INFO] [stdout] 
[INFO] [stdout] warning: struct `Grid` is never constructed
[INFO] [stdout]  --> src/lib.rs:1:12
[INFO] [stdout]   |
[INFO] [stdout] 1 | pub struct Grid<T> {
[INFO] [stdout]   |            ^^^^
[INFO] [stdout]   |
[INFO] [stdout]   = note: `#[warn(dead_code)]` on by default
[INFO] [stdout] 
[INFO] [stdout] 
[INFO] [stdout] warning: method `index` is never used
[INFO] [stdout]  --> src/lib.rs:9:12
[INFO] [stdout]   |
[INFO] [stdout] 5 | impl<T> Grid<T> {
[INFO] [stdout]   | --------------- method in this implementation
[INFO] [stdout] ...
[INFO] [stdout] 9 |     pub fn index(&self, x: usize, y: usize) -> &T {
[INFO] [stdout]   |            ^^^^^
[INFO] [stdout] 
[INFO] [stdout] 
[INFO] [stdout] warning: function `create_grid` is never used
[INFO] [stdout]   --> src/lib.rs:14:8
[INFO] [stdout]    |
[INFO] [stdout] 14 | pub fn create_grid(input: &str) -> Grid<char> {
[INFO] [stdout]    |        ^^^^^^^^^^^
[INFO] [stdout] 
[INFO] [stdout] 
[INFO] [stdout] warning: function `print_grid` is never used
[INFO] [stdout]   --> src/day14.rs:43:4
[INFO] [stdout]    |
[INFO] [stdout] 43 | fn print_grid(grid: &Vec<Vec<char>>) {
[INFO] [stdout]    |    ^^^^^^^^^^
[INFO] [stdout] 
[INFO] [stdout] 
[INFO] [stdout] warning: function `print_grid` is never used
[INFO] [stdout]   --> src/day16.rs:47:4
[INFO] [stdout]    |
[INFO] [stdout] 47 | fn print_grid(grid: &Vec<Vec<GridSquare>>) {
[INFO] [stdout]    |    ^^^^^^^^^^
[INFO] [stdout] 
[INFO] [stdout] 
[INFO] [stderr]     Finished `dev` profile [unoptimized + debuginfo] target(s) in 7.53s
[INFO] running `Command { std: "docker" "inspect" "bbbee7336e9c4404c08c42b5873f919923c4d7587b6bc33acbe11aa4e43abccc", kill_on_drop: false }`
[INFO] running `Command { std: "docker" "rm" "-f" "bbbee7336e9c4404c08c42b5873f919923c4d7587b6bc33acbe11aa4e43abccc", kill_on_drop: false }`
[INFO] [stdout] bbbee7336e9c4404c08c42b5873f919923c4d7587b6bc33acbe11aa4e43abccc
[INFO] running `Command { std: "docker" "create" "-v" "/var/lib/crater-agent-workspace/builds/worker-6-tc2/target:/opt/rustwide/target:rw,Z" "-v" "/var/lib/crater-agent-workspace/builds/worker-6-tc2/source:/opt/rustwide/workdir:ro,Z" "-v" "/var/lib/crater-agent-workspace/cargo-home:/opt/rustwide/cargo-home:ro,Z" "-v" "/var/lib/crater-agent-workspace/rustup-home:/opt/rustwide/rustup-home:ro,Z" "-e" "SOURCE_DIR=/opt/rustwide/workdir" "-e" "CARGO_TARGET_DIR=/opt/rustwide/target" "-e" "CARGO_INCREMENTAL=0" "-e" "RUST_BACKTRACE=full" "-e" "RUSTFLAGS=--cap-lints=forbid -Zrandomize-layout" "-e" "RUSTDOCFLAGS=--cap-lints=forbid" "-e" "CARGO_HOME=/opt/rustwide/cargo-home" "-e" "RUSTUP_HOME=/opt/rustwide/rustup-home" "-w" "/opt/rustwide/workdir" "-m" "1610612736" "--user" "0:0" "--network" "none" "ghcr.io/rust-lang/crates-build-env/linux@sha256:819108c5571ea2e421544af4d832f968d213c87fbe3707a016657f43d2f853bc" "/opt/rustwide/cargo-home/bin/cargo" "+nightly-2025-01-18" "test" "--frozen" "--no-run" "--message-format=json", kill_on_drop: false }`
[INFO] [stdout] cb8da34fbccefb3bbf02d9d7b20eb62289009824574d1e0be4c1324387147c97
[INFO] running `Command { std: "docker" "start" "-a" "cb8da34fbccefb3bbf02d9d7b20eb62289009824574d1e0be4c1324387147c97", kill_on_drop: false }`
[INFO] [stderr]    Compiling aoc23-rs v0.1.0 (/opt/rustwide/workdir)
[INFO] [stdout] warning: found module declaration for lib.rs
[INFO] [stdout]  --> src/main.rs:2:1
[INFO] [stdout]   |
[INFO] [stdout] 2 | mod lib;
[INFO] [stdout]   | ^^^^^^^^
[INFO] [stdout]   |
[INFO] [stdout]   = note: lib.rs is the root of this crate's library target
[INFO] [stdout]   = help: to refer to it from other targets, use the library's name as the path
[INFO] [stdout]   = note: `#[warn(special_module_name)]` on by default
[INFO] [stdout] 
[INFO] [stdout] 
[INFO] [stdout] warning: unused import: `aoc23_rs::create_grid`
[INFO] [stdout]  --> src/day03.rs:3:5
[INFO] [stdout]   |
[INFO] [stdout] 3 | use aoc23_rs::create_grid;
[INFO] [stdout]   |     ^^^^^^^^^^^^^^^^^^^^^
[INFO] [stdout]   |
[INFO] [stdout]   = note: `#[warn(unused_imports)]` on by default
[INFO] [stdout] 
[INFO] [stdout] 
[INFO] [stdout] warning: unnecessary parentheses around `if` condition
[INFO] [stdout]   --> src/day03.rs:30:20
[INFO] [stdout]    |
[INFO] [stdout] 30 |                 if (grid[vertical as usize][horizontal as usize] == '*') {
[INFO] [stdout]    |                    ^                                                   ^
[INFO] [stdout]    |
[INFO] [stdout]    = note: `#[warn(unused_parens)]` on by default
[INFO] [stdout] help: remove these parentheses
[INFO] [stdout]    |
[INFO] [stdout] 30 -                 if (grid[vertical as usize][horizontal as usize] == '*') {
[INFO] [stdout] 30 +                 if grid[vertical as usize][horizontal as usize] == '*' {
[INFO] [stdout]    |
[INFO] [stdout] 
[INFO] [stdout] 
[INFO] [stdout] warning: unused import: `HashSet`
[INFO] [stdout]  --> src/day07.rs:3:28
[INFO] [stdout]   |
[INFO] [stdout] 3 |     collections::{HashMap, HashSet},
[INFO] [stdout]   |                            ^^^^^^^
[INFO] [stdout] 
[INFO] [stdout] 
[INFO] [stdout] warning: unused import: `aoc23_rs::Grid`
[INFO] [stdout]  --> src/day16.rs:1:5
[INFO] [stdout]   |
[INFO] [stdout] 1 | use aoc23_rs::Grid;
[INFO] [stdout]   |     ^^^^^^^^^^^^^^
[INFO] [stdout] 
[INFO] [stdout] 
[INFO] [stdout] warning: unused imports: `current`, `sleep`, and `time::Duration`
[INFO] [stdout]  --> src/day17.rs:5:14
[INFO] [stdout]   |
[INFO] [stdout] 5 |     thread::{current, sleep},
[INFO] [stdout]   |              ^^^^^^^  ^^^^^
[INFO] [stdout] 6 |     time::Duration,
[INFO] [stdout]   |     ^^^^^^^^^^^^^^
[INFO] [stdout] 
[INFO] [stdout] 
[INFO] [stdout] warning: unused import: `num::complex::ComplexFloat`
[INFO] [stdout]  --> src/day19.rs:3:5
[INFO] [stdout]   |
[INFO] [stdout] 3 | use num::complex::ComplexFloat;
[INFO] [stdout]   |     ^^^^^^^^^^^^^^^^^^^^^^^^^^
[INFO] [stdout] 
[INFO] [stdout] 
[INFO] [stdout] warning: unnecessary parentheses around `while` condition
[INFO] [stdout]    --> src/day19.rs:181:15
[INFO] [stdout]     |
[INFO] [stdout] 181 |         while (undecided) {
[INFO] [stdout]     |               ^         ^
[INFO] [stdout]     |
[INFO] [stdout] help: remove these parentheses
[INFO] [stdout]     |
[INFO] [stdout] 181 -         while (undecided) {
[INFO] [stdout] 181 +         while undecided {
[INFO] [stdout]     |
[INFO] [stdout] 
[INFO] [stdout] 
[INFO] [stdout] warning: unused import: `ops::Index`
[INFO] [stdout]  --> src/day20.rs:1:33
[INFO] [stdout]   |
[INFO] [stdout] 1 | use std::{collections::HashMap, ops::Index};
[INFO] [stdout]   |                                 ^^^^^^^^^^
[INFO] [stdout] 
[INFO] [stdout] 
[INFO] [stdout] warning: unused variable: `input`
[INFO] [stdout]   --> src/day05.rs:46:12
[INFO] [stdout]    |
[INFO] [stdout] 46 | fn solve_b(input: &str) -> usize {
[INFO] [stdout]    |            ^^^^^ help: if this is intentional, prefix it with an underscore: `_input`
[INFO] [stdout]    |
[INFO] [stdout]    = note: `#[warn(unused_variables)]` on by default
[INFO] [stdout] 
[INFO] [stdout] 
[INFO] [stdout] warning: unused variable: `i`
[INFO] [stdout]    --> src/day07.rs:103:22
[INFO] [stdout]     |
[INFO] [stdout] 103 |         .filter(|(c, i)| c != &&Card::Jack)
[INFO] [stdout]     |                      ^ help: if this is intentional, prefix it with an underscore: `_i`
[INFO] [stdout] 
[INFO] [stdout] 
[INFO] [stdout] warning: variable does not need to be mutable
[INFO] [stdout]   --> src/day08.rs:25:9
[INFO] [stdout]    |
[INFO] [stdout] 25 |     let mut start_nodes = graph
[INFO] [stdout]    |         ----^^^^^^^^^^^
[INFO] [stdout]    |         |
[INFO] [stdout]    |         help: remove this `mut`
[INFO] [stdout]    |
[INFO] [stdout]    = note: `#[warn(unused_mut)]` on by default
[INFO] [stdout] 
[INFO] [stdout] 
[INFO] [stdout] warning: unused variable: `inside`
[INFO] [stdout]    --> src/day10.rs:123:17
[INFO] [stdout]     |
[INFO] [stdout] 123 |         let mut inside = false;
[INFO] [stdout]     |                 ^^^^^^ help: if this is intentional, prefix it with an underscore: `_inside`
[INFO] [stdout] 
[INFO] [stdout] 
[INFO] [stdout] warning: variable does not need to be mutable
[INFO] [stdout]    --> src/day10.rs:121:9
[INFO] [stdout]     |
[INFO] [stdout] 121 |     let mut internal = 0;
[INFO] [stdout]     |         ----^^^^^^^^
[INFO] [stdout]     |         |
[INFO] [stdout]     |         help: remove this `mut`
[INFO] [stdout] 
[INFO] [stdout] 
[INFO] [stdout] warning: variable does not need to be mutable
[INFO] [stdout]    --> src/day10.rs:123:13
[INFO] [stdout]     |
[INFO] [stdout] 123 |         let mut inside = false;
[INFO] [stdout]     |             ----^^^^^^
[INFO] [stdout]     |             |
[INFO] [stdout]     |             help: remove this `mut`
[INFO] [stdout] 
[INFO] [stdout] 
[INFO] [stdout] warning: unused variable: `input`
[INFO] [stdout]    --> src/day13.rs:120:9
[INFO] [stdout]     |
[INFO] [stdout] 120 |     let input = assert_eq!(
[INFO] [stdout]     |         ^^^^^ help: if this is intentional, prefix it with an underscore: `_input`
[INFO] [stdout] 
[INFO] [stdout] 
[INFO] [stdout] warning: unused variable: `input`
[INFO] [stdout]    --> src/day13.rs:144:9
[INFO] [stdout]     |
[INFO] [stdout] 144 |     let input = assert_eq!(
[INFO] [stdout]     |         ^^^^^ help: if this is intentional, prefix it with an underscore: `_input`
[INFO] [stdout] 
[INFO] [stdout] 
[INFO] [stdout] warning: unused variable: `input`
[INFO] [stdout]    --> src/day17.rs:297:12
[INFO] [stdout]     |
[INFO] [stdout] 297 | fn solve_b(input: &str) -> u32 {
[INFO] [stdout]     |            ^^^^^ help: if this is intentional, prefix it with an underscore: `_input`
[INFO] [stdout] 
[INFO] [stdout] 
[INFO] [stdout] warning: unused variable: `input`
[INFO] [stdout]    --> src/day20.rs:172:12
[INFO] [stdout]     |
[INFO] [stdout] 172 | fn solve_b(input: &str) -> usize {
[INFO] [stdout]     |            ^^^^^ help: if this is intentional, prefix it with an underscore: `_input`
[INFO] [stdout] 
[INFO] [stdout] 
[INFO] [stdout] warning: struct `Grid` is never constructed
[INFO] [stdout]  --> src/lib.rs:1:12
[INFO] [stdout]   |
[INFO] [stdout] 1 | pub struct Grid<T> {
[INFO] [stdout]   |            ^^^^
[INFO] [stdout]   |
[INFO] [stdout]   = note: `#[warn(dead_code)]` on by default
[INFO] [stdout] 
[INFO] [stdout] 
[INFO] [stdout] warning: method `index` is never used
[INFO] [stdout]  --> src/lib.rs:9:12
[INFO] [stdout]   |
[INFO] [stdout] 5 | impl<T> Grid<T> {
[INFO] [stdout]   | --------------- method in this implementation
[INFO] [stdout] ...
[INFO] [stdout] 9 |     pub fn index(&self, x: usize, y: usize) -> &T {
[INFO] [stdout]   |            ^^^^^
[INFO] [stdout] 
[INFO] [stdout] 
[INFO] [stdout] warning: function `create_grid` is never used
[INFO] [stdout]   --> src/lib.rs:14:8
[INFO] [stdout]    |
[INFO] [stdout] 14 | pub fn create_grid(input: &str) -> Grid<char> {
[INFO] [stdout]    |        ^^^^^^^^^^^
[INFO] [stdout] 
[INFO] [stdout] 
[INFO] [stdout] warning: function `print_grid` is never used
[INFO] [stdout]   --> src/day14.rs:43:4
[INFO] [stdout]    |
[INFO] [stdout] 43 | fn print_grid(grid: &Vec<Vec<char>>) {
[INFO] [stdout]    |    ^^^^^^^^^^
[INFO] [stdout] 
[INFO] [stdout] 
[INFO] [stdout] warning: function `print_grid` is never used
[INFO] [stdout]   --> src/day16.rs:47:4
[INFO] [stdout]    |
[INFO] [stdout] 47 | fn print_grid(grid: &Vec<Vec<GridSquare>>) {
[INFO] [stdout]    |    ^^^^^^^^^^
[INFO] [stdout] 
[INFO] [stdout] 
[INFO] [stderr]     Finished `test` profile [unoptimized + debuginfo] target(s) in 1.21s
[INFO] running `Command { std: "docker" "inspect" "cb8da34fbccefb3bbf02d9d7b20eb62289009824574d1e0be4c1324387147c97", kill_on_drop: false }`
[INFO] running `Command { std: "docker" "rm" "-f" "cb8da34fbccefb3bbf02d9d7b20eb62289009824574d1e0be4c1324387147c97", kill_on_drop: false }`
[INFO] [stdout] cb8da34fbccefb3bbf02d9d7b20eb62289009824574d1e0be4c1324387147c97
[INFO] running `Command { std: "docker" "create" "-v" "/var/lib/crater-agent-workspace/builds/worker-6-tc2/target:/opt/rustwide/target:rw,Z" "-v" "/var/lib/crater-agent-workspace/builds/worker-6-tc2/source:/opt/rustwide/workdir:ro,Z" "-v" "/var/lib/crater-agent-workspace/cargo-home:/opt/rustwide/cargo-home:ro,Z" "-v" "/var/lib/crater-agent-workspace/rustup-home:/opt/rustwide/rustup-home:ro,Z" "-e" "SOURCE_DIR=/opt/rustwide/workdir" "-e" "CARGO_TARGET_DIR=/opt/rustwide/target" "-e" "CARGO_INCREMENTAL=0" "-e" "RUST_BACKTRACE=full" "-e" "RUSTFLAGS=--cap-lints=forbid -Zrandomize-layout" "-e" "RUSTDOCFLAGS=--cap-lints=forbid" "-e" "CARGO_HOME=/opt/rustwide/cargo-home" "-e" "RUSTUP_HOME=/opt/rustwide/rustup-home" "-w" "/opt/rustwide/workdir" "-m" "1610612736" "--user" "0:0" "--network" "none" "ghcr.io/rust-lang/crates-build-env/linux@sha256:819108c5571ea2e421544af4d832f968d213c87fbe3707a016657f43d2f853bc" "/opt/rustwide/cargo-home/bin/cargo" "+nightly-2025-01-18" "test" "--frozen", kill_on_drop: false }`
[INFO] [stdout] 539775118e56a162674b98c3a112a646b41e0ee031c174b424428cb5ccf71722
[INFO] running `Command { std: "docker" "start" "-a" "539775118e56a162674b98c3a112a646b41e0ee031c174b424428cb5ccf71722", kill_on_drop: false }`
[INFO] [stderr] warning: found module declaration for lib.rs
[INFO] [stderr]  --> src/main.rs:2:1
[INFO] [stderr]   |
[INFO] [stderr] 2 | mod lib;
[INFO] [stderr]   | ^^^^^^^^
[INFO] [stderr]   |
[INFO] [stderr]   = note: lib.rs is the root of this crate's library target
[INFO] [stderr]   = help: to refer to it from other targets, use the library's name as the path
[INFO] [stderr]   = note: `#[warn(special_module_name)]` on by default
[INFO] [stderr] 
[INFO] [stderr] warning: unused import: `aoc23_rs::create_grid`
[INFO] [stderr]  --> src/day03.rs:3:5
[INFO] [stderr]   |
[INFO] [stderr] 3 | use aoc23_rs::create_grid;
[INFO] [stderr]   |     ^^^^^^^^^^^^^^^^^^^^^
[INFO] [stderr]   |
[INFO] [stderr]   = note: `#[warn(unused_imports)]` on by default
[INFO] [stderr] 
[INFO] [stderr] warning: unnecessary parentheses around `if` condition
[INFO] [stderr]   --> src/day03.rs:30:20
[INFO] [stderr]    |
[INFO] [stderr] 30 |                 if (grid[vertical as usize][horizontal as usize] == '*') {
[INFO] [stderr]    |                    ^                                                   ^
[INFO] [stderr]    |
[INFO] [stderr]    = note: `#[warn(unused_parens)]` on by default
[INFO] [stderr] help: remove these parentheses
[INFO] [stderr]    |
[INFO] [stderr] 30 -                 if (grid[vertical as usize][horizontal as usize] == '*') {
[INFO] [stderr] 30 +                 if grid[vertical as usize][horizontal as usize] == '*' {
[INFO] [stderr]    |
[INFO] [stderr] 
[INFO] [stderr] warning: unused import: `HashSet`
[INFO] [stderr]  --> src/day07.rs:3:28
[INFO] [stderr]   |
[INFO] [stderr] 3 |     collections::{HashMap, HashSet},
[INFO] [stderr]   |                            ^^^^^^^
[INFO] [stderr] 
[INFO] [stderr] warning: unused import: `aoc23_rs::Grid`
[INFO] [stderr]  --> src/day16.rs:1:5
[INFO] [stderr]   |
[INFO] [stderr] 1 | use aoc23_rs::Grid;
[INFO] [stderr]   |     ^^^^^^^^^^^^^^
[INFO] [stderr] 
[INFO] [stderr] warning: unused imports: `current`, `sleep`, and `time::Duration`
[INFO] [stderr]  --> src/day17.rs:5:14
[INFO] [stderr]   |
[INFO] [stderr] 5 |     thread::{current, sleep},
[INFO] [stderr]   |              ^^^^^^^  ^^^^^
[INFO] [stderr] 6 |     time::Duration,
[INFO] [stderr]   |     ^^^^^^^^^^^^^^
[INFO] [stderr] 
[INFO] [stderr] warning: unused import: `num::complex::ComplexFloat`
[INFO] [stderr]  --> src/day19.rs:3:5
[INFO] [stderr]   |
[INFO] [stderr] 3 | use num::complex::ComplexFloat;
[INFO] [stderr]   |     ^^^^^^^^^^^^^^^^^^^^^^^^^^
[INFO] [stderr] 
[INFO] [stderr] warning: unnecessary parentheses around `while` condition
[INFO] [stderr]    --> src/day19.rs:181:15
[INFO] [stderr]     |
[INFO] [stderr] 181 |         while (undecided) {
[INFO] [stderr]     |               ^         ^
[INFO] [stderr]     |
[INFO] [stderr] help: remove these parentheses
[INFO] [stderr]     |
[INFO] [stderr] 181 -         while (undecided) {
[INFO] [stderr] 181 +         while undecided {
[INFO] [stderr]     |
[INFO] [stderr] 
[INFO] [stderr] warning: unused import: `ops::Index`
[INFO] [stderr]  --> src/day20.rs:1:33
[INFO] [stderr]   |
[INFO] [stderr] 1 | use std::{collections::HashMap, ops::Index};
[INFO] [stderr]   |                                 ^^^^^^^^^^
[INFO] [stderr] 
[INFO] [stderr] warning: unused variable: `input`
[INFO] [stderr]   --> src/day05.rs:46:12
[INFO] [stderr]    |
[INFO] [stderr] 46 | fn solve_b(input: &str) -> usize {
[INFO] [stderr]    |            ^^^^^ help: if this is intentional, prefix it with an underscore: `_input`
[INFO] [stderr]    |
[INFO] [stderr]    = note: `#[warn(unused_variables)]` on by default
[INFO] [stderr] 
[INFO] [stderr] warning: unused variable: `i`
[INFO] [stderr]    --> src/day07.rs:103:22
[INFO] [stderr]     |
[INFO] [stderr] 103 |         .filter(|(c, i)| c != &&Card::Jack)
[INFO] [stderr]     |                      ^ help: if this is intentional, prefix it with an underscore: `_i`
[INFO] [stderr] 
[INFO] [stderr] warning: variable does not need to be mutable
[INFO] [stderr]   --> src/day08.rs:25:9
[INFO] [stderr]    |
[INFO] [stderr] 25 |     let mut start_nodes = graph
[INFO] [stderr]    |         ----^^^^^^^^^^^
[INFO] [stderr]    |         |
[INFO] [stderr]    |         help: remove this `mut`
[INFO] [stderr]    |
[INFO] [stderr]    = note: `#[warn(unused_mut)]` on by default
[INFO] [stderr] 
[INFO] [stderr] warning: unused variable: `inside`
[INFO] [stderr]    --> src/day10.rs:123:17
[INFO] [stderr]     |
[INFO] [stderr] 123 |         let mut inside = false;
[INFO] [stderr]     |                 ^^^^^^ help: if this is intentional, prefix it with an underscore: `_inside`
[INFO] [stderr] 
[INFO] [stderr] warning: variable does not need to be mutable
[INFO] [stderr]    --> src/day10.rs:121:9
[INFO] [stderr]     |
[INFO] [stderr] 121 |     let mut internal = 0;
[INFO] [stderr]     |         ----^^^^^^^^
[INFO] [stderr]     |         |
[INFO] [stderr]     |         help: remove this `mut`
[INFO] [stderr] 
[INFO] [stderr] warning: variable does not need to be mutable
[INFO] [stderr]    --> src/day10.rs:123:13
[INFO] [stderr]     |
[INFO] [stderr] 123 |         let mut inside = false;
[INFO] [stderr]     |             ----^^^^^^
[INFO] [stderr]     |             |
[INFO] [stderr]     |             help: remove this `mut`
[INFO] [stderr] 
[INFO] [stderr] warning: unused variable: `input`
[INFO] [stderr]    --> src/day13.rs:120:9
[INFO] [stderr]     |
[INFO] [stderr] 120 |     let input = assert_eq!(
[INFO] [stderr]     |         ^^^^^ help: if this is intentional, prefix it with an underscore: `_input`
[INFO] [stderr] 
[INFO] [stderr] warning: unused variable: `input`
[INFO] [stderr]    --> src/day13.rs:144:9
[INFO] [stderr]     |
[INFO] [stderr] 144 |     let input = assert_eq!(
[INFO] [stderr]     |         ^^^^^ help: if this is intentional, prefix it with an underscore: `_input`
[INFO] [stderr] 
[INFO] [stderr] warning: unused variable: `input`
[INFO] [stderr]    --> src/day17.rs:297:12
[INFO] [stderr]     |
[INFO] [stderr] 297 | fn solve_b(input: &str) -> u32 {
[INFO] [stderr]     |            ^^^^^ help: if this is intentional, prefix it with an underscore: `_input`
[INFO] [stderr] 
[INFO] [stderr] warning: unused variable: `input`
[INFO] [stderr]    --> src/day20.rs:172:12
[INFO] [stderr]     |
[INFO] [stderr] 172 | fn solve_b(input: &str) -> usize {
[INFO] [stderr]     |            ^^^^^ help: if this is intentional, prefix it with an underscore: `_input`
[INFO] [stderr] 
[INFO] [stderr] warning: struct `Grid` is never constructed
[INFO] [stderr]  --> src/lib.rs:1:12
[INFO] [stderr]   |
[INFO] [stderr] 1 | pub struct Grid<T> {
[INFO] [stderr]   |            ^^^^
[INFO] [stderr]   |
[INFO] [stderr]   = note: `#[warn(dead_code)]` on by default
[INFO] [stderr] 
[INFO] [stderr] warning: method `index` is never used
[INFO] [stderr]  --> src/lib.rs:9:12
[INFO] [stderr]   |
[INFO] [stderr] 5 | impl<T> Grid<T> {
[INFO] [stderr]   | --------------- method in this implementation
[INFO] [stderr] ...
[INFO] [stderr] 9 |     pub fn index(&self, x: usize, y: usize) -> &T {
[INFO] [stderr]   |            ^^^^^
[INFO] [stderr] 
[INFO] [stderr] warning: function `create_grid` is never used
[INFO] [stderr]   --> src/lib.rs:14:8
[INFO] [stderr]    |
[INFO] [stderr] 14 | pub fn create_grid(input: &str) -> Grid<char> {
[INFO] [stderr]    |        ^^^^^^^^^^^
[INFO] [stderr] 
[INFO] [stderr] warning: function `print_grid` is never used
[INFO] [stderr]   --> src/day14.rs:43:4
[INFO] [stderr]    |
[INFO] [stderr] 43 | fn print_grid(grid: &Vec<Vec<char>>) {
[INFO] [stderr]    |    ^^^^^^^^^^
[INFO] [stderr] 
[INFO] [stderr] warning: function `print_grid` is never used
[INFO] [stderr]   --> src/day16.rs:47:4
[INFO] [stderr]    |
[INFO] [stderr] 47 | fn print_grid(grid: &Vec<Vec<GridSquare>>) {
[INFO] [stderr]    |    ^^^^^^^^^^
[INFO] [stderr] 
[INFO] [stderr] warning: `aoc23-rs` (bin "aoc23-rs" test) generated 24 warnings (run `cargo fix --bin "aoc23-rs" --tests` to apply 11 suggestions)
[INFO] [stderr]     Finished `test` profile [unoptimized + debuginfo] target(s) in 0.04s
[INFO] [stderr]      Running unittests src/lib.rs (/opt/rustwide/target/debug/deps/aoc23_rs-2abf8cd0145ae341)
[INFO] [stdout] 
[INFO] [stdout] running 0 tests
[INFO] [stdout] 
[INFO] [stdout] test result: ok. 0 passed; 0 failed; 0 ignored; 0 measured; 0 filtered out; finished in 0.00s
[INFO] [stdout] 
[INFO] [stderr]      Running unittests src/main.rs (/opt/rustwide/target/debug/deps/aoc23_rs-41136b0ef97f6911)
[INFO] [stdout] 
[INFO] [stdout] running 28 tests
[INFO] [stdout] test day03::example_a ... ok
[INFO] [stdout] test day03::example_b ... ok
[INFO] [stdout] test day04::example_a ... ok
[INFO] [stdout] test day04::example_b ... ok
[INFO] [stdout] test day05::example_1 ... ok
[INFO] [stdout] test day09::example_a ... ok
[INFO] [stdout] test day09::example_b ... ok
[INFO] [stdout] test day10::example_a ... ok
[INFO] [stdout] test day11::example_a ... ok
[INFO] [stdout] test day13::example_b ... ok
[INFO] [stdout] test day13::example_a ... ok
[INFO] [stdout] test day14::example_a_2 ... ok
[INFO] [stdout] test day14::example_a ... ok
[INFO] [stdout] test day15::example_a ... ok
[INFO] [stdout] test day15::example_b_1 ... ok
[INFO] [stdout] test day15::example_b ... ok
[INFO] [stdout] test day14::example_b ... ok
[INFO] [stdout] test day16::example_1 ... ok
[INFO] [stdout] test day17::example_0 ... ok
[INFO] [stdout] test day19::example_2a ... ok
[INFO] [stdout] test day11::example_b ... ok
[INFO] [stdout] test day07::example_b ... ok
[INFO] [stdout] test day19::example_2b ... ok
[INFO] [stdout] test day16::example_2 ... ok
[INFO] [stdout] test day19::example_2 ... ok
[INFO] [stdout] test day19::example_1 ... ok
[INFO] [stdout] test day20::example_1 has been running for over 60 seconds
[INFO] [stdout] test day20::example_1b has been running for over 60 seconds
[INFO] [stdout] test day20::example_1b ... FAILED
[INFO] [stdout] test day20::example_1 ... FAILED
[INFO] [stdout] 
[INFO] [stdout] failures:
[INFO] [stdout] 
[INFO] [stdout] ---- day20::example_1b stdout ----
[INFO] [stdout] Low: 42500000, High: 27500000
[INFO] [stdout] 
[INFO] [stdout] thread 'day20::example_1b' panicked at src/day20.rs:200:5:
[INFO] [stdout] assertion `left == right` failed
[INFO] [stdout]   left: 1168750000000000
[INFO] [stdout]  right: 11687500
[INFO] [stdout] stack backtrace:
[INFO] [stdout]    0:     0x62cfd8e9d22a - std::backtrace_rs::backtrace::libunwind::trace::hb059275cfc8d6126
[INFO] [stdout]                                at /rustc/6067b36314ab5eb2eb47cecc464545ba58e1ad24/library/std/src/../../backtrace/src/backtrace/libunwind.rs:116:5
[INFO] [stdout]    1:     0x62cfd8e9d22a - std::backtrace_rs::backtrace::trace_unsynchronized::h2da071e4327ce3ee
[INFO] [stdout]                                at /rustc/6067b36314ab5eb2eb47cecc464545ba58e1ad24/library/std/src/../../backtrace/src/backtrace/mod.rs:66:5
[INFO] [stdout]    2:     0x62cfd8e9d22a - std::sys::backtrace::_print_fmt::h842a1474e6f8d23f
[INFO] [stdout]                                at /rustc/6067b36314ab5eb2eb47cecc464545ba58e1ad24/library/std/src/sys/backtrace.rs:66:9
[INFO] [stdout]    3:     0x62cfd8e9d22a - <std::sys::backtrace::BacktraceLock::print::DisplayBacktrace as core::fmt::Display>::fmt::h71a62eb3b9696b12
[INFO] [stdout]                                at /rustc/6067b36314ab5eb2eb47cecc464545ba58e1ad24/library/std/src/sys/backtrace.rs:39:26
[INFO] [stdout]    4:     0x62cfd8ec54c3 - core::fmt::rt::Argument::fmt::hdb6b616786b41dc1
[INFO] [stdout]                                at /rustc/6067b36314ab5eb2eb47cecc464545ba58e1ad24/library/core/src/fmt/rt.rs:177:76
[INFO] [stdout]    5:     0x62cfd8ec54c3 - core::fmt::write::h2cc1698af7e2d686
[INFO] [stdout]                                at /rustc/6067b36314ab5eb2eb47cecc464545ba58e1ad24/library/core/src/fmt/mod.rs:1440:21
[INFO] [stdout]    6:     0x62cfd8e99d83 - std::io::Write::write_fmt::hab1b4cd059a79022
[INFO] [stdout]                                at /rustc/6067b36314ab5eb2eb47cecc464545ba58e1ad24/library/std/src/io/mod.rs:1887:15
[INFO] [stdout]    7:     0x62cfd8e9d072 - std::sys::backtrace::BacktraceLock::print::h147fe35b4ea13b08
[INFO] [stdout]                                at /rustc/6067b36314ab5eb2eb47cecc464545ba58e1ad24/library/std/src/sys/backtrace.rs:42:9
[INFO] [stdout]    8:     0x62cfd8e9e64f - std::panicking::default_hook::{{closure}}::hbd44223dbdc0d208
[INFO] [stdout]                                at /rustc/6067b36314ab5eb2eb47cecc464545ba58e1ad24/library/std/src/panicking.rs:298:22
[INFO] [stdout]    9:     0x62cfd8e9e468 - std::panicking::default_hook::h20f81eb0576efcec
[INFO] [stdout]                                at /rustc/6067b36314ab5eb2eb47cecc464545ba58e1ad24/library/std/src/panicking.rs:322:9
[INFO] [stdout]   10:     0x62cfd8be0c03 - <alloc::boxed::Box<F,A> as core::ops::function::Fn<Args>>::call::hdb53814c496a4d34
[INFO] [stdout]                                at /rustc/6067b36314ab5eb2eb47cecc464545ba58e1ad24/library/alloc/src/boxed.rs:2027:9
[INFO] [stdout]   11:     0x62cfd8be0c03 - test::test_main::{{closure}}::hc0a4963c59427c24
[INFO] [stdout]                                at /rustc/6067b36314ab5eb2eb47cecc464545ba58e1ad24/library/test/src/lib.rs:134:21
[INFO] [stdout]   12:     0x62cfd8e9f143 - <alloc::boxed::Box<F,A> as core::ops::function::Fn<Args>>::call::h591b2225413a77e9
[INFO] [stdout]                                at /rustc/6067b36314ab5eb2eb47cecc464545ba58e1ad24/library/alloc/src/boxed.rs:2027:9
[INFO] [stdout]   13:     0x62cfd8e9f143 - std::panicking::rust_panic_with_hook::h625eea43051b2edc
[INFO] [stdout]                                at /rustc/6067b36314ab5eb2eb47cecc464545ba58e1ad24/library/std/src/panicking.rs:839:13
[INFO] [stdout]   14:     0x62cfd8e9edfa - std::panicking::begin_panic_handler::{{closure}}::h4f9159cfbc3f6bd3
[INFO] [stdout]                                at /rustc/6067b36314ab5eb2eb47cecc464545ba58e1ad24/library/std/src/panicking.rs:704:13
[INFO] [stdout]   15:     0x62cfd8e9d729 - std::sys::backtrace::__rust_end_short_backtrace::h0390abce48353151
[INFO] [stdout]                                at /rustc/6067b36314ab5eb2eb47cecc464545ba58e1ad24/library/std/src/sys/backtrace.rs:168:18
[INFO] [stdout]   16:     0x62cfd8e9ea8d - rust_begin_unwind
[INFO] [stdout]                                at /rustc/6067b36314ab5eb2eb47cecc464545ba58e1ad24/library/std/src/panicking.rs:695:5
[INFO] [stdout]   17:     0x62cfd8ec3b50 - core::panicking::panic_fmt::h9e7c637e9e5f29c9
[INFO] [stdout]                                at /rustc/6067b36314ab5eb2eb47cecc464545ba58e1ad24/library/core/src/panicking.rs:75:14
[INFO] [stdout]   18:     0x62cfd8ec3f42 - core::panicking::assert_failed_inner::h538bec7c1374cd9c
[INFO] [stdout]   19:     0x62cfd8ec3df9 - core::panicking::assert_failed::h7fe8c93d80615b71
[INFO] [stdout]                                at /rustc/6067b36314ab5eb2eb47cecc464545ba58e1ad24/library/core/src/panicking.rs:364:5
[INFO] [stdout]   20:     0x62cfd8b78a97 - aoc23_rs::day20::example_1b::hefa02effbfb07bcd
[INFO] [stdout]                                at /opt/rustwide/workdir/src/day20.rs:200:5
[INFO] [stdout]   21:     0x62cfd8b789f7 - aoc23_rs::day20::example_1b::{{closure}}::h0cd391136d59986d
[INFO] [stdout]                                at /opt/rustwide/workdir/src/day20.rs:194:16
[INFO] [stdout]   22:     0x62cfd8b9a4b6 - core::ops::function::FnOnce::call_once::h0b6f73b755032fae
[INFO] [stdout]                                at /rustc/6067b36314ab5eb2eb47cecc464545ba58e1ad24/library/core/src/ops/function.rs:250:5
[INFO] [stdout]   23:     0x62cfd8be635b - core::ops::function::FnOnce::call_once::he27718dfdd183f43
[INFO] [stdout]                                at /rustc/6067b36314ab5eb2eb47cecc464545ba58e1ad24/library/core/src/ops/function.rs:250:5
[INFO] [stdout]   24:     0x62cfd8be635b - test::__rust_begin_short_backtrace::h4e84902998457a5d
[INFO] [stdout]                                at /rustc/6067b36314ab5eb2eb47cecc464545ba58e1ad24/library/test/src/lib.rs:632:18
[INFO] [stdout]   25:     0x62cfd8be5293 - test::run_test_in_process::{{closure}}::h7176fd18fc1feca0
[INFO] [stdout]                                at /rustc/6067b36314ab5eb2eb47cecc464545ba58e1ad24/library/test/src/lib.rs:655:60
[INFO] [stdout]   26:     0x62cfd8be5293 - <core::panic::unwind_safe::AssertUnwindSafe<F> as core::ops::function::FnOnce<()>>::call_once::hf79cff2a624d8cf7
[INFO] [stdout]                                at /rustc/6067b36314ab5eb2eb47cecc464545ba58e1ad24/library/core/src/panic/unwind_safe.rs:272:9
[INFO] [stdout]   27:     0x62cfd8be5293 - std::panicking::try::do_call::h3da0561d9ab99c25
[INFO] [stdout]                                at /rustc/6067b36314ab5eb2eb47cecc464545ba58e1ad24/library/std/src/panicking.rs:587:40
[INFO] [stdout]   28:     0x62cfd8be5293 - std::panicking::try::h41c9fa508bc61df6
[INFO] [stdout]                                at /rustc/6067b36314ab5eb2eb47cecc464545ba58e1ad24/library/std/src/panicking.rs:550:19
[INFO] [stdout]   29:     0x62cfd8be5293 - std::panic::catch_unwind::h6b3ff07bb5afad93
[INFO] [stdout]                                at /rustc/6067b36314ab5eb2eb47cecc464545ba58e1ad24/library/std/src/panic.rs:358:14
[INFO] [stdout]   30:     0x62cfd8be5293 - test::run_test_in_process::hc7253dd11b39b9f4
[INFO] [stdout]                                at /rustc/6067b36314ab5eb2eb47cecc464545ba58e1ad24/library/test/src/lib.rs:655:27
[INFO] [stdout]   31:     0x62cfd8be5293 - test::run_test::{{closure}}::hfb2007f8649c30bb
[INFO] [stdout]                                at /rustc/6067b36314ab5eb2eb47cecc464545ba58e1ad24/library/test/src/lib.rs:576:43
[INFO] [stdout]   32:     0x62cfd8ba8375 - test::run_test::{{closure}}::h56a17aa7a282a9f4
[INFO] [stdout]                                at /rustc/6067b36314ab5eb2eb47cecc464545ba58e1ad24/library/test/src/lib.rs:606:41
[INFO] [stdout]   33:     0x62cfd8ba8375 - std::sys::backtrace::__rust_begin_short_backtrace::hd2d2d2fb8e8c6aac
[INFO] [stdout]                                at /rustc/6067b36314ab5eb2eb47cecc464545ba58e1ad24/library/std/src/sys/backtrace.rs:152:18
[INFO] [stdout]   34:     0x62cfd8babc5a - std::thread::Builder::spawn_unchecked_::{{closure}}::{{closure}}::h4faa3f9db6133423
[INFO] [stdout]                                at /rustc/6067b36314ab5eb2eb47cecc464545ba58e1ad24/library/std/src/thread/mod.rs:559:17
[INFO] [stdout]   35:     0x62cfd8babc5a - <core::panic::unwind_safe::AssertUnwindSafe<F> as core::ops::function::FnOnce<()>>::call_once::hf2e855a36a4ea846
[INFO] [stdout]                                at /rustc/6067b36314ab5eb2eb47cecc464545ba58e1ad24/library/core/src/panic/unwind_safe.rs:272:9
[INFO] [stdout]   36:     0x62cfd8babc5a - std::panicking::try::do_call::h2f73af3616c35465
[INFO] [stdout]                                at /rustc/6067b36314ab5eb2eb47cecc464545ba58e1ad24/library/std/src/panicking.rs:587:40
[INFO] [stdout]   37:     0x62cfd8babc5a - std::panicking::try::hd1660ce9efadef5a
[INFO] [stdout]                                at /rustc/6067b36314ab5eb2eb47cecc464545ba58e1ad24/library/std/src/panicking.rs:550:19
[INFO] [stdout]   38:     0x62cfd8babc5a - std::panic::catch_unwind::h5ee8d7823b8ca744
[INFO] [stdout]                                at /rustc/6067b36314ab5eb2eb47cecc464545ba58e1ad24/library/std/src/panic.rs:358:14
[INFO] [stdout]   39:     0x62cfd8babc5a - std::thread::Builder::spawn_unchecked_::{{closure}}::h53c3a1894dce8407
[INFO] [stdout]                                at /rustc/6067b36314ab5eb2eb47cecc464545ba58e1ad24/library/std/src/thread/mod.rs:557:30
[INFO] [stdout]   40:     0x62cfd8babc5a - core::ops::function::FnOnce::call_once{{vtable.shim}}::h048ce291ad4f62bf
[INFO] [stdout]                                at /rustc/6067b36314ab5eb2eb47cecc464545ba58e1ad24/library/core/src/ops/function.rs:250:5
[INFO] [stdout]   41:     0x62cfd8ea307b - <alloc::boxed::Box<F,A> as core::ops::function::FnOnce<Args>>::call_once::ha52bedf99a3b4981
[INFO] [stdout]                                at /rustc/6067b36314ab5eb2eb47cecc464545ba58e1ad24/library/alloc/src/boxed.rs:2013:9
[INFO] [stdout]   42:     0x62cfd8ea307b - <alloc::boxed::Box<F,A> as core::ops::function::FnOnce<Args>>::call_once::h567748934d80ccf8
[INFO] [stdout]                                at /rustc/6067b36314ab5eb2eb47cecc464545ba58e1ad24/library/alloc/src/boxed.rs:2013:9
[INFO] [stdout]   43:     0x62cfd8ea307b - std::sys::pal::unix::thread::Thread::new::thread_start::h2d970728ae887adc
[INFO] [stdout]                                at /rustc/6067b36314ab5eb2eb47cecc464545ba58e1ad24/library/std/src/sys/pal/unix/thread.rs:106:17
[INFO] [stdout]   44:     0x729c3f34eac3 - <unknown>
[INFO] [stdout]   45:     0x729c3f3dfa04 - clone
[INFO] [stdout]   46:                0x0 - <unknown>
[INFO] [stdout] 
[INFO] [stdout] ---- day20::example_1 stdout ----
[INFO] [stdout] Low: 80000000, High: 40000000
[INFO] [stdout] 
[INFO] [stdout] thread 'day20::example_1' panicked at src/day20.rs:190:5:
[INFO] [stdout] assertion `left == right` failed
[INFO] [stdout]   left: 3200000000000000
[INFO] [stdout]  right: 32000000
[INFO] [stdout] stack backtrace:
[INFO] [stdout]    0:     0x62cfd8e9d22a - std::backtrace_rs::backtrace::libunwind::trace::hb059275cfc8d6126
[INFO] [stdout]                                at /rustc/6067b36314ab5eb2eb47cecc464545ba58e1ad24/library/std/src/../../backtrace/src/backtrace/libunwind.rs:116:5
[INFO] [stdout]    1:     0x62cfd8e9d22a - std::backtrace_rs::backtrace::trace_unsynchronized::h2da071e4327ce3ee
[INFO] [stdout]                                at /rustc/6067b36314ab5eb2eb47cecc464545ba58e1ad24/library/std/src/../../backtrace/src/backtrace/mod.rs:66:5
[INFO] [stdout]    2:     0x62cfd8e9d22a - std::sys::backtrace::_print_fmt::h842a1474e6f8d23f
[INFO] [stdout]                                at /rustc/6067b36314ab5eb2eb47cecc464545ba58e1ad24/library/std/src/sys/backtrace.rs:66:9
[INFO] [stdout]    3:     0x62cfd8e9d22a - <std::sys::backtrace::BacktraceLock::print::DisplayBacktrace as core::fmt::Display>::fmt::h71a62eb3b9696b12
[INFO] [stdout]                                at /rustc/6067b36314ab5eb2eb47cecc464545ba58e1ad24/library/std/src/sys/backtrace.rs:39:26
[INFO] [stdout]    4:     0x62cfd8ec54c3 - core::fmt::rt::Argument::fmt::hdb6b616786b41dc1
[INFO] [stdout]                                at /rustc/6067b36314ab5eb2eb47cecc464545ba58e1ad24/library/core/src/fmt/rt.rs:177:76
[INFO] [stdout]    5:     0x62cfd8ec54c3 - core::fmt::write::h2cc1698af7e2d686
[INFO] [stdout]                                at /rustc/6067b36314ab5eb2eb47cecc464545ba58e1ad24/library/core/src/fmt/mod.rs:1440:21
[INFO] [stdout]    6:     0x62cfd8e99d83 - std::io::Write::write_fmt::hab1b4cd059a79022
[INFO] [stdout]                                at /rustc/6067b36314ab5eb2eb47cecc464545ba58e1ad24/library/std/src/io/mod.rs:1887:15
[INFO] [stdout]    7:     0x62cfd8e9d072 - std::sys::backtrace::BacktraceLock::print::h147fe35b4ea13b08
[INFO] [stdout]                                at /rustc/6067b36314ab5eb2eb47cecc464545ba58e1ad24/library/std/src/sys/backtrace.rs:42:9
[INFO] [stdout]    8:     0x62cfd8e9e64f - std::panicking::default_hook::{{closure}}::hbd44223dbdc0d208
[INFO] [stdout]                                at /rustc/6067b36314ab5eb2eb47cecc464545ba58e1ad24/library/std/src/panicking.rs:298:22
[INFO] [stdout]    9:     0x62cfd8e9e468 - std::panicking::default_hook::h20f81eb0576efcec
[INFO] [stdout]                                at /rustc/6067b36314ab5eb2eb47cecc464545ba58e1ad24/library/std/src/panicking.rs:322:9
[INFO] [stdout]   10:     0x62cfd8be0c03 - <alloc::boxed::Box<F,A> as core::ops::function::Fn<Args>>::call::hdb53814c496a4d34
[INFO] [stdout]                                at /rustc/6067b36314ab5eb2eb47cecc464545ba58e1ad24/library/alloc/src/boxed.rs:2027:9
[INFO] [stdout]   11:     0x62cfd8be0c03 - test::test_main::{{closure}}::hc0a4963c59427c24
[INFO] [stdout]                                at /rustc/6067b36314ab5eb2eb47cecc464545ba58e1ad24/library/test/src/lib.rs:134:21
[INFO] [stdout]   12:     0x62cfd8e9f143 - <alloc::boxed::Box<F,A> as core::ops::function::Fn<Args>>::call::h591b2225413a77e9
[INFO] [stdout]                                at /rustc/6067b36314ab5eb2eb47cecc464545ba58e1ad24/library/alloc/src/boxed.rs:2027:9
[INFO] [stdout]   13:     0x62cfd8e9f143 - std::panicking::rust_panic_with_hook::h625eea43051b2edc
[INFO] [stdout]                                at /rustc/6067b36314ab5eb2eb47cecc464545ba58e1ad24/library/std/src/panicking.rs:839:13
[INFO] [stdout]   14:     0x62cfd8e9edfa - std::panicking::begin_panic_handler::{{closure}}::h4f9159cfbc3f6bd3
[INFO] [stdout]                                at /rustc/6067b36314ab5eb2eb47cecc464545ba58e1ad24/library/std/src/panicking.rs:704:13
[INFO] [stdout]   15:     0x62cfd8e9d729 - std::sys::backtrace::__rust_end_short_backtrace::h0390abce48353151
[INFO] [stdout]                                at /rustc/6067b36314ab5eb2eb47cecc464545ba58e1ad24/library/std/src/sys/backtrace.rs:168:18
[INFO] [stdout]   16:     0x62cfd8e9ea8d - rust_begin_unwind
[INFO] [stdout]                                at /rustc/6067b36314ab5eb2eb47cecc464545ba58e1ad24/library/std/src/panicking.rs:695:5
[INFO] [stdout]   17:     0x62cfd8ec3b50 - core::panicking::panic_fmt::h9e7c637e9e5f29c9
[INFO] [stdout]                                at /rustc/6067b36314ab5eb2eb47cecc464545ba58e1ad24/library/core/src/panicking.rs:75:14
[INFO] [stdout]   18:     0x62cfd8ec3f42 - core::panicking::assert_failed_inner::h538bec7c1374cd9c
[INFO] [stdout]   19:     0x62cfd8ec3df9 - core::panicking::assert_failed::h7fe8c93d80615b71
[INFO] [stdout]                                at /rustc/6067b36314ab5eb2eb47cecc464545ba58e1ad24/library/core/src/panicking.rs:364:5
[INFO] [stdout]   20:     0x62cfd8b789d7 - aoc23_rs::day20::example_1::h82bb5ede2c75cd73
[INFO] [stdout]                                at /opt/rustwide/workdir/src/day20.rs:190:5
[INFO] [stdout]   21:     0x62cfd8b78937 - aoc23_rs::day20::example_1::{{closure}}::hedb367d7db6dc6f4
[INFO] [stdout]                                at /opt/rustwide/workdir/src/day20.rs:184:15
[INFO] [stdout]   22:     0x62cfd8b9a6e6 - core::ops::function::FnOnce::call_once::h17f66298f130e6c7
[INFO] [stdout]                                at /rustc/6067b36314ab5eb2eb47cecc464545ba58e1ad24/library/core/src/ops/function.rs:250:5
[INFO] [stdout]   23:     0x62cfd8be635b - core::ops::function::FnOnce::call_once::he27718dfdd183f43
[INFO] [stdout]                                at /rustc/6067b36314ab5eb2eb47cecc464545ba58e1ad24/library/core/src/ops/function.rs:250:5
[INFO] [stdout]   24:     0x62cfd8be635b - test::__rust_begin_short_backtrace::h4e84902998457a5d
[INFO] [stdout]                                at /rustc/6067b36314ab5eb2eb47cecc464545ba58e1ad24/library/test/src/lib.rs:632:18
[INFO] [stdout]   25:     0x62cfd8be5293 - test::run_test_in_process::{{closure}}::h7176fd18fc1feca0
[INFO] [stdout]                                at /rustc/6067b36314ab5eb2eb47cecc464545ba58e1ad24/library/test/src/lib.rs:655:60
[INFO] [stdout]   26:     0x62cfd8be5293 - <core::panic::unwind_safe::AssertUnwindSafe<F> as core::ops::function::FnOnce<()>>::call_once::hf79cff2a624d8cf7
[INFO] [stdout]                                at /rustc/6067b36314ab5eb2eb47cecc464545ba58e1ad24/library/core/src/panic/unwind_safe.rs:272:9
[INFO] [stdout]   27:     0x62cfd8be5293 - std::panicking::try::do_call::h3da0561d9ab99c25
[INFO] [stdout]                                at /rustc/6067b36314ab5eb2eb47cecc464545ba58e1ad24/library/std/src/panicking.rs:587:40
[INFO] [stdout]   28:     0x62cfd8be5293 - std::panicking::try::h41c9fa508bc61df6
[INFO] [stdout]                                at /rustc/6067b36314ab5eb2eb47cecc464545ba58e1ad24/library/std/src/panicking.rs:550:19
[INFO] [stdout]   29:     0x62cfd8be5293 - std::panic::catch_unwind::h6b3ff07bb5afad93
[INFO] [stdout]                                at /rustc/6067b36314ab5eb2eb47cecc464545ba58e1ad24/library/std/src/panic.rs:358:14
[INFO] [stdout]   30:     0x62cfd8be5293 - test::run_test_in_process::hc7253dd11b39b9f4
[INFO] [stdout]                                at /rustc/6067b36314ab5eb2eb47cecc464545ba58e1ad24/library/test/src/lib.rs:655:27
[INFO] [stdout]   31:     0x62cfd8be5293 - test::run_test::{{closure}}::hfb2007f8649c30bb
[INFO] [stdout]                                at /rustc/6067b36314ab5eb2eb47cecc464545ba58e1ad24/library/test/src/lib.rs:576:43
[INFO] [stdout]   32:     0x62cfd8ba8375 - test::run_test::{{closure}}::h56a17aa7a282a9f4
[INFO] [stdout]                                at /rustc/6067b36314ab5eb2eb47cecc464545ba58e1ad24/library/test/src/lib.rs:606:41
[INFO] [stdout]   33:     0x62cfd8ba8375 - std::sys::backtrace::__rust_begin_short_backtrace::hd2d2d2fb8e8c6aac
[INFO] [stdout]                                at /rustc/6067b36314ab5eb2eb47cecc464545ba58e1ad24/library/std/src/sys/backtrace.rs:152:18
[INFO] [stdout]   34:     0x62cfd8babc5a - std::thread::Builder::spawn_unchecked_::{{closure}}::{{closure}}::h4faa3f9db6133423
[INFO] [stdout]                                at /rustc/6067b36314ab5eb2eb47cecc464545ba58e1ad24/library/std/src/thread/mod.rs:559:17
[INFO] [stdout]   35:     0x62cfd8babc5a - <core::panic::unwind_safe::AssertUnwindSafe<F> as core::ops::function::FnOnce<()>>::call_once::hf2e855a36a4ea846
[INFO] [stdout]                                at /rustc/6067b36314ab5eb2eb47cecc464545ba58e1ad24/library/core/src/panic/unwind_safe.rs:272:9
[INFO] [stdout]   36:     0x62cfd8babc5a - std::panicking::try::do_call::h2f73af3616c35465
[INFO] [stdout]                                at /rustc/6067b36314ab5eb2eb47cecc464545ba58e1ad24/library/std/src/panicking.rs:587:40
[INFO] [stdout]   37:     0x62cfd8babc5a - std::panicking::try::hd1660ce9efadef5a
[INFO] [stdout]                                at /rustc/6067b36314ab5eb2eb47cecc464545ba58e1ad24/library/std/src/panicking.rs:550:19
[INFO] [stdout]   38:     0x62cfd8babc5a - std::panic::catch_unwind::h5ee8d7823b8ca744
[INFO] [stdout]                                at /rustc/6067b36314ab5eb2eb47cecc464545ba58e1ad24/library/std/src/panic.rs:358:14
[INFO] [stdout]   39:     0x62cfd8babc5a - std::thread::Builder::spawn_unchecked_::{{closure}}::h53c3a1894dce8407
[INFO] [stdout]                                at /rustc/6067b36314ab5eb2eb47cecc464545ba58e1ad24/library/std/src/thread/mod.rs:557:30
[INFO] [stdout]   40:     0x62cfd8babc5a - core::ops::function::FnOnce::call_once{{vtable.shim}}::h048ce291ad4f62bf
[INFO] [stdout]                                at /rustc/6067b36314ab5eb2eb47cecc464545ba58e1ad24/library/core/src/ops/function.rs:250:5
[INFO] [stdout]   41:     0x62cfd8ea307b - <alloc::boxed::Box<F,A> as core::ops::function::FnOnce<Args>>::call_once::ha52bedf99a3b4981
[INFO] [stdout]                                at /rustc/6067b36314ab5eb2eb47cecc464545ba58e1ad24/library/alloc/src/boxed.rs:2013:9
[INFO] [stdout]   42:     0x62cfd8ea307b - <alloc::boxed::Box<F,A> as core::ops::function::FnOnce<Args>>::call_once::h567748934d80ccf8
[INFO] [stdout]                                at /rustc/6067b36314ab5eb2eb47cecc464545ba58e1ad24/library/alloc/src/boxed.rs:2013:9
[INFO] [stdout]   43:     0x62cfd8ea307b - std::sys::pal::unix::thread::Thread::new::thread_start::h2d970728ae887adc
[INFO] [stdout]                                at /rustc/6067b36314ab5eb2eb47cecc464545ba58e1ad24/library/std/src/sys/pal/unix/thread.rs:106:17
[INFO] [stdout]   44:     0x729c3f34eac3 - <unknown>
[INFO] [stdout]   45:     0x729c3f3dfa04 - clone
[INFO] [stdout]   46:                0x0 - <unknown>
[INFO] [stdout] 
[INFO] [stdout] 
[INFO] [stdout] failures:
[INFO] [stdout]     day20::example_1
[INFO] [stdout]     day20::example_1b
[INFO] [stdout] 
[INFO] [stdout] test result: FAILED. 26 passed; 2 failed; 0 ignored; 0 measured; 0 filtered out; finished in 173.26s
[INFO] [stdout] 
[INFO] [stderr] error: test failed, to rerun pass `--bin aoc23-rs`
[INFO] running `Command { std: "docker" "inspect" "539775118e56a162674b98c3a112a646b41e0ee031c174b424428cb5ccf71722", kill_on_drop: false }`
[INFO] running `Command { std: "docker" "rm" "-f" "539775118e56a162674b98c3a112a646b41e0ee031c174b424428cb5ccf71722", kill_on_drop: false }`
[INFO] [stdout] 539775118e56a162674b98c3a112a646b41e0ee031c174b424428cb5ccf71722
