[INFO] cloning repository https://github.com/Trombecher/shesh
[INFO] running `Command { std: "git" "-c" "credential.helper=" "-c" "credential.helper=/workspace/cargo-home/bin/git-credential-null" "clone" "--bare" "https://github.com/Trombecher/shesh" "/workspace/cache/git-repos/https%3A%2F%2Fgithub.com%2FTrombecher%2Fshesh", kill_on_drop: false }`
[INFO] [stderr] Cloning into bare repository '/workspace/cache/git-repos/https%3A%2F%2Fgithub.com%2FTrombecher%2Fshesh'...
[INFO] running `Command { std: "git" "rev-parse" "HEAD", kill_on_drop: false }`
[INFO] [stdout] 35514a52d42692369281fd7196a83d5c9de25213
[INFO] testing Trombecher/shesh against nightly-2025-01-18 for randomize-layout-2
[INFO] running `Command { std: "git" "clone" "/workspace/cache/git-repos/https%3A%2F%2Fgithub.com%2FTrombecher%2Fshesh" "/workspace/builds/worker-6-tc1/source", kill_on_drop: false }`
[INFO] [stderr] Cloning into '/workspace/builds/worker-6-tc1/source'...
[INFO] [stderr] done.
[INFO] validating manifest of git repo https://github.com/Trombecher/shesh on toolchain nightly-2025-01-18
[INFO] running `Command { std: CARGO_HOME="/workspace/cargo-home" RUSTUP_HOME="/workspace/rustup-home" "/workspace/cargo-home/bin/cargo" "+nightly-2025-01-18" "metadata" "--manifest-path" "Cargo.toml" "--no-deps", kill_on_drop: false }`
[INFO] started tweaking git repo https://github.com/Trombecher/shesh
[INFO] finished tweaking git repo https://github.com/Trombecher/shesh
[INFO] tweaked toml for git repo https://github.com/Trombecher/shesh written to /workspace/builds/worker-6-tc1/source/Cargo.toml
[INFO] crate git repo https://github.com/Trombecher/shesh already has a lockfile, it will not be regenerated
[INFO] running `Command { std: CARGO_HOME="/workspace/cargo-home" RUSTUP_HOME="/workspace/rustup-home" "/workspace/cargo-home/bin/cargo" "+nightly-2025-01-18" "fetch" "--manifest-path" "Cargo.toml", kill_on_drop: false }`
[INFO] [stderr]  Downloading crates ...
[INFO] [stderr]   Downloaded ollama-rs v0.2.1
[INFO] running `Command { std: "docker" "create" "-v" "/var/lib/crater-agent-workspace/builds/worker-6-tc1/target:/opt/rustwide/target:rw,Z" "-v" "/var/lib/crater-agent-workspace/builds/worker-6-tc1/source:/opt/rustwide/workdir:ro,Z" "-v" "/var/lib/crater-agent-workspace/cargo-home:/opt/rustwide/cargo-home:ro,Z" "-v" "/var/lib/crater-agent-workspace/rustup-home:/opt/rustwide/rustup-home:ro,Z" "-e" "SOURCE_DIR=/opt/rustwide/workdir" "-e" "CARGO_TARGET_DIR=/opt/rustwide/target" "-e" "CARGO_HOME=/opt/rustwide/cargo-home" "-e" "RUSTUP_HOME=/opt/rustwide/rustup-home" "-w" "/opt/rustwide/workdir" "-m" "1610612736" "--user" "0:0" "--network" "none" "ghcr.io/rust-lang/crates-build-env/linux@sha256:819108c5571ea2e421544af4d832f968d213c87fbe3707a016657f43d2f853bc" "/opt/rustwide/cargo-home/bin/cargo" "+nightly-2025-01-18" "metadata" "--no-deps" "--format-version=1", kill_on_drop: false }`
[INFO] [stdout] ffc3c2c521e7ecff1d035082568e4138fe124f3ba05b00c4babf0c111403d9ee
[INFO] running `Command { std: "docker" "start" "-a" "ffc3c2c521e7ecff1d035082568e4138fe124f3ba05b00c4babf0c111403d9ee", kill_on_drop: false }`
[INFO] running `Command { std: "docker" "inspect" "ffc3c2c521e7ecff1d035082568e4138fe124f3ba05b00c4babf0c111403d9ee", kill_on_drop: false }`
[INFO] running `Command { std: "docker" "rm" "-f" "ffc3c2c521e7ecff1d035082568e4138fe124f3ba05b00c4babf0c111403d9ee", kill_on_drop: false }`
[INFO] [stdout] ffc3c2c521e7ecff1d035082568e4138fe124f3ba05b00c4babf0c111403d9ee
[INFO] running `Command { std: "docker" "create" "-v" "/var/lib/crater-agent-workspace/builds/worker-6-tc1/target:/opt/rustwide/target:rw,Z" "-v" "/var/lib/crater-agent-workspace/builds/worker-6-tc1/source:/opt/rustwide/workdir:ro,Z" "-v" "/var/lib/crater-agent-workspace/cargo-home:/opt/rustwide/cargo-home:ro,Z" "-v" "/var/lib/crater-agent-workspace/rustup-home:/opt/rustwide/rustup-home:ro,Z" "-e" "SOURCE_DIR=/opt/rustwide/workdir" "-e" "CARGO_TARGET_DIR=/opt/rustwide/target" "-e" "CARGO_INCREMENTAL=0" "-e" "RUST_BACKTRACE=full" "-e" "RUSTFLAGS=--cap-lints=forbid" "-e" "RUSTDOCFLAGS=--cap-lints=forbid" "-e" "CARGO_HOME=/opt/rustwide/cargo-home" "-e" "RUSTUP_HOME=/opt/rustwide/rustup-home" "-w" "/opt/rustwide/workdir" "-m" "1610612736" "--user" "0:0" "--network" "none" "ghcr.io/rust-lang/crates-build-env/linux@sha256:819108c5571ea2e421544af4d832f968d213c87fbe3707a016657f43d2f853bc" "/opt/rustwide/cargo-home/bin/cargo" "+nightly-2025-01-18" "build" "--frozen" "--message-format=json", kill_on_drop: false }`
[INFO] [stdout] b03ecebfa2f949f65124a141c20590ddded17c4d4732642e3f8dbd5924993a46
[INFO] running `Command { std: "docker" "start" "-a" "b03ecebfa2f949f65124a141c20590ddded17c4d4732642e3f8dbd5924993a46", kill_on_drop: false }`
[INFO] [stderr]    Compiling proc-macro2 v1.0.89
[INFO] [stderr]    Compiling unicode-ident v1.0.13
[INFO] [stderr]    Compiling libc v0.2.164
[INFO] [stderr]    Compiling stable_deref_trait v1.2.0
[INFO] [stderr]    Compiling shlex v1.3.0
[INFO] [stderr]    Compiling smallvec v1.13.2
[INFO] [stderr]    Compiling pkg-config v0.3.31
[INFO] [stderr]    Compiling vcpkg v0.2.15
[INFO] [stderr]    Compiling pin-project-lite v0.2.15
[INFO] [stderr]    Compiling log v0.4.22
[INFO] [stderr]    Compiling bytes v1.8.0
[INFO] [stderr]    Compiling litemap v0.7.3
[INFO] [stderr]    Compiling itoa v1.0.11
[INFO] [stderr]    Compiling futures-core v0.3.31
[INFO] [stderr]    Compiling writeable v0.5.5
[INFO] [stderr]    Compiling once_cell v1.20.2
[INFO] [stderr]    Compiling cfg-if v1.0.0
[INFO] [stderr]    Compiling icu_locid_transform_data v1.5.0
[INFO] [stderr]    Compiling fnv v1.0.7
[INFO] [stderr]    Compiling bitflags v2.6.0
[INFO] [stderr]    Compiling cc v1.2.1
[INFO] [stderr]    Compiling futures-task v0.3.31
[INFO] [stderr]    Compiling openssl v0.10.68
[INFO] [stderr]    Compiling httparse v1.9.5
[INFO] [stderr]    Compiling foreign-types-shared v0.1.1
[INFO] [stderr]    Compiling icu_properties_data v1.5.0
[INFO] [stderr]    Compiling pin-utils v0.1.0
[INFO] [stderr]    Compiling foreign-types v0.3.2
[INFO] [stderr]    Compiling try-lock v0.2.5
[INFO] [stderr]    Compiling futures-util v0.3.31
[INFO] [stderr]    Compiling native-tls v0.2.12
[INFO] [stderr]    Compiling write16 v1.0.0
[INFO] [stderr]    Compiling icu_normalizer_data v1.5.0
[INFO] [stderr]    Compiling serde v1.0.215
[INFO] [stderr]    Compiling utf8_iter v1.0.4
[INFO] [stderr]    Compiling utf16_iter v1.0.5
[INFO] [stderr]    Compiling want v0.3.1
[INFO] [stderr]    Compiling tracing-core v0.1.32
[INFO] [stderr]    Compiling futures-channel v0.3.31
[INFO] [stderr]    Compiling autocfg v1.4.0
[INFO] [stderr]    Compiling percent-encoding v2.3.1
[INFO] [stderr]    Compiling siphasher v0.3.11
[INFO] [stderr]    Compiling openssl-probe v0.1.5
[INFO] [stderr]    Compiling http v1.1.0
[INFO] [stderr]    Compiling form_urlencoded v1.2.1
[INFO] [stderr]    Compiling signal-hook v0.3.17
[INFO] [stderr]    Compiling serde_json v1.0.133
[INFO] [stderr]    Compiling ryu v1.0.18
[INFO] [stderr]    Compiling tower-service v0.3.3
[INFO] [stderr]    Compiling parking_lot_core v0.9.10
[INFO] [stderr]    Compiling rand_core v0.6.4
[INFO] [stderr]    Compiling phf_shared v0.11.2
[INFO] [stderr]    Compiling memchr v2.7.4
[INFO] [stderr]    Compiling rustls-pki-types v1.10.0
[INFO] [stderr]    Compiling quote v1.0.37
[INFO] [stderr]    Compiling tracing v0.1.40
[INFO] [stderr]    Compiling rand v0.8.5
[INFO] [stderr]    Compiling mio v1.0.2
[INFO] [stderr]    Compiling socket2 v0.5.7
[INFO] [stderr]    Compiling lock_api v0.4.12
[INFO] [stderr]    Compiling signal-hook-registry v1.4.2
[INFO] [stderr]    Compiling scopeguard v1.2.0
[INFO] [stderr]    Compiling rustix v0.38.40
[INFO] [stderr]    Compiling rustls-pemfile v2.2.0
[INFO] [stderr]    Compiling syn v2.0.87
[INFO] [stderr]    Compiling sync_wrapper v1.0.1
[INFO] [stderr]    Compiling ipnet v2.10.1
[INFO] [stderr]    Compiling http-body v1.0.1
[INFO] [stderr]    Compiling mime v0.3.17
[INFO] [stderr]    Compiling linux-raw-sys v0.4.14
[INFO] [stderr]    Compiling phf_generator v0.11.2
[INFO] [stderr]    Compiling base64 v0.22.1
[INFO] [stderr]    Compiling parking_lot v0.12.3
[INFO] [stderr]    Compiling tokio v1.41.1
[INFO] [stderr]    Compiling signal-hook-mio v0.2.4
[INFO] [stderr]    Compiling openssl-sys v0.9.104
[INFO] [stderr]    Compiling http-body-util v0.1.2
[INFO] [stderr]    Compiling crossterm v0.28.1
[INFO] [stderr]    Compiling synstructure v0.13.1
[INFO] [stderr]    Compiling hyper v1.5.0
[INFO] [stderr]    Compiling zerofrom-derive v0.1.4
[INFO] [stderr]    Compiling yoke-derive v0.7.4
[INFO] [stderr]    Compiling zerovec-derive v0.10.3
[INFO] [stderr]    Compiling displaydoc v0.2.5
[INFO] [stderr]    Compiling icu_provider_macros v1.5.0
[INFO] [stderr]    Compiling openssl-macros v0.1.1
[INFO] [stderr]    Compiling serde_derive v1.0.215
[INFO] [stderr]    Compiling async-stream-impl v0.3.6
[INFO] [stderr]    Compiling async-trait v0.1.83
[INFO] [stderr]    Compiling phf_macros v0.11.2
[INFO] [stderr]    Compiling async-stream v0.3.6
[INFO] [stderr]    Compiling phf v0.11.2
[INFO] [stderr]    Compiling hyper-util v0.1.10
[INFO] [stderr]    Compiling zerofrom v0.1.4
[INFO] [stderr]    Compiling yoke v0.7.4
[INFO] [stderr]    Compiling zerovec v0.10.4
[INFO] [stderr]    Compiling tinystr v0.7.6
[INFO] [stderr]    Compiling icu_collections v1.5.0
[INFO] [stderr]    Compiling icu_locid v1.5.0
[INFO] [stderr]    Compiling icu_provider v1.5.0
[INFO] [stderr]    Compiling icu_locid_transform v1.5.0
[INFO] [stderr]    Compiling tokio-native-tls v0.3.1
[INFO] [stderr]    Compiling hyper-tls v0.6.0
[INFO] [stderr]    Compiling icu_properties v1.5.1
[INFO] [stderr]    Compiling serde_urlencoded v0.7.1
[INFO] [stderr]    Compiling icu_normalizer v1.5.0
[INFO] [stderr]    Compiling idna_adapter v1.2.0
[INFO] [stderr]    Compiling idna v1.0.3
[INFO] [stderr]    Compiling url v2.5.3
[INFO] [stderr]    Compiling reqwest v0.12.9
[INFO] [stderr]    Compiling ollama-rs v0.2.1
[INFO] [stderr]    Compiling shesh v0.1.0 (/opt/rustwide/workdir)
[INFO] [stdout] warning: unused import: `crate::runtime::resolve::search_program_in_path`
[INFO] [stdout]  --> src/runtime/eval.rs:7:5
[INFO] [stdout]   |
[INFO] [stdout] 7 | use crate::runtime::resolve::search_program_in_path;
[INFO] [stdout]   |     ^^^^^^^^^^^^^^^^^^^^^^^^^^^^^^^^^^^^^^^^^^^^^^^
[INFO] [stdout]   |
[INFO] [stdout]   = note: `#[warn(unused_imports)]` on by default
[INFO] [stdout] 
[INFO] [stdout] 
[INFO] [stdout] warning: unused import: `MoveToColumn`
[INFO] [stdout]   --> src/main.rs:12:43
[INFO] [stdout]    |
[INFO] [stdout] 12 | use crossterm::cursor::{position, MoveTo, MoveToColumn};
[INFO] [stdout]    |                                           ^^^^^^^^^^^^
[INFO] [stdout] 
[INFO] [stdout] 
[INFO] [stdout] warning: unused import: `Stylize`
[INFO] [stdout]   --> src/main.rs:14:31
[INFO] [stdout]    |
[INFO] [stdout] 14 | use crossterm::style::{Print, Stylize};
[INFO] [stdout]    |                               ^^^^^^^
[INFO] [stdout] 
[INFO] [stdout] 
[INFO] [stdout] warning: methods `insert_str`, `chars_right_from_cursor`, `gap_start`, and `gap_end` are never used
[INFO] [stdout]    --> src/text_box.rs:142:12
[INFO] [stdout]     |
[INFO] [stdout] 28  | impl TextBox {
[INFO] [stdout]     | ------------ methods in this implementation
[INFO] [stdout] ...
[INFO] [stdout] 142 |     pub fn insert_str(&mut self, s: &str) {
[INFO] [stdout]     |            ^^^^^^^^^^
[INFO] [stdout] ...
[INFO] [stdout] 200 |     pub fn chars_right_from_cursor(&self) -> usize {
[INFO] [stdout]     |            ^^^^^^^^^^^^^^^^^^^^^^^
[INFO] [stdout] ...
[INFO] [stdout] 205 |     pub fn gap_start(&self) -> usize {
[INFO] [stdout]     |            ^^^^^^^^^
[INFO] [stdout] ...
[INFO] [stdout] 210 |     pub fn gap_end(&self) -> usize {
[INFO] [stdout]     |            ^^^^^^^
[INFO] [stdout]     |
[INFO] [stdout]     = note: `#[warn(dead_code)]` on by default
[INFO] [stdout] 
[INFO] [stdout] 
[INFO] [stdout] warning: multiple variants are never constructed
[INFO] [stdout]   --> src/read/tokens.rs:4:5
[INFO] [stdout]    |
[INFO] [stdout] 2  | pub enum Token<'a> {
[INFO] [stdout]    |          ----- variants in this enum
[INFO] [stdout] 3  |     Plus,
[INFO] [stdout] 4  |     PlusPlus,
[INFO] [stdout]    |     ^^^^^^^^
[INFO] [stdout] 5  |     PlusEquals,
[INFO] [stdout]    |     ^^^^^^^^^^
[INFO] [stdout] 6  |     Minus,
[INFO] [stdout] 7  |     MinusMinus,
[INFO] [stdout]    |     ^^^^^^^^^^
[INFO] [stdout] 8  |     MinusEquals,
[INFO] [stdout]    |     ^^^^^^^^^^^
[INFO] [stdout] 9  |     Star,
[INFO] [stdout] 10 |     StarEquals,
[INFO] [stdout]    |     ^^^^^^^^^^
[INFO] [stdout] 11 |     StarStar,
[INFO] [stdout]    |     ^^^^^^^^
[INFO] [stdout] 12 |     StarStarEquals,
[INFO] [stdout]    |     ^^^^^^^^^^^^^^
[INFO] [stdout] 13 |     Slash,
[INFO] [stdout] 14 |     SlashEquals,
[INFO] [stdout]    |     ^^^^^^^^^^^
[INFO] [stdout] 15 |     Percent,
[INFO] [stdout]    |     ^^^^^^^
[INFO] [stdout] 16 |     PercentEquals,
[INFO] [stdout]    |     ^^^^^^^^^^^^^
[INFO] [stdout] 17 |     Caret,
[INFO] [stdout] 18 |     CaretEquals,
[INFO] [stdout]    |     ^^^^^^^^^^^
[INFO] [stdout] 19 |     Ampersand,
[INFO] [stdout]    |     ^^^^^^^^^
[INFO] [stdout] 20 |     AmpersandEquals,
[INFO] [stdout]    |     ^^^^^^^^^^^^^^^
[INFO] [stdout] 21 |     AmpersandAmpersand,
[INFO] [stdout]    |     ^^^^^^^^^^^^^^^^^^
[INFO] [stdout] 22 |     AmpersandAmpersandEquals,
[INFO] [stdout]    |     ^^^^^^^^^^^^^^^^^^^^^^^^
[INFO] [stdout] 23 |     Pipe,
[INFO] [stdout]    |     ^^^^
[INFO] [stdout] 24 |     PipeEquals,
[INFO] [stdout]    |     ^^^^^^^^^^
[INFO] [stdout] 25 |     PipePipe,
[INFO] [stdout]    |     ^^^^^^^^
[INFO] [stdout] 26 |     PipePipeEquals,
[INFO] [stdout]    |     ^^^^^^^^^^^^^^
[INFO] [stdout] 27 |     ExclamationMark,
[INFO] [stdout]    |     ^^^^^^^^^^^^^^^
[INFO] [stdout] 28 |     ExclamationMarkEquals,
[INFO] [stdout]    |     ^^^^^^^^^^^^^^^^^^^^^
[INFO] [stdout] 29 |     Comma,
[INFO] [stdout]    |     ^^^^^
[INFO] [stdout] 30 |     Dot,
[INFO] [stdout]    |     ^^^
[INFO] [stdout] 31 |     LeftAngle,
[INFO] [stdout]    |     ^^^^^^^^^
[INFO] [stdout] 32 |     LeftAngleEquals,
[INFO] [stdout]    |     ^^^^^^^^^^^^^^^
[INFO] [stdout] 33 |     LeftAngleLeftAngle,
[INFO] [stdout]    |     ^^^^^^^^^^^^^^^^^^
[INFO] [stdout] 34 |     LeftAngleLeftAngleEquals,
[INFO] [stdout]    |     ^^^^^^^^^^^^^^^^^^^^^^^^
[INFO] [stdout] 35 |     RightAngle,
[INFO] [stdout]    |     ^^^^^^^^^^
[INFO] [stdout] 36 |     RightAngleEquals,
[INFO] [stdout]    |     ^^^^^^^^^^^^^^^^
[INFO] [stdout] 37 |     RightAngleRightAngle,
[INFO] [stdout]    |     ^^^^^^^^^^^^^^^^^^^^
[INFO] [stdout] 38 |     RightAngleRightAngleEquals,
[INFO] [stdout]    |     ^^^^^^^^^^^^^^^^^^^^^^^^^^
[INFO] [stdout] 39 |     Equals,
[INFO] [stdout]    |     ^^^^^^
[INFO] [stdout] 40 |     EqualsEquals,
[INFO] [stdout]    |     ^^^^^^^^^^^^
[INFO] [stdout] ...
[INFO] [stdout] 44 |     Keyword(Keyword),
[INFO] [stdout]    |     ^^^^^^^
[INFO] [stdout] 45 |     String(&'a str),
[INFO] [stdout]    |     ^^^^^^
[INFO] [stdout] ...
[INFO] [stdout] 49 |     LeftBracket,
[INFO] [stdout]    |     ^^^^^^^^^^^
[INFO] [stdout] 50 |     RightBracket,
[INFO] [stdout]    |     ^^^^^^^^^^^^
[INFO] [stdout] 51 |     LeftBrace,
[INFO] [stdout]    |     ^^^^^^^^^
[INFO] [stdout] 52 |     RightBrace,
[INFO] [stdout]    |     ^^^^^^^^^^
[INFO] [stdout]    |
[INFO] [stdout]    = note: `Token` has a derived impl for the trait `Debug`, but this is intentionally ignored during dead code analysis
[INFO] [stdout] 
[INFO] [stdout] 
[INFO] [stdout] warning: variants `Nil`, `True`, `False`, `If`, `Else`, and `While` are never constructed
[INFO] [stdout]   --> src/read/tokens.rs:59:5
[INFO] [stdout]    |
[INFO] [stdout] 58 | pub enum Keyword {
[INFO] [stdout]    |          ------- variants in this enum
[INFO] [stdout] 59 |     Nil,
[INFO] [stdout]    |     ^^^
[INFO] [stdout] 60 |     True,
[INFO] [stdout]    |     ^^^^
[INFO] [stdout] 61 |     False,
[INFO] [stdout]    |     ^^^^^
[INFO] [stdout] 62 |     If,
[INFO] [stdout]    |     ^^
[INFO] [stdout] 63 |     Else,
[INFO] [stdout]    |     ^^^^
[INFO] [stdout] 64 |     While,
[INFO] [stdout]    |     ^^^^^
[INFO] [stdout]    |
[INFO] [stdout]    = note: `Keyword` has a derived impl for the trait `Debug`, but this is intentionally ignored during dead code analysis
[INFO] [stdout] 
[INFO] [stdout] 
[INFO] [stdout] warning: static `KEYWORD_MAP` is never used
[INFO] [stdout]   --> src/read/tokens.rs:67:12
[INFO] [stdout]    |
[INFO] [stdout] 67 | pub static KEYWORD_MAP: phf::Map<&'static str, Keyword> = phf::phf_map! {
[INFO] [stdout]    |            ^^^^^^^^^^^
[INFO] [stdout] 
[INFO] [stdout] 
[INFO] [stdout] warning: multiple variants are never constructed
[INFO] [stdout]   --> src/read/ast.rs:6:5
[INFO] [stdout]    |
[INFO] [stdout] 4  | pub enum BinaryOperation {
[INFO] [stdout]    |          --------------- variants in this enum
[INFO] [stdout] 5  |     Add,
[INFO] [stdout] 6  |     Subtract,
[INFO] [stdout]    |     ^^^^^^^^
[INFO] [stdout] ...
[INFO] [stdout] 9  |     Modulo,
[INFO] [stdout]    |     ^^^^^^
[INFO] [stdout] 10 |     Exponentiate,
[INFO] [stdout]    |     ^^^^^^^^^^^^
[INFO] [stdout] 11 |     BitwiseAnd,
[INFO] [stdout]    |     ^^^^^^^^^^
[INFO] [stdout] 12 |     BitwiseOr,
[INFO] [stdout]    |     ^^^^^^^^^
[INFO] [stdout] 13 |     BitwiseXor,
[INFO] [stdout]    |     ^^^^^^^^^^
[INFO] [stdout] 14 |     BitwiseShiftLeft,
[INFO] [stdout]    |     ^^^^^^^^^^^^^^^^
[INFO] [stdout] 15 |     BitwiseShiftRight,
[INFO] [stdout]    |     ^^^^^^^^^^^^^^^^^
[INFO] [stdout] 16 |     LogicalAnd,
[INFO] [stdout]    |     ^^^^^^^^^^
[INFO] [stdout] 17 |     LogicalOr,
[INFO] [stdout]    |     ^^^^^^^^^
[INFO] [stdout] 18 |     LogicalXor,
[INFO] [stdout]    |     ^^^^^^^^^^
[INFO] [stdout] 19 |     Equal,
[INFO] [stdout]    |     ^^^^^
[INFO] [stdout] 20 |     NotEqual,
[INFO] [stdout]    |     ^^^^^^^^
[INFO] [stdout] 21 |     LessThan,
[INFO] [stdout]    |     ^^^^^^^^
[INFO] [stdout] 22 |     GreaterThan,
[INFO] [stdout]    |     ^^^^^^^^^^^
[INFO] [stdout] 23 |     LessThanOrEqual,
[INFO] [stdout]    |     ^^^^^^^^^^^^^^^
[INFO] [stdout] 24 |     GreaterThanOrEqual,
[INFO] [stdout]    |     ^^^^^^^^^^^^^^^^^^
[INFO] [stdout]    |
[INFO] [stdout]    = note: `BinaryOperation` has a derived impl for the trait `Debug`, but this is intentionally ignored during dead code analysis
[INFO] [stdout] 
[INFO] [stdout] 
[INFO] [stdout] warning: constant `COMMA_AND_SEMICOLON` is never used
[INFO] [stdout]  --> src/read/bp.rs:3:11
[INFO] [stdout]   |
[INFO] [stdout] 3 | pub const COMMA_AND_SEMICOLON: u8 = 0;
[INFO] [stdout]   |           ^^^^^^^^^^^^^^^^^^^
[INFO] [stdout] 
[INFO] [stdout] 
[INFO] [stdout] warning: constant `RETURN` is never used
[INFO] [stdout]  --> src/read/bp.rs:4:11
[INFO] [stdout]   |
[INFO] [stdout] 4 | pub const RETURN: u8 = 1;
[INFO] [stdout]   |           ^^^^^^
[INFO] [stdout] 
[INFO] [stdout] 
[INFO] [stdout] warning: constant `ASSIGNMENT` is never used
[INFO] [stdout]  --> src/read/bp.rs:5:11
[INFO] [stdout]   |
[INFO] [stdout] 5 | pub const ASSIGNMENT: (u8, u8) = (3, 2);
[INFO] [stdout]   |           ^^^^^^^^^^
[INFO] [stdout] 
[INFO] [stdout] 
[INFO] [stdout] warning: constant `LOGICAL_OR` is never used
[INFO] [stdout]  --> src/read/bp.rs:6:11
[INFO] [stdout]   |
[INFO] [stdout] 6 | pub const LOGICAL_OR: (u8, u8) = (4, 5);
[INFO] [stdout]   |           ^^^^^^^^^^
[INFO] [stdout] 
[INFO] [stdout] 
[INFO] [stdout] warning: constant `LOGICAL_AND` is never used
[INFO] [stdout]  --> src/read/bp.rs:7:11
[INFO] [stdout]   |
[INFO] [stdout] 7 | pub const LOGICAL_AND: (u8, u8) = (6, 7);
[INFO] [stdout]   |           ^^^^^^^^^^^
[INFO] [stdout] 
[INFO] [stdout] 
[INFO] [stdout] warning: constant `BITWISE_OR` is never used
[INFO] [stdout]  --> src/read/bp.rs:8:11
[INFO] [stdout]   |
[INFO] [stdout] 8 | pub const BITWISE_OR: (u8, u8) = (8, 9);
[INFO] [stdout]   |           ^^^^^^^^^^
[INFO] [stdout] 
[INFO] [stdout] 
[INFO] [stdout] warning: constant `BITWISE_AND` is never used
[INFO] [stdout]  --> src/read/bp.rs:9:11
[INFO] [stdout]   |
[INFO] [stdout] 9 | pub const BITWISE_AND: (u8, u8) = (10, 11);
[INFO] [stdout]   |           ^^^^^^^^^^^
[INFO] [stdout] 
[INFO] [stdout] 
[INFO] [stdout] warning: constant `BITWISE_XOR` is never used
[INFO] [stdout]   --> src/read/bp.rs:10:11
[INFO] [stdout]    |
[INFO] [stdout] 10 | pub const BITWISE_XOR: (u8, u8) = (12, 13);
[INFO] [stdout]    |           ^^^^^^^^^^^
[INFO] [stdout] 
[INFO] [stdout] 
[INFO] [stdout] warning: constant `EQUALITY` is never used
[INFO] [stdout]   --> src/read/bp.rs:11:11
[INFO] [stdout]    |
[INFO] [stdout] 11 | pub const EQUALITY: (u8, u8) = (14, 15);
[INFO] [stdout]    |           ^^^^^^^^
[INFO] [stdout] 
[INFO] [stdout] 
[INFO] [stdout] warning: constant `RELATIONAL` is never used
[INFO] [stdout]   --> src/read/bp.rs:12:11
[INFO] [stdout]    |
[INFO] [stdout] 12 | pub const RELATIONAL: (u8, u8) = (16, 17);
[INFO] [stdout]    |           ^^^^^^^^^^
[INFO] [stdout] 
[INFO] [stdout] 
[INFO] [stdout] warning: constant `SHIFT` is never used
[INFO] [stdout]   --> src/read/bp.rs:13:11
[INFO] [stdout]    |
[INFO] [stdout] 13 | pub const SHIFT: (u8, u8) = (18, 19);
[INFO] [stdout]    |           ^^^^^
[INFO] [stdout] 
[INFO] [stdout] 
[INFO] [stdout] warning: constant `EXPONENTIAL` is never used
[INFO] [stdout]   --> src/read/bp.rs:16:11
[INFO] [stdout]    |
[INFO] [stdout] 16 | pub const EXPONENTIAL: (u8, u8) = (24, 25);
[INFO] [stdout]    |           ^^^^^^^^^^^
[INFO] [stdout] 
[INFO] [stdout] 
[INFO] [stdout] warning: constant `NEGATE_AND_NOT` is never used
[INFO] [stdout]   --> src/read/bp.rs:17:11
[INFO] [stdout]    |
[INFO] [stdout] 17 | pub const NEGATE_AND_NOT: u8 = 26;
[INFO] [stdout]    |           ^^^^^^^^^^^^^^
[INFO] [stdout] 
[INFO] [stdout] 
[INFO] [stdout] warning: constant `CALL` is never used
[INFO] [stdout]   --> src/read/bp.rs:18:11
[INFO] [stdout]    |
[INFO] [stdout] 18 | pub const CALL: u8 = 27;
[INFO] [stdout]    |           ^^^^
[INFO] [stdout] 
[INFO] [stdout] 
[INFO] [stdout] warning: constant `ACCESS_AND_OPTIONAL_ACCESS` is never used
[INFO] [stdout]   --> src/read/bp.rs:19:11
[INFO] [stdout]    |
[INFO] [stdout] 19 | pub const ACCESS_AND_OPTIONAL_ACCESS: u8 = 28;
[INFO] [stdout]    |           ^^^^^^^^^^^^^^^^^^^^^^^^^^
[INFO] [stdout] 
[INFO] [stdout] 
[INFO] [stdout] warning: constant `BLOCK` is never used
[INFO] [stdout]   --> src/read/bp.rs:20:11
[INFO] [stdout]    |
[INFO] [stdout] 20 | pub const BLOCK: u8 = 29;
[INFO] [stdout]    |           ^^^^^
[INFO] [stdout] 
[INFO] [stdout] 
[INFO] [stdout] warning: field `mutable` is never read
[INFO] [stdout]   --> src/runtime/mod.rs:14:9
[INFO] [stdout]    |
[INFO] [stdout] 13 | pub struct Variable {
[INFO] [stdout]    |            -------- field in this struct
[INFO] [stdout] 14 |     pub mutable: bool,
[INFO] [stdout]    |         ^^^^^^^
[INFO] [stdout]    |
[INFO] [stdout]    = note: `Variable` has a derived impl for the trait `Debug`, but this is intentionally ignored during dead code analysis
[INFO] [stdout] 
[INFO] [stdout] 
[INFO] [stdout] warning: method `get_string` is never used
[INFO] [stdout]   --> src/runtime/mod.rs:27:12
[INFO] [stdout]    |
[INFO] [stdout] 26 | impl Value {
[INFO] [stdout]    | ---------- method in this implementation
[INFO] [stdout] 27 |     pub fn get_string(&self) -> Option<&str> {
[INFO] [stdout]    |            ^^^^^^^^^^
[INFO] [stdout] 
[INFO] [stdout] 
[INFO] [stdout] warning: constant `PATH_SEPARATOR` is never used
[INFO] [stdout]  --> src/runtime/resolve.rs:8:7
[INFO] [stdout]   |
[INFO] [stdout] 8 | const PATH_SEPARATOR: char = ':';
[INFO] [stdout]   |       ^^^^^^^^^^^^^^
[INFO] [stdout] 
[INFO] [stdout] 
[INFO] [stdout] warning: function `search_program_in_path` is never used
[INFO] [stdout]   --> src/runtime/resolve.rs:10:8
[INFO] [stdout]    |
[INFO] [stdout] 10 | pub fn search_program_in_path(path_text: &str, file_name: &str) -> Option<PathBuf> {
[INFO] [stdout]    |        ^^^^^^^^^^^^^^^^^^^^^^
[INFO] [stdout] 
[INFO] [stdout] 
[INFO] [stdout] warning: unused `Result` that must be used
[INFO] [stdout]    --> src/main.rs:141:13
[INFO] [stdout]     |
[INFO] [stdout] 141 |             execute!(stdout, Print("Error: Failed to parse input\n\r"));
[INFO] [stdout]     |             ^^^^^^^^^^^^^^^^^^^^^^^^^^^^^^^^^^^^^^^^^^^^^^^^^^^^^^^^^^^
[INFO] [stdout]     |
[INFO] [stdout]     = note: this `Result` may be an `Err` variant, which should be handled
[INFO] [stdout]     = note: `#[warn(unused_must_use)]` on by default
[INFO] [stdout]     = note: this warning originates in the macro `execute` (in Nightly builds, run with -Z macro-backtrace for more info)
[INFO] [stdout] 
[INFO] [stdout] 
[INFO] [stderr]     Finished `dev` profile [unoptimized + debuginfo] target(s) in 19.10s
[INFO] running `Command { std: "docker" "inspect" "b03ecebfa2f949f65124a141c20590ddded17c4d4732642e3f8dbd5924993a46", kill_on_drop: false }`
[INFO] running `Command { std: "docker" "rm" "-f" "b03ecebfa2f949f65124a141c20590ddded17c4d4732642e3f8dbd5924993a46", kill_on_drop: false }`
[INFO] [stdout] b03ecebfa2f949f65124a141c20590ddded17c4d4732642e3f8dbd5924993a46
[INFO] running `Command { std: "docker" "create" "-v" "/var/lib/crater-agent-workspace/builds/worker-6-tc1/target:/opt/rustwide/target:rw,Z" "-v" "/var/lib/crater-agent-workspace/builds/worker-6-tc1/source:/opt/rustwide/workdir:ro,Z" "-v" "/var/lib/crater-agent-workspace/cargo-home:/opt/rustwide/cargo-home:ro,Z" "-v" "/var/lib/crater-agent-workspace/rustup-home:/opt/rustwide/rustup-home:ro,Z" "-e" "SOURCE_DIR=/opt/rustwide/workdir" "-e" "CARGO_TARGET_DIR=/opt/rustwide/target" "-e" "CARGO_INCREMENTAL=0" "-e" "RUST_BACKTRACE=full" "-e" "RUSTFLAGS=--cap-lints=forbid" "-e" "RUSTDOCFLAGS=--cap-lints=forbid" "-e" "CARGO_HOME=/opt/rustwide/cargo-home" "-e" "RUSTUP_HOME=/opt/rustwide/rustup-home" "-w" "/opt/rustwide/workdir" "-m" "1610612736" "--user" "0:0" "--network" "none" "ghcr.io/rust-lang/crates-build-env/linux@sha256:819108c5571ea2e421544af4d832f968d213c87fbe3707a016657f43d2f853bc" "/opt/rustwide/cargo-home/bin/cargo" "+nightly-2025-01-18" "test" "--frozen" "--no-run" "--message-format=json", kill_on_drop: false }`
[INFO] [stdout] d08a25dc16cd0a49428773060334cf8f2d9a2621c6311a95c905937a6b73bcf3
[INFO] running `Command { std: "docker" "start" "-a" "d08a25dc16cd0a49428773060334cf8f2d9a2621c6311a95c905937a6b73bcf3", kill_on_drop: false }`
[INFO] [stderr]    Compiling shesh v0.1.0 (/opt/rustwide/workdir)
[INFO] [stdout] warning: unused import: `crate::runtime::resolve::search_program_in_path`
[INFO] [stdout]  --> src/runtime/eval.rs:7:5
[INFO] [stdout]   |
[INFO] [stdout] 7 | use crate::runtime::resolve::search_program_in_path;
[INFO] [stdout]   |     ^^^^^^^^^^^^^^^^^^^^^^^^^^^^^^^^^^^^^^^^^^^^^^^
[INFO] [stdout]   |
[INFO] [stdout]   = note: `#[warn(unused_imports)]` on by default
[INFO] [stdout] 
[INFO] [stdout] 
[INFO] [stdout] warning: unused import: `MoveToColumn`
[INFO] [stdout]   --> src/main.rs:12:43
[INFO] [stdout]    |
[INFO] [stdout] 12 | use crossterm::cursor::{position, MoveTo, MoveToColumn};
[INFO] [stdout]    |                                           ^^^^^^^^^^^^
[INFO] [stdout] 
[INFO] [stdout] 
[INFO] [stdout] warning: unused import: `Stylize`
[INFO] [stdout]   --> src/main.rs:14:31
[INFO] [stdout]    |
[INFO] [stdout] 14 | use crossterm::style::{Print, Stylize};
[INFO] [stdout]    |                               ^^^^^^^
[INFO] [stdout] 
[INFO] [stdout] 
[INFO] [stdout] warning: methods `insert_str`, `chars_right_from_cursor`, `gap_start`, and `gap_end` are never used
[INFO] [stdout]    --> src/text_box.rs:142:12
[INFO] [stdout]     |
[INFO] [stdout] 28  | impl TextBox {
[INFO] [stdout]     | ------------ methods in this implementation
[INFO] [stdout] ...
[INFO] [stdout] 142 |     pub fn insert_str(&mut self, s: &str) {
[INFO] [stdout]     |            ^^^^^^^^^^
[INFO] [stdout] ...
[INFO] [stdout] 200 |     pub fn chars_right_from_cursor(&self) -> usize {
[INFO] [stdout]     |            ^^^^^^^^^^^^^^^^^^^^^^^
[INFO] [stdout] ...
[INFO] [stdout] 205 |     pub fn gap_start(&self) -> usize {
[INFO] [stdout]     |            ^^^^^^^^^
[INFO] [stdout] ...
[INFO] [stdout] 210 |     pub fn gap_end(&self) -> usize {
[INFO] [stdout]     |            ^^^^^^^
[INFO] [stdout]     |
[INFO] [stdout]     = note: `#[warn(dead_code)]` on by default
[INFO] [stdout] 
[INFO] [stdout] 
[INFO] [stdout] warning: multiple variants are never constructed
[INFO] [stdout]   --> src/read/tokens.rs:4:5
[INFO] [stdout]    |
[INFO] [stdout] 2  | pub enum Token<'a> {
[INFO] [stdout]    |          ----- variants in this enum
[INFO] [stdout] 3  |     Plus,
[INFO] [stdout] 4  |     PlusPlus,
[INFO] [stdout]    |     ^^^^^^^^
[INFO] [stdout] 5  |     PlusEquals,
[INFO] [stdout]    |     ^^^^^^^^^^
[INFO] [stdout] 6  |     Minus,
[INFO] [stdout] 7  |     MinusMinus,
[INFO] [stdout]    |     ^^^^^^^^^^
[INFO] [stdout] 8  |     MinusEquals,
[INFO] [stdout]    |     ^^^^^^^^^^^
[INFO] [stdout] 9  |     Star,
[INFO] [stdout] 10 |     StarEquals,
[INFO] [stdout]    |     ^^^^^^^^^^
[INFO] [stdout] 11 |     StarStar,
[INFO] [stdout]    |     ^^^^^^^^
[INFO] [stdout] 12 |     StarStarEquals,
[INFO] [stdout]    |     ^^^^^^^^^^^^^^
[INFO] [stdout] 13 |     Slash,
[INFO] [stdout] 14 |     SlashEquals,
[INFO] [stdout]    |     ^^^^^^^^^^^
[INFO] [stdout] 15 |     Percent,
[INFO] [stdout]    |     ^^^^^^^
[INFO] [stdout] 16 |     PercentEquals,
[INFO] [stdout]    |     ^^^^^^^^^^^^^
[INFO] [stdout] 17 |     Caret,
[INFO] [stdout] 18 |     CaretEquals,
[INFO] [stdout]    |     ^^^^^^^^^^^
[INFO] [stdout] 19 |     Ampersand,
[INFO] [stdout]    |     ^^^^^^^^^
[INFO] [stdout] 20 |     AmpersandEquals,
[INFO] [stdout]    |     ^^^^^^^^^^^^^^^
[INFO] [stdout] 21 |     AmpersandAmpersand,
[INFO] [stdout]    |     ^^^^^^^^^^^^^^^^^^
[INFO] [stdout] 22 |     AmpersandAmpersandEquals,
[INFO] [stdout]    |     ^^^^^^^^^^^^^^^^^^^^^^^^
[INFO] [stdout] 23 |     Pipe,
[INFO] [stdout]    |     ^^^^
[INFO] [stdout] 24 |     PipeEquals,
[INFO] [stdout]    |     ^^^^^^^^^^
[INFO] [stdout] 25 |     PipePipe,
[INFO] [stdout]    |     ^^^^^^^^
[INFO] [stdout] 26 |     PipePipeEquals,
[INFO] [stdout]    |     ^^^^^^^^^^^^^^
[INFO] [stdout] 27 |     ExclamationMark,
[INFO] [stdout]    |     ^^^^^^^^^^^^^^^
[INFO] [stdout] 28 |     ExclamationMarkEquals,
[INFO] [stdout]    |     ^^^^^^^^^^^^^^^^^^^^^
[INFO] [stdout] 29 |     Comma,
[INFO] [stdout]    |     ^^^^^
[INFO] [stdout] 30 |     Dot,
[INFO] [stdout]    |     ^^^
[INFO] [stdout] 31 |     LeftAngle,
[INFO] [stdout]    |     ^^^^^^^^^
[INFO] [stdout] 32 |     LeftAngleEquals,
[INFO] [stdout]    |     ^^^^^^^^^^^^^^^
[INFO] [stdout] 33 |     LeftAngleLeftAngle,
[INFO] [stdout]    |     ^^^^^^^^^^^^^^^^^^
[INFO] [stdout] 34 |     LeftAngleLeftAngleEquals,
[INFO] [stdout]    |     ^^^^^^^^^^^^^^^^^^^^^^^^
[INFO] [stdout] 35 |     RightAngle,
[INFO] [stdout]    |     ^^^^^^^^^^
[INFO] [stdout] 36 |     RightAngleEquals,
[INFO] [stdout]    |     ^^^^^^^^^^^^^^^^
[INFO] [stdout] 37 |     RightAngleRightAngle,
[INFO] [stdout]    |     ^^^^^^^^^^^^^^^^^^^^
[INFO] [stdout] 38 |     RightAngleRightAngleEquals,
[INFO] [stdout]    |     ^^^^^^^^^^^^^^^^^^^^^^^^^^
[INFO] [stdout] 39 |     Equals,
[INFO] [stdout]    |     ^^^^^^
[INFO] [stdout] 40 |     EqualsEquals,
[INFO] [stdout]    |     ^^^^^^^^^^^^
[INFO] [stdout] ...
[INFO] [stdout] 44 |     Keyword(Keyword),
[INFO] [stdout]    |     ^^^^^^^
[INFO] [stdout] 45 |     String(&'a str),
[INFO] [stdout]    |     ^^^^^^
[INFO] [stdout] ...
[INFO] [stdout] 49 |     LeftBracket,
[INFO] [stdout]    |     ^^^^^^^^^^^
[INFO] [stdout] 50 |     RightBracket,
[INFO] [stdout]    |     ^^^^^^^^^^^^
[INFO] [stdout] 51 |     LeftBrace,
[INFO] [stdout]    |     ^^^^^^^^^
[INFO] [stdout] 52 |     RightBrace,
[INFO] [stdout]    |     ^^^^^^^^^^
[INFO] [stdout]    |
[INFO] [stdout]    = note: `Token` has a derived impl for the trait `Debug`, but this is intentionally ignored during dead code analysis
[INFO] [stdout] 
[INFO] [stdout] 
[INFO] [stdout] warning: variants `Nil`, `True`, `False`, `If`, `Else`, and `While` are never constructed
[INFO] [stdout]   --> src/read/tokens.rs:59:5
[INFO] [stdout]    |
[INFO] [stdout] 58 | pub enum Keyword {
[INFO] [stdout]    |          ------- variants in this enum
[INFO] [stdout] 59 |     Nil,
[INFO] [stdout]    |     ^^^
[INFO] [stdout] 60 |     True,
[INFO] [stdout]    |     ^^^^
[INFO] [stdout] 61 |     False,
[INFO] [stdout]    |     ^^^^^
[INFO] [stdout] 62 |     If,
[INFO] [stdout]    |     ^^
[INFO] [stdout] 63 |     Else,
[INFO] [stdout]    |     ^^^^
[INFO] [stdout] 64 |     While,
[INFO] [stdout]    |     ^^^^^
[INFO] [stdout]    |
[INFO] [stdout]    = note: `Keyword` has a derived impl for the trait `Debug`, but this is intentionally ignored during dead code analysis
[INFO] [stdout] 
[INFO] [stdout] 
[INFO] [stdout] warning: static `KEYWORD_MAP` is never used
[INFO] [stdout]   --> src/read/tokens.rs:67:12
[INFO] [stdout]    |
[INFO] [stdout] 67 | pub static KEYWORD_MAP: phf::Map<&'static str, Keyword> = phf::phf_map! {
[INFO] [stdout]    |            ^^^^^^^^^^^
[INFO] [stdout] 
[INFO] [stdout] 
[INFO] [stdout] warning: multiple variants are never constructed
[INFO] [stdout]   --> src/read/ast.rs:6:5
[INFO] [stdout]    |
[INFO] [stdout] 4  | pub enum BinaryOperation {
[INFO] [stdout]    |          --------------- variants in this enum
[INFO] [stdout] 5  |     Add,
[INFO] [stdout] 6  |     Subtract,
[INFO] [stdout]    |     ^^^^^^^^
[INFO] [stdout] ...
[INFO] [stdout] 9  |     Modulo,
[INFO] [stdout]    |     ^^^^^^
[INFO] [stdout] 10 |     Exponentiate,
[INFO] [stdout]    |     ^^^^^^^^^^^^
[INFO] [stdout] 11 |     BitwiseAnd,
[INFO] [stdout]    |     ^^^^^^^^^^
[INFO] [stdout] 12 |     BitwiseOr,
[INFO] [stdout]    |     ^^^^^^^^^
[INFO] [stdout] 13 |     BitwiseXor,
[INFO] [stdout]    |     ^^^^^^^^^^
[INFO] [stdout] 14 |     BitwiseShiftLeft,
[INFO] [stdout]    |     ^^^^^^^^^^^^^^^^
[INFO] [stdout] 15 |     BitwiseShiftRight,
[INFO] [stdout]    |     ^^^^^^^^^^^^^^^^^
[INFO] [stdout] 16 |     LogicalAnd,
[INFO] [stdout]    |     ^^^^^^^^^^
[INFO] [stdout] 17 |     LogicalOr,
[INFO] [stdout]    |     ^^^^^^^^^
[INFO] [stdout] 18 |     LogicalXor,
[INFO] [stdout]    |     ^^^^^^^^^^
[INFO] [stdout] 19 |     Equal,
[INFO] [stdout]    |     ^^^^^
[INFO] [stdout] 20 |     NotEqual,
[INFO] [stdout]    |     ^^^^^^^^
[INFO] [stdout] 21 |     LessThan,
[INFO] [stdout]    |     ^^^^^^^^
[INFO] [stdout] 22 |     GreaterThan,
[INFO] [stdout]    |     ^^^^^^^^^^^
[INFO] [stdout] 23 |     LessThanOrEqual,
[INFO] [stdout]    |     ^^^^^^^^^^^^^^^
[INFO] [stdout] 24 |     GreaterThanOrEqual,
[INFO] [stdout]    |     ^^^^^^^^^^^^^^^^^^
[INFO] [stdout]    |
[INFO] [stdout]    = note: `BinaryOperation` has a derived impl for the trait `Debug`, but this is intentionally ignored during dead code analysis
[INFO] [stdout] 
[INFO] [stdout] 
[INFO] [stdout] warning: constant `COMMA_AND_SEMICOLON` is never used
[INFO] [stdout]  --> src/read/bp.rs:3:11
[INFO] [stdout]   |
[INFO] [stdout] 3 | pub const COMMA_AND_SEMICOLON: u8 = 0;
[INFO] [stdout]   |           ^^^^^^^^^^^^^^^^^^^
[INFO] [stdout] 
[INFO] [stdout] 
[INFO] [stdout] warning: constant `RETURN` is never used
[INFO] [stdout]  --> src/read/bp.rs:4:11
[INFO] [stdout]   |
[INFO] [stdout] 4 | pub const RETURN: u8 = 1;
[INFO] [stdout]   |           ^^^^^^
[INFO] [stdout] 
[INFO] [stdout] 
[INFO] [stdout] warning: constant `ASSIGNMENT` is never used
[INFO] [stdout]  --> src/read/bp.rs:5:11
[INFO] [stdout]   |
[INFO] [stdout] 5 | pub const ASSIGNMENT: (u8, u8) = (3, 2);
[INFO] [stdout]   |           ^^^^^^^^^^
[INFO] [stdout] 
[INFO] [stdout] 
[INFO] [stdout] warning: constant `LOGICAL_OR` is never used
[INFO] [stdout]  --> src/read/bp.rs:6:11
[INFO] [stdout]   |
[INFO] [stdout] 6 | pub const LOGICAL_OR: (u8, u8) = (4, 5);
[INFO] [stdout]   |           ^^^^^^^^^^
[INFO] [stdout] 
[INFO] [stdout] 
[INFO] [stdout] warning: constant `LOGICAL_AND` is never used
[INFO] [stdout]  --> src/read/bp.rs:7:11
[INFO] [stdout]   |
[INFO] [stdout] 7 | pub const LOGICAL_AND: (u8, u8) = (6, 7);
[INFO] [stdout]   |           ^^^^^^^^^^^
[INFO] [stdout] 
[INFO] [stdout] 
[INFO] [stdout] warning: constant `BITWISE_OR` is never used
[INFO] [stdout]  --> src/read/bp.rs:8:11
[INFO] [stdout]   |
[INFO] [stdout] 8 | pub const BITWISE_OR: (u8, u8) = (8, 9);
[INFO] [stdout]   |           ^^^^^^^^^^
[INFO] [stdout] 
[INFO] [stdout] 
[INFO] [stdout] warning: constant `BITWISE_AND` is never used
[INFO] [stdout]  --> src/read/bp.rs:9:11
[INFO] [stdout]   |
[INFO] [stdout] 9 | pub const BITWISE_AND: (u8, u8) = (10, 11);
[INFO] [stdout]   |           ^^^^^^^^^^^
[INFO] [stdout] 
[INFO] [stdout] 
[INFO] [stdout] warning: constant `BITWISE_XOR` is never used
[INFO] [stdout]   --> src/read/bp.rs:10:11
[INFO] [stdout]    |
[INFO] [stdout] 10 | pub const BITWISE_XOR: (u8, u8) = (12, 13);
[INFO] [stdout]    |           ^^^^^^^^^^^
[INFO] [stdout] 
[INFO] [stdout] 
[INFO] [stdout] warning: constant `EQUALITY` is never used
[INFO] [stdout]   --> src/read/bp.rs:11:11
[INFO] [stdout]    |
[INFO] [stdout] 11 | pub const EQUALITY: (u8, u8) = (14, 15);
[INFO] [stdout]    |           ^^^^^^^^
[INFO] [stdout] 
[INFO] [stdout] 
[INFO] [stdout] warning: constant `RELATIONAL` is never used
[INFO] [stdout]   --> src/read/bp.rs:12:11
[INFO] [stdout]    |
[INFO] [stdout] 12 | pub const RELATIONAL: (u8, u8) = (16, 17);
[INFO] [stdout]    |           ^^^^^^^^^^
[INFO] [stdout] 
[INFO] [stdout] 
[INFO] [stdout] warning: constant `SHIFT` is never used
[INFO] [stdout]   --> src/read/bp.rs:13:11
[INFO] [stdout]    |
[INFO] [stdout] 13 | pub const SHIFT: (u8, u8) = (18, 19);
[INFO] [stdout]    |           ^^^^^
[INFO] [stdout] 
[INFO] [stdout] 
[INFO] [stdout] warning: constant `EXPONENTIAL` is never used
[INFO] [stdout]   --> src/read/bp.rs:16:11
[INFO] [stdout]    |
[INFO] [stdout] 16 | pub const EXPONENTIAL: (u8, u8) = (24, 25);
[INFO] [stdout]    |           ^^^^^^^^^^^
[INFO] [stdout] 
[INFO] [stdout] 
[INFO] [stdout] warning: constant `NEGATE_AND_NOT` is never used
[INFO] [stdout]   --> src/read/bp.rs:17:11
[INFO] [stdout]    |
[INFO] [stdout] 17 | pub const NEGATE_AND_NOT: u8 = 26;
[INFO] [stdout]    |           ^^^^^^^^^^^^^^
[INFO] [stdout] 
[INFO] [stdout] 
[INFO] [stdout] warning: constant `CALL` is never used
[INFO] [stdout]   --> src/read/bp.rs:18:11
[INFO] [stdout]    |
[INFO] [stdout] 18 | pub const CALL: u8 = 27;
[INFO] [stdout]    |           ^^^^
[INFO] [stdout] 
[INFO] [stdout] 
[INFO] [stdout] warning: constant `ACCESS_AND_OPTIONAL_ACCESS` is never used
[INFO] [stdout]   --> src/read/bp.rs:19:11
[INFO] [stdout]    |
[INFO] [stdout] 19 | pub const ACCESS_AND_OPTIONAL_ACCESS: u8 = 28;
[INFO] [stdout]    |           ^^^^^^^^^^^^^^^^^^^^^^^^^^
[INFO] [stdout] 
[INFO] [stdout] 
[INFO] [stdout] warning: constant `BLOCK` is never used
[INFO] [stdout]   --> src/read/bp.rs:20:11
[INFO] [stdout]    |
[INFO] [stdout] 20 | pub const BLOCK: u8 = 29;
[INFO] [stdout]    |           ^^^^^
[INFO] [stdout] 
[INFO] [stdout] 
[INFO] [stdout] warning: field `mutable` is never read
[INFO] [stdout]   --> src/runtime/mod.rs:14:9
[INFO] [stdout]    |
[INFO] [stdout] 13 | pub struct Variable {
[INFO] [stdout]    |            -------- field in this struct
[INFO] [stdout] 14 |     pub mutable: bool,
[INFO] [stdout]    |         ^^^^^^^
[INFO] [stdout]    |
[INFO] [stdout]    = note: `Variable` has a derived impl for the trait `Debug`, but this is intentionally ignored during dead code analysis
[INFO] [stdout] 
[INFO] [stdout] 
[INFO] [stdout] warning: method `get_string` is never used
[INFO] [stdout]   --> src/runtime/mod.rs:27:12
[INFO] [stdout]    |
[INFO] [stdout] 26 | impl Value {
[INFO] [stdout]    | ---------- method in this implementation
[INFO] [stdout] 27 |     pub fn get_string(&self) -> Option<&str> {
[INFO] [stdout]    |            ^^^^^^^^^^
[INFO] [stdout] 
[INFO] [stdout] 
[INFO] [stdout] warning: constant `PATH_SEPARATOR` is never used
[INFO] [stdout]  --> src/runtime/resolve.rs:8:7
[INFO] [stdout]   |
[INFO] [stdout] 8 | const PATH_SEPARATOR: char = ':';
[INFO] [stdout]   |       ^^^^^^^^^^^^^^
[INFO] [stdout] 
[INFO] [stdout] 
[INFO] [stdout] warning: function `search_program_in_path` is never used
[INFO] [stdout]   --> src/runtime/resolve.rs:10:8
[INFO] [stdout]    |
[INFO] [stdout] 10 | pub fn search_program_in_path(path_text: &str, file_name: &str) -> Option<PathBuf> {
[INFO] [stdout]    |        ^^^^^^^^^^^^^^^^^^^^^^
[INFO] [stdout] 
[INFO] [stdout] 
[INFO] [stdout] warning: unused `Result` that must be used
[INFO] [stdout]    --> src/main.rs:141:13
[INFO] [stdout]     |
[INFO] [stdout] 141 |             execute!(stdout, Print("Error: Failed to parse input\n\r"));
[INFO] [stdout]     |             ^^^^^^^^^^^^^^^^^^^^^^^^^^^^^^^^^^^^^^^^^^^^^^^^^^^^^^^^^^^
[INFO] [stdout]     |
[INFO] [stdout]     = note: this `Result` may be an `Err` variant, which should be handled
[INFO] [stdout]     = note: `#[warn(unused_must_use)]` on by default
[INFO] [stdout]     = note: this warning originates in the macro `execute` (in Nightly builds, run with -Z macro-backtrace for more info)
[INFO] [stdout] 
[INFO] [stdout] 
[INFO] [stderr]     Finished `test` profile [unoptimized + debuginfo] target(s) in 0.56s
[INFO] running `Command { std: "docker" "inspect" "d08a25dc16cd0a49428773060334cf8f2d9a2621c6311a95c905937a6b73bcf3", kill_on_drop: false }`
[INFO] running `Command { std: "docker" "rm" "-f" "d08a25dc16cd0a49428773060334cf8f2d9a2621c6311a95c905937a6b73bcf3", kill_on_drop: false }`
[INFO] [stdout] d08a25dc16cd0a49428773060334cf8f2d9a2621c6311a95c905937a6b73bcf3
[INFO] running `Command { std: "docker" "create" "-v" "/var/lib/crater-agent-workspace/builds/worker-6-tc1/target:/opt/rustwide/target:rw,Z" "-v" "/var/lib/crater-agent-workspace/builds/worker-6-tc1/source:/opt/rustwide/workdir:ro,Z" "-v" "/var/lib/crater-agent-workspace/cargo-home:/opt/rustwide/cargo-home:ro,Z" "-v" "/var/lib/crater-agent-workspace/rustup-home:/opt/rustwide/rustup-home:ro,Z" "-e" "SOURCE_DIR=/opt/rustwide/workdir" "-e" "CARGO_TARGET_DIR=/opt/rustwide/target" "-e" "CARGO_INCREMENTAL=0" "-e" "RUST_BACKTRACE=full" "-e" "RUSTFLAGS=--cap-lints=forbid" "-e" "RUSTDOCFLAGS=--cap-lints=forbid" "-e" "CARGO_HOME=/opt/rustwide/cargo-home" "-e" "RUSTUP_HOME=/opt/rustwide/rustup-home" "-w" "/opt/rustwide/workdir" "-m" "1610612736" "--user" "0:0" "--network" "none" "ghcr.io/rust-lang/crates-build-env/linux@sha256:819108c5571ea2e421544af4d832f968d213c87fbe3707a016657f43d2f853bc" "/opt/rustwide/cargo-home/bin/cargo" "+nightly-2025-01-18" "test" "--frozen", kill_on_drop: false }`
[INFO] [stdout] 176e0ad7fd6d336388d36d6661d7d8d0dbe2f5155473b8bd0c523f4e19c693f0
[INFO] running `Command { std: "docker" "start" "-a" "176e0ad7fd6d336388d36d6661d7d8d0dbe2f5155473b8bd0c523f4e19c693f0", kill_on_drop: false }`
[INFO] [stderr] warning: unused import: `crate::runtime::resolve::search_program_in_path`
[INFO] [stderr]  --> src/runtime/eval.rs:7:5
[INFO] [stderr]   |
[INFO] [stderr] 7 | use crate::runtime::resolve::search_program_in_path;
[INFO] [stderr]   |     ^^^^^^^^^^^^^^^^^^^^^^^^^^^^^^^^^^^^^^^^^^^^^^^
[INFO] [stderr]   |
[INFO] [stderr]   = note: `#[warn(unused_imports)]` on by default
[INFO] [stderr] 
[INFO] [stderr] warning: unused import: `MoveToColumn`
[INFO] [stderr]   --> src/main.rs:12:43
[INFO] [stderr]    |
[INFO] [stderr] 12 | use crossterm::cursor::{position, MoveTo, MoveToColumn};
[INFO] [stderr]    |                                           ^^^^^^^^^^^^
[INFO] [stderr] 
[INFO] [stderr] warning: unused import: `Stylize`
[INFO] [stderr]   --> src/main.rs:14:31
[INFO] [stderr]    |
[INFO] [stderr] 14 | use crossterm::style::{Print, Stylize};
[INFO] [stderr]    |                               ^^^^^^^
[INFO] [stderr] 
[INFO] [stderr] warning: methods `insert_str`, `chars_right_from_cursor`, `gap_start`, and `gap_end` are never used
[INFO] [stderr]    --> src/text_box.rs:142:12
[INFO] [stderr]     |
[INFO] [stderr] 28  | impl TextBox {
[INFO] [stderr]     | ------------ methods in this implementation
[INFO] [stderr] ...
[INFO] [stderr] 142 |     pub fn insert_str(&mut self, s: &str) {
[INFO] [stderr]     |            ^^^^^^^^^^
[INFO] [stderr] ...
[INFO] [stderr] 200 |     pub fn chars_right_from_cursor(&self) -> usize {
[INFO] [stderr]     |            ^^^^^^^^^^^^^^^^^^^^^^^
[INFO] [stderr] ...
[INFO] [stderr] 205 |     pub fn gap_start(&self) -> usize {
[INFO] [stderr]     |            ^^^^^^^^^
[INFO] [stderr] ...
[INFO] [stderr] 210 |     pub fn gap_end(&self) -> usize {
[INFO] [stderr]     |            ^^^^^^^
[INFO] [stderr]     |
[INFO] [stderr]     = note: `#[warn(dead_code)]` on by default
[INFO] [stderr] 
[INFO] [stderr] warning: multiple variants are never constructed
[INFO] [stderr]   --> src/read/tokens.rs:4:5
[INFO] [stderr]    |
[INFO] [stderr] 2  | pub enum Token<'a> {
[INFO] [stderr]    |          ----- variants in this enum
[INFO] [stderr] 3  |     Plus,
[INFO] [stderr] 4  |     PlusPlus,
[INFO] [stderr]    |     ^^^^^^^^
[INFO] [stderr] 5  |     PlusEquals,
[INFO] [stderr]    |     ^^^^^^^^^^
[INFO] [stderr] 6  |     Minus,
[INFO] [stderr] 7  |     MinusMinus,
[INFO] [stderr]    |     ^^^^^^^^^^
[INFO] [stderr] 8  |     MinusEquals,
[INFO] [stderr]    |     ^^^^^^^^^^^
[INFO] [stderr] 9  |     Star,
[INFO] [stderr] 10 |     StarEquals,
[INFO] [stderr]    |     ^^^^^^^^^^
[INFO] [stderr] 11 |     StarStar,
[INFO] [stderr]    |     ^^^^^^^^
[INFO] [stderr] 12 |     StarStarEquals,
[INFO] [stderr]    |     ^^^^^^^^^^^^^^
[INFO] [stderr] 13 |     Slash,
[INFO] [stderr] 14 |     SlashEquals,
[INFO] [stderr]    |     ^^^^^^^^^^^
[INFO] [stderr] 15 |     Percent,
[INFO] [stderr]    |     ^^^^^^^
[INFO] [stderr] 16 |     PercentEquals,
[INFO] [stderr]    |     ^^^^^^^^^^^^^
[INFO] [stderr] 17 |     Caret,
[INFO] [stderr] 18 |     CaretEquals,
[INFO] [stderr]    |     ^^^^^^^^^^^
[INFO] [stderr] 19 |     Ampersand,
[INFO] [stderr]    |     ^^^^^^^^^
[INFO] [stderr] 20 |     AmpersandEquals,
[INFO] [stderr]    |     ^^^^^^^^^^^^^^^
[INFO] [stderr] 21 |     AmpersandAmpersand,
[INFO] [stderr]    |     ^^^^^^^^^^^^^^^^^^
[INFO] [stderr] 22 |     AmpersandAmpersandEquals,
[INFO] [stderr]    |     ^^^^^^^^^^^^^^^^^^^^^^^^
[INFO] [stderr] 23 |     Pipe,
[INFO] [stderr]    |     ^^^^
[INFO] [stderr] 24 |     PipeEquals,
[INFO] [stderr]    |     ^^^^^^^^^^
[INFO] [stderr] 25 |     PipePipe,
[INFO] [stderr]    |     ^^^^^^^^
[INFO] [stderr] 26 |     PipePipeEquals,
[INFO] [stderr]    |     ^^^^^^^^^^^^^^
[INFO] [stderr] 27 |     ExclamationMark,
[INFO] [stderr]    |     ^^^^^^^^^^^^^^^
[INFO] [stderr] 28 |     ExclamationMarkEquals,
[INFO] [stderr]    |     ^^^^^^^^^^^^^^^^^^^^^
[INFO] [stderr] 29 |     Comma,
[INFO] [stderr]    |     ^^^^^
[INFO] [stderr] 30 |     Dot,
[INFO] [stderr]    |     ^^^
[INFO] [stderr] 31 |     LeftAngle,
[INFO] [stderr]    |     ^^^^^^^^^
[INFO] [stderr] 32 |     LeftAngleEquals,
[INFO] [stderr]    |     ^^^^^^^^^^^^^^^
[INFO] [stderr] 33 |     LeftAngleLeftAngle,
[INFO] [stderr]    |     ^^^^^^^^^^^^^^^^^^
[INFO] [stderr] 34 |     LeftAngleLeftAngleEquals,
[INFO] [stderr]    |     ^^^^^^^^^^^^^^^^^^^^^^^^
[INFO] [stderr] 35 |     RightAngle,
[INFO] [stderr]    |     ^^^^^^^^^^
[INFO] [stderr] 36 |     RightAngleEquals,
[INFO] [stderr]    |     ^^^^^^^^^^^^^^^^
[INFO] [stderr] 37 |     RightAngleRightAngle,
[INFO] [stderr]    |     ^^^^^^^^^^^^^^^^^^^^
[INFO] [stderr] 38 |     RightAngleRightAngleEquals,
[INFO] [stderr]    |     ^^^^^^^^^^^^^^^^^^^^^^^^^^
[INFO] [stderr] 39 |     Equals,
[INFO] [stderr]    |     ^^^^^^
[INFO] [stderr] 40 |     EqualsEquals,
[INFO] [stderr]    |     ^^^^^^^^^^^^
[INFO] [stderr] ...
[INFO] [stderr] 44 |     Keyword(Keyword),
[INFO] [stderr]    |     ^^^^^^^
[INFO] [stderr] 45 |     String(&'a str),
[INFO] [stderr]    |     ^^^^^^
[INFO] [stderr] ...
[INFO] [stderr] 49 |     LeftBracket,
[INFO] [stderr]    |     ^^^^^^^^^^^
[INFO] [stderr] 50 |     RightBracket,
[INFO] [stderr]    |     ^^^^^^^^^^^^
[INFO] [stderr] 51 |     LeftBrace,
[INFO] [stderr]    |     ^^^^^^^^^
[INFO] [stderr] 52 |     RightBrace,
[INFO] [stderr]    |     ^^^^^^^^^^
[INFO] [stderr]    |
[INFO] [stderr]    = note: `Token` has a derived impl for the trait `Debug`, but this is intentionally ignored during dead code analysis
[INFO] [stderr] 
[INFO] [stderr] warning: variants `Nil`, `True`, `False`, `If`, `Else`, and `While` are never constructed
[INFO] [stderr]   --> src/read/tokens.rs:59:5
[INFO] [stderr]    |
[INFO] [stderr] 58 | pub enum Keyword {
[INFO] [stderr]    |          ------- variants in this enum
[INFO] [stderr] 59 |     Nil,
[INFO] [stderr]    |     ^^^
[INFO] [stderr] 60 |     True,
[INFO] [stderr]    |     ^^^^
[INFO] [stderr] 61 |     False,
[INFO] [stderr]    |     ^^^^^
[INFO] [stderr] 62 |     If,
[INFO] [stderr]    |     ^^
[INFO] [stderr] 63 |     Else,
[INFO] [stderr]    |     ^^^^
[INFO] [stderr] 64 |     While,
[INFO] [stderr]    |     ^^^^^
[INFO] [stderr]    |
[INFO] [stderr]    = note: `Keyword` has a derived impl for the trait `Debug`, but this is intentionally ignored during dead code analysis
[INFO] [stderr] 
[INFO] [stderr] warning: static `KEYWORD_MAP` is never used
[INFO] [stderr]   --> src/read/tokens.rs:67:12
[INFO] [stderr]    |
[INFO] [stderr] 67 | pub static KEYWORD_MAP: phf::Map<&'static str, Keyword> = phf::phf_map! {
[INFO] [stderr]    |            ^^^^^^^^^^^
[INFO] [stderr] 
[INFO] [stderr] warning: multiple variants are never constructed
[INFO] [stderr]   --> src/read/ast.rs:6:5
[INFO] [stderr]    |
[INFO] [stderr] 4  | pub enum BinaryOperation {
[INFO] [stderr]    |          --------------- variants in this enum
[INFO] [stderr] 5  |     Add,
[INFO] [stderr] 6  |     Subtract,
[INFO] [stderr]    |     ^^^^^^^^
[INFO] [stderr] ...
[INFO] [stderr] 9  |     Modulo,
[INFO] [stderr]    |     ^^^^^^
[INFO] [stderr] 10 |     Exponentiate,
[INFO] [stderr]    |     ^^^^^^^^^^^^
[INFO] [stderr] 11 |     BitwiseAnd,
[INFO] [stderr]    |     ^^^^^^^^^^
[INFO] [stderr] 12 |     BitwiseOr,
[INFO] [stderr]    |     ^^^^^^^^^
[INFO] [stderr] 13 |     BitwiseXor,
[INFO] [stderr]    |     ^^^^^^^^^^
[INFO] [stderr] 14 |     BitwiseShiftLeft,
[INFO] [stderr]    |     ^^^^^^^^^^^^^^^^
[INFO] [stderr] 15 |     BitwiseShiftRight,
[INFO] [stderr]    |     ^^^^^^^^^^^^^^^^^
[INFO] [stderr] 16 |     LogicalAnd,
[INFO] [stderr]    |     ^^^^^^^^^^
[INFO] [stderr] 17 |     LogicalOr,
[INFO] [stderr]    |     ^^^^^^^^^
[INFO] [stderr] 18 |     LogicalXor,
[INFO] [stderr]    |     ^^^^^^^^^^
[INFO] [stderr] 19 |     Equal,
[INFO] [stderr]    |     ^^^^^
[INFO] [stderr] 20 |     NotEqual,
[INFO] [stderr]    |     ^^^^^^^^
[INFO] [stderr] 21 |     LessThan,
[INFO] [stderr]    |     ^^^^^^^^
[INFO] [stderr] 22 |     GreaterThan,
[INFO] [stderr]    |     ^^^^^^^^^^^
[INFO] [stderr] 23 |     LessThanOrEqual,
[INFO] [stderr]    |     ^^^^^^^^^^^^^^^
[INFO] [stderr] 24 |     GreaterThanOrEqual,
[INFO] [stderr]    |     ^^^^^^^^^^^^^^^^^^
[INFO] [stderr]    |
[INFO] [stderr]    = note: `BinaryOperation` has a derived impl for the trait `Debug`, but this is intentionally ignored during dead code analysis
[INFO] [stderr] 
[INFO] [stderr] warning: constant `COMMA_AND_SEMICOLON` is never used
[INFO] [stderr]  --> src/read/bp.rs:3:11
[INFO] [stderr]   |
[INFO] [stderr] 3 | pub const COMMA_AND_SEMICOLON: u8 = 0;
[INFO] [stderr]   |           ^^^^^^^^^^^^^^^^^^^
[INFO] [stderr] 
[INFO] [stderr] warning: constant `RETURN` is never used
[INFO] [stderr]  --> src/read/bp.rs:4:11
[INFO] [stderr]   |
[INFO] [stderr] 4 | pub const RETURN: u8 = 1;
[INFO] [stderr]   |           ^^^^^^
[INFO] [stderr] 
[INFO] [stderr] warning: constant `ASSIGNMENT` is never used
[INFO] [stderr]  --> src/read/bp.rs:5:11
[INFO] [stderr]   |
[INFO] [stderr] 5 | pub const ASSIGNMENT: (u8, u8) = (3, 2);
[INFO] [stderr]   |           ^^^^^^^^^^
[INFO] [stderr] 
[INFO] [stderr] warning: constant `LOGICAL_OR` is never used
[INFO] [stderr]  --> src/read/bp.rs:6:11
[INFO] [stderr]   |
[INFO] [stderr] 6 | pub const LOGICAL_OR: (u8, u8) = (4, 5);
[INFO] [stderr]   |           ^^^^^^^^^^
[INFO] [stderr] 
[INFO] [stderr] warning: constant `LOGICAL_AND` is never used
[INFO] [stderr]  --> src/read/bp.rs:7:11
[INFO] [stderr]   |
[INFO] [stderr] 7 | pub const LOGICAL_AND: (u8, u8) = (6, 7);
[INFO] [stderr]   |           ^^^^^^^^^^^
[INFO] [stderr] 
[INFO] [stderr] warning: constant `BITWISE_OR` is never used
[INFO] [stderr]  --> src/read/bp.rs:8:11
[INFO] [stderr]   |
[INFO] [stderr] 8 | pub const BITWISE_OR: (u8, u8) = (8, 9);
[INFO] [stderr]   |           ^^^^^^^^^^
[INFO] [stderr] 
[INFO] [stderr] warning: constant `BITWISE_AND` is never used
[INFO] [stderr]  --> src/read/bp.rs:9:11
[INFO] [stderr]   |
[INFO] [stderr] 9 | pub const BITWISE_AND: (u8, u8) = (10, 11);
[INFO] [stderr]   |           ^^^^^^^^^^^
[INFO] [stderr] 
[INFO] [stderr] warning: constant `BITWISE_XOR` is never used
[INFO] [stderr]   --> src/read/bp.rs:10:11
[INFO] [stderr]    |
[INFO] [stderr] 10 | pub const BITWISE_XOR: (u8, u8) = (12, 13);
[INFO] [stderr]    |           ^^^^^^^^^^^
[INFO] [stderr] 
[INFO] [stderr] warning: constant `EQUALITY` is never used
[INFO] [stderr]   --> src/read/bp.rs:11:11
[INFO] [stderr]    |
[INFO] [stderr] 11 | pub const EQUALITY: (u8, u8) = (14, 15);
[INFO] [stderr]    |           ^^^^^^^^
[INFO] [stderr] 
[INFO] [stderr] warning: constant `RELATIONAL` is never used
[INFO] [stderr]   --> src/read/bp.rs:12:11
[INFO] [stderr]    |
[INFO] [stderr] 12 | pub const RELATIONAL: (u8, u8) = (16, 17);
[INFO] [stderr]    |           ^^^^^^^^^^
[INFO] [stderr] 
[INFO] [stderr] warning: constant `SHIFT` is never used
[INFO] [stderr]   --> src/read/bp.rs:13:11
[INFO] [stderr]    |
[INFO] [stderr] 13 | pub const SHIFT: (u8, u8) = (18, 19);
[INFO] [stderr]    |           ^^^^^
[INFO] [stderr] 
[INFO] [stderr] warning: constant `EXPONENTIAL` is never used
[INFO] [stderr]   --> src/read/bp.rs:16:11
[INFO] [stderr]    |
[INFO] [stderr] 16 | pub const EXPONENTIAL: (u8, u8) = (24, 25);
[INFO] [stderr]    |           ^^^^^^^^^^^
[INFO] [stderr] 
[INFO] [stderr] warning: constant `NEGATE_AND_NOT` is never used
[INFO] [stderr]   --> src/read/bp.rs:17:11
[INFO] [stderr]    |
[INFO] [stderr] 17 | pub const NEGATE_AND_NOT: u8 = 26;
[INFO] [stderr]    |           ^^^^^^^^^^^^^^
[INFO] [stderr] 
[INFO] [stderr] warning: constant `CALL` is never used
[INFO] [stderr]   --> src/read/bp.rs:18:11
[INFO] [stderr]    |
[INFO] [stderr] 18 | pub const CALL: u8 = 27;
[INFO] [stderr]    |           ^^^^
[INFO] [stderr] 
[INFO] [stderr] warning: constant `ACCESS_AND_OPTIONAL_ACCESS` is never used
[INFO] [stderr]   --> src/read/bp.rs:19:11
[INFO] [stderr]    |
[INFO] [stderr] 19 | pub const ACCESS_AND_OPTIONAL_ACCESS: u8 = 28;
[INFO] [stderr]    |           ^^^^^^^^^^^^^^^^^^^^^^^^^^
[INFO] [stderr] 
[INFO] [stderr] warning: constant `BLOCK` is never used
[INFO] [stderr]   --> src/read/bp.rs:20:11
[INFO] [stderr]    |
[INFO] [stderr] 20 | pub const BLOCK: u8 = 29;
[INFO] [stderr]    |           ^^^^^
[INFO] [stderr] 
[INFO] [stderr] warning: field `mutable` is never read
[INFO] [stderr]   --> src/runtime/mod.rs:14:9
[INFO] [stderr]    |
[INFO] [stderr] 13 | pub struct Variable {
[INFO] [stderr]    |            -------- field in this struct
[INFO] [stderr] 14 |     pub mutable: bool,
[INFO] [stderr]    |         ^^^^^^^
[INFO] [stderr]    |
[INFO] [stderr]    = note: `Variable` has a derived impl for the trait `Debug`, but this is intentionally ignored during dead code analysis
[INFO] [stderr] 
[INFO] [stderr] warning: method `get_string` is never used
[INFO] [stderr]   --> src/runtime/mod.rs:27:12
[INFO] [stderr]    |
[INFO] [stderr] 26 | impl Value {
[INFO] [stderr]    | ---------- method in this implementation
[INFO] [stderr] 27 |     pub fn get_string(&self) -> Option<&str> {
[INFO] [stderr]    |            ^^^^^^^^^^
[INFO] [stderr] 
[INFO] [stderr] warning: constant `PATH_SEPARATOR` is never used
[INFO] [stderr]  --> src/runtime/resolve.rs:8:7
[INFO] [stderr]   |
[INFO] [stderr] 8 | const PATH_SEPARATOR: char = ':';
[INFO] [stderr]   |       ^^^^^^^^^^^^^^
[INFO] [stderr] 
[INFO] [stderr] warning: function `search_program_in_path` is never used
[INFO] [stderr]   --> src/runtime/resolve.rs:10:8
[INFO] [stderr]    |
[INFO] [stderr] 10 | pub fn search_program_in_path(path_text: &str, file_name: &str) -> Option<PathBuf> {
[INFO] [stderr]    |        ^^^^^^^^^^^^^^^^^^^^^^
[INFO] [stderr] 
[INFO] [stderr] warning: unused `Result` that must be used
[INFO] [stderr]    --> src/main.rs:141:13
[INFO] [stderr]     |
[INFO] [stderr] 141 |             execute!(stdout, Print("Error: Failed to parse input\n\r"));
[INFO] [stderr]     |             ^^^^^^^^^^^^^^^^^^^^^^^^^^^^^^^^^^^^^^^^^^^^^^^^^^^^^^^^^^^
[INFO] [stderr]     |
[INFO] [stderr]     = note: this `Result` may be an `Err` variant, which should be handled
[INFO] [stderr]     = note: `#[warn(unused_must_use)]` on by default
[INFO] [stderr]     = note: this warning originates in the macro `execute` (in Nightly builds, run with -Z macro-backtrace for more info)
[INFO] [stderr] 
[INFO] [stderr] warning: `shesh` (bin "shesh" test) generated 29 warnings (run `cargo fix --bin "shesh" --tests` to apply 3 suggestions)
[INFO] [stderr]     Finished `test` profile [unoptimized + debuginfo] target(s) in 0.13s
[INFO] [stderr]      Running unittests src/main.rs (/opt/rustwide/target/debug/deps/shesh-e0ae1adcb96af164)
[INFO] [stdout] 
[INFO] [stdout] running 1 test
[INFO] [stderr] error: test failed, to rerun pass `--bin shesh`
[INFO] [stdout] test read::lex::tests::test_lex ... FAILED
[INFO] [stdout] 
[INFO] [stdout] failures:
[INFO] [stdout] 
[INFO] [stdout] ---- read::lex::tests::test_lex stdout ----
[INFO] [stdout] 
[INFO] [stdout] thread 'read::lex::tests::test_lex' panicked at src/read/lex.rs:115:9:
[INFO] [stdout] assertion `left == right` failed
[INFO] [stdout]   left: Ok(Span { value: Plus, range: 1..2 })
[INFO] [stdout]  right: Ok(Span { value: Plus, range: 0..1 })
[INFO] [stdout] stack backtrace:
[INFO] [stdout]    0:     0x60f189ce778a - std::backtrace_rs::backtrace::libunwind::trace::hb059275cfc8d6126
[INFO] [stdout]                                at /rustc/6067b36314ab5eb2eb47cecc464545ba58e1ad24/library/std/src/../../backtrace/src/backtrace/libunwind.rs:116:5
[INFO] [stdout]    1:     0x60f189ce778a - std::backtrace_rs::backtrace::trace_unsynchronized::h2da071e4327ce3ee
[INFO] [stdout]                                at /rustc/6067b36314ab5eb2eb47cecc464545ba58e1ad24/library/std/src/../../backtrace/src/backtrace/mod.rs:66:5
[INFO] [stdout]    2:     0x60f189ce778a - std::sys::backtrace::_print_fmt::h842a1474e6f8d23f
[INFO] [stdout]                                at /rustc/6067b36314ab5eb2eb47cecc464545ba58e1ad24/library/std/src/sys/backtrace.rs:66:9
[INFO] [stdout]    3:     0x60f189ce778a - <std::sys::backtrace::BacktraceLock::print::DisplayBacktrace as core::fmt::Display>::fmt::h71a62eb3b9696b12
[INFO] [stdout]                                at /rustc/6067b36314ab5eb2eb47cecc464545ba58e1ad24/library/std/src/sys/backtrace.rs:39:26
[INFO] [stdout]    4:     0x60f189d0f0a3 - core::fmt::rt::Argument::fmt::hdb6b616786b41dc1
[INFO] [stdout]                                at /rustc/6067b36314ab5eb2eb47cecc464545ba58e1ad24/library/core/src/fmt/rt.rs:177:76
[INFO] [stdout]    5:     0x60f189d0f0a3 - core::fmt::write::h2cc1698af7e2d686
[INFO] [stdout]                                at /rustc/6067b36314ab5eb2eb47cecc464545ba58e1ad24/library/core/src/fmt/mod.rs:1440:21
[INFO] [stdout]    6:     0x60f189ce42e3 - std::io::Write::write_fmt::hab1b4cd059a79022
[INFO] [stdout]                                at /rustc/6067b36314ab5eb2eb47cecc464545ba58e1ad24/library/std/src/io/mod.rs:1887:15
[INFO] [stdout]    7:     0x60f189ce75d2 - std::sys::backtrace::BacktraceLock::print::h147fe35b4ea13b08
[INFO] [stdout]                                at /rustc/6067b36314ab5eb2eb47cecc464545ba58e1ad24/library/std/src/sys/backtrace.rs:42:9
[INFO] [stdout]    8:     0x60f189ce8baf - std::panicking::default_hook::{{closure}}::hbd44223dbdc0d208
[INFO] [stdout]                                at /rustc/6067b36314ab5eb2eb47cecc464545ba58e1ad24/library/std/src/panicking.rs:298:22
[INFO] [stdout]    9:     0x60f189ce89c8 - std::panicking::default_hook::h20f81eb0576efcec
[INFO] [stdout]                                at /rustc/6067b36314ab5eb2eb47cecc464545ba58e1ad24/library/std/src/panicking.rs:322:9
[INFO] [stdout]   10:     0x60f189cb0f33 - <alloc::boxed::Box<F,A> as core::ops::function::Fn<Args>>::call::hdb53814c496a4d34
[INFO] [stdout]                                at /rustc/6067b36314ab5eb2eb47cecc464545ba58e1ad24/library/alloc/src/boxed.rs:2027:9
[INFO] [stdout]   11:     0x60f189cb0f33 - test::test_main::{{closure}}::hc0a4963c59427c24
[INFO] [stdout]                                at /rustc/6067b36314ab5eb2eb47cecc464545ba58e1ad24/library/test/src/lib.rs:134:21
[INFO] [stdout]   12:     0x60f189ce96a3 - <alloc::boxed::Box<F,A> as core::ops::function::Fn<Args>>::call::h591b2225413a77e9
[INFO] [stdout]                                at /rustc/6067b36314ab5eb2eb47cecc464545ba58e1ad24/library/alloc/src/boxed.rs:2027:9
[INFO] [stdout]   13:     0x60f189ce96a3 - std::panicking::rust_panic_with_hook::h625eea43051b2edc
[INFO] [stdout]                                at /rustc/6067b36314ab5eb2eb47cecc464545ba58e1ad24/library/std/src/panicking.rs:839:13
[INFO] [stdout]   14:     0x60f189ce935a - std::panicking::begin_panic_handler::{{closure}}::h4f9159cfbc3f6bd3
[INFO] [stdout]                                at /rustc/6067b36314ab5eb2eb47cecc464545ba58e1ad24/library/std/src/panicking.rs:704:13
[INFO] [stdout]   15:     0x60f189ce7c89 - std::sys::backtrace::__rust_end_short_backtrace::h0390abce48353151
[INFO] [stdout]                                at /rustc/6067b36314ab5eb2eb47cecc464545ba58e1ad24/library/std/src/sys/backtrace.rs:168:18
[INFO] [stdout]   16:     0x60f189ce8fed - rust_begin_unwind
[INFO] [stdout]                                at /rustc/6067b36314ab5eb2eb47cecc464545ba58e1ad24/library/std/src/panicking.rs:695:5
[INFO] [stdout]   17:     0x60f189d0d7a0 - core::panicking::panic_fmt::h9e7c637e9e5f29c9
[INFO] [stdout]                                at /rustc/6067b36314ab5eb2eb47cecc464545ba58e1ad24/library/core/src/panicking.rs:75:14
[INFO] [stdout]   18:     0x60f189d0dac2 - core::panicking::assert_failed_inner::h538bec7c1374cd9c
[INFO] [stdout]   19:     0x60f189c74ffb - core::panicking::assert_failed::h5397b7d398d3360f
[INFO] [stdout]                                at /rustc/6067b36314ab5eb2eb47cecc464545ba58e1ad24/library/core/src/panicking.rs:364:5
[INFO] [stdout]   20:     0x60f189c76a6c - shesh::read::lex::tests::test_lex::h911c114b32ffac83
[INFO] [stdout]                                at /opt/rustwide/workdir/src/read/lex.rs:115:9
[INFO] [stdout]   21:     0x60f189c769b7 - shesh::read::lex::tests::test_lex::{{closure}}::ha7d76591b605c518
[INFO] [stdout]                                at /opt/rustwide/workdir/src/read/lex.rs:112:22
[INFO] [stdout]   22:     0x60f189c74d76 - core::ops::function::FnOnce::call_once::hd960ae999de1ec52
[INFO] [stdout]                                at /rustc/6067b36314ab5eb2eb47cecc464545ba58e1ad24/library/core/src/ops/function.rs:250:5
[INFO] [stdout]   23:     0x60f189cb668b - core::ops::function::FnOnce::call_once::he27718dfdd183f43
[INFO] [stdout]                                at /rustc/6067b36314ab5eb2eb47cecc464545ba58e1ad24/library/core/src/ops/function.rs:250:5
[INFO] [stdout]   24:     0x60f189cb668b - test::__rust_begin_short_backtrace::h4e84902998457a5d
[INFO] [stdout]                                at /rustc/6067b36314ab5eb2eb47cecc464545ba58e1ad24/library/test/src/lib.rs:632:18
[INFO] [stdout]   25:     0x60f189cb55c3 - test::run_test_in_process::{{closure}}::h7176fd18fc1feca0
[INFO] [stdout]                                at /rustc/6067b36314ab5eb2eb47cecc464545ba58e1ad24/library/test/src/lib.rs:655:60
[INFO] [stdout]   26:     0x60f189cb55c3 - <core::panic::unwind_safe::AssertUnwindSafe<F> as core::ops::function::FnOnce<()>>::call_once::hf79cff2a624d8cf7
[INFO] [stdout]                                at /rustc/6067b36314ab5eb2eb47cecc464545ba58e1ad24/library/core/src/panic/unwind_safe.rs:272:9
[INFO] [stdout]   27:     0x60f189cb55c3 - std::panicking::try::do_call::h3da0561d9ab99c25
[INFO] [stdout]                                at /rustc/6067b36314ab5eb2eb47cecc464545ba58e1ad24/library/std/src/panicking.rs:587:40
[INFO] [stdout]   28:     0x60f189cb55c3 - std::panicking::try::h41c9fa508bc61df6
[INFO] [stdout]                                at /rustc/6067b36314ab5eb2eb47cecc464545ba58e1ad24/library/std/src/panicking.rs:550:19
[INFO] [stdout]   29:     0x60f189cb55c3 - std::panic::catch_unwind::h6b3ff07bb5afad93
[INFO] [stdout]                                at /rustc/6067b36314ab5eb2eb47cecc464545ba58e1ad24/library/std/src/panic.rs:358:14
[INFO] [stdout]   30:     0x60f189cb55c3 - test::run_test_in_process::hc7253dd11b39b9f4
[INFO] [stdout]                                at /rustc/6067b36314ab5eb2eb47cecc464545ba58e1ad24/library/test/src/lib.rs:655:27
[INFO] [stdout]   31:     0x60f189cb55c3 - test::run_test::{{closure}}::hfb2007f8649c30bb
[INFO] [stdout]                                at /rustc/6067b36314ab5eb2eb47cecc464545ba58e1ad24/library/test/src/lib.rs:576:43
[INFO] [stdout]   32:     0x60f189c786a5 - test::run_test::{{closure}}::h56a17aa7a282a9f4
[INFO] [stdout]                                at /rustc/6067b36314ab5eb2eb47cecc464545ba58e1ad24/library/test/src/lib.rs:606:41
[INFO] [stdout]   33:     0x60f189c786a5 - std::sys::backtrace::__rust_begin_short_backtrace::hd2d2d2fb8e8c6aac
[INFO] [stdout]                                at /rustc/6067b36314ab5eb2eb47cecc464545ba58e1ad24/library/std/src/sys/backtrace.rs:152:18
[INFO] [stdout]   34:     0x60f189c7bf8a - std::thread::Builder::spawn_unchecked_::{{closure}}::{{closure}}::h4faa3f9db6133423
[INFO] [stdout]                                at /rustc/6067b36314ab5eb2eb47cecc464545ba58e1ad24/library/std/src/thread/mod.rs:559:17
[INFO] [stdout]   35:     0x60f189c7bf8a - <core::panic::unwind_safe::AssertUnwindSafe<F> as core::ops::function::FnOnce<()>>::call_once::hf2e855a36a4ea846
[INFO] [stdout]                                at /rustc/6067b36314ab5eb2eb47cecc464545ba58e1ad24/library/core/src/panic/unwind_safe.rs:272:9
[INFO] [stdout]   36:     0x60f189c7bf8a - std::panicking::try::do_call::h2f73af3616c35465
[INFO] [stdout]                                at /rustc/6067b36314ab5eb2eb47cecc464545ba58e1ad24/library/std/src/panicking.rs:587:40
[INFO] [stdout]   37:     0x60f189c7bf8a - std::panicking::try::hd1660ce9efadef5a
[INFO] [stdout]                                at /rustc/6067b36314ab5eb2eb47cecc464545ba58e1ad24/library/std/src/panicking.rs:550:19
[INFO] [stdout]   38:     0x60f189c7bf8a - std::panic::catch_unwind::h5ee8d7823b8ca744
[INFO] [stdout]                                at /rustc/6067b36314ab5eb2eb47cecc464545ba58e1ad24/library/std/src/panic.rs:358:14
[INFO] [stdout]   39:     0x60f189c7bf8a - std::thread::Builder::spawn_unchecked_::{{closure}}::h53c3a1894dce8407
[INFO] [stdout]                                at /rustc/6067b36314ab5eb2eb47cecc464545ba58e1ad24/library/std/src/thread/mod.rs:557:30
[INFO] [stdout]   40:     0x60f189c7bf8a - core::ops::function::FnOnce::call_once{{vtable.shim}}::h048ce291ad4f62bf
[INFO] [stdout]                                at /rustc/6067b36314ab5eb2eb47cecc464545ba58e1ad24/library/core/src/ops/function.rs:250:5
[INFO] [stdout]   41:     0x60f189ced5db - <alloc::boxed::Box<F,A> as core::ops::function::FnOnce<Args>>::call_once::ha52bedf99a3b4981
[INFO] [stdout]                                at /rustc/6067b36314ab5eb2eb47cecc464545ba58e1ad24/library/alloc/src/boxed.rs:2013:9
[INFO] [stdout]   42:     0x60f189ced5db - <alloc::boxed::Box<F,A> as core::ops::function::FnOnce<Args>>::call_once::h567748934d80ccf8
[INFO] [stdout]                                at /rustc/6067b36314ab5eb2eb47cecc464545ba58e1ad24/library/alloc/src/boxed.rs:2013:9
[INFO] [stdout]   43:     0x60f189ced5db - std::sys::pal::unix::thread::Thread::new::thread_start::h2d970728ae887adc
[INFO] [stdout]                                at /rustc/6067b36314ab5eb2eb47cecc464545ba58e1ad24/library/std/src/sys/pal/unix/thread.rs:106:17
[INFO] [stdout]   44:     0x700421afdac3 - <unknown>
[INFO] [stdout]   45:     0x700421b8ea04 - clone
[INFO] [stdout]   46:                0x0 - <unknown>
[INFO] [stdout] 
[INFO] [stdout] 
[INFO] [stdout] failures:
[INFO] [stdout]     read::lex::tests::test_lex
[INFO] [stdout] 
[INFO] [stdout] test result: FAILED. 0 passed; 1 failed; 0 ignored; 0 measured; 0 filtered out; finished in 0.03s
[INFO] [stdout] 
[INFO] running `Command { std: "docker" "inspect" "176e0ad7fd6d336388d36d6661d7d8d0dbe2f5155473b8bd0c523f4e19c693f0", kill_on_drop: false }`
[INFO] running `Command { std: "docker" "rm" "-f" "176e0ad7fd6d336388d36d6661d7d8d0dbe2f5155473b8bd0c523f4e19c693f0", kill_on_drop: false }`
[INFO] [stdout] 176e0ad7fd6d336388d36d6661d7d8d0dbe2f5155473b8bd0c523f4e19c693f0
