[INFO] cloning repository https://github.com/Tomyyy-1337/iterator_tools
[INFO] running `Command { std: "git" "-c" "credential.helper=" "-c" "credential.helper=/workspace/cargo-home/bin/git-credential-null" "clone" "--bare" "https://github.com/Tomyyy-1337/iterator_tools" "/workspace/cache/git-repos/https%3A%2F%2Fgithub.com%2FTomyyy-1337%2Fiterator_tools", kill_on_drop: false }`
[INFO] [stderr] Cloning into bare repository '/workspace/cache/git-repos/https%3A%2F%2Fgithub.com%2FTomyyy-1337%2Fiterator_tools'...
[INFO] running `Command { std: "git" "rev-parse" "HEAD", kill_on_drop: false }`
[INFO] [stdout] e0e3c38f3d29d0bbf3ba912c14db89524259b71a
[INFO] testing Tomyyy-1337/iterator_tools against nightly-2025-01-18+rustflags=-Zrandomize-layout for randomize-layout-2
[INFO] running `Command { std: "git" "clone" "/workspace/cache/git-repos/https%3A%2F%2Fgithub.com%2FTomyyy-1337%2Fiterator_tools" "/workspace/builds/worker-3-tc2/source", kill_on_drop: false }`
[INFO] [stderr] Cloning into '/workspace/builds/worker-3-tc2/source'...
[INFO] [stderr] done.
[INFO] validating manifest of git repo https://github.com/Tomyyy-1337/iterator_tools on toolchain nightly-2025-01-18
[INFO] running `Command { std: CARGO_HOME="/workspace/cargo-home" RUSTUP_HOME="/workspace/rustup-home" "/workspace/cargo-home/bin/cargo" "+nightly-2025-01-18" "metadata" "--manifest-path" "Cargo.toml" "--no-deps", kill_on_drop: false }`
[INFO] started tweaking git repo https://github.com/Tomyyy-1337/iterator_tools
[INFO] finished tweaking git repo https://github.com/Tomyyy-1337/iterator_tools
[INFO] tweaked toml for git repo https://github.com/Tomyyy-1337/iterator_tools written to /workspace/builds/worker-3-tc2/source/Cargo.toml
[INFO] crate git repo https://github.com/Tomyyy-1337/iterator_tools already has a lockfile, it will not be regenerated
[INFO] running `Command { std: CARGO_HOME="/workspace/cargo-home" RUSTUP_HOME="/workspace/rustup-home" "/workspace/cargo-home/bin/cargo" "+nightly-2025-01-18" "fetch" "--manifest-path" "Cargo.toml", kill_on_drop: false }`
[INFO] running `Command { std: "docker" "create" "-v" "/var/lib/crater-agent-workspace/builds/worker-3-tc2/target:/opt/rustwide/target:rw,Z" "-v" "/var/lib/crater-agent-workspace/builds/worker-3-tc2/source:/opt/rustwide/workdir:ro,Z" "-v" "/var/lib/crater-agent-workspace/cargo-home:/opt/rustwide/cargo-home:ro,Z" "-v" "/var/lib/crater-agent-workspace/rustup-home:/opt/rustwide/rustup-home:ro,Z" "-e" "SOURCE_DIR=/opt/rustwide/workdir" "-e" "CARGO_TARGET_DIR=/opt/rustwide/target" "-e" "CARGO_HOME=/opt/rustwide/cargo-home" "-e" "RUSTUP_HOME=/opt/rustwide/rustup-home" "-w" "/opt/rustwide/workdir" "-m" "1610612736" "--user" "0:0" "--network" "none" "ghcr.io/rust-lang/crates-build-env/linux@sha256:819108c5571ea2e421544af4d832f968d213c87fbe3707a016657f43d2f853bc" "/opt/rustwide/cargo-home/bin/cargo" "+nightly-2025-01-18" "metadata" "--no-deps" "--format-version=1", kill_on_drop: false }`
[INFO] [stdout] 3e4607a9e7e38a490964767691b6e8e0cb9e777c45f1a1f37a1b2bddb6d0b141
[INFO] running `Command { std: "docker" "start" "-a" "3e4607a9e7e38a490964767691b6e8e0cb9e777c45f1a1f37a1b2bddb6d0b141", kill_on_drop: false }`
[INFO] running `Command { std: "docker" "inspect" "3e4607a9e7e38a490964767691b6e8e0cb9e777c45f1a1f37a1b2bddb6d0b141", kill_on_drop: false }`
[INFO] running `Command { std: "docker" "rm" "-f" "3e4607a9e7e38a490964767691b6e8e0cb9e777c45f1a1f37a1b2bddb6d0b141", kill_on_drop: false }`
[INFO] [stdout] 3e4607a9e7e38a490964767691b6e8e0cb9e777c45f1a1f37a1b2bddb6d0b141
[INFO] running `Command { std: "docker" "create" "-v" "/var/lib/crater-agent-workspace/builds/worker-3-tc2/target:/opt/rustwide/target:rw,Z" "-v" "/var/lib/crater-agent-workspace/builds/worker-3-tc2/source:/opt/rustwide/workdir:ro,Z" "-v" "/var/lib/crater-agent-workspace/cargo-home:/opt/rustwide/cargo-home:ro,Z" "-v" "/var/lib/crater-agent-workspace/rustup-home:/opt/rustwide/rustup-home:ro,Z" "-e" "SOURCE_DIR=/opt/rustwide/workdir" "-e" "CARGO_TARGET_DIR=/opt/rustwide/target" "-e" "CARGO_INCREMENTAL=0" "-e" "RUST_BACKTRACE=full" "-e" "RUSTFLAGS=--cap-lints=forbid -Zrandomize-layout" "-e" "RUSTDOCFLAGS=--cap-lints=forbid" "-e" "CARGO_HOME=/opt/rustwide/cargo-home" "-e" "RUSTUP_HOME=/opt/rustwide/rustup-home" "-w" "/opt/rustwide/workdir" "-m" "1610612736" "--user" "0:0" "--network" "none" "ghcr.io/rust-lang/crates-build-env/linux@sha256:819108c5571ea2e421544af4d832f968d213c87fbe3707a016657f43d2f853bc" "/opt/rustwide/cargo-home/bin/cargo" "+nightly-2025-01-18" "build" "--frozen" "--message-format=json", kill_on_drop: false }`
[INFO] [stdout] ab6b4a62ff9837c0f1572d3ff98c3c0c9ea6a9f6beabfa6a0c8adcc97e1139ca
[INFO] running `Command { std: "docker" "start" "-a" "ab6b4a62ff9837c0f1572d3ff98c3c0c9ea6a9f6beabfa6a0c8adcc97e1139ca", kill_on_drop: false }`
[INFO] [stderr]    Compiling iterator_tools v0.1.0 (/opt/rustwide/workdir)
[INFO] [stderr]     Finished `dev` profile [unoptimized + debuginfo] target(s) in 0.96s
[INFO] running `Command { std: "docker" "inspect" "ab6b4a62ff9837c0f1572d3ff98c3c0c9ea6a9f6beabfa6a0c8adcc97e1139ca", kill_on_drop: false }`
[INFO] running `Command { std: "docker" "rm" "-f" "ab6b4a62ff9837c0f1572d3ff98c3c0c9ea6a9f6beabfa6a0c8adcc97e1139ca", kill_on_drop: false }`
[INFO] [stdout] ab6b4a62ff9837c0f1572d3ff98c3c0c9ea6a9f6beabfa6a0c8adcc97e1139ca
[INFO] running `Command { std: "docker" "create" "-v" "/var/lib/crater-agent-workspace/builds/worker-3-tc2/target:/opt/rustwide/target:rw,Z" "-v" "/var/lib/crater-agent-workspace/builds/worker-3-tc2/source:/opt/rustwide/workdir:ro,Z" "-v" "/var/lib/crater-agent-workspace/cargo-home:/opt/rustwide/cargo-home:ro,Z" "-v" "/var/lib/crater-agent-workspace/rustup-home:/opt/rustwide/rustup-home:ro,Z" "-e" "SOURCE_DIR=/opt/rustwide/workdir" "-e" "CARGO_TARGET_DIR=/opt/rustwide/target" "-e" "CARGO_INCREMENTAL=0" "-e" "RUST_BACKTRACE=full" "-e" "RUSTFLAGS=--cap-lints=forbid -Zrandomize-layout" "-e" "RUSTDOCFLAGS=--cap-lints=forbid" "-e" "CARGO_HOME=/opt/rustwide/cargo-home" "-e" "RUSTUP_HOME=/opt/rustwide/rustup-home" "-w" "/opt/rustwide/workdir" "-m" "1610612736" "--user" "0:0" "--network" "none" "ghcr.io/rust-lang/crates-build-env/linux@sha256:819108c5571ea2e421544af4d832f968d213c87fbe3707a016657f43d2f853bc" "/opt/rustwide/cargo-home/bin/cargo" "+nightly-2025-01-18" "test" "--frozen" "--no-run" "--message-format=json", kill_on_drop: false }`
[INFO] [stdout] bf7402f2af8db502fa6786577b0a6e8a409d9cb6af97d818f19f2e6b6aaee5c1
[INFO] running `Command { std: "docker" "start" "-a" "bf7402f2af8db502fa6786577b0a6e8a409d9cb6af97d818f19f2e6b6aaee5c1", kill_on_drop: false }`
[INFO] [stderr]    Compiling iterator_tools v0.1.0 (/opt/rustwide/workdir)
[INFO] [stderr]     Finished `test` profile [unoptimized + debuginfo] target(s) in 1.38s
[INFO] running `Command { std: "docker" "inspect" "bf7402f2af8db502fa6786577b0a6e8a409d9cb6af97d818f19f2e6b6aaee5c1", kill_on_drop: false }`
[INFO] running `Command { std: "docker" "rm" "-f" "bf7402f2af8db502fa6786577b0a6e8a409d9cb6af97d818f19f2e6b6aaee5c1", kill_on_drop: false }`
[INFO] [stdout] bf7402f2af8db502fa6786577b0a6e8a409d9cb6af97d818f19f2e6b6aaee5c1
[INFO] running `Command { std: "docker" "create" "-v" "/var/lib/crater-agent-workspace/builds/worker-3-tc2/target:/opt/rustwide/target:rw,Z" "-v" "/var/lib/crater-agent-workspace/builds/worker-3-tc2/source:/opt/rustwide/workdir:ro,Z" "-v" "/var/lib/crater-agent-workspace/cargo-home:/opt/rustwide/cargo-home:ro,Z" "-v" "/var/lib/crater-agent-workspace/rustup-home:/opt/rustwide/rustup-home:ro,Z" "-e" "SOURCE_DIR=/opt/rustwide/workdir" "-e" "CARGO_TARGET_DIR=/opt/rustwide/target" "-e" "CARGO_INCREMENTAL=0" "-e" "RUST_BACKTRACE=full" "-e" "RUSTFLAGS=--cap-lints=forbid -Zrandomize-layout" "-e" "RUSTDOCFLAGS=--cap-lints=forbid" "-e" "CARGO_HOME=/opt/rustwide/cargo-home" "-e" "RUSTUP_HOME=/opt/rustwide/rustup-home" "-w" "/opt/rustwide/workdir" "-m" "1610612736" "--user" "0:0" "--network" "none" "ghcr.io/rust-lang/crates-build-env/linux@sha256:819108c5571ea2e421544af4d832f968d213c87fbe3707a016657f43d2f853bc" "/opt/rustwide/cargo-home/bin/cargo" "+nightly-2025-01-18" "test" "--frozen", kill_on_drop: false }`
[INFO] [stdout] e0cb4f79a283073848a6be7e7e9a0383230c465ac735d5df1ed781c84c8a26b0
[INFO] running `Command { std: "docker" "start" "-a" "e0cb4f79a283073848a6be7e7e9a0383230c465ac735d5df1ed781c84c8a26b0", kill_on_drop: false }`
[INFO] [stderr]     Finished `test` profile [unoptimized + debuginfo] target(s) in 0.02s
[INFO] [stderr]      Running unittests src/lib.rs (/opt/rustwide/target/debug/deps/iterator_tools-2af2fdbc7e77ad6d)
[INFO] [stdout] 
[INFO] [stdout] running 6 tests
[INFO] [stdout] test parallel_position::tests::find_test_4 ... ok
[INFO] [stdout] test parallel_sum::tests::test_parallel_sum ... ok
[INFO] [stdout] test parallel_sum::tests::test_parallel_sum_2 ... ok
[INFO] [stdout] test parallel_position::tests::find_test_2 ... ok
[INFO] [stdout] test parallel_position::tests::find_test_3 ... ok
[INFO] [stderr]      Running unittests src/main.rs (/opt/rustwide/target/debug/deps/iterator_tools-343547314679736e)
[INFO] [stdout] test parallel_position::tests::find_test_1 ... ok
[INFO] [stdout] 
[INFO] [stdout] test result: ok. 6 passed; 0 failed; 0 ignored; 0 measured; 0 filtered out; finished in 3.36s
[INFO] [stdout] 
[INFO] [stdout] 
[INFO] [stdout] running 0 tests
[INFO] [stdout] 
[INFO] [stdout] test result: ok. 0 passed; 0 failed; 0 ignored; 0 measured; 0 filtered out; finished in 0.00s
[INFO] [stdout] 
[INFO] [stderr]    Doc-tests iterator_tools
[INFO] [stdout] 
[INFO] [stdout] running 2 tests
[INFO] [stdout] test src/parallel_position.rs - parallel_position::ParallelPosition::find (line 13) ... FAILED
[INFO] [stdout] test src/parallel_sum.rs - parallel_sum::ParallelSum::map_sum (line 19) ... FAILED
[INFO] [stdout] 
[INFO] [stdout] failures:
[INFO] [stdout] 
[INFO] [stdout] ---- src/parallel_position.rs - parallel_position::ParallelPosition::find (line 13) stdout ----
[INFO] [stdout] error[E0433]: failed to resolve: use of undeclared type `ParallelPosition`
[INFO] [stdout]  --> src/parallel_position.rs:14:14
[INFO] [stdout]   |
[INFO] [stdout] 3 | let result = ParallelPosition::find(0.. ,|x| x == 10_000, 28, 100);
[INFO] [stdout]   |              ^^^^^^^^^^^^^^^^ use of undeclared type `ParallelPosition`
[INFO] [stdout]   |
[INFO] [stdout] help: consider importing this struct
[INFO] [stdout]   |
[INFO] [stdout] 2 + use iterator_tools::ParallelPosition;
[INFO] [stdout]   |
[INFO] [stdout] 
[INFO] [stdout] error: aborting due to 1 previous error
[INFO] [stdout] 
[INFO] [stdout] For more information about this error, try `rustc --explain E0433`.
[INFO] [stdout] Couldn't compile the test.
[INFO] [stdout] ---- src/parallel_sum.rs - parallel_sum::ParallelSum::map_sum (line 19) stdout ----
[INFO] [stdout] error[E0433]: failed to resolve: use of undeclared type `ParallelSum`
[INFO] [stdout]  --> src/parallel_sum.rs:20:14
[INFO] [stdout]   |
[INFO] [stdout] 3 | let result = ParallelSum::map_sum(0..=100u64, |x| x, 10, 1000);
[INFO] [stdout]   |              ^^^^^^^^^^^ use of undeclared type `ParallelSum`
[INFO] [stdout]   |
[INFO] [stdout] help: consider importing this struct
[INFO] [stdout]   |
[INFO] [stdout] 2 + use iterator_tools::ParallelSum;
[INFO] [stdout]   |
[INFO] [stdout] 
[INFO] [stdout] error: aborting due to 1 previous error
[INFO] [stdout] 
[INFO] [stdout] For more information about this error, try `rustc --explain E0433`.
[INFO] [stdout] Couldn't compile the test.
[INFO] [stdout] 
[INFO] [stdout] failures:
[INFO] [stdout]     src/parallel_position.rs - parallel_position::ParallelPosition::find (line 13)
[INFO] [stdout]     src/parallel_sum.rs - parallel_sum::ParallelSum::map_sum (line 19)
[INFO] [stdout] 
[INFO] [stdout] test result: FAILED. 0 passed; 2 failed; 0 ignored; 0 measured; 0 filtered out; finished in 0.14s
[INFO] [stdout] 
[INFO] [stderr] error: doctest failed, to rerun pass `--doc`
[INFO] running `Command { std: "docker" "inspect" "e0cb4f79a283073848a6be7e7e9a0383230c465ac735d5df1ed781c84c8a26b0", kill_on_drop: false }`
[INFO] running `Command { std: "docker" "rm" "-f" "e0cb4f79a283073848a6be7e7e9a0383230c465ac735d5df1ed781c84c8a26b0", kill_on_drop: false }`
[INFO] [stdout] e0cb4f79a283073848a6be7e7e9a0383230c465ac735d5df1ed781c84c8a26b0
