[INFO] cloning repository https://github.com/TomSawyer404/rust-cat
[INFO] running `Command { std: "git" "-c" "credential.helper=" "-c" "credential.helper=/workspace/cargo-home/bin/git-credential-null" "clone" "--bare" "https://github.com/TomSawyer404/rust-cat" "/workspace/cache/git-repos/https%3A%2F%2Fgithub.com%2FTomSawyer404%2Frust-cat", kill_on_drop: false }`
[INFO] [stderr] Cloning into bare repository '/workspace/cache/git-repos/https%3A%2F%2Fgithub.com%2FTomSawyer404%2Frust-cat'...
[INFO] running `Command { std: "git" "rev-parse" "HEAD", kill_on_drop: false }`
[INFO] [stdout] 6190c64a2a8d34d456da0b90285b59b423ef4325
[INFO] testing TomSawyer404/rust-cat against nightly-2025-01-18 for randomize-layout-2
[INFO] running `Command { std: "git" "clone" "/workspace/cache/git-repos/https%3A%2F%2Fgithub.com%2FTomSawyer404%2Frust-cat" "/workspace/builds/worker-0-tc1/source", kill_on_drop: false }`
[INFO] [stderr] Cloning into '/workspace/builds/worker-0-tc1/source'...
[INFO] [stderr] done.
[INFO] validating manifest of git repo https://github.com/TomSawyer404/rust-cat on toolchain nightly-2025-01-18
[INFO] running `Command { std: CARGO_HOME="/workspace/cargo-home" RUSTUP_HOME="/workspace/rustup-home" "/workspace/cargo-home/bin/cargo" "+nightly-2025-01-18" "metadata" "--manifest-path" "Cargo.toml" "--no-deps", kill_on_drop: false }`
[INFO] started tweaking git repo https://github.com/TomSawyer404/rust-cat
[INFO] finished tweaking git repo https://github.com/TomSawyer404/rust-cat
[INFO] tweaked toml for git repo https://github.com/TomSawyer404/rust-cat written to /workspace/builds/worker-0-tc1/source/Cargo.toml
[INFO] crate git repo https://github.com/TomSawyer404/rust-cat already has a lockfile, it will not be regenerated
[INFO] running `Command { std: CARGO_HOME="/workspace/cargo-home" RUSTUP_HOME="/workspace/rustup-home" "/workspace/cargo-home/bin/cargo" "+nightly-2025-01-18" "fetch" "--manifest-path" "Cargo.toml", kill_on_drop: false }`
[INFO] [stderr]     Blocking waiting for file lock on package cache
[INFO] [stderr]  Downloading crates ...
[INFO] [stderr]   Downloaded predicates v2.0.3
[INFO] [stderr]   Downloaded assert_cmd v2.0.2
[INFO] running `Command { std: "docker" "create" "-v" "/var/lib/crater-agent-workspace/builds/worker-0-tc1/target:/opt/rustwide/target:rw,Z" "-v" "/var/lib/crater-agent-workspace/builds/worker-0-tc1/source:/opt/rustwide/workdir:ro,Z" "-v" "/var/lib/crater-agent-workspace/cargo-home:/opt/rustwide/cargo-home:ro,Z" "-v" "/var/lib/crater-agent-workspace/rustup-home:/opt/rustwide/rustup-home:ro,Z" "-e" "SOURCE_DIR=/opt/rustwide/workdir" "-e" "CARGO_TARGET_DIR=/opt/rustwide/target" "-e" "CARGO_HOME=/opt/rustwide/cargo-home" "-e" "RUSTUP_HOME=/opt/rustwide/rustup-home" "-w" "/opt/rustwide/workdir" "-m" "1610612736" "--user" "0:0" "--network" "none" "ghcr.io/rust-lang/crates-build-env/linux@sha256:819108c5571ea2e421544af4d832f968d213c87fbe3707a016657f43d2f853bc" "/opt/rustwide/cargo-home/bin/cargo" "+nightly-2025-01-18" "metadata" "--no-deps" "--format-version=1", kill_on_drop: false }`
[INFO] [stdout] e87ed92023376c7f4102998336bc5fa4c26ab2067eac38c4e38e43728e94ce79
[INFO] running `Command { std: "docker" "start" "-a" "e87ed92023376c7f4102998336bc5fa4c26ab2067eac38c4e38e43728e94ce79", kill_on_drop: false }`
[INFO] running `Command { std: "docker" "inspect" "e87ed92023376c7f4102998336bc5fa4c26ab2067eac38c4e38e43728e94ce79", kill_on_drop: false }`
[INFO] running `Command { std: "docker" "rm" "-f" "e87ed92023376c7f4102998336bc5fa4c26ab2067eac38c4e38e43728e94ce79", kill_on_drop: false }`
[INFO] [stdout] e87ed92023376c7f4102998336bc5fa4c26ab2067eac38c4e38e43728e94ce79
[INFO] running `Command { std: "docker" "create" "-v" "/var/lib/crater-agent-workspace/builds/worker-0-tc1/target:/opt/rustwide/target:rw,Z" "-v" "/var/lib/crater-agent-workspace/builds/worker-0-tc1/source:/opt/rustwide/workdir:ro,Z" "-v" "/var/lib/crater-agent-workspace/cargo-home:/opt/rustwide/cargo-home:ro,Z" "-v" "/var/lib/crater-agent-workspace/rustup-home:/opt/rustwide/rustup-home:ro,Z" "-e" "SOURCE_DIR=/opt/rustwide/workdir" "-e" "CARGO_TARGET_DIR=/opt/rustwide/target" "-e" "CARGO_INCREMENTAL=0" "-e" "RUST_BACKTRACE=full" "-e" "RUSTFLAGS=--cap-lints=forbid" "-e" "RUSTDOCFLAGS=--cap-lints=forbid" "-e" "CARGO_HOME=/opt/rustwide/cargo-home" "-e" "RUSTUP_HOME=/opt/rustwide/rustup-home" "-w" "/opt/rustwide/workdir" "-m" "1610612736" "--user" "0:0" "--network" "none" "ghcr.io/rust-lang/crates-build-env/linux@sha256:819108c5571ea2e421544af4d832f968d213c87fbe3707a016657f43d2f853bc" "/opt/rustwide/cargo-home/bin/cargo" "+nightly-2025-01-18" "build" "--frozen" "--message-format=json", kill_on_drop: false }`
[INFO] [stdout] 5bf9e53b834438ea78c625055052345833031aaf6e2120e61dd5e21046c5db86
[INFO] running `Command { std: "docker" "start" "-a" "5bf9e53b834438ea78c625055052345833031aaf6e2120e61dd5e21046c5db86", kill_on_drop: false }`
[INFO] [stderr]    Compiling libc v0.2.106
[INFO] [stderr]    Compiling unicode-width v0.1.9
[INFO] [stderr]    Compiling vec_map v0.8.2
[INFO] [stderr]    Compiling bitflags v1.3.2
[INFO] [stderr]    Compiling strsim v0.8.0
[INFO] [stderr]    Compiling textwrap v0.11.0
[INFO] [stderr]    Compiling atty v0.2.14
[INFO] [stderr]    Compiling clap v2.33.3
[INFO] [stderr]    Compiling rust-cat v0.1.0 (/opt/rustwide/workdir)
[INFO] [stderr]     Finished `dev` profile [unoptimized + debuginfo] target(s) in 5.96s
[INFO] running `Command { std: "docker" "inspect" "5bf9e53b834438ea78c625055052345833031aaf6e2120e61dd5e21046c5db86", kill_on_drop: false }`
[INFO] running `Command { std: "docker" "rm" "-f" "5bf9e53b834438ea78c625055052345833031aaf6e2120e61dd5e21046c5db86", kill_on_drop: false }`
[INFO] [stdout] 5bf9e53b834438ea78c625055052345833031aaf6e2120e61dd5e21046c5db86
[INFO] running `Command { std: "docker" "create" "-v" "/var/lib/crater-agent-workspace/builds/worker-0-tc1/target:/opt/rustwide/target:rw,Z" "-v" "/var/lib/crater-agent-workspace/builds/worker-0-tc1/source:/opt/rustwide/workdir:ro,Z" "-v" "/var/lib/crater-agent-workspace/cargo-home:/opt/rustwide/cargo-home:ro,Z" "-v" "/var/lib/crater-agent-workspace/rustup-home:/opt/rustwide/rustup-home:ro,Z" "-e" "SOURCE_DIR=/opt/rustwide/workdir" "-e" "CARGO_TARGET_DIR=/opt/rustwide/target" "-e" "CARGO_INCREMENTAL=0" "-e" "RUST_BACKTRACE=full" "-e" "RUSTFLAGS=--cap-lints=forbid" "-e" "RUSTDOCFLAGS=--cap-lints=forbid" "-e" "CARGO_HOME=/opt/rustwide/cargo-home" "-e" "RUSTUP_HOME=/opt/rustwide/rustup-home" "-w" "/opt/rustwide/workdir" "-m" "1610612736" "--user" "0:0" "--network" "none" "ghcr.io/rust-lang/crates-build-env/linux@sha256:819108c5571ea2e421544af4d832f968d213c87fbe3707a016657f43d2f853bc" "/opt/rustwide/cargo-home/bin/cargo" "+nightly-2025-01-18" "test" "--frozen" "--no-run" "--message-format=json", kill_on_drop: false }`
[INFO] [stdout] 8d9d988e4dbb22c19128684fd56bbb48b2c73f0abee674d0d4e328caa0860de1
[INFO] running `Command { std: "docker" "start" "-a" "8d9d988e4dbb22c19128684fd56bbb48b2c73f0abee674d0d4e328caa0860de1", kill_on_drop: false }`
[INFO] [stderr]    Compiling memchr v2.4.1
[INFO] [stderr]    Compiling autocfg v1.0.1
[INFO] [stderr]    Compiling regex-syntax v0.6.25
[INFO] [stderr]    Compiling doc-comment v0.3.3
[INFO] [stderr]    Compiling predicates-core v1.0.2
[INFO] [stderr]    Compiling either v1.6.1
[INFO] [stderr]    Compiling difflib v0.4.0
[INFO] [stderr]    Compiling lazy_static v1.4.0
[INFO] [stderr]    Compiling normalize-line-endings v0.3.0
[INFO] [stderr]    Compiling regex-automata v0.1.10
[INFO] [stderr]    Compiling termtree v0.2.3
[INFO] [stderr]    Compiling wait-timeout v0.2.0
[INFO] [stderr]    Compiling itertools v0.10.1
[INFO] [stderr]    Compiling predicates-tree v1.0.4
[INFO] [stderr]    Compiling num-traits v0.2.14
[INFO] [stderr]    Compiling aho-corasick v0.7.18
[INFO] [stderr]    Compiling bstr v0.2.17
[INFO] [stderr]    Compiling float-cmp v0.9.0
[INFO] [stderr]    Compiling regex v1.5.4
[INFO] [stderr]    Compiling predicates v2.0.3
[INFO] [stderr]    Compiling assert_cmd v2.0.2
[INFO] [stderr]    Compiling rust-cat v0.1.0 (/opt/rustwide/workdir)
[INFO] [stderr]     Finished `test` profile [unoptimized + debuginfo] target(s) in 5.73s
[INFO] running `Command { std: "docker" "inspect" "8d9d988e4dbb22c19128684fd56bbb48b2c73f0abee674d0d4e328caa0860de1", kill_on_drop: false }`
[INFO] running `Command { std: "docker" "rm" "-f" "8d9d988e4dbb22c19128684fd56bbb48b2c73f0abee674d0d4e328caa0860de1", kill_on_drop: false }`
[INFO] [stdout] 8d9d988e4dbb22c19128684fd56bbb48b2c73f0abee674d0d4e328caa0860de1
[INFO] running `Command { std: "docker" "create" "-v" "/var/lib/crater-agent-workspace/builds/worker-0-tc1/target:/opt/rustwide/target:rw,Z" "-v" "/var/lib/crater-agent-workspace/builds/worker-0-tc1/source:/opt/rustwide/workdir:ro,Z" "-v" "/var/lib/crater-agent-workspace/cargo-home:/opt/rustwide/cargo-home:ro,Z" "-v" "/var/lib/crater-agent-workspace/rustup-home:/opt/rustwide/rustup-home:ro,Z" "-e" "SOURCE_DIR=/opt/rustwide/workdir" "-e" "CARGO_TARGET_DIR=/opt/rustwide/target" "-e" "CARGO_INCREMENTAL=0" "-e" "RUST_BACKTRACE=full" "-e" "RUSTFLAGS=--cap-lints=forbid" "-e" "RUSTDOCFLAGS=--cap-lints=forbid" "-e" "CARGO_HOME=/opt/rustwide/cargo-home" "-e" "RUSTUP_HOME=/opt/rustwide/rustup-home" "-w" "/opt/rustwide/workdir" "-m" "1610612736" "--user" "0:0" "--network" "none" "ghcr.io/rust-lang/crates-build-env/linux@sha256:819108c5571ea2e421544af4d832f968d213c87fbe3707a016657f43d2f853bc" "/opt/rustwide/cargo-home/bin/cargo" "+nightly-2025-01-18" "test" "--frozen", kill_on_drop: false }`
[INFO] [stdout] ac680c551c29119b11efb1961978ff7d7943115b6cd4ccb2c25f85d41f968ff9
[INFO] running `Command { std: "docker" "start" "-a" "ac680c551c29119b11efb1961978ff7d7943115b6cd4ccb2c25f85d41f968ff9", kill_on_drop: false }`
[INFO] [stderr]     Finished `test` profile [unoptimized + debuginfo] target(s) in 0.02s
[INFO] [stderr]      Running unittests src/lib.rs (/opt/rustwide/target/debug/deps/rust_cat-aa1ba237ebe36dfe)
[INFO] [stdout] 
[INFO] [stdout] running 0 tests
[INFO] [stdout] 
[INFO] [stdout] test result: ok. 0 passed; 0 failed; 0 ignored; 0 measured; 0 filtered out; finished in 0.00s
[INFO] [stdout] 
[INFO] [stderr]      Running unittests src/main.rs (/opt/rustwide/target/debug/deps/rust_cat-e60b372b81972afd)
[INFO] [stdout] 
[INFO] [stdout] running 0 tests
[INFO] [stdout] 
[INFO] [stdout] test result: ok. 0 passed; 0 failed; 0 ignored; 0 measured; 0 filtered out; finished in 0.00s
[INFO] [stdout] 
[INFO] [stderr]      Running tests/cat_test.rs (/opt/rustwide/target/debug/deps/cat_test-1b78e92a7ae61a15)
[INFO] [stdout] 
[INFO] [stdout] running 9 tests
[INFO] [stdout] test no_args ... ok
[INFO] [stdout] test file_not_found ... ok
[INFO] [stdout] test one_file_with_arg_n_and_b ... ok
[INFO] [stdout] test one_file_with_arg_b ... FAILED
[INFO] [stdout] test one_file_without_arg ... FAILED
[INFO] [stdout] test two_file_with_arg_n ... FAILED
[INFO] [stdout] test one_file_with_arg_n ... FAILED
[INFO] [stdout] test two_file_with_arg_b ... FAILED
[INFO] [stdout] test two_file_without_arg ... FAILED
[INFO] [stdout] 
[INFO] [stdout] failures:
[INFO] [stdout] 
[INFO] [stdout] ---- one_file_with_arg_b stdout ----
[INFO] [stdout] 
[INFO] [stdout] thread 'one_file_with_arg_b' panicked at /rustc/6067b36314ab5eb2eb47cecc464545ba58e1ad24/library/core/src/ops/function.rs:250:5:
[INFO] [stdout] Unexpected stdout, failed diff original var
[INFO] [stdout] ├── original:      1	[package]
[INFO] [stdout] |        2	name = "rust-cat"
[INFO] [stdout] |        3	version = "0.1.0"
[INFO] [stdout] |        4	edition = "2018"
[INFO] [stdout] |   
[INFO] [stdout] |        5	# See more keys and their definitions at https://doc.rust-lang.org/cargo/reference/manifest.html
[INFO] [stdout] |   
[INFO] [stdout] |        6	[dependencies]
[INFO] [stdout] |        7	clap = "2.33.3"
[INFO] [stdout] |        8	[dev-dependencies]
[INFO] [stdout] |        9	predicates = "2"
[INFO] [stdout] |       10	assert_cmd = "2"
[INFO] [stdout] ├── diff: 
[INFO] [stdout] |   --- 	orig
[INFO] [stdout] |   +++ 	var
[INFO] [stdout] |   @@ -1,4 +1,2 @@
[INFO] [stdout] |   -     1	[package]
[INFO] [stdout] |   -     2	name = "rust-cat"
[INFO] [stdout] |   -     3	version = "0.1.0"
[INFO] [stdout] |   -     4	edition = "2018"
[INFO] [stdout] |   +     1	[dependencies]
[INFO] [stdout] |   +     2	clap = "2.33.3"
[INFO] [stdout] |   @@ -6 +4,3 @@
[INFO] [stdout] |   -     5	# See more keys and their definitions at https://doc.rust-lang.org/cargo/reference/manifest.html
[INFO] [stdout] |   +     3	[dev-dependencies]
[INFO] [stdout] |   +     4	assert_cmd = "2"
[INFO] [stdout] |   +     5	predicates = "2"
[INFO] [stdout] |   @@ -8,5 +8,4 @@
[INFO] [stdout] |   -     6	[dependencies]
[INFO] [stdout] |   -     7	clap = "2.33.3"
[INFO] [stdout] |   -     8	[dev-dependencies]
[INFO] [stdout] |   -     9	predicates = "2"
[INFO] [stdout] |   -    10	assert_cmd = "2"
[INFO] [stdout] |   +     6	[package]
[INFO] [stdout] |   +     7	edition = "2018"
[INFO] [stdout] |   +     8	name = "rust-cat"
[INFO] [stdout] |   +     9	version = "0.1.0"
[INFO] [stdout] └── var as str:      1	[dependencies]
[INFO] [stdout]          2	clap = "2.33.3"
[INFO] [stdout]     
[INFO] [stdout]          3	[dev-dependencies]
[INFO] [stdout]          4	assert_cmd = "2"
[INFO] [stdout]          5	predicates = "2"
[INFO] [stdout]     
[INFO] [stdout]          6	[package]
[INFO] [stdout]          7	edition = "2018"
[INFO] [stdout]          8	name = "rust-cat"
[INFO] [stdout]          9	version = "0.1.0"
[INFO] [stdout] 
[INFO] [stdout] command=`"/opt/rustwide/target/debug/rust-cat" "-b" "Cargo.toml"`
[INFO] [stdout] code=0
[INFO] [stdout] stdout="     1\t[dependencies]\n     2\tclap = \"2.33.3\"\n\n     3\t[dev-dependencies]\n     4\tassert_cmd = \"2\"\n     5\tpredicates = \"2\"\n\n     6\t[package]\n     7\tedition = \"2018\"\n     8\tname = \"rust-cat\"\n     9\tversion = \"0.1.0\"\n"
[INFO] [stdout] stderr=""
[INFO] [stdout] 
[INFO] [stdout] stack backtrace:
[INFO] [stdout]    0:     0x61d078ff752a - std::backtrace_rs::backtrace::libunwind::trace::hb059275cfc8d6126
[INFO] [stdout]                                at /rustc/6067b36314ab5eb2eb47cecc464545ba58e1ad24/library/std/src/../../backtrace/src/backtrace/libunwind.rs:116:5
[INFO] [stdout]    1:     0x61d078ff752a - std::backtrace_rs::backtrace::trace_unsynchronized::h2da071e4327ce3ee
[INFO] [stdout]                                at /rustc/6067b36314ab5eb2eb47cecc464545ba58e1ad24/library/std/src/../../backtrace/src/backtrace/mod.rs:66:5
[INFO] [stdout]    2:     0x61d078ff752a - std::sys::backtrace::_print_fmt::h842a1474e6f8d23f
[INFO] [stdout]                                at /rustc/6067b36314ab5eb2eb47cecc464545ba58e1ad24/library/std/src/sys/backtrace.rs:66:9
[INFO] [stdout]    3:     0x61d078ff752a - <std::sys::backtrace::BacktraceLock::print::DisplayBacktrace as core::fmt::Display>::fmt::h71a62eb3b9696b12
[INFO] [stdout]                                at /rustc/6067b36314ab5eb2eb47cecc464545ba58e1ad24/library/std/src/sys/backtrace.rs:39:26
[INFO] [stdout]    4:     0x61d07901fe23 - core::fmt::rt::Argument::fmt::hdb6b616786b41dc1
[INFO] [stdout]                                at /rustc/6067b36314ab5eb2eb47cecc464545ba58e1ad24/library/core/src/fmt/rt.rs:177:76
[INFO] [stdout]    5:     0x61d07901fe23 - core::fmt::write::h2cc1698af7e2d686
[INFO] [stdout]                                at /rustc/6067b36314ab5eb2eb47cecc464545ba58e1ad24/library/core/src/fmt/mod.rs:1440:21
[INFO] [stdout]    6:     0x61d078ff39d3 - std::io::Write::write_fmt::hab1b4cd059a79022
[INFO] [stdout]                                at /rustc/6067b36314ab5eb2eb47cecc464545ba58e1ad24/library/std/src/io/mod.rs:1887:15
[INFO] [stdout]    7:     0x61d078ff7372 - std::sys::backtrace::BacktraceLock::print::h147fe35b4ea13b08
[INFO] [stdout]                                at /rustc/6067b36314ab5eb2eb47cecc464545ba58e1ad24/library/std/src/sys/backtrace.rs:42:9
[INFO] [stdout]    8:     0x61d078ff89cf - std::panicking::default_hook::{{closure}}::hbd44223dbdc0d208
[INFO] [stdout]                                at /rustc/6067b36314ab5eb2eb47cecc464545ba58e1ad24/library/std/src/panicking.rs:298:22
[INFO] [stdout]    9:     0x61d078ff87e8 - std::panicking::default_hook::h20f81eb0576efcec
[INFO] [stdout]                                at /rustc/6067b36314ab5eb2eb47cecc464545ba58e1ad24/library/std/src/panicking.rs:322:9
[INFO] [stdout]   10:     0x61d078f64a53 - <alloc::boxed::Box<F,A> as core::ops::function::Fn<Args>>::call::hdb53814c496a4d34
[INFO] [stdout]                                at /rustc/6067b36314ab5eb2eb47cecc464545ba58e1ad24/library/alloc/src/boxed.rs:2027:9
[INFO] [stdout]   11:     0x61d078f64a53 - test::test_main::{{closure}}::hc0a4963c59427c24
[INFO] [stdout]                                at /rustc/6067b36314ab5eb2eb47cecc464545ba58e1ad24/library/test/src/lib.rs:134:21
[INFO] [stdout]   12:     0x61d078ff94c3 - <alloc::boxed::Box<F,A> as core::ops::function::Fn<Args>>::call::h591b2225413a77e9
[INFO] [stdout]                                at /rustc/6067b36314ab5eb2eb47cecc464545ba58e1ad24/library/alloc/src/boxed.rs:2027:9
[INFO] [stdout]   13:     0x61d078ff94c3 - std::panicking::rust_panic_with_hook::h625eea43051b2edc
[INFO] [stdout]                                at /rustc/6067b36314ab5eb2eb47cecc464545ba58e1ad24/library/std/src/panicking.rs:839:13
[INFO] [stdout]   14:     0x61d078ff917a - std::panicking::begin_panic_handler::{{closure}}::h4f9159cfbc3f6bd3
[INFO] [stdout]                                at /rustc/6067b36314ab5eb2eb47cecc464545ba58e1ad24/library/std/src/panicking.rs:704:13
[INFO] [stdout]   15:     0x61d078ff7a29 - std::sys::backtrace::__rust_end_short_backtrace::h0390abce48353151
[INFO] [stdout]                                at /rustc/6067b36314ab5eb2eb47cecc464545ba58e1ad24/library/std/src/sys/backtrace.rs:168:18
[INFO] [stdout]   16:     0x61d078ff8e0d - rust_begin_unwind
[INFO] [stdout]                                at /rustc/6067b36314ab5eb2eb47cecc464545ba58e1ad24/library/std/src/panicking.rs:695:5
[INFO] [stdout]   17:     0x61d07901e4f0 - core::panicking::panic_fmt::h9e7c637e9e5f29c9
[INFO] [stdout]                                at /rustc/6067b36314ab5eb2eb47cecc464545ba58e1ad24/library/core/src/panicking.rs:75:14
[INFO] [stdout]   18:     0x61d078f71fb3 - core::panicking::panic_display::ha4244955c9018045
[INFO] [stdout]                                at /rustc/6067b36314ab5eb2eb47cecc464545ba58e1ad24/library/core/src/panicking.rs:261:5
[INFO] [stdout]   19:     0x61d078f82107 - assert_cmd::assert::AssertError::panic::h4dd866516ce6be5f
[INFO] [stdout]                                at /opt/rustwide/cargo-home/registry/src/index.crates.io-1949cf8c6b5b557f/assert_cmd-2.0.2/src/assert.rs:1036:9
[INFO] [stdout]   20:     0x61d078f6fb37 - core::ops::function::FnOnce::call_once::hd908d5cf58b085be
[INFO] [stdout]                                at /rustc/6067b36314ab5eb2eb47cecc464545ba58e1ad24/library/core/src/ops/function.rs:250:5
[INFO] [stdout]   21:     0x61d078f80580 - core::result::Result<T,E>::unwrap_or_else::h850d0b639229ac9e
[INFO] [stdout]                                at /rustc/6067b36314ab5eb2eb47cecc464545ba58e1ad24/library/core/src/result.rs:1463:23
[INFO] [stdout]   22:     0x61d078f27725 - assert_cmd::assert::Assert::stdout::hf654c35b10d24998
[INFO] [stdout]                                at /opt/rustwide/cargo-home/registry/src/index.crates.io-1949cf8c6b5b557f/assert_cmd-2.0.2/src/assert.rs:362:9
[INFO] [stdout]   23:     0x61d078f29f32 - cat_test::run::hfae41d43ed159d59
[INFO] [stdout]                                at /opt/rustwide/workdir/tests/cat_test.rs:8:5
[INFO] [stdout]   24:     0x61d078f2a5ee - cat_test::one_file_with_arg_b::h7eb9fcfcf2263fc7
[INFO] [stdout]                                at /opt/rustwide/workdir/tests/cat_test.rs:58:5
[INFO] [stdout]   25:     0x61d078f2a5b7 - cat_test::one_file_with_arg_b::{{closure}}::hf3a62c926b2bdd4d
[INFO] [stdout]                                at /opt/rustwide/workdir/tests/cat_test.rs:57:29
[INFO] [stdout]   26:     0x61d078f28516 - core::ops::function::FnOnce::call_once::hc0cca3616f97f08d
[INFO] [stdout]                                at /rustc/6067b36314ab5eb2eb47cecc464545ba58e1ad24/library/core/src/ops/function.rs:250:5
[INFO] [stdout]   27:     0x61d078f6a1ab - core::ops::function::FnOnce::call_once::he27718dfdd183f43
[INFO] [stdout]                                at /rustc/6067b36314ab5eb2eb47cecc464545ba58e1ad24/library/core/src/ops/function.rs:250:5
[INFO] [stdout]   28:     0x61d078f6a1ab - test::__rust_begin_short_backtrace::h4e84902998457a5d
[INFO] [stdout]                                at /rustc/6067b36314ab5eb2eb47cecc464545ba58e1ad24/library/test/src/lib.rs:632:18
[INFO] [stdout]   29:     0x61d078f690e3 - test::run_test_in_process::{{closure}}::h7176fd18fc1feca0
[INFO] [stdout]                                at /rustc/6067b36314ab5eb2eb47cecc464545ba58e1ad24/library/test/src/lib.rs:655:60
[INFO] [stdout]   30:     0x61d078f690e3 - <core::panic::unwind_safe::AssertUnwindSafe<F> as core::ops::function::FnOnce<()>>::call_once::hf79cff2a624d8cf7
[INFO] [stdout]                                at /rustc/6067b36314ab5eb2eb47cecc464545ba58e1ad24/library/core/src/panic/unwind_safe.rs:272:9
[INFO] [stdout]   31:     0x61d078f690e3 - std::panicking::try::do_call::h3da0561d9ab99c25
[INFO] [stdout]                                at /rustc/6067b36314ab5eb2eb47cecc464545ba58e1ad24/library/std/src/panicking.rs:587:40
[INFO] [stdout]   32:     0x61d078f690e3 - std::panicking::try::h41c9fa508bc61df6
[INFO] [stdout]                                at /rustc/6067b36314ab5eb2eb47cecc464545ba58e1ad24/library/std/src/panicking.rs:550:19
[INFO] [stdout]   33:     0x61d078f690e3 - std::panic::catch_unwind::h6b3ff07bb5afad93
[INFO] [stdout]                                at /rustc/6067b36314ab5eb2eb47cecc464545ba58e1ad24/library/std/src/panic.rs:358:14
[INFO] [stdout]   34:     0x61d078f690e3 - test::run_test_in_process::hc7253dd11b39b9f4
[INFO] [stdout]                                at /rustc/6067b36314ab5eb2eb47cecc464545ba58e1ad24/library/test/src/lib.rs:655:27
[INFO] [stdout]   35:     0x61d078f690e3 - test::run_test::{{closure}}::hfb2007f8649c30bb
[INFO] [stdout]                                at /rustc/6067b36314ab5eb2eb47cecc464545ba58e1ad24/library/test/src/lib.rs:576:43
[INFO] [stdout]   36:     0x61d078f2c1c5 - test::run_test::{{closure}}::h56a17aa7a282a9f4
[INFO] [stdout]                                at /rustc/6067b36314ab5eb2eb47cecc464545ba58e1ad24/library/test/src/lib.rs:606:41
[INFO] [stdout]   37:     0x61d078f2c1c5 - std::sys::backtrace::__rust_begin_short_backtrace::hd2d2d2fb8e8c6aac
[INFO] [stdout]                                at /rustc/6067b36314ab5eb2eb47cecc464545ba58e1ad24/library/std/src/sys/backtrace.rs:152:18
[INFO] [stdout]   38:     0x61d078f2faaa - std::thread::Builder::spawn_unchecked_::{{closure}}::{{closure}}::h4faa3f9db6133423
[INFO] [stdout]                                at /rustc/6067b36314ab5eb2eb47cecc464545ba58e1ad24/library/std/src/thread/mod.rs:559:17
[INFO] [stdout]   39:     0x61d078f2faaa - <core::panic::unwind_safe::AssertUnwindSafe<F> as core::ops::function::FnOnce<()>>::call_once::hf2e855a36a4ea846
[INFO] [stdout]                                at /rustc/6067b36314ab5eb2eb47cecc464545ba58e1ad24/library/core/src/panic/unwind_safe.rs:272:9
[INFO] [stdout]   40:     0x61d078f2faaa - std::panicking::try::do_call::h2f73af3616c35465
[INFO] [stdout]                                at /rustc/6067b36314ab5eb2eb47cecc464545ba58e1ad24/library/std/src/panicking.rs:587:40
[INFO] [stdout]   41:     0x61d078f2faaa - std::panicking::try::hd1660ce9efadef5a
[INFO] [stdout]                                at /rustc/6067b36314ab5eb2eb47cecc464545ba58e1ad24/library/std/src/panicking.rs:550:19
[INFO] [stdout]   42:     0x61d078f2faaa - std::panic::catch_unwind::h5ee8d7823b8ca744
[INFO] [stdout]                                at /rustc/6067b36314ab5eb2eb47cecc464545ba58e1ad24/library/std/src/panic.rs:358:14
[INFO] [stdout]   43:     0x61d078f2faaa - std::thread::Builder::spawn_unchecked_::{{closure}}::h53c3a1894dce8407
[INFO] [stdout]                                at /rustc/6067b36314ab5eb2eb47cecc464545ba58e1ad24/library/std/src/thread/mod.rs:557:30
[INFO] [stdout]   44:     0x61d078f2faaa - core::ops::function::FnOnce::call_once{{vtable.shim}}::h048ce291ad4f62bf
[INFO] [stdout]                                at /rustc/6067b36314ab5eb2eb47cecc464545ba58e1ad24/library/core/src/ops/function.rs:250:5
[INFO] [stdout]   45:     0x61d078ffdf7b - <alloc::boxed::Box<F,A> as core::ops::function::FnOnce<Args>>::call_once::ha52bedf99a3b4981
[INFO] [stdout]                                at /rustc/6067b36314ab5eb2eb47cecc464545ba58e1ad24/library/alloc/src/boxed.rs:2013:9
[INFO] [stdout]   46:     0x61d078ffdf7b - <alloc::boxed::Box<F,A> as core::ops::function::FnOnce<Args>>::call_once::h567748934d80ccf8
[INFO] [stdout]                                at /rustc/6067b36314ab5eb2eb47cecc464545ba58e1ad24/library/alloc/src/boxed.rs:2013:9
[INFO] [stdout]   47:     0x61d078ffdf7b - std::sys::pal::unix::thread::Thread::new::thread_start::h2d970728ae887adc
[INFO] [stdout]                                at /rustc/6067b36314ab5eb2eb47cecc464545ba58e1ad24/library/std/src/sys/pal/unix/thread.rs:106:17
[INFO] [stdout]   48:     0x7982d1222ac3 - <unknown>
[INFO] [stdout]   49:     0x7982d12b3a04 - clone
[INFO] [stdout]   50:                0x0 - <unknown>
[INFO] [stdout] 
[INFO] [stdout] ---- one_file_without_arg stdout ----
[INFO] [stdout] 
[INFO] [stdout] thread 'one_file_without_arg' panicked at /rustc/6067b36314ab5eb2eb47cecc464545ba58e1ad24/library/core/src/ops/function.rs:250:5:
[INFO] [stdout] Unexpected stdout, failed diff original var
[INFO] [stdout] ├── original: [package]
[INFO] [stdout] |   name = "rust-cat"
[INFO] [stdout] |   version = "0.1.0"
[INFO] [stdout] |   edition = "2018"
[INFO] [stdout] |   
[INFO] [stdout] |   # See more keys and their definitions at https://doc.rust-lang.org/cargo/reference/manifest.html
[INFO] [stdout] |   
[INFO] [stdout] |   [dependencies]
[INFO] [stdout] |   clap = "2.33.3"
[INFO] [stdout] |   [dev-dependencies]
[INFO] [stdout] |   predicates = "2"
[INFO] [stdout] |   assert_cmd = "2"
[INFO] [stdout] ├── diff: 
[INFO] [stdout] |   --- 	orig
[INFO] [stdout] |   +++ 	var
[INFO] [stdout] |   @@ -0,0 +1,7 @@
[INFO] [stdout] |   +[dependencies]
[INFO] [stdout] |   +clap = "2.33.3"
[INFO] [stdout] |   +
[INFO] [stdout] |   +[dev-dependencies]
[INFO] [stdout] |   +assert_cmd = "2"
[INFO] [stdout] |   +predicates = "2"
[INFO] [stdout] |   +
[INFO] [stdout] |   @@ -1,0 +9 @@
[INFO] [stdout] |   +edition = "2018"
[INFO] [stdout] |   @@ -4,9 +11,0 @@
[INFO] [stdout] |   -edition = "2018"
[INFO] [stdout] |   -
[INFO] [stdout] |   -# See more keys and their definitions at https://doc.rust-lang.org/cargo/reference/manifest.html
[INFO] [stdout] |   -
[INFO] [stdout] |   -[dependencies]
[INFO] [stdout] |   -clap = "2.33.3"
[INFO] [stdout] |   -[dev-dependencies]
[INFO] [stdout] |   -predicates = "2"
[INFO] [stdout] |   -assert_cmd = "2"
[INFO] [stdout] └── var as str: [dependencies]
[INFO] [stdout]     clap = "2.33.3"
[INFO] [stdout]     
[INFO] [stdout]     [dev-dependencies]
[INFO] [stdout]     assert_cmd = "2"
[INFO] [stdout]     predicates = "2"
[INFO] [stdout]     
[INFO] [stdout]     [package]
[INFO] [stdout]     edition = "2018"
[INFO] [stdout]     name = "rust-cat"
[INFO] [stdout]     version = "0.1.0"
[INFO] [stdout] 
[INFO] [stdout] command=`"/opt/rustwide/target/debug/rust-cat" "Cargo.toml"`
[INFO] [stdout] code=0
[INFO] [stdout] stdout="[dependencies]\nclap = \"2.33.3\"\n\n[dev-dependencies]\nassert_cmd = \"2\"\npredicates = \"2\"\n\n[package]\nedition = \"2018\"\nname = \"rust-cat\"\nversion = \"0.1.0\"\n"
[INFO] [stdout] stderr=""
[INFO] [stdout] 
[INFO] [stdout] stack backtrace:
[INFO] [stdout]    0:     0x61d078ff752a - std::backtrace_rs::backtrace::libunwind::trace::hb059275cfc8d6126
[INFO] [stdout]                                at /rustc/6067b36314ab5eb2eb47cecc464545ba58e1ad24/library/std/src/../../backtrace/src/backtrace/libunwind.rs:116:5
[INFO] [stdout]    1:     0x61d078ff752a - std::backtrace_rs::backtrace::trace_unsynchronized::h2da071e4327ce3ee
[INFO] [stdout]                                at /rustc/6067b36314ab5eb2eb47cecc464545ba58e1ad24/library/std/src/../../backtrace/src/backtrace/mod.rs:66:5
[INFO] [stdout]    2:     0x61d078ff752a - std::sys::backtrace::_print_fmt::h842a1474e6f8d23f
[INFO] [stdout]                                at /rustc/6067b36314ab5eb2eb47cecc464545ba58e1ad24/library/std/src/sys/backtrace.rs:66:9
[INFO] [stdout]    3:     0x61d078ff752a - <std::sys::backtrace::BacktraceLock::print::DisplayBacktrace as core::fmt::Display>::fmt::h71a62eb3b9696b12
[INFO] [stdout]                                at /rustc/6067b36314ab5eb2eb47cecc464545ba58e1ad24/library/std/src/sys/backtrace.rs:39:26
[INFO] [stdout]    4:     0x61d07901fe23 - core::fmt::rt::Argument::fmt::hdb6b616786b41dc1
[INFO] [stdout]                                at /rustc/6067b36314ab5eb2eb47cecc464545ba58e1ad24/library/core/src/fmt/rt.rs:177:76
[INFO] [stdout]    5:     0x61d07901fe23 - core::fmt::write::h2cc1698af7e2d686
[INFO] [stdout]                                at /rustc/6067b36314ab5eb2eb47cecc464545ba58e1ad24/library/core/src/fmt/mod.rs:1440:21
[INFO] [stdout]    6:     0x61d078ff39d3 - std::io::Write::write_fmt::hab1b4cd059a79022
[INFO] [stdout]                                at /rustc/6067b36314ab5eb2eb47cecc464545ba58e1ad24/library/std/src/io/mod.rs:1887:15
[INFO] [stdout]    7:     0x61d078ff7372 - std::sys::backtrace::BacktraceLock::print::h147fe35b4ea13b08
[INFO] [stdout]                                at /rustc/6067b36314ab5eb2eb47cecc464545ba58e1ad24/library/std/src/sys/backtrace.rs:42:9
[INFO] [stdout]    8:     0x61d078ff89cf - std::panicking::default_hook::{{closure}}::hbd44223dbdc0d208
[INFO] [stdout]                                at /rustc/6067b36314ab5eb2eb47cecc464545ba58e1ad24/library/std/src/panicking.rs:298:22
[INFO] [stdout]    9:     0x61d078ff87e8 - std::panicking::default_hook::h20f81eb0576efcec
[INFO] [stdout]                                at /rustc/6067b36314ab5eb2eb47cecc464545ba58e1ad24/library/std/src/panicking.rs:322:9
[INFO] [stdout]   10:     0x61d078f64a53 - <alloc::boxed::Box<F,A> as core::ops::function::Fn<Args>>::call::hdb53814c496a4d34
[INFO] [stdout]                                at /rustc/6067b36314ab5eb2eb47cecc464545ba58e1ad24/library/alloc/src/boxed.rs:2027:9
[INFO] [stdout]   11:     0x61d078f64a53 - test::test_main::{{closure}}::hc0a4963c59427c24
[INFO] [stdout]                                at /rustc/6067b36314ab5eb2eb47cecc464545ba58e1ad24/library/test/src/lib.rs:134:21
[INFO] [stdout]   12:     0x61d078ff94c3 - <alloc::boxed::Box<F,A> as core::ops::function::Fn<Args>>::call::h591b2225413a77e9
[INFO] [stdout]                                at /rustc/6067b36314ab5eb2eb47cecc464545ba58e1ad24/library/alloc/src/boxed.rs:2027:9
[INFO] [stdout]   13:     0x61d078ff94c3 - std::panicking::rust_panic_with_hook::h625eea43051b2edc
[INFO] [stdout]                                at /rustc/6067b36314ab5eb2eb47cecc464545ba58e1ad24/library/std/src/panicking.rs:839:13
[INFO] [stdout]   14:     0x61d078ff917a - std::panicking::begin_panic_handler::{{closure}}::h4f9159cfbc3f6bd3
[INFO] [stdout]                                at /rustc/6067b36314ab5eb2eb47cecc464545ba58e1ad24/library/std/src/panicking.rs:704:13
[INFO] [stdout]   15:     0x61d078ff7a29 - std::sys::backtrace::__rust_end_short_backtrace::h0390abce48353151
[INFO] [stdout]                                at /rustc/6067b36314ab5eb2eb47cecc464545ba58e1ad24/library/std/src/sys/backtrace.rs:168:18
[INFO] [stdout]   16:     0x61d078ff8e0d - rust_begin_unwind
[INFO] [stdout]                                at /rustc/6067b36314ab5eb2eb47cecc464545ba58e1ad24/library/std/src/panicking.rs:695:5
[INFO] [stdout]   17:     0x61d07901e4f0 - core::panicking::panic_fmt::h9e7c637e9e5f29c9
[INFO] [stdout]                                at /rustc/6067b36314ab5eb2eb47cecc464545ba58e1ad24/library/core/src/panicking.rs:75:14
[INFO] [stdout]   18:     0x61d078f71fb3 - core::panicking::panic_display::ha4244955c9018045
[INFO] [stdout]                                at /rustc/6067b36314ab5eb2eb47cecc464545ba58e1ad24/library/core/src/panicking.rs:261:5
[INFO] [stdout]   19:     0x61d078f82107 - assert_cmd::assert::AssertError::panic::h4dd866516ce6be5f
[INFO] [stdout]                                at /opt/rustwide/cargo-home/registry/src/index.crates.io-1949cf8c6b5b557f/assert_cmd-2.0.2/src/assert.rs:1036:9
[INFO] [stdout]   20:     0x61d078f6fb37 - core::ops::function::FnOnce::call_once::hd908d5cf58b085be
[INFO] [stdout]                                at /rustc/6067b36314ab5eb2eb47cecc464545ba58e1ad24/library/core/src/ops/function.rs:250:5
[INFO] [stdout]   21:     0x61d078f80580 - core::result::Result<T,E>::unwrap_or_else::h850d0b639229ac9e
[INFO] [stdout]                                at /rustc/6067b36314ab5eb2eb47cecc464545ba58e1ad24/library/core/src/result.rs:1463:23
[INFO] [stdout]   22:     0x61d078f27725 - assert_cmd::assert::Assert::stdout::hf654c35b10d24998
[INFO] [stdout]                                at /opt/rustwide/cargo-home/registry/src/index.crates.io-1949cf8c6b5b557f/assert_cmd-2.0.2/src/assert.rs:362:9
[INFO] [stdout]   23:     0x61d078f29f32 - cat_test::run::hfae41d43ed159d59
[INFO] [stdout]                                at /opt/rustwide/workdir/tests/cat_test.rs:8:5
[INFO] [stdout]   24:     0x61d078f2a4fe - cat_test::one_file_without_arg::hab7addc8bdd8dcb3
[INFO] [stdout]                                at /opt/rustwide/workdir/tests/cat_test.rs:37:5
[INFO] [stdout]   25:     0x61d078f2a4c7 - cat_test::one_file_without_arg::{{closure}}::h071ac2869e2efd5e
[INFO] [stdout]                                at /opt/rustwide/workdir/tests/cat_test.rs:36:30
[INFO] [stdout]   26:     0x61d078f28386 - core::ops::function::FnOnce::call_once::h1832d0265484a08c
[INFO] [stdout]                                at /rustc/6067b36314ab5eb2eb47cecc464545ba58e1ad24/library/core/src/ops/function.rs:250:5
[INFO] [stdout]   27:     0x61d078f6a1ab - core::ops::function::FnOnce::call_once::he27718dfdd183f43
[INFO] [stdout]                                at /rustc/6067b36314ab5eb2eb47cecc464545ba58e1ad24/library/core/src/ops/function.rs:250:5
[INFO] [stdout]   28:     0x61d078f6a1ab - test::__rust_begin_short_backtrace::h4e84902998457a5d
[INFO] [stdout]                                at /rustc/6067b36314ab5eb2eb47cecc464545ba58e1ad24/library/test/src/lib.rs:632:18
[INFO] [stdout]   29:     0x61d078f690e3 - test::run_test_in_process::{{closure}}::h7176fd18fc1feca0
[INFO] [stdout]                                at /rustc/6067b36314ab5eb2eb47cecc464545ba58e1ad24/library/test/src/lib.rs:655:60
[INFO] [stdout]   30:     0x61d078f690e3 - <core::panic::unwind_safe::AssertUnwindSafe<F> as core::ops::function::FnOnce<()>>::call_once::hf79cff2a624d8cf7
[INFO] [stdout]                                at /rustc/6067b36314ab5eb2eb47cecc464545ba58e1ad24/library/core/src/panic/unwind_safe.rs:272:9
[INFO] [stdout]   31:     0x61d078f690e3 - std::panicking::try::do_call::h3da0561d9ab99c25
[INFO] [stdout]                                at /rustc/6067b36314ab5eb2eb47cecc464545ba58e1ad24/library/std/src/panicking.rs:587:40
[INFO] [stdout]   32:     0x61d078f690e3 - std::panicking::try::h41c9fa508bc61df6
[INFO] [stdout]                                at /rustc/6067b36314ab5eb2eb47cecc464545ba58e1ad24/library/std/src/panicking.rs:550:19
[INFO] [stdout]   33:     0x61d078f690e3 - std::panic::catch_unwind::h6b3ff07bb5afad93
[INFO] [stdout]                                at /rustc/6067b36314ab5eb2eb47cecc464545ba58e1ad24/library/std/src/panic.rs:358:14
[INFO] [stdout]   34:     0x61d078f690e3 - test::run_test_in_process::hc7253dd11b39b9f4
[INFO] [stdout]                                at /rustc/6067b36314ab5eb2eb47cecc464545ba58e1ad24/library/test/src/lib.rs:655:27
[INFO] [stdout]   35:     0x61d078f690e3 - test::run_test::{{closure}}::hfb2007f8649c30bb
[INFO] [stdout]                                at /rustc/6067b36314ab5eb2eb47cecc464545ba58e1ad24/library/test/src/lib.rs:576:43
[INFO] [stdout]   36:     0x61d078f2c1c5 - test::run_test::{{closure}}::h56a17aa7a282a9f4
[INFO] [stdout]                                at /rustc/6067b36314ab5eb2eb47cecc464545ba58e1ad24/library/test/src/lib.rs:606:41
[INFO] [stdout]   37:     0x61d078f2c1c5 - std::sys::backtrace::__rust_begin_short_backtrace::hd2d2d2fb8e8c6aac
[INFO] [stdout]                                at /rustc/6067b36314ab5eb2eb47cecc464545ba58e1ad24/library/std/src/sys/backtrace.rs:152:18
[INFO] [stdout]   38:     0x61d078f2faaa - std::thread::Builder::spawn_unchecked_::{{closure}}::{{closure}}::h4faa3f9db6133423
[INFO] [stdout]                                at /rustc/6067b36314ab5eb2eb47cecc464545ba58e1ad24/library/std/src/thread/mod.rs:559:17
[INFO] [stdout]   39:     0x61d078f2faaa - <core::panic::unwind_safe::AssertUnwindSafe<F> as core::ops::function::FnOnce<()>>::call_once::hf2e855a36a4ea846
[INFO] [stdout]                                at /rustc/6067b36314ab5eb2eb47cecc464545ba58e1ad24/library/core/src/panic/unwind_safe.rs:272:9
[INFO] [stdout]   40:     0x61d078f2faaa - std::panicking::try::do_call::h2f73af3616c35465
[INFO] [stdout]                                at /rustc/6067b36314ab5eb2eb47cecc464545ba58e1ad24/library/std/src/panicking.rs:587:40
[INFO] [stdout]   41:     0x61d078f2faaa - std::panicking::try::hd1660ce9efadef5a
[INFO] [stdout]                                at /rustc/6067b36314ab5eb2eb47cecc464545ba58e1ad24/library/std/src/panicking.rs:550:19
[INFO] [stdout]   42:     0x61d078f2faaa - std::panic::catch_unwind::h5ee8d7823b8ca744
[INFO] [stdout]                                at /rustc/6067b36314ab5eb2eb47cecc464545ba58e1ad24/library/std/src/panic.rs:358:14
[INFO] [stdout]   43:     0x61d078f2faaa - std::thread::Builder::spawn_unchecked_::{{closure}}::h53c3a1894dce8407
[INFO] [stdout]                                at /rustc/6067b36314ab5eb2eb47cecc464545ba58e1ad24/library/std/src/thread/mod.rs:557:30
[INFO] [stdout]   44:     0x61d078f2faaa - core::ops::function::FnOnce::call_once{{vtable.shim}}::h048ce291ad4f62bf
[INFO] [stdout]                                at /rustc/6067b36314ab5eb2eb47cecc464545ba58e1ad24/library/core/src/ops/function.rs:250:5
[INFO] [stdout]   45:     0x61d078ffdf7b - <alloc::boxed::Box<F,A> as core::ops::function::FnOnce<Args>>::call_once::ha52bedf99a3b4981
[INFO] [stdout]                                at /rustc/6067b36314ab5eb2eb47cecc464545ba58e1ad24/library/alloc/src/boxed.rs:2013:9
[INFO] [stdout]   46:     0x61d078ffdf7b - <alloc::boxed::Box<F,A> as core::ops::function::FnOnce<Args>>::call_once::h567748934d80ccf8
[INFO] [stdout]                                at /rustc/6067b36314ab5eb2eb47cecc464545ba58e1ad24/library/alloc/src/boxed.rs:2013:9
[INFO] [stdout]   47:     0x61d078ffdf7b - std::sys::pal::unix::thread::Thread::new::thread_start::h2d970728ae887adc
[INFO] [stdout]                                at /rustc/6067b36314ab5eb2eb47cecc464545ba58e1ad24/library/std/src/sys/pal/unix/thread.rs:106:17
[INFO] [stdout]   48:     0x7982d1222ac3 - <unknown>
[INFO] [stdout]   49:     0x7982d12b3a04 - clone
[INFO] [stdout]   50:                0x0 - <unknown>
[INFO] [stdout] 
[INFO] [stdout] ---- two_file_with_arg_n stdout ----
[INFO] [stdout] 
[INFO] [stdout] thread 'two_file_with_arg_n' panicked at /rustc/6067b36314ab5eb2eb47cecc464545ba58e1ad24/library/core/src/ops/function.rs:250:5:
[INFO] [stdout] Unexpected stdout, failed diff original var
[INFO] [stdout] ├── original:      1	[package]
[INFO] [stdout] |        2	name = "rust-cat"
[INFO] [stdout] |        3	version = "0.1.0"
[INFO] [stdout] |        4	edition = "2018"
[INFO] [stdout] |        5	
[INFO] [stdout] |        6	# See more keys and their definitions at https://doc.rust-lang.org/cargo/reference/manifest.html
[INFO] [stdout] |        7	
[INFO] [stdout] |        8	[dependencies]
[INFO] [stdout] |        9	clap = "2.33.3"
[INFO] [stdout] |       10	[dev-dependencies]
[INFO] [stdout] |       11	predicates = "2"
[INFO] [stdout] |       12	assert_cmd = "2"
[INFO] [stdout] |       13	[package]
[INFO] [stdout] |       14	name = "rust-cat"
[INFO] [stdout] |       15	version = "0.1.0"
[INFO] [stdout] |       16	edition = "2018"
[INFO] [stdout] |       17	
[INFO] [stdout] |       18	# See more keys and their definitions at https://doc.rust-lang.org/cargo/reference/manifest.html
[INFO] [stdout] |       19	
[INFO] [stdout] |       20	[dependencies]
[INFO] [stdout] |       21	clap = "2.33.3"
[INFO] [stdout] |       22	[dev-dependencies]
[INFO] [stdout] |       23	predicates = "2"
[INFO] [stdout] |       24	assert_cmd = "2"
[INFO] [stdout] ├── diff: 
[INFO] [stdout] |   --- 	orig
[INFO] [stdout] |   +++ 	var
[INFO] [stdout] |   @@ -1,6 +1,6 @@
[INFO] [stdout] |   -     1	[package]
[INFO] [stdout] |   -     2	name = "rust-cat"
[INFO] [stdout] |   -     3	version = "0.1.0"
[INFO] [stdout] |   -     4	edition = "2018"
[INFO] [stdout] |   -     5	
[INFO] [stdout] |   -     6	# See more keys and their definitions at https://doc.rust-lang.org/cargo/reference/manifest.html
[INFO] [stdout] |   +     1	[dependencies]
[INFO] [stdout] |   +     2	clap = "2.33.3"
[INFO] [stdout] |   +     3	
[INFO] [stdout] |   +     4	[dev-dependencies]
[INFO] [stdout] |   +     5	assert_cmd = "2"
[INFO] [stdout] |   +     6	predicates = "2"
[INFO] [stdout] |   @@ -8,17 +8,15 @@
[INFO] [stdout] |   -     8	[dependencies]
[INFO] [stdout] |   -     9	clap = "2.33.3"
[INFO] [stdout] |   -    10	[dev-dependencies]
[INFO] [stdout] |   -    11	predicates = "2"
[INFO] [stdout] |   -    12	assert_cmd = "2"
[INFO] [stdout] |   -    13	[package]
[INFO] [stdout] |   -    14	name = "rust-cat"
[INFO] [stdout] |   -    15	version = "0.1.0"
[INFO] [stdout] |   -    16	edition = "2018"
[INFO] [stdout] |   -    17	
[INFO] [stdout] |   -    18	# See more keys and their definitions at https://doc.rust-lang.org/cargo/reference/manifest.html
[INFO] [stdout] |   -    19	
[INFO] [stdout] |   -    20	[dependencies]
[INFO] [stdout] |   -    21	clap = "2.33.3"
[INFO] [stdout] |   -    22	[dev-dependencies]
[INFO] [stdout] |   -    23	predicates = "2"
[INFO] [stdout] |   -    24	assert_cmd = "2"
[INFO] [stdout] |   +     8	[package]
[INFO] [stdout] |   +     9	edition = "2018"
[INFO] [stdout] |   +    10	name = "rust-cat"
[INFO] [stdout] |   +    11	version = "0.1.0"
[INFO] [stdout] |   +    12	[dependencies]
[INFO] [stdout] |   +    13	clap = "2.33.3"
[INFO] [stdout] |   +    14	
[INFO] [stdout] |   +    15	[dev-dependencies]
[INFO] [stdout] |   +    16	assert_cmd = "2"
[INFO] [stdout] |   +    17	predicates = "2"
[INFO] [stdout] |   +    18	
[INFO] [stdout] |   +    19	[package]
[INFO] [stdout] |   +    20	edition = "2018"
[INFO] [stdout] |   +    21	name = "rust-cat"
[INFO] [stdout] |   +    22	version = "0.1.0"
[INFO] [stdout] └── var as str:      1	[dependencies]
[INFO] [stdout]          2	clap = "2.33.3"
[INFO] [stdout]          3	
[INFO] [stdout]          4	[dev-dependencies]
[INFO] [stdout]          5	assert_cmd = "2"
[INFO] [stdout]          6	predicates = "2"
[INFO] [stdout]          7	
[INFO] [stdout]          8	[package]
[INFO] [stdout]          9	edition = "2018"
[INFO] [stdout]         10	name = "rust-cat"
[INFO] [stdout]         11	version = "0.1.0"
[INFO] [stdout]         12	[dependencies]
[INFO] [stdout]         13	clap = "2.33.3"
[INFO] [stdout]         14	
[INFO] [stdout]         15	[dev-dependencies]
[INFO] [stdout]         16	assert_cmd = "2"
[INFO] [stdout]         17	predicates = "2"
[INFO] [stdout]         18	
[INFO] [stdout]         19	[package]
[INFO] [stdout]         20	edition = "2018"
[INFO] [stdout]         21	name = "rust-cat"
[INFO] [stdout]         22	version = "0.1.0"
[INFO] [stdout] 
[INFO] [stdout] command=`"/opt/rustwide/target/debug/rust-cat" "-n" "Cargo.toml" "Cargo.toml"`
[INFO] [stdout] code=0
[INFO] [stdout] stdout="     1\t[dependencies]\n     2\tclap = \"2.33.3\"\n     3\t\n     4\t[dev-dependencies]\n     5\tassert_cmd = \"2\"\n     6\tpredicates = \"2\"\n     7\t\n     8\t[package]\n     9\tedition = \"2018\"\n    10\tname = \"rust-cat\"\n    11\tversion = \"0.1.0\"\n    12\t[dependencies]\n    13\tclap = \"2.33.3\"\n    14\t\n    15\t[dev-dependencies]\n    16\tassert_cmd = \"2\"\n    17\tpredicates = \"2\"\n    18\t\n    19\t[package]\n    20\tedition = \"2018\"\n    21\tname = \"rust-cat\"\n    22\tversion = \"0.1.0\"\n"
[INFO] [stdout] stderr=""
[INFO] [stdout] 
[INFO] [stdout] stack backtrace:
[INFO] [stdout]    0:     0x61d078ff752a - std::backtrace_rs::backtrace::libunwind::trace::hb059275cfc8d6126
[INFO] [stdout]                                at /rustc/6067b36314ab5eb2eb47cecc464545ba58e1ad24/library/std/src/../../backtrace/src/backtrace/libunwind.rs:116:5
[INFO] [stdout]    1:     0x61d078ff752a - std::backtrace_rs::backtrace::trace_unsynchronized::h2da071e4327ce3ee
[INFO] [stdout]                                at /rustc/6067b36314ab5eb2eb47cecc464545ba58e1ad24/library/std/src/../../backtrace/src/backtrace/mod.rs:66:5
[INFO] [stdout]    2:     0x61d078ff752a - std::sys::backtrace::_print_fmt::h842a1474e6f8d23f
[INFO] [stdout]                                at /rustc/6067b36314ab5eb2eb47cecc464545ba58e1ad24/library/std/src/sys/backtrace.rs:66:9
[INFO] [stdout]    3:     0x61d078ff752a - <std::sys::backtrace::BacktraceLock::print::DisplayBacktrace as core::fmt::Display>::fmt::h71a62eb3b9696b12
[INFO] [stdout]                                at /rustc/6067b36314ab5eb2eb47cecc464545ba58e1ad24/library/std/src/sys/backtrace.rs:39:26
[INFO] [stdout]    4:     0x61d07901fe23 - core::fmt::rt::Argument::fmt::hdb6b616786b41dc1
[INFO] [stdout]                                at /rustc/6067b36314ab5eb2eb47cecc464545ba58e1ad24/library/core/src/fmt/rt.rs:177:76
[INFO] [stdout]    5:     0x61d07901fe23 - core::fmt::write::h2cc1698af7e2d686
[INFO] [stdout]                                at /rustc/6067b36314ab5eb2eb47cecc464545ba58e1ad24/library/core/src/fmt/mod.rs:1440:21
[INFO] [stdout]    6:     0x61d078ff39d3 - std::io::Write::write_fmt::hab1b4cd059a79022
[INFO] [stdout]                                at /rustc/6067b36314ab5eb2eb47cecc464545ba58e1ad24/library/std/src/io/mod.rs:1887:15
[INFO] [stdout]    7:     0x61d078ff7372 - std::sys::backtrace::BacktraceLock::print::h147fe35b4ea13b08
[INFO] [stdout]                                at /rustc/6067b36314ab5eb2eb47cecc464545ba58e1ad24/library/std/src/sys/backtrace.rs:42:9
[INFO] [stdout]    8:     0x61d078ff89cf - std::panicking::default_hook::{{closure}}::hbd44223dbdc0d208
[INFO] [stdout]                                at /rustc/6067b36314ab5eb2eb47cecc464545ba58e1ad24/library/std/src/panicking.rs:298:22
[INFO] [stdout]    9:     0x61d078ff87e8 - std::panicking::default_hook::h20f81eb0576efcec
[INFO] [stdout]                                at /rustc/6067b36314ab5eb2eb47cecc464545ba58e1ad24/library/std/src/panicking.rs:322:9
[INFO] [stdout]   10:     0x61d078f64a53 - <alloc::boxed::Box<F,A> as core::ops::function::Fn<Args>>::call::hdb53814c496a4d34
[INFO] [stdout]                                at /rustc/6067b36314ab5eb2eb47cecc464545ba58e1ad24/library/alloc/src/boxed.rs:2027:9
[INFO] [stdout]   11:     0x61d078f64a53 - test::test_main::{{closure}}::hc0a4963c59427c24
[INFO] [stdout]                                at /rustc/6067b36314ab5eb2eb47cecc464545ba58e1ad24/library/test/src/lib.rs:134:21
[INFO] [stdout]   12:     0x61d078ff94c3 - <alloc::boxed::Box<F,A> as core::ops::function::Fn<Args>>::call::h591b2225413a77e9
[INFO] [stdout]                                at /rustc/6067b36314ab5eb2eb47cecc464545ba58e1ad24/library/alloc/src/boxed.rs:2027:9
[INFO] [stdout]   13:     0x61d078ff94c3 - std::panicking::rust_panic_with_hook::h625eea43051b2edc
[INFO] [stdout]                                at /rustc/6067b36314ab5eb2eb47cecc464545ba58e1ad24/library/std/src/panicking.rs:839:13
[INFO] [stdout]   14:     0x61d078ff917a - std::panicking::begin_panic_handler::{{closure}}::h4f9159cfbc3f6bd3
[INFO] [stdout]                                at /rustc/6067b36314ab5eb2eb47cecc464545ba58e1ad24/library/std/src/panicking.rs:704:13
[INFO] [stdout]   15:     0x61d078ff7a29 - std::sys::backtrace::__rust_end_short_backtrace::h0390abce48353151
[INFO] [stdout]                                at /rustc/6067b36314ab5eb2eb47cecc464545ba58e1ad24/library/std/src/sys/backtrace.rs:168:18
[INFO] [stdout]   16:     0x61d078ff8e0d - rust_begin_unwind
[INFO] [stdout]                                at /rustc/6067b36314ab5eb2eb47cecc464545ba58e1ad24/library/std/src/panicking.rs:695:5
[INFO] [stdout]   17:     0x61d07901e4f0 - core::panicking::panic_fmt::h9e7c637e9e5f29c9
[INFO] [stdout]                                at /rustc/6067b36314ab5eb2eb47cecc464545ba58e1ad24/library/core/src/panicking.rs:75:14
[INFO] [stdout]   18:     0x61d078f71fb3 - core::panicking::panic_display::ha4244955c9018045
[INFO] [stdout]                                at /rustc/6067b36314ab5eb2eb47cecc464545ba58e1ad24/library/core/src/panicking.rs:261:5
[INFO] [stdout]   19:     0x61d078f82107 - assert_cmd::assert::AssertError::panic::h4dd866516ce6be5f
[INFO] [stdout]                                at /opt/rustwide/cargo-home/registry/src/index.crates.io-1949cf8c6b5b557f/assert_cmd-2.0.2/src/assert.rs:1036:9
[INFO] [stdout]   20:     0x61d078f6fb37 - core::ops::function::FnOnce::call_once::hd908d5cf58b085be
[INFO] [stdout]                                at /rustc/6067b36314ab5eb2eb47cecc464545ba58e1ad24/library/core/src/ops/function.rs:250:5
[INFO] [stdout]   21:     0x61d078f80580 - core::result::Result<T,E>::unwrap_or_else::h850d0b639229ac9e
[INFO] [stdout]                                at /rustc/6067b36314ab5eb2eb47cecc464545ba58e1ad24/library/core/src/result.rs:1463:23
[INFO] [stdout]   22:     0x61d078f27725 - assert_cmd::assert::Assert::stdout::hf654c35b10d24998
[INFO] [stdout]                                at /opt/rustwide/cargo-home/registry/src/index.crates.io-1949cf8c6b5b557f/assert_cmd-2.0.2/src/assert.rs:362:9
[INFO] [stdout]   23:     0x61d078f29f32 - cat_test::run::hfae41d43ed159d59
[INFO] [stdout]                                at /opt/rustwide/workdir/tests/cat_test.rs:8:5
[INFO] [stdout]   24:     0x61d078f2a63e - cat_test::two_file_with_arg_n::ha8bba382915381dd
[INFO] [stdout]                                at /opt/rustwide/workdir/tests/cat_test.rs:66:5
[INFO] [stdout]   25:     0x61d078f2a607 - cat_test::two_file_with_arg_n::{{closure}}::h969c40c317c55428
[INFO] [stdout]                                at /opt/rustwide/workdir/tests/cat_test.rs:65:29
[INFO] [stdout]   26:     0x61d078f28346 - core::ops::function::FnOnce::call_once::h02155da3ba39fc53
[INFO] [stdout]                                at /rustc/6067b36314ab5eb2eb47cecc464545ba58e1ad24/library/core/src/ops/function.rs:250:5
[INFO] [stdout]   27:     0x61d078f6a1ab - core::ops::function::FnOnce::call_once::he27718dfdd183f43
[INFO] [stdout]                                at /rustc/6067b36314ab5eb2eb47cecc464545ba58e1ad24/library/core/src/ops/function.rs:250:5
[INFO] [stdout]   28:     0x61d078f6a1ab - test::__rust_begin_short_backtrace::h4e84902998457a5d
[INFO] [stdout]                                at /rustc/6067b36314ab5eb2eb47cecc464545ba58e1ad24/library/test/src/lib.rs:632:18
[INFO] [stdout]   29:     0x61d078f690e3 - test::run_test_in_process::{{closure}}::h7176fd18fc1feca0
[INFO] [stdout]                                at /rustc/6067b36314ab5eb2eb47cecc464545ba58e1ad24/library/test/src/lib.rs:655:60
[INFO] [stdout]   30:     0x61d078f690e3 - <core::panic::unwind_safe::AssertUnwindSafe<F> as core::ops::function::FnOnce<()>>::call_once::hf79cff2a624d8cf7
[INFO] [stdout]                                at /rustc/6067b36314ab5eb2eb47cecc464545ba58e1ad24/library/core/src/panic/unwind_safe.rs:272:9
[INFO] [stdout]   31:     0x61d078f690e3 - std::panicking::try::do_call::h3da0561d9ab99c25
[INFO] [stdout]                                at /rustc/6067b36314ab5eb2eb47cecc464545ba58e1ad24/library/std/src/panicking.rs:587:40
[INFO] [stdout]   32:     0x61d078f690e3 - std::panicking::try::h41c9fa508bc61df6
[INFO] [stdout]                                at /rustc/6067b36314ab5eb2eb47cecc464545ba58e1ad24/library/std/src/panicking.rs:550:19
[INFO] [stdout]   33:     0x61d078f690e3 - std::panic::catch_unwind::h6b3ff07bb5afad93
[INFO] [stdout]                                at /rustc/6067b36314ab5eb2eb47cecc464545ba58e1ad24/library/std/src/panic.rs:358:14
[INFO] [stdout]   34:     0x61d078f690e3 - test::run_test_in_process::hc7253dd11b39b9f4
[INFO] [stdout]                                at /rustc/6067b36314ab5eb2eb47cecc464545ba58e1ad24/library/test/src/lib.rs:655:27
[INFO] [stdout]   35:     0x61d078f690e3 - test::run_test::{{closure}}::hfb2007f8649c30bb
[INFO] [stdout]                                at /rustc/6067b36314ab5eb2eb47cecc464545ba58e1ad24/library/test/src/lib.rs:576:43
[INFO] [stdout]   36:     0x61d078f2c1c5 - test::run_test::{{closure}}::h56a17aa7a282a9f4
[INFO] [stdout]                                at /rustc/6067b36314ab5eb2eb47cecc464545ba58e1ad24/library/test/src/lib.rs:606:41
[INFO] [stdout]   37:     0x61d078f2c1c5 - std::sys::backtrace::__rust_begin_short_backtrace::hd2d2d2fb8e8c6aac
[INFO] [stdout]                                at /rustc/6067b36314ab5eb2eb47cecc464545ba58e1ad24/library/std/src/sys/backtrace.rs:152:18
[INFO] [stdout]   38:     0x61d078f2faaa - std::thread::Builder::spawn_unchecked_::{{closure}}::{{closure}}::h4faa3f9db6133423
[INFO] [stdout]                                at /rustc/6067b36314ab5eb2eb47cecc464545ba58e1ad24/library/std/src/thread/mod.rs:559:17
[INFO] [stdout]   39:     0x61d078f2faaa - <core::panic::unwind_safe::AssertUnwindSafe<F> as core::ops::function::FnOnce<()>>::call_once::hf2e855a36a4ea846
[INFO] [stdout]                                at /rustc/6067b36314ab5eb2eb47cecc464545ba58e1ad24/library/core/src/panic/unwind_safe.rs:272:9
[INFO] [stdout]   40:     0x61d078f2faaa - std::panicking::try::do_call::h2f73af3616c35465
[INFO] [stdout]                                at /rustc/6067b36314ab5eb2eb47cecc464545ba58e1ad24/library/std/src/panicking.rs:587:40
[INFO] [stdout]   41:     0x61d078f2faaa - std::panicking::try::hd1660ce9efadef5a
[INFO] [stdout]                                at /rustc/6067b36314ab5eb2eb47cecc464545ba58e1ad24/library/std/src/panicking.rs:550:19
[INFO] [stdout]   42:     0x61d078f2faaa - std::panic::catch_unwind::h5ee8d7823b8ca744
[INFO] [stdout]                                at /rustc/6067b36314ab5eb2eb47cecc464545ba58e1ad24/library/std/src/panic.rs:358:14
[INFO] [stdout]   43:     0x61d078f2faaa - std::thread::Builder::spawn_unchecked_::{{closure}}::h53c3a1894dce8407
[INFO] [stdout]                                at /rustc/6067b36314ab5eb2eb47cecc464545ba58e1ad24/library/std/src/thread/mod.rs:557:30
[INFO] [stdout]   44:     0x61d078f2faaa - core::ops::function::FnOnce::call_once{{vtable.shim}}::h048ce291ad4f62bf
[INFO] [stdout]                                at /rustc/6067b36314ab5eb2eb47cecc464545ba58e1ad24/library/core/src/ops/function.rs:250:5
[INFO] [stdout]   45:     0x61d078ffdf7b - <alloc::boxed::Box<F,A> as core::ops::function::FnOnce<Args>>::call_once::ha52bedf99a3b4981
[INFO] [stdout]                                at /rustc/6067b36314ab5eb2eb47cecc464545ba58e1ad24/library/alloc/src/boxed.rs:2013:9
[INFO] [stdout]   46:     0x61d078ffdf7b - <alloc::boxed::Box<F,A> as core::ops::function::FnOnce<Args>>::call_once::h567748934d80ccf8
[INFO] [stdout]                                at /rustc/6067b36314ab5eb2eb47cecc464545ba58e1ad24/library/alloc/src/boxed.rs:2013:9
[INFO] [stdout]   47:     0x61d078ffdf7b - std::sys::pal::unix::thread::Thread::new::thread_start::h2d970728ae887adc
[INFO] [stdout]                                at /rustc/6067b36314ab5eb2eb47cecc464545ba58e1ad24/library/std/src/sys/pal/unix/thread.rs:106:17
[INFO] [stdout]   48:     0x7982d1222ac3 - <unknown>
[INFO] [stdout]   49:     0x7982d12b3a04 - clone
[INFO] [stdout]   50:                0x0 - <unknown>
[INFO] [stdout] 
[INFO] [stdout] ---- one_file_with_arg_n stdout ----
[INFO] [stdout] 
[INFO] [stdout] thread 'one_file_with_arg_n' panicked at /rustc/6067b36314ab5eb2eb47cecc464545ba58e1ad24/library/core/src/ops/function.rs:250:5:
[INFO] [stdout] Unexpected stdout, failed diff original var
[INFO] [stdout] ├── original:      1	[package]
[INFO] [stdout] |        2	name = "rust-cat"
[INFO] [stdout] |        3	version = "0.1.0"
[INFO] [stdout] |        4	edition = "2018"
[INFO] [stdout] |        5	
[INFO] [stdout] |        6	# See more keys and their definitions at https://doc.rust-lang.org/cargo/reference/manifest.html
[INFO] [stdout] |        7	
[INFO] [stdout] |        8	[dependencies]
[INFO] [stdout] |        9	clap = "2.33.3"
[INFO] [stdout] |       10	[dev-dependencies]
[INFO] [stdout] |       11	predicates = "2"
[INFO] [stdout] |       12	assert_cmd = "2"
[INFO] [stdout] ├── diff: 
[INFO] [stdout] |   --- 	orig
[INFO] [stdout] |   +++ 	var
[INFO] [stdout] |   @@ -1,6 +1,6 @@
[INFO] [stdout] |   -     1	[package]
[INFO] [stdout] |   -     2	name = "rust-cat"
[INFO] [stdout] |   -     3	version = "0.1.0"
[INFO] [stdout] |   -     4	edition = "2018"
[INFO] [stdout] |   -     5	
[INFO] [stdout] |   -     6	# See more keys and their definitions at https://doc.rust-lang.org/cargo/reference/manifest.html
[INFO] [stdout] |   +     1	[dependencies]
[INFO] [stdout] |   +     2	clap = "2.33.3"
[INFO] [stdout] |   +     3	
[INFO] [stdout] |   +     4	[dev-dependencies]
[INFO] [stdout] |   +     5	assert_cmd = "2"
[INFO] [stdout] |   +     6	predicates = "2"
[INFO] [stdout] |   @@ -8,5 +8,4 @@
[INFO] [stdout] |   -     8	[dependencies]
[INFO] [stdout] |   -     9	clap = "2.33.3"
[INFO] [stdout] |   -    10	[dev-dependencies]
[INFO] [stdout] |   -    11	predicates = "2"
[INFO] [stdout] |   -    12	assert_cmd = "2"
[INFO] [stdout] |   +     8	[package]
[INFO] [stdout] |   +     9	edition = "2018"
[INFO] [stdout] |   +    10	name = "rust-cat"
[INFO] [stdout] |   +    11	version = "0.1.0"
[INFO] [stdout] └── var as str:      1	[dependencies]
[INFO] [stdout]          2	clap = "2.33.3"
[INFO] [stdout]          3	
[INFO] [stdout]          4	[dev-dependencies]
[INFO] [stdout]          5	assert_cmd = "2"
[INFO] [stdout]          6	predicates = "2"
[INFO] [stdout]          7	
[INFO] [stdout]          8	[package]
[INFO] [stdout]          9	edition = "2018"
[INFO] [stdout]         10	name = "rust-cat"
[INFO] [stdout]         11	version = "0.1.0"
[INFO] [stdout] 
[INFO] [stdout] command=`"/opt/rustwide/target/debug/rust-cat" "-n" "Cargo.toml"`
[INFO] [stdout] code=0
[INFO] [stdout] stdout="     1\t[dependencies]\n     2\tclap = \"2.33.3\"\n     3\t\n     4\t[dev-dependencies]\n     5\tassert_cmd = \"2\"\n     6\tpredicates = \"2\"\n     7\t\n     8\t[package]\n     9\tedition = \"2018\"\n    10\tname = \"rust-cat\"\n    11\tversion = \"0.1.0\"\n"
[INFO] [stdout] stderr=""
[INFO] [stdout] 
[INFO] [stdout] stack backtrace:
[INFO] [stdout]    0:     0x61d078ff752a - std::backtrace_rs::backtrace::libunwind::trace::hb059275cfc8d6126
[INFO] [stdout]                                at /rustc/6067b36314ab5eb2eb47cecc464545ba58e1ad24/library/std/src/../../backtrace/src/backtrace/libunwind.rs:116:5
[INFO] [stdout]    1:     0x61d078ff752a - std::backtrace_rs::backtrace::trace_unsynchronized::h2da071e4327ce3ee
[INFO] [stdout]                                at /rustc/6067b36314ab5eb2eb47cecc464545ba58e1ad24/library/std/src/../../backtrace/src/backtrace/mod.rs:66:5
[INFO] [stdout]    2:     0x61d078ff752a - std::sys::backtrace::_print_fmt::h842a1474e6f8d23f
[INFO] [stdout]                                at /rustc/6067b36314ab5eb2eb47cecc464545ba58e1ad24/library/std/src/sys/backtrace.rs:66:9
[INFO] [stdout]    3:     0x61d078ff752a - <std::sys::backtrace::BacktraceLock::print::DisplayBacktrace as core::fmt::Display>::fmt::h71a62eb3b9696b12
[INFO] [stdout]                                at /rustc/6067b36314ab5eb2eb47cecc464545ba58e1ad24/library/std/src/sys/backtrace.rs:39:26
[INFO] [stdout]    4:     0x61d07901fe23 - core::fmt::rt::Argument::fmt::hdb6b616786b41dc1
[INFO] [stdout]                                at /rustc/6067b36314ab5eb2eb47cecc464545ba58e1ad24/library/core/src/fmt/rt.rs:177:76
[INFO] [stdout]    5:     0x61d07901fe23 - core::fmt::write::h2cc1698af7e2d686
[INFO] [stdout]                                at /rustc/6067b36314ab5eb2eb47cecc464545ba58e1ad24/library/core/src/fmt/mod.rs:1440:21
[INFO] [stdout]    6:     0x61d078ff39d3 - std::io::Write::write_fmt::hab1b4cd059a79022
[INFO] [stdout]                                at /rustc/6067b36314ab5eb2eb47cecc464545ba58e1ad24/library/std/src/io/mod.rs:1887:15
[INFO] [stdout]    7:     0x61d078ff7372 - std::sys::backtrace::BacktraceLock::print::h147fe35b4ea13b08
[INFO] [stdout]                                at /rustc/6067b36314ab5eb2eb47cecc464545ba58e1ad24/library/std/src/sys/backtrace.rs:42:9
[INFO] [stdout]    8:     0x61d078ff89cf - std::panicking::default_hook::{{closure}}::hbd44223dbdc0d208
[INFO] [stdout]                                at /rustc/6067b36314ab5eb2eb47cecc464545ba58e1ad24/library/std/src/panicking.rs:298:22
[INFO] [stdout]    9:     0x61d078ff87e8 - std::panicking::default_hook::h20f81eb0576efcec
[INFO] [stdout]                                at /rustc/6067b36314ab5eb2eb47cecc464545ba58e1ad24/library/std/src/panicking.rs:322:9
[INFO] [stdout]   10:     0x61d078f64a53 - <alloc::boxed::Box<F,A> as core::ops::function::Fn<Args>>::call::hdb53814c496a4d34
[INFO] [stdout]                                at /rustc/6067b36314ab5eb2eb47cecc464545ba58e1ad24/library/alloc/src/boxed.rs:2027:9
[INFO] [stdout]   11:     0x61d078f64a53 - test::test_main::{{closure}}::hc0a4963c59427c24
[INFO] [stdout]                                at /rustc/6067b36314ab5eb2eb47cecc464545ba58e1ad24/library/test/src/lib.rs:134:21
[INFO] [stdout]   12:     0x61d078ff94c3 - <alloc::boxed::Box<F,A> as core::ops::function::Fn<Args>>::call::h591b2225413a77e9
[INFO] [stdout]                                at /rustc/6067b36314ab5eb2eb47cecc464545ba58e1ad24/library/alloc/src/boxed.rs:2027:9
[INFO] [stdout]   13:     0x61d078ff94c3 - std::panicking::rust_panic_with_hook::h625eea43051b2edc
[INFO] [stdout]                                at /rustc/6067b36314ab5eb2eb47cecc464545ba58e1ad24/library/std/src/panicking.rs:839:13
[INFO] [stdout]   14:     0x61d078ff917a - std::panicking::begin_panic_handler::{{closure}}::h4f9159cfbc3f6bd3
[INFO] [stdout]                                at /rustc/6067b36314ab5eb2eb47cecc464545ba58e1ad24/library/std/src/panicking.rs:704:13
[INFO] [stdout]   15:     0x61d078ff7a29 - std::sys::backtrace::__rust_end_short_backtrace::h0390abce48353151
[INFO] [stdout]                                at /rustc/6067b36314ab5eb2eb47cecc464545ba58e1ad24/library/std/src/sys/backtrace.rs:168:18
[INFO] [stdout]   16:     0x61d078ff8e0d - rust_begin_unwind
[INFO] [stdout]                                at /rustc/6067b36314ab5eb2eb47cecc464545ba58e1ad24/library/std/src/panicking.rs:695:5
[INFO] [stdout]   17:     0x61d07901e4f0 - core::panicking::panic_fmt::h9e7c637e9e5f29c9
[INFO] [stdout]                                at /rustc/6067b36314ab5eb2eb47cecc464545ba58e1ad24/library/core/src/panicking.rs:75:14
[INFO] [stdout]   18:     0x61d078f71fb3 - core::panicking::panic_display::ha4244955c9018045
[INFO] [stdout]                                at /rustc/6067b36314ab5eb2eb47cecc464545ba58e1ad24/library/core/src/panicking.rs:261:5
[INFO] [stdout]   19:     0x61d078f82107 - assert_cmd::assert::AssertError::panic::h4dd866516ce6be5f
[INFO] [stdout]                                at /opt/rustwide/cargo-home/registry/src/index.crates.io-1949cf8c6b5b557f/assert_cmd-2.0.2/src/assert.rs:1036:9
[INFO] [stdout]   20:     0x61d078f6fb37 - core::ops::function::FnOnce::call_once::hd908d5cf58b085be
[INFO] [stdout]                                at /rustc/6067b36314ab5eb2eb47cecc464545ba58e1ad24/library/core/src/ops/function.rs:250:5
[INFO] [stdout]   21:     0x61d078f80580 - core::result::Result<T,E>::unwrap_or_else::h850d0b639229ac9e
[INFO] [stdout]                                at /rustc/6067b36314ab5eb2eb47cecc464545ba58e1ad24/library/core/src/result.rs:1463:23
[INFO] [stdout]   22:     0x61d078f27725 - assert_cmd::assert::Assert::stdout::hf654c35b10d24998
[INFO] [stdout]                                at /opt/rustwide/cargo-home/registry/src/index.crates.io-1949cf8c6b5b557f/assert_cmd-2.0.2/src/assert.rs:362:9
[INFO] [stdout]   23:     0x61d078f29f32 - cat_test::run::hfae41d43ed159d59
[INFO] [stdout]                                at /opt/rustwide/workdir/tests/cat_test.rs:8:5
[INFO] [stdout]   24:     0x61d078f2a59e - cat_test::one_file_with_arg_n::h538b55071ddeae9c
[INFO] [stdout]                                at /opt/rustwide/workdir/tests/cat_test.rs:50:5
[INFO] [stdout]   25:     0x61d078f2a567 - cat_test::one_file_with_arg_n::{{closure}}::h532bb6f612a18f07
[INFO] [stdout]                                at /opt/rustwide/workdir/tests/cat_test.rs:49:29
[INFO] [stdout]   26:     0x61d078f284d6 - core::ops::function::FnOnce::call_once::ha24db4caa4171a46
[INFO] [stdout]                                at /rustc/6067b36314ab5eb2eb47cecc464545ba58e1ad24/library/core/src/ops/function.rs:250:5
[INFO] [stdout]   27:     0x61d078f6a1ab - core::ops::function::FnOnce::call_once::he27718dfdd183f43
[INFO] [stdout]                                at /rustc/6067b36314ab5eb2eb47cecc464545ba58e1ad24/library/core/src/ops/function.rs:250:5
[INFO] [stdout]   28:     0x61d078f6a1ab - test::__rust_begin_short_backtrace::h4e84902998457a5d
[INFO] [stdout]                                at /rustc/6067b36314ab5eb2eb47cecc464545ba58e1ad24/library/test/src/lib.rs:632:18
[INFO] [stdout]   29:     0x61d078f690e3 - test::run_test_in_process::{{closure}}::h7176fd18fc1feca0
[INFO] [stdout]                                at /rustc/6067b36314ab5eb2eb47cecc464545ba58e1ad24/library/test/src/lib.rs:655:60
[INFO] [stdout]   30:     0x61d078f690e3 - <core::panic::unwind_safe::AssertUnwindSafe<F> as core::ops::function::FnOnce<()>>::call_once::hf79cff2a624d8cf7
[INFO] [stdout]                                at /rustc/6067b36314ab5eb2eb47cecc464545ba58e1ad24/library/core/src/panic/unwind_safe.rs:272:9
[INFO] [stdout]   31:     0x61d078f690e3 - std::panicking::try::do_call::h3da0561d9ab99c25
[INFO] [stdout]                                at /rustc/6067b36314ab5eb2eb47cecc464545ba58e1ad24/library/std/src/panicking.rs:587:40
[INFO] [stdout]   32:     0x61d078f690e3 - std::panicking::try::h41c9fa508bc61df6
[INFO] [stdout]                                at /rustc/6067b36314ab5eb2eb47cecc464545ba58e1ad24/library/std/src/panicking.rs:550:19
[INFO] [stdout]   33:     0x61d078f690e3 - std::panic::catch_unwind::h6b3ff07bb5afad93
[INFO] [stdout]                                at /rustc/6067b36314ab5eb2eb47cecc464545ba58e1ad24/library/std/src/panic.rs:358:14
[INFO] [stdout]   34:     0x61d078f690e3 - test::run_test_in_process::hc7253dd11b39b9f4
[INFO] [stdout]                                at /rustc/6067b36314ab5eb2eb47cecc464545ba58e1ad24/library/test/src/lib.rs:655:27
[INFO] [stdout]   35:     0x61d078f690e3 - test::run_test::{{closure}}::hfb2007f8649c30bb
[INFO] [stdout]                                at /rustc/6067b36314ab5eb2eb47cecc464545ba58e1ad24/library/test/src/lib.rs:576:43
[INFO] [stdout]   36:     0x61d078f2c1c5 - test::run_test::{{closure}}::h56a17aa7a282a9f4
[INFO] [stdout]                                at /rustc/6067b36314ab5eb2eb47cecc464545ba58e1ad24/library/test/src/lib.rs:606:41
[INFO] [stdout]   37:     0x61d078f2c1c5 - std::sys::backtrace::__rust_begin_short_backtrace::hd2d2d2fb8e8c6aac
[INFO] [stdout]                                at /rustc/6067b36314ab5eb2eb47cecc464545ba58e1ad24/library/std/src/sys/backtrace.rs:152:18
[INFO] [stdout]   38:     0x61d078f2faaa - std::thread::Builder::spawn_unchecked_::{{closure}}::{{closure}}::h4faa3f9db6133423
[INFO] [stdout]                                at /rustc/6067b36314ab5eb2eb47cecc464545ba58e1ad24/library/std/src/thread/mod.rs:559:17
[INFO] [stdout]   39:     0x61d078f2faaa - <core::panic::unwind_safe::AssertUnwindSafe<F> as core::ops::function::FnOnce<()>>::call_once::hf2e855a36a4ea846
[INFO] [stdout]                                at /rustc/6067b36314ab5eb2eb47cecc464545ba58e1ad24/library/core/src/panic/unwind_safe.rs:272:9
[INFO] [stdout]   40:     0x61d078f2faaa - std::panicking::try::do_call::h2f73af3616c35465
[INFO] [stdout]                                at /rustc/6067b36314ab5eb2eb47cecc464545ba58e1ad24/library/std/src/panicking.rs:587:40
[INFO] [stdout]   41:     0x61d078f2faaa - std::panicking::try::hd1660ce9efadef5a
[INFO] [stdout]                                at /rustc/6067b36314ab5eb2eb47cecc464545ba58e1ad24/library/std/src/panicking.rs:550:19
[INFO] [stdout]   42:     0x61d078f2faaa - std::panic::catch_unwind::h5ee8d7823b8ca744
[INFO] [stdout]                                at /rustc/6067b36314ab5eb2eb47cecc464545ba58e1ad24/library/std/src/panic.rs:358:14
[INFO] [stdout]   43:     0x61d078f2faaa - std::thread::Builder::spawn_unchecked_::{{closure}}::h53c3a1894dce8407
[INFO] [stdout]                                at /rustc/6067b36314ab5eb2eb47cecc464545ba58e1ad24/library/std/src/thread/mod.rs:557:30
[INFO] [stdout]   44:     0x61d078f2faaa - core::ops::function::FnOnce::call_once{{vtable.shim}}::h048ce291ad4f62bf
[INFO] [stdout]                                at /rustc/6067b36314ab5eb2eb47cecc464545ba58e1ad24/library/core/src/ops/function.rs:250:5
[INFO] [stdout]   45:     0x61d078ffdf7b - <alloc::boxed::Box<F,A> as core::ops::function::FnOnce<Args>>::call_once::ha52bedf99a3b4981
[INFO] [stdout]                                at /rustc/6067b36314ab5eb2eb47cecc464545ba58e1ad24/library/alloc/src/boxed.rs:2013:9
[INFO] [stdout]   46:     0x61d078ffdf7b - <alloc::boxed::Box<F,A> as core::ops::function::FnOnce<Args>>::call_once::h567748934d80ccf8
[INFO] [stdout]                                at /rustc/6067b36314ab5eb2eb47cecc464545ba58e1ad24/library/alloc/src/boxed.rs:2013:9
[INFO] [stdout]   47:     0x61d078ffdf7b - std::sys::pal::unix::thread::Thread::new::thread_start::h2d970728ae887adc
[INFO] [stdout]                                at /rustc/6067b36314ab5eb2eb47cecc464545ba58e1ad24/library/std/src/sys/pal/unix/thread.rs:106:17
[INFO] [stdout]   48:     0x7982d1222ac3 - <unknown>
[INFO] [stdout]   49:     0x7982d12b3a04 - clone
[INFO] [stdout]   50:                0x0 - <unknown>
[INFO] [stdout] 
[INFO] [stdout] ---- two_file_with_arg_b stdout ----
[INFO] [stdout] 
[INFO] [stdout] thread 'two_file_with_arg_b' panicked at /rustc/6067b36314ab5eb2eb47cecc464545ba58e1ad24/library/core/src/ops/function.rs:250:5:
[INFO] [stdout] Unexpected stdout, failed diff original var
[INFO] [stdout] ├── original:      1	[package]
[INFO] [stdout] |        2	name = "rust-cat"
[INFO] [stdout] |        3	version = "0.1.0"
[INFO] [stdout] |        4	edition = "2018"
[INFO] [stdout] |   
[INFO] [stdout] |        5	# See more keys and their definitions at https://doc.rust-lang.org/cargo/reference/manifest.html
[INFO] [stdout] |   
[INFO] [stdout] |        6	[dependencies]
[INFO] [stdout] |        7	clap = "2.33.3"
[INFO] [stdout] |        8	[dev-dependencies]
[INFO] [stdout] |        9	predicates = "2"
[INFO] [stdout] |       10	assert_cmd = "2"
[INFO] [stdout] |       11	[package]
[INFO] [stdout] |       12	name = "rust-cat"
[INFO] [stdout] |       13	version = "0.1.0"
[INFO] [stdout] |       14	edition = "2018"
[INFO] [stdout] |   
[INFO] [stdout] |       15	# See more keys and their definitions at https://doc.rust-lang.org/cargo/reference/manifest.html
[INFO] [stdout] |   
[INFO] [stdout] |       16	[dependencies]
[INFO] [stdout] |       17	clap = "2.33.3"
[INFO] [stdout] |       18	[dev-dependencies]
[INFO] [stdout] |       19	predicates = "2"
[INFO] [stdout] |       20	assert_cmd = "2"
[INFO] [stdout] ├── diff: 
[INFO] [stdout] |   --- 	orig
[INFO] [stdout] |   +++ 	var
[INFO] [stdout] |   @@ -1,4 +1,2 @@
[INFO] [stdout] |   -     1	[package]
[INFO] [stdout] |   -     2	name = "rust-cat"
[INFO] [stdout] |   -     3	version = "0.1.0"
[INFO] [stdout] |   -     4	edition = "2018"
[INFO] [stdout] |   +     1	[dependencies]
[INFO] [stdout] |   +     2	clap = "2.33.3"
[INFO] [stdout] |   @@ -6 +4,3 @@
[INFO] [stdout] |   -     5	# See more keys and their definitions at https://doc.rust-lang.org/cargo/reference/manifest.html
[INFO] [stdout] |   +     3	[dev-dependencies]
[INFO] [stdout] |   +     4	assert_cmd = "2"
[INFO] [stdout] |   +     5	predicates = "2"
[INFO] [stdout] |   @@ -8,9 +8,6 @@
[INFO] [stdout] |   -     6	[dependencies]
[INFO] [stdout] |   -     7	clap = "2.33.3"
[INFO] [stdout] |   -     8	[dev-dependencies]
[INFO] [stdout] |   -     9	predicates = "2"
[INFO] [stdout] |   -    10	assert_cmd = "2"
[INFO] [stdout] |   -    11	[package]
[INFO] [stdout] |   -    12	name = "rust-cat"
[INFO] [stdout] |   -    13	version = "0.1.0"
[INFO] [stdout] |   -    14	edition = "2018"
[INFO] [stdout] |   +     6	[package]
[INFO] [stdout] |   +     7	edition = "2018"
[INFO] [stdout] |   +     8	name = "rust-cat"
[INFO] [stdout] |   +     9	version = "0.1.0"
[INFO] [stdout] |   +    10	[dependencies]
[INFO] [stdout] |   +    11	clap = "2.33.3"
[INFO] [stdout] |   @@ -18 +15,3 @@
[INFO] [stdout] |   -    15	# See more keys and their definitions at https://doc.rust-lang.org/cargo/reference/manifest.html
[INFO] [stdout] |   +    12	[dev-dependencies]
[INFO] [stdout] |   +    13	assert_cmd = "2"
[INFO] [stdout] |   +    14	predicates = "2"
[INFO] [stdout] |   @@ -20,5 +19,4 @@
[INFO] [stdout] |   -    16	[dependencies]
[INFO] [stdout] |   -    17	clap = "2.33.3"
[INFO] [stdout] |   -    18	[dev-dependencies]
[INFO] [stdout] |   -    19	predicates = "2"
[INFO] [stdout] |   -    20	assert_cmd = "2"
[INFO] [stdout] |   +    15	[package]
[INFO] [stdout] |   +    16	edition = "2018"
[INFO] [stdout] |   +    17	name = "rust-cat"
[INFO] [stdout] |   +    18	version = "0.1.0"
[INFO] [stdout] └── var as str:      1	[dependencies]
[INFO] [stdout]          2	clap = "2.33.3"
[INFO] [stdout]     
[INFO] [stdout]          3	[dev-dependencies]
[INFO] [stdout]          4	assert_cmd = "2"
[INFO] [stdout]          5	predicates = "2"
[INFO] [stdout]     
[INFO] [stdout]          6	[package]
[INFO] [stdout]          7	edition = "2018"
[INFO] [stdout]          8	name = "rust-cat"
[INFO] [stdout]          9	version = "0.1.0"
[INFO] [stdout]         10	[dependencies]
[INFO] [stdout]         11	clap = "2.33.3"
[INFO] [stdout]     
[INFO] [stdout]         12	[dev-dependencies]
[INFO] [stdout]         13	assert_cmd = "2"
[INFO] [stdout]         14	predicates = "2"
[INFO] [stdout]     
[INFO] [stdout]         15	[package]
[INFO] [stdout]         16	edition = "2018"
[INFO] [stdout]         17	name = "rust-cat"
[INFO] [stdout]         18	version = "0.1.0"
[INFO] [stdout] 
[INFO] [stdout] command=`"/opt/rustwide/target/debug/rust-cat" "-b" "Cargo.toml" "Cargo.toml"`
[INFO] [stdout] code=0
[INFO] [stdout] stdout="     1\t[dependencies]\n     2\tclap = \"2.33.3\"\n\n     3\t[dev-dependencies]\n     4\tassert_cmd = \"2\"\n     5\tpredicates = \"2\"\n\n     6\t[package]\n     7\tedition = \"2018\"\n     8\tname = \"rust-cat\"\n     9\tversion = \"0.1.0\"\n    10\t[dependencies]\n    11\tclap = \"2.33.3\"\n\n    12\t[dev-dependencies]\n    13\tassert_cmd = \"2\"\n    14\tpredicates = \"2\"\n\n    15\t[package]\n    16\tedition = \"2018\"\n    17\tname = \"rust-cat\"\n    18\tversion = \"0.1.0\"\n"
[INFO] [stdout] stderr=""
[INFO] [stdout] 
[INFO] [stdout] stack backtrace:
[INFO] [stdout]    0:     0x61d078ff752a - std::backtrace_rs::backtrace::libunwind::trace::hb059275cfc8d6126
[INFO] [stdout]                                at /rustc/6067b36314ab5eb2eb47cecc464545ba58e1ad24/library/std/src/../../backtrace/src/backtrace/libunwind.rs:116:5
[INFO] [stdout]    1:     0x61d078ff752a - std::backtrace_rs::backtrace::trace_unsynchronized::h2da071e4327ce3ee
[INFO] [stdout]                                at /rustc/6067b36314ab5eb2eb47cecc464545ba58e1ad24/library/std/src/../../backtrace/src/backtrace/mod.rs:66:5
[INFO] [stdout]    2:     0x61d078ff752a - std::sys::backtrace::_print_fmt::h842a1474e6f8d23f
[INFO] [stdout]                                at /rustc/6067b36314ab5eb2eb47cecc464545ba58e1ad24/library/std/src/sys/backtrace.rs:66:9
[INFO] [stdout]    3:     0x61d078ff752a - <std::sys::backtrace::BacktraceLock::print::DisplayBacktrace as core::fmt::Display>::fmt::h71a62eb3b9696b12
[INFO] [stdout]                                at /rustc/6067b36314ab5eb2eb47cecc464545ba58e1ad24/library/std/src/sys/backtrace.rs:39:26
[INFO] [stdout]    4:     0x61d07901fe23 - core::fmt::rt::Argument::fmt::hdb6b616786b41dc1
[INFO] [stdout]                                at /rustc/6067b36314ab5eb2eb47cecc464545ba58e1ad24/library/core/src/fmt/rt.rs:177:76
[INFO] [stdout]    5:     0x61d07901fe23 - core::fmt::write::h2cc1698af7e2d686
[INFO] [stdout]                                at /rustc/6067b36314ab5eb2eb47cecc464545ba58e1ad24/library/core/src/fmt/mod.rs:1440:21
[INFO] [stdout]    6:     0x61d078ff39d3 - std::io::Write::write_fmt::hab1b4cd059a79022
[INFO] [stdout]                                at /rustc/6067b36314ab5eb2eb47cecc464545ba58e1ad24/library/std/src/io/mod.rs:1887:15
[INFO] [stdout]    7:     0x61d078ff7372 - std::sys::backtrace::BacktraceLock::print::h147fe35b4ea13b08
[INFO] [stdout]                                at /rustc/6067b36314ab5eb2eb47cecc464545ba58e1ad24/library/std/src/sys/backtrace.rs:42:9
[INFO] [stdout]    8:     0x61d078ff89cf - std::panicking::default_hook::{{closure}}::hbd44223dbdc0d208
[INFO] [stdout]                                at /rustc/6067b36314ab5eb2eb47cecc464545ba58e1ad24/library/std/src/panicking.rs:298:22
[INFO] [stdout]    9:     0x61d078ff87e8 - std::panicking::default_hook::h20f81eb0576efcec
[INFO] [stdout]                                at /rustc/6067b36314ab5eb2eb47cecc464545ba58e1ad24/library/std/src/panicking.rs:322:9
[INFO] [stdout]   10:     0x61d078f64a53 - <alloc::boxed::Box<F,A> as core::ops::function::Fn<Args>>::call::hdb53814c496a4d34
[INFO] [stdout]                                at /rustc/6067b36314ab5eb2eb47cecc464545ba58e1ad24/library/alloc/src/boxed.rs:2027:9
[INFO] [stdout]   11:     0x61d078f64a53 - test::test_main::{{closure}}::hc0a4963c59427c24
[INFO] [stdout]                                at /rustc/6067b36314ab5eb2eb47cecc464545ba58e1ad24/library/test/src/lib.rs:134:21
[INFO] [stdout]   12:     0x61d078ff94c3 - <alloc::boxed::Box<F,A> as core::ops::function::Fn<Args>>::call::h591b2225413a77e9
[INFO] [stdout]                                at /rustc/6067b36314ab5eb2eb47cecc464545ba58e1ad24/library/alloc/src/boxed.rs:2027:9
[INFO] [stdout]   13:     0x61d078ff94c3 - std::panicking::rust_panic_with_hook::h625eea43051b2edc
[INFO] [stdout]                                at /rustc/6067b36314ab5eb2eb47cecc464545ba58e1ad24/library/std/src/panicking.rs:839:13
[INFO] [stdout]   14:     0x61d078ff917a - std::panicking::begin_panic_handler::{{closure}}::h4f9159cfbc3f6bd3
[INFO] [stdout]                                at /rustc/6067b36314ab5eb2eb47cecc464545ba58e1ad24/library/std/src/panicking.rs:704:13
[INFO] [stdout]   15:     0x61d078ff7a29 - std::sys::backtrace::__rust_end_short_backtrace::h0390abce48353151
[INFO] [stdout]                                at /rustc/6067b36314ab5eb2eb47cecc464545ba58e1ad24/library/std/src/sys/backtrace.rs:168:18
[INFO] [stdout]   16:     0x61d078ff8e0d - rust_begin_unwind
[INFO] [stdout]                                at /rustc/6067b36314ab5eb2eb47cecc464545ba58e1ad24/library/std/src/panicking.rs:695:5
[INFO] [stdout]   17:     0x61d07901e4f0 - core::panicking::panic_fmt::h9e7c637e9e5f29c9
[INFO] [stdout]                                at /rustc/6067b36314ab5eb2eb47cecc464545ba58e1ad24/library/core/src/panicking.rs:75:14
[INFO] [stdout]   18:     0x61d078f71fb3 - core::panicking::panic_display::ha4244955c9018045
[INFO] [stdout]                                at /rustc/6067b36314ab5eb2eb47cecc464545ba58e1ad24/library/core/src/panicking.rs:261:5
[INFO] [stdout]   19:     0x61d078f82107 - assert_cmd::assert::AssertError::panic::h4dd866516ce6be5f
[INFO] [stdout]                                at /opt/rustwide/cargo-home/registry/src/index.crates.io-1949cf8c6b5b557f/assert_cmd-2.0.2/src/assert.rs:1036:9
[INFO] [stdout]   20:     0x61d078f6fb37 - core::ops::function::FnOnce::call_once::hd908d5cf58b085be
[INFO] [stdout]                                at /rustc/6067b36314ab5eb2eb47cecc464545ba58e1ad24/library/core/src/ops/function.rs:250:5
[INFO] [stdout]   21:     0x61d078f80580 - core::result::Result<T,E>::unwrap_or_else::h850d0b639229ac9e
[INFO] [stdout]                                at /rustc/6067b36314ab5eb2eb47cecc464545ba58e1ad24/library/core/src/result.rs:1463:23
[INFO] [stdout]   22:     0x61d078f27725 - assert_cmd::assert::Assert::stdout::hf654c35b10d24998
[INFO] [stdout]                                at /opt/rustwide/cargo-home/registry/src/index.crates.io-1949cf8c6b5b557f/assert_cmd-2.0.2/src/assert.rs:362:9
[INFO] [stdout]   23:     0x61d078f29f32 - cat_test::run::hfae41d43ed159d59
[INFO] [stdout]                                at /opt/rustwide/workdir/tests/cat_test.rs:8:5
[INFO] [stdout]   24:     0x61d078f2a68e - cat_test::two_file_with_arg_b::h72db4118f0309fd6
[INFO] [stdout]                                at /opt/rustwide/workdir/tests/cat_test.rs:74:5
[INFO] [stdout]   25:     0x61d078f2a657 - cat_test::two_file_with_arg_b::{{closure}}::h17c28468af3233f7
[INFO] [stdout]                                at /opt/rustwide/workdir/tests/cat_test.rs:73:29
[INFO] [stdout]   26:     0x61d078f28556 - core::ops::function::FnOnce::call_once::hc8146ddad7978153
[INFO] [stdout]                                at /rustc/6067b36314ab5eb2eb47cecc464545ba58e1ad24/library/core/src/ops/function.rs:250:5
[INFO] [stdout]   27:     0x61d078f6a1ab - core::ops::function::FnOnce::call_once::he27718dfdd183f43
[INFO] [stdout]                                at /rustc/6067b36314ab5eb2eb47cecc464545ba58e1ad24/library/core/src/ops/function.rs:250:5
[INFO] [stdout]   28:     0x61d078f6a1ab - test::__rust_begin_short_backtrace::h4e84902998457a5d
[INFO] [stdout]                                at /rustc/6067b36314ab5eb2eb47cecc464545ba58e1ad24/library/test/src/lib.rs:632:18
[INFO] [stdout]   29:     0x61d078f690e3 - test::run_test_in_process::{{closure}}::h7176fd18fc1feca0
[INFO] [stdout]                                at /rustc/6067b36314ab5eb2eb47cecc464545ba58e1ad24/library/test/src/lib.rs:655:60
[INFO] [stdout]   30:     0x61d078f690e3 - <core::panic::unwind_safe::AssertUnwindSafe<F> as core::ops::function::FnOnce<()>>::call_once::hf79cff2a624d8cf7
[INFO] [stdout]                                at /rustc/6067b36314ab5eb2eb47cecc464545ba58e1ad24/library/core/src/panic/unwind_safe.rs:272:9
[INFO] [stdout]   31:     0x61d078f690e3 - std::panicking::try::do_call::h3da0561d9ab99c25
[INFO] [stdout]                                at /rustc/6067b36314ab5eb2eb47cecc464545ba58e1ad24/library/std/src/panicking.rs:587:40
[INFO] [stdout]   32:     0x61d078f690e3 - std::panicking::try::h41c9fa508bc61df6
[INFO] [stdout]                                at /rustc/6067b36314ab5eb2eb47cecc464545ba58e1ad24/library/std/src/panicking.rs:550:19
[INFO] [stdout]   33:     0x61d078f690e3 - std::panic::catch_unwind::h6b3ff07bb5afad93
[INFO] [stdout]                                at /rustc/6067b36314ab5eb2eb47cecc464545ba58e1ad24/library/std/src/panic.rs:358:14
[INFO] [stdout]   34:     0x61d078f690e3 - test::run_test_in_process::hc7253dd11b39b9f4
[INFO] [stdout]                                at /rustc/6067b36314ab5eb2eb47cecc464545ba58e1ad24/library/test/src/lib.rs:655:27
[INFO] [stdout]   35:     0x61d078f690e3 - test::run_test::{{closure}}::hfb2007f8649c30bb
[INFO] [stdout]                                at /rustc/6067b36314ab5eb2eb47cecc464545ba58e1ad24/library/test/src/lib.rs:576:43
[INFO] [stdout]   36:     0x61d078f2c1c5 - test::run_test::{{closure}}::h56a17aa7a282a9f4
[INFO] [stdout]                                at /rustc/6067b36314ab5eb2eb47cecc464545ba58e1ad24/library/test/src/lib.rs:606:41
[INFO] [stdout]   37:     0x61d078f2c1c5 - std::sys::backtrace::__rust_begin_short_backtrace::hd2d2d2fb8e8c6aac
[INFO] [stdout]                                at /rustc/6067b36314ab5eb2eb47cecc464545ba58e1ad24/library/std/src/sys/backtrace.rs:152:18
[INFO] [stdout]   38:     0x61d078f2faaa - std::thread::Builder::spawn_unchecked_::{{closure}}::{{closure}}::h4faa3f9db6133423
[INFO] [stdout]                                at /rustc/6067b36314ab5eb2eb47cecc464545ba58e1ad24/library/std/src/thread/mod.rs:559:17
[INFO] [stdout]   39:     0x61d078f2faaa - <core::panic::unwind_safe::AssertUnwindSafe<F> as core::ops::function::FnOnce<()>>::call_once::hf2e855a36a4ea846
[INFO] [stdout]                                at /rustc/6067b36314ab5eb2eb47cecc464545ba58e1ad24/library/core/src/panic/unwind_safe.rs:272:9
[INFO] [stdout]   40:     0x61d078f2faaa - std::panicking::try::do_call::h2f73af3616c35465
[INFO] [stdout]                                at /rustc/6067b36314ab5eb2eb47cecc464545ba58e1ad24/library/std/src/panicking.rs:587:40
[INFO] [stdout]   41:     0x61d078f2faaa - std::panicking::try::hd1660ce9efadef5a
[INFO] [stdout]                                at /rustc/6067b36314ab5eb2eb47cecc464545ba58e1ad24/library/std/src/panicking.rs:550:19
[INFO] [stdout]   42:     0x61d078f2faaa - std::panic::catch_unwind::h5ee8d7823b8ca744
[INFO] [stdout]                                at /rustc/6067b36314ab5eb2eb47cecc464545ba58e1ad24/library/std/src/panic.rs:358:14
[INFO] [stdout]   43:     0x61d078f2faaa - std::thread::Builder::spawn_unchecked_::{{closure}}::h53c3a1894dce8407
[INFO] [stdout]                                at /rustc/6067b36314ab5eb2eb47cecc464545ba58e1ad24/library/std/src/thread/mod.rs:557:30
[INFO] [stdout]   44:     0x61d078f2faaa - core::ops::function::FnOnce::call_once{{vtable.shim}}::h048ce291ad4f62bf
[INFO] [stdout]                                at /rustc/6067b36314ab5eb2eb47cecc464545ba58e1ad24/library/core/src/ops/function.rs:250:5
[INFO] [stdout]   45:     0x61d078ffdf7b - <alloc::boxed::Box<F,A> as core::ops::function::FnOnce<Args>>::call_once::ha52bedf99a3b4981
[INFO] [stdout]                                at /rustc/6067b36314ab5eb2eb47cecc464545ba58e1ad24/library/alloc/src/boxed.rs:2013:9
[INFO] [stdout]   46:     0x61d078ffdf7b - <alloc::boxed::Box<F,A> as core::ops::function::FnOnce<Args>>::call_once::h567748934d80ccf8
[INFO] [stdout]                                at /rustc/6067b36314ab5eb2eb47cecc464545ba58e1ad24/library/alloc/src/boxed.rs:2013:9
[INFO] [stdout]   47:     0x61d078ffdf7b - std::sys::pal::unix::thread::Thread::new::thread_start::h2d970728ae887adc
[INFO] [stdout]                                at /rustc/6067b36314ab5eb2eb47cecc464545ba58e1ad24/library/std/src/sys/pal/unix/thread.rs:106:17
[INFO] [stdout]   48:     0x7982d1222ac3 - <unknown>
[INFO] [stdout]   49:     0x7982d12b3a04 - clone
[INFO] [stdout]   50:                0x0 - <unknown>
[INFO] [stdout] 
[INFO] [stdout] ---- two_file_without_arg stdout ----
[INFO] [stdout] 
[INFO] [stdout] thread 'two_file_without_arg' panicked at /rustc/6067b36314ab5eb2eb47cecc464545ba58e1ad24/library/core/src/ops/function.rs:250:5:
[INFO] [stdout] Unexpected stdout, failed diff original var
[INFO] [stdout] ├── original: [package]
[INFO] [stdout] |   name = "rust-cat"
[INFO] [stdout] |   version = "0.1.0"
[INFO] [stdout] |   edition = "2018"
[INFO] [stdout] |   
[INFO] [stdout] |   # See more keys and their definitions at https://doc.rust-lang.org/cargo/reference/manifest.html
[INFO] [stdout] |   
[INFO] [stdout] |   [dependencies]
[INFO] [stdout] |   clap = "2.33.3"
[INFO] [stdout] |   [dev-dependencies]
[INFO] [stdout] |   predicates = "2"
[INFO] [stdout] |   assert_cmd = "2"
[INFO] [stdout] |   [package]
[INFO] [stdout] |   name = "rust-cat"
[INFO] [stdout] |   version = "0.1.0"
[INFO] [stdout] |   edition = "2018"
[INFO] [stdout] |   
[INFO] [stdout] |   # See more keys and their definitions at https://doc.rust-lang.org/cargo/reference/manifest.html
[INFO] [stdout] |   
[INFO] [stdout] |   [dependencies]
[INFO] [stdout] |   clap = "2.33.3"
[INFO] [stdout] |   [dev-dependencies]
[INFO] [stdout] |   predicates = "2"
[INFO] [stdout] |   assert_cmd = "2"
[INFO] [stdout] ├── diff: 
[INFO] [stdout] |   --- 	orig
[INFO] [stdout] |   +++ 	var
[INFO] [stdout] |   @@ -0,0 +1,7 @@
[INFO] [stdout] |   +[dependencies]
[INFO] [stdout] |   +clap = "2.33.3"
[INFO] [stdout] |   +
[INFO] [stdout] |   +[dev-dependencies]
[INFO] [stdout] |   +assert_cmd = "2"
[INFO] [stdout] |   +predicates = "2"
[INFO] [stdout] |   +
[INFO] [stdout] |   @@ -1,0 +9 @@
[INFO] [stdout] |   +edition = "2018"
[INFO] [stdout] |   @@ -4,4 +11,0 @@
[INFO] [stdout] |   -edition = "2018"
[INFO] [stdout] |   -
[INFO] [stdout] |   -# See more keys and their definitions at https://doc.rust-lang.org/cargo/reference/manifest.html
[INFO] [stdout] |   -
[INFO] [stdout] |   @@ -9,0 +14 @@
[INFO] [stdout] |   +
[INFO] [stdout] |   @@ -10,0 +16 @@
[INFO] [stdout] |   +assert_cmd = "2"
[INFO] [stdout] |   @@ -12 +18 @@
[INFO] [stdout] |   -assert_cmd = "2"
[INFO] [stdout] |   +
[INFO] [stdout] |   @@ -13,0 +20 @@
[INFO] [stdout] |   +edition = "2018"
[INFO] [stdout] |   @@ -16,9 +22,0 @@
[INFO] [stdout] |   -edition = "2018"
[INFO] [stdout] |   -
[INFO] [stdout] |   -# See more keys and their definitions at https://doc.rust-lang.org/cargo/reference/manifest.html
[INFO] [stdout] |   -
[INFO] [stdout] |   -[dependencies]
[INFO] [stdout] |   -clap = "2.33.3"
[INFO] [stdout] |   -[dev-dependencies]
[INFO] [stdout] |   -predicates = "2"
[INFO] [stdout] |   -assert_cmd = "2"
[INFO] [stdout] └── var as str: [dependencies]
[INFO] [stdout]     clap = "2.33.3"
[INFO] [stdout]     
[INFO] [stdout]     [dev-dependencies]
[INFO] [stdout]     assert_cmd = "2"
[INFO] [stdout]     predicates = "2"
[INFO] [stdout]     
[INFO] [stdout]     [package]
[INFO] [stdout]     edition = "2018"
[INFO] [stdout]     name = "rust-cat"
[INFO] [stdout]     version = "0.1.0"
[INFO] [stdout]     [dependencies]
[INFO] [stdout]     clap = "2.33.3"
[INFO] [stdout]     
[INFO] [stdout]     [dev-dependencies]
[INFO] [stdout]     assert_cmd = "2"
[INFO] [stdout]     predicates = "2"
[INFO] [stdout]     
[INFO] [stdout]     [package]
[INFO] [stdout]     edition = "2018"
[INFO] [stdout]     name = "rust-cat"
[INFO] [stdout]     version = "0.1.0"
[INFO] [stdout] 
[INFO] [stdout] command=`"/opt/rustwide/target/debug/rust-cat" "Cargo.toml" "Cargo.toml"`
[INFO] [stdout] code=0
[INFO] [stdout] stdout="[dependencies]\nclap = \"2.33.3\"\n\n[dev-dependencies]\nassert_cmd = \"2\"\npredicates = \"2\"\n\n[package]\nedition = \"2018\"\nname = \"rust-cat\"\nversion = \"0.1.0\"\n[dependencies]\nclap = \"2.33.3\"\n\n[dev-dependencies]\nassert_cmd = \"2\"\npredicates = \"2\"\n\n[package]\nedition = \"2018\"\nname = \"rust-cat\"\nversion = \"0.1.0\"\n"
[INFO] [stdout] stderr=""
[INFO] [stdout] 
[INFO] [stdout] stack backtrace:
[INFO] [stdout]    0:     0x61d078ff752a - std::backtrace_rs::backtrace::libunwind::trace::hb059275cfc8d6126
[INFO] [stdout]                                at /rustc/6067b36314ab5eb2eb47cecc464545ba58e1ad24/library/std/src/../../backtrace/src/backtrace/libunwind.rs:116:5
[INFO] [stdout]    1:     0x61d078ff752a - std::backtrace_rs::backtrace::trace_unsynchronized::h2da071e4327ce3ee
[INFO] [stdout]                                at /rustc/6067b36314ab5eb2eb47cecc464545ba58e1ad24/library/std/src/../../backtrace/src/backtrace/mod.rs:66:5
[INFO] [stdout]    2:     0x61d078ff752a - std::sys::backtrace::_print_fmt::h842a1474e6f8d23f
[INFO] [stdout]                                at /rustc/6067b36314ab5eb2eb47cecc464545ba58e1ad24/library/std/src/sys/backtrace.rs:66:9
[INFO] [stdout]    3:     0x61d078ff752a - <std::sys::backtrace::BacktraceLock::print::DisplayBacktrace as core::fmt::Display>::fmt::h71a62eb3b9696b12
[INFO] [stdout]                                at /rustc/6067b36314ab5eb2eb47cecc464545ba58e1ad24/library/std/src/sys/backtrace.rs:39:26
[INFO] [stdout]    4:     0x61d07901fe23 - core::fmt::rt::Argument::fmt::hdb6b616786b41dc1
[INFO] [stdout]                                at /rustc/6067b36314ab5eb2eb47cecc464545ba58e1ad24/library/core/src/fmt/rt.rs:177:76
[INFO] [stdout]    5:     0x61d07901fe23 - core::fmt::write::h2cc1698af7e2d686
[INFO] [stdout]                                at /rustc/6067b36314ab5eb2eb47cecc464545ba58e1ad24/library/core/src/fmt/mod.rs:1440:21
[INFO] [stdout]    6:     0x61d078ff39d3 - std::io::Write::write_fmt::hab1b4cd059a79022
[INFO] [stdout]                                at /rustc/6067b36314ab5eb2eb47cecc464545ba58e1ad24/library/std/src/io/mod.rs:1887:15
[INFO] [stdout]    7:     0x61d078ff7372 - std::sys::backtrace::BacktraceLock::print::h147fe35b4ea13b08
[INFO] [stdout]                                at /rustc/6067b36314ab5eb2eb47cecc464545ba58e1ad24/library/std/src/sys/backtrace.rs:42:9
[INFO] [stdout]    8:     0x61d078ff89cf - std::panicking::default_hook::{{closure}}::hbd44223dbdc0d208
[INFO] [stdout]                                at /rustc/6067b36314ab5eb2eb47cecc464545ba58e1ad24/library/std/src/panicking.rs:298:22
[INFO] [stdout]    9:     0x61d078ff87e8 - std::panicking::default_hook::h20f81eb0576efcec
[INFO] [stdout]                                at /rustc/6067b36314ab5eb2eb47cecc464545ba58e1ad24/library/std/src/panicking.rs:322:9
[INFO] [stdout]   10:     0x61d078f64a53 - <alloc::boxed::Box<F,A> as core::ops::function::Fn<Args>>::call::hdb53814c496a4d34
[INFO] [stdout]                                at /rustc/6067b36314ab5eb2eb47cecc464545ba58e1ad24/library/alloc/src/boxed.rs:2027:9
[INFO] [stdout]   11:     0x61d078f64a53 - test::test_main::{{closure}}::hc0a4963c59427c24
[INFO] [stdout]                                at /rustc/6067b36314ab5eb2eb47cecc464545ba58e1ad24/library/test/src/lib.rs:134:21
[INFO] [stdout]   12:     0x61d078ff94c3 - <alloc::boxed::Box<F,A> as core::ops::function::Fn<Args>>::call::h591b2225413a77e9
[INFO] [stdout]                                at /rustc/6067b36314ab5eb2eb47cecc464545ba58e1ad24/library/alloc/src/boxed.rs:2027:9
[INFO] [stdout]   13:     0x61d078ff94c3 - std::panicking::rust_panic_with_hook::h625eea43051b2edc
[INFO] [stdout]                                at /rustc/6067b36314ab5eb2eb47cecc464545ba58e1ad24/library/std/src/panicking.rs:839:13
[INFO] [stdout]   14:     0x61d078ff917a - std::panicking::begin_panic_handler::{{closure}}::h4f9159cfbc3f6bd3
[INFO] [stdout]                                at /rustc/6067b36314ab5eb2eb47cecc464545ba58e1ad24/library/std/src/panicking.rs:704:13
[INFO] [stdout]   15:     0x61d078ff7a29 - std::sys::backtrace::__rust_end_short_backtrace::h0390abce48353151
[INFO] [stdout]                                at /rustc/6067b36314ab5eb2eb47cecc464545ba58e1ad24/library/std/src/sys/backtrace.rs:168:18
[INFO] [stdout]   16:     0x61d078ff8e0d - rust_begin_unwind
[INFO] [stdout]                                at /rustc/6067b36314ab5eb2eb47cecc464545ba58e1ad24/library/std/src/panicking.rs:695:5
[INFO] [stdout]   17:     0x61d07901e4f0 - core::panicking::panic_fmt::h9e7c637e9e5f29c9
[INFO] [stdout]                                at /rustc/6067b36314ab5eb2eb47cecc464545ba58e1ad24/library/core/src/panicking.rs:75:14
[INFO] [stdout]   18:     0x61d078f71fb3 - core::panicking::panic_display::ha4244955c9018045
[INFO] [stdout]                                at /rustc/6067b36314ab5eb2eb47cecc464545ba58e1ad24/library/core/src/panicking.rs:261:5
[INFO] [stdout]   19:     0x61d078f82107 - assert_cmd::assert::AssertError::panic::h4dd866516ce6be5f
[INFO] [stdout]                                at /opt/rustwide/cargo-home/registry/src/index.crates.io-1949cf8c6b5b557f/assert_cmd-2.0.2/src/assert.rs:1036:9
[INFO] [stdout]   20:     0x61d078f6fb37 - core::ops::function::FnOnce::call_once::hd908d5cf58b085be
[INFO] [stdout]                                at /rustc/6067b36314ab5eb2eb47cecc464545ba58e1ad24/library/core/src/ops/function.rs:250:5
[INFO] [stdout]   21:     0x61d078f80580 - core::result::Result<T,E>::unwrap_or_else::h850d0b639229ac9e
[INFO] [stdout]                                at /rustc/6067b36314ab5eb2eb47cecc464545ba58e1ad24/library/core/src/result.rs:1463:23
[INFO] [stdout]   22:     0x61d078f27725 - assert_cmd::assert::Assert::stdout::hf654c35b10d24998
[INFO] [stdout]                                at /opt/rustwide/cargo-home/registry/src/index.crates.io-1949cf8c6b5b557f/assert_cmd-2.0.2/src/assert.rs:362:9
[INFO] [stdout]   23:     0x61d078f29f32 - cat_test::run::hfae41d43ed159d59
[INFO] [stdout]                                at /opt/rustwide/workdir/tests/cat_test.rs:8:5
[INFO] [stdout]   24:     0x61d078f2a54e - cat_test::two_file_without_arg::h57333bbf03f1e2e0
[INFO] [stdout]                                at /opt/rustwide/workdir/tests/cat_test.rs:42:5
[INFO] [stdout]   25:     0x61d078f2a517 - cat_test::two_file_without_arg::{{closure}}::h7f86e1c6beff16c4
[INFO] [stdout]                                at /opt/rustwide/workdir/tests/cat_test.rs:41:30
[INFO] [stdout]   26:     0x61d078f283c6 - core::ops::function::FnOnce::call_once::h232e693e8c0b98dc
[INFO] [stdout]                                at /rustc/6067b36314ab5eb2eb47cecc464545ba58e1ad24/library/core/src/ops/function.rs:250:5
[INFO] [stdout]   27:     0x61d078f6a1ab - core::ops::function::FnOnce::call_once::he27718dfdd183f43
[INFO] [stdout]                                at /rustc/6067b36314ab5eb2eb47cecc464545ba58e1ad24/library/core/src/ops/function.rs:250:5
[INFO] [stdout]   28:     0x61d078f6a1ab - test::__rust_begin_short_backtrace::h4e84902998457a5d
[INFO] [stdout]                                at /rustc/6067b36314ab5eb2eb47cecc464545ba58e1ad24/library/test/src/lib.rs:632:18
[INFO] [stdout]   29:     0x61d078f690e3 - test::run_test_in_process::{{closure}}::h7176fd18fc1feca0
[INFO] [stdout]                                at /rustc/6067b36314ab5eb2eb47cecc464545ba58e1ad24/library/test/src/lib.rs:655:60
[INFO] [stdout]   30:     0x61d078f690e3 - <core::panic::unwind_safe::AssertUnwindSafe<F> as core::ops::function::FnOnce<()>>::call_once::hf79cff2a624d8cf7
[INFO] [stdout]                                at /rustc/6067b36314ab5eb2eb47cecc464545ba58e1ad24/library/core/src/panic/unwind_safe.rs:272:9
[INFO] [stdout]   31:     0x61d078f690e3 - std::panicking::try::do_call::h3da0561d9ab99c25
[INFO] [stdout]                                at /rustc/6067b36314ab5eb2eb47cecc464545ba58e1ad24/library/std/src/panicking.rs:587:40
[INFO] [stdout]   32:     0x61d078f690e3 - std::panicking::try::h41c9fa508bc61df6
[INFO] [stdout]                                at /rustc/6067b36314ab5eb2eb47cecc464545ba58e1ad24/library/std/src/panicking.rs:550:19
[INFO] [stdout]   33:     0x61d078f690e3 - std::panic::catch_unwind::h6b3ff07bb5afad93
[INFO] [stdout]                                at /rustc/6067b36314ab5eb2eb47cecc464545ba58e1ad24/library/std/src/panic.rs:358:14
[INFO] [stdout]   34:     0x61d078f690e3 - test::run_test_in_process::hc7253dd11b39b9f4
[INFO] [stdout]                                at /rustc/6067b36314ab5eb2eb47cecc464545ba58e1ad24/library/test/src/lib.rs:655:27
[INFO] [stdout]   35:     0x61d078f690e3 - test::run_test::{{closure}}::hfb2007f8649c30bb
[INFO] [stdout]                                at /rustc/6067b36314ab5eb2eb47cecc464545ba58e1ad24/library/test/src/lib.rs:576:43
[INFO] [stdout]   36:     0x61d078f2c1c5 - test::run_test::{{closure}}::h56a17aa7a282a9f4
[INFO] [stdout]                                at /rustc/6067b36314ab5eb2eb47cecc464545ba58e1ad24/library/test/src/lib.rs:606:41
[INFO] [stdout]   37:     0x61d078f2c1c5 - std::sys::backtrace::__rust_begin_short_backtrace::hd2d2d2fb8e8c6aac
[INFO] [stdout]                                at /rustc/6067b36314ab5eb2eb47cecc464545ba58e1ad24/library/std/src/sys/backtrace.rs:152:18
[INFO] [stdout]   38:     0x61d078f2faaa - std::thread::Builder::spawn_unchecked_::{{closure}}::{{closure}}::h4faa3f9db6133423
[INFO] [stdout]                                at /rustc/6067b36314ab5eb2eb47cecc464545ba58e1ad24/library/std/src/thread/mod.rs:559:17
[INFO] [stdout]   39:     0x61d078f2faaa - <core::panic::unwind_safe::AssertUnwindSafe<F> as core::ops::function::FnOnce<()>>::call_once::hf2e855a36a4ea846
[INFO] [stdout]                                at /rustc/6067b36314ab5eb2eb47cecc464545ba58e1ad24/library/core/src/panic/unwind_safe.rs:272:9
[INFO] [stdout]   40:     0x61d078f2faaa - std::panicking::try::do_call::h2f73af3616c35465
[INFO] [stdout]                                at /rustc/6067b36314ab5eb2eb47cecc464545ba58e1ad24/library/std/src/panicking.rs:587:40
[INFO] [stdout]   41:     0x61d078f2faaa - std::panicking::try::hd1660ce9efadef5a
[INFO] [stdout]                                at /rustc/6067b36314ab5eb2eb47cecc464545ba58e1ad24/library/std/src/panicking.rs:550:19
[INFO] [stdout]   42:     0x61d078f2faaa - std::panic::catch_unwind::h5ee8d7823b8ca744
[INFO] [stdout]                                at /rustc/6067b36314ab5eb2eb47cecc464545ba58e1ad24/library/std/src/panic.rs:358:14
[INFO] [stdout]   43:     0x61d078f2faaa - std::thread::Builder::spawn_unchecked_::{{closure}}::h53c3a1894dce8407
[INFO] [stdout]                                at /rustc/6067b36314ab5eb2eb47cecc464545ba58e1ad24/library/std/src/thread/mod.rs:557:30
[INFO] [stdout]   44:     0x61d078f2faaa - core::ops::function::FnOnce::call_once{{vtable.shim}}::h048ce291ad4f62bf
[INFO] [stdout]                                at /rustc/6067b36314ab5eb2eb47cecc464545ba58e1ad24/library/core/src/ops/function.rs:250:5
[INFO] [stdout]   45:     0x61d078ffdf7b - <alloc::boxed::Box<F,A> as core::ops::function::FnOnce<Args>>::call_once::ha52bedf99a3b4981
[INFO] [stdout]                                at /rustc/6067b36314ab5eb2eb47cecc464545ba58e1ad24/library/alloc/src/boxed.rs:2013:9
[INFO] [stdout]   46:     0x61d078ffdf7b - <alloc::boxed::Box<F,A> as core::ops::function::FnOnce<Args>>::call_once::h567748934d80ccf8
[INFO] [stdout]                                at /rustc/6067b36314ab5eb2eb47cecc464545ba58e1ad24/library/alloc/src/boxed.rs:2013:9
[INFO] [stdout]   47:     0x61d078ffdf7b - std::sys::pal::unix::thread::Thread::new::thread_start::h2d970728ae887adc
[INFO] [stdout]                                at /rustc/6067b36314ab5eb2eb47cecc464545ba58e1ad24/library/std/src/sys/pal/unix/thread.rs:106:17
[INFO] [stderr] error: test failed, to rerun pass `--test cat_test`
[INFO] [stdout]   48:     0x7982d1222ac3 - <unknown>
[INFO] [stdout]   49:     0x7982d12b3a04 - clone
[INFO] [stdout]   50:                0x0 - <unknown>
[INFO] [stdout] 
[INFO] [stdout] 
[INFO] [stdout] failures:
[INFO] [stdout]     one_file_with_arg_b
[INFO] [stdout]     one_file_with_arg_n
[INFO] [stdout]     one_file_without_arg
[INFO] [stdout]     two_file_with_arg_b
[INFO] [stdout]     two_file_with_arg_n
[INFO] [stdout]     two_file_without_arg
[INFO] [stdout] 
[INFO] [stdout] test result: FAILED. 3 passed; 6 failed; 0 ignored; 0 measured; 0 filtered out; finished in 0.03s
[INFO] [stdout] 
[INFO] running `Command { std: "docker" "inspect" "ac680c551c29119b11efb1961978ff7d7943115b6cd4ccb2c25f85d41f968ff9", kill_on_drop: false }`
[INFO] running `Command { std: "docker" "rm" "-f" "ac680c551c29119b11efb1961978ff7d7943115b6cd4ccb2c25f85d41f968ff9", kill_on_drop: false }`
[INFO] [stdout] ac680c551c29119b11efb1961978ff7d7943115b6cd4ccb2c25f85d41f968ff9
