[INFO] cloning repository https://github.com/TobyTYL/week10_miniproject
[INFO] running `Command { std: "git" "-c" "credential.helper=" "-c" "credential.helper=/workspace/cargo-home/bin/git-credential-null" "clone" "--bare" "https://github.com/TobyTYL/week10_miniproject" "/workspace/cache/git-repos/https%3A%2F%2Fgithub.com%2FTobyTYL%2Fweek10_miniproject", kill_on_drop: false }`
[INFO] [stderr] Cloning into bare repository '/workspace/cache/git-repos/https%3A%2F%2Fgithub.com%2FTobyTYL%2Fweek10_miniproject'...
[INFO] running `Command { std: "git" "rev-parse" "HEAD", kill_on_drop: false }`
[INFO] [stdout] 544e910ad1aca475970e46172326bbc8dca998d6
[INFO] testing TobyTYL/week10_miniproject against nightly-2025-01-18 for randomize-layout-2
[INFO] running `Command { std: "git" "clone" "/workspace/cache/git-repos/https%3A%2F%2Fgithub.com%2FTobyTYL%2Fweek10_miniproject" "/workspace/builds/worker-5-tc1/source", kill_on_drop: false }`
[INFO] [stderr] Cloning into '/workspace/builds/worker-5-tc1/source'...
[INFO] [stderr] done.
[INFO] validating manifest of git repo https://github.com/TobyTYL/week10_miniproject on toolchain nightly-2025-01-18
[INFO] running `Command { std: CARGO_HOME="/workspace/cargo-home" RUSTUP_HOME="/workspace/rustup-home" "/workspace/cargo-home/bin/cargo" "+nightly-2025-01-18" "metadata" "--manifest-path" "Cargo.toml" "--no-deps", kill_on_drop: false }`
[INFO] started tweaking git repo https://github.com/TobyTYL/week10_miniproject
[INFO] finished tweaking git repo https://github.com/TobyTYL/week10_miniproject
[INFO] tweaked toml for git repo https://github.com/TobyTYL/week10_miniproject written to /workspace/builds/worker-5-tc1/source/Cargo.toml
[INFO] crate git repo https://github.com/TobyTYL/week10_miniproject already has a lockfile, it will not be regenerated
[INFO] running `Command { std: CARGO_HOME="/workspace/cargo-home" RUSTUP_HOME="/workspace/rustup-home" "/workspace/cargo-home/bin/cargo" "+nightly-2025-01-18" "fetch" "--manifest-path" "Cargo.toml", kill_on_drop: false }`
[INFO] [stderr] warning: no edition set: defaulting to the 2015 edition while the latest is 2024
[INFO] [stderr]  Downloading crates ...
[INFO] [stderr]   Downloaded libc v0.2.16
[INFO] running `Command { std: "docker" "create" "-v" "/var/lib/crater-agent-workspace/builds/worker-5-tc1/target:/opt/rustwide/target:rw,Z" "-v" "/var/lib/crater-agent-workspace/builds/worker-5-tc1/source:/opt/rustwide/workdir:ro,Z" "-v" "/var/lib/crater-agent-workspace/cargo-home:/opt/rustwide/cargo-home:ro,Z" "-v" "/var/lib/crater-agent-workspace/rustup-home:/opt/rustwide/rustup-home:ro,Z" "-e" "SOURCE_DIR=/opt/rustwide/workdir" "-e" "CARGO_TARGET_DIR=/opt/rustwide/target" "-e" "CARGO_HOME=/opt/rustwide/cargo-home" "-e" "RUSTUP_HOME=/opt/rustwide/rustup-home" "-w" "/opt/rustwide/workdir" "-m" "1610612736" "--user" "0:0" "--network" "none" "ghcr.io/rust-lang/crates-build-env/linux@sha256:819108c5571ea2e421544af4d832f968d213c87fbe3707a016657f43d2f853bc" "/opt/rustwide/cargo-home/bin/cargo" "+nightly-2025-01-18" "metadata" "--no-deps" "--format-version=1", kill_on_drop: false }`
[INFO] [stdout] 8363c573e08dc0db742aafb12961417cf8b917118d954349ce663a6e57a644e3
[INFO] running `Command { std: "docker" "start" "-a" "8363c573e08dc0db742aafb12961417cf8b917118d954349ce663a6e57a644e3", kill_on_drop: false }`
[INFO] running `Command { std: "docker" "inspect" "8363c573e08dc0db742aafb12961417cf8b917118d954349ce663a6e57a644e3", kill_on_drop: false }`
[INFO] running `Command { std: "docker" "rm" "-f" "8363c573e08dc0db742aafb12961417cf8b917118d954349ce663a6e57a644e3", kill_on_drop: false }`
[INFO] [stdout] 8363c573e08dc0db742aafb12961417cf8b917118d954349ce663a6e57a644e3
[INFO] running `Command { std: "docker" "create" "-v" "/var/lib/crater-agent-workspace/builds/worker-5-tc1/target:/opt/rustwide/target:rw,Z" "-v" "/var/lib/crater-agent-workspace/builds/worker-5-tc1/source:/opt/rustwide/workdir:ro,Z" "-v" "/var/lib/crater-agent-workspace/cargo-home:/opt/rustwide/cargo-home:ro,Z" "-v" "/var/lib/crater-agent-workspace/rustup-home:/opt/rustwide/rustup-home:ro,Z" "-e" "SOURCE_DIR=/opt/rustwide/workdir" "-e" "CARGO_TARGET_DIR=/opt/rustwide/target" "-e" "CARGO_INCREMENTAL=0" "-e" "RUST_BACKTRACE=full" "-e" "RUSTFLAGS=--cap-lints=forbid" "-e" "RUSTDOCFLAGS=--cap-lints=forbid" "-e" "CARGO_HOME=/opt/rustwide/cargo-home" "-e" "RUSTUP_HOME=/opt/rustwide/rustup-home" "-w" "/opt/rustwide/workdir" "-m" "1610612736" "--user" "0:0" "--network" "none" "ghcr.io/rust-lang/crates-build-env/linux@sha256:819108c5571ea2e421544af4d832f968d213c87fbe3707a016657f43d2f853bc" "/opt/rustwide/cargo-home/bin/cargo" "+nightly-2025-01-18" "build" "--frozen" "--message-format=json", kill_on_drop: false }`
[INFO] [stdout] 0530e5acbc7aebb1984270a4791b51af54f85badb714389eae8449fb537b86c3
[INFO] running `Command { std: "docker" "start" "-a" "0530e5acbc7aebb1984270a4791b51af54f85badb714389eae8449fb537b86c3", kill_on_drop: false }`
[INFO] [stderr] warning: no edition set: defaulting to the 2015 edition while the latest is 2024
[INFO] [stderr]    Compiling winapi-build v0.1.1
[INFO] [stderr]    Compiling libc v0.2.16
[INFO] [stderr]    Compiling winapi v0.2.8
[INFO] [stderr]    Compiling unicode-width v0.1.3
[INFO] [stderr]    Compiling ansi_term v0.9.0
[INFO] [stderr]    Compiling strsim v0.5.1
[INFO] [stderr]    Compiling unicode-segmentation v0.1.2
[INFO] [stderr]    Compiling bitflags v0.7.0
[INFO] [stderr]    Compiling vec_map v0.6.0
[INFO] [stderr]    Compiling kernel32-sys v0.2.2
[INFO] [stderr]    Compiling term_size v0.2.1
[INFO] [stderr]    Compiling clap v2.11.3
[INFO] [stderr]    Compiling time v0.1.35
[INFO] [stderr]    Compiling budget v0.1.0 (/opt/rustwide/workdir)
[INFO] [stdout] warning: use of deprecated function `std::env::home_dir`: This function's behavior may be unexpected on Windows. Consider using a crate from crates.io instead.
[INFO] [stdout]   --> src/main.rs:56:45
[INFO] [stdout]    |
[INFO] [stdout] 56 |     let data_path = filepath(&matches, env::home_dir());
[INFO] [stdout]    |                                             ^^^^^^^^
[INFO] [stdout]    |
[INFO] [stdout]    = note: `#[warn(deprecated)]` on by default
[INFO] [stdout] 
[INFO] [stdout] 
[INFO] [stdout] warning: use of deprecated function `std::env::home_dir`: This function's behavior may be unexpected on Windows. Consider using a crate from crates.io instead.
[INFO] [stdout]   --> src/main.rs:62:42
[INFO] [stdout]    |
[INFO] [stdout] 62 |     let result = filepath(&matches, env::home_dir()).ok_or(Error::InputError)
[INFO] [stdout]    |                                          ^^^^^^^^
[INFO] [stdout] 
[INFO] [stdout] 
[INFO] [stderr]     Finished `dev` profile [unoptimized + debuginfo] target(s) in 4.43s
[INFO] [stderr] warning: the following packages contain code that will be rejected by a future version of Rust: bitflags v0.7.0, clap v2.11.3
[INFO] [stderr] note: to see what the problems were, use the option `--future-incompat-report`, or run `cargo report future-incompatibilities --id 1`
[INFO] running `Command { std: "docker" "inspect" "0530e5acbc7aebb1984270a4791b51af54f85badb714389eae8449fb537b86c3", kill_on_drop: false }`
[INFO] running `Command { std: "docker" "rm" "-f" "0530e5acbc7aebb1984270a4791b51af54f85badb714389eae8449fb537b86c3", kill_on_drop: false }`
[INFO] [stdout] 0530e5acbc7aebb1984270a4791b51af54f85badb714389eae8449fb537b86c3
[INFO] running `Command { std: "docker" "create" "-v" "/var/lib/crater-agent-workspace/builds/worker-5-tc1/target:/opt/rustwide/target:rw,Z" "-v" "/var/lib/crater-agent-workspace/builds/worker-5-tc1/source:/opt/rustwide/workdir:ro,Z" "-v" "/var/lib/crater-agent-workspace/cargo-home:/opt/rustwide/cargo-home:ro,Z" "-v" "/var/lib/crater-agent-workspace/rustup-home:/opt/rustwide/rustup-home:ro,Z" "-e" "SOURCE_DIR=/opt/rustwide/workdir" "-e" "CARGO_TARGET_DIR=/opt/rustwide/target" "-e" "CARGO_INCREMENTAL=0" "-e" "RUST_BACKTRACE=full" "-e" "RUSTFLAGS=--cap-lints=forbid" "-e" "RUSTDOCFLAGS=--cap-lints=forbid" "-e" "CARGO_HOME=/opt/rustwide/cargo-home" "-e" "RUSTUP_HOME=/opt/rustwide/rustup-home" "-w" "/opt/rustwide/workdir" "-m" "1610612736" "--user" "0:0" "--network" "none" "ghcr.io/rust-lang/crates-build-env/linux@sha256:819108c5571ea2e421544af4d832f968d213c87fbe3707a016657f43d2f853bc" "/opt/rustwide/cargo-home/bin/cargo" "+nightly-2025-01-18" "test" "--frozen" "--no-run" "--message-format=json", kill_on_drop: false }`
[INFO] [stdout] 9fec97b096498f058b4ae2edd9d4deba0f9fab4953327c06e2a2c76dcb673ef5
[INFO] running `Command { std: "docker" "start" "-a" "9fec97b096498f058b4ae2edd9d4deba0f9fab4953327c06e2a2c76dcb673ef5", kill_on_drop: false }`
[INFO] [stderr] warning: no edition set: defaulting to the 2015 edition while the latest is 2024
[INFO] [stderr]    Compiling budget v0.1.0 (/opt/rustwide/workdir)
[INFO] [stdout] warning: use of deprecated function `std::env::home_dir`: This function's behavior may be unexpected on Windows. Consider using a crate from crates.io instead.
[INFO] [stdout]   --> src/main.rs:56:45
[INFO] [stdout]    |
[INFO] [stdout] 56 |     let data_path = filepath(&matches, env::home_dir());
[INFO] [stdout]    |                                             ^^^^^^^^
[INFO] [stdout]    |
[INFO] [stdout]    = note: `#[warn(deprecated)]` on by default
[INFO] [stdout] 
[INFO] [stdout] 
[INFO] [stdout] warning: use of deprecated function `std::env::home_dir`: This function's behavior may be unexpected on Windows. Consider using a crate from crates.io instead.
[INFO] [stdout]   --> src/main.rs:62:42
[INFO] [stdout]    |
[INFO] [stdout] 62 |     let result = filepath(&matches, env::home_dir()).ok_or(Error::InputError)
[INFO] [stdout]    |                                          ^^^^^^^^
[INFO] [stdout] 
[INFO] [stdout] 
[INFO] [stderr]     Finished `test` profile [unoptimized + debuginfo] target(s) in 0.71s
[INFO] [stderr] warning: the following packages contain code that will be rejected by a future version of Rust: bitflags v0.7.0, clap v2.11.3
[INFO] [stderr] note: to see what the problems were, use the option `--future-incompat-report`, or run `cargo report future-incompatibilities --id 1`
[INFO] running `Command { std: "docker" "inspect" "9fec97b096498f058b4ae2edd9d4deba0f9fab4953327c06e2a2c76dcb673ef5", kill_on_drop: false }`
[INFO] running `Command { std: "docker" "rm" "-f" "9fec97b096498f058b4ae2edd9d4deba0f9fab4953327c06e2a2c76dcb673ef5", kill_on_drop: false }`
[INFO] [stdout] 9fec97b096498f058b4ae2edd9d4deba0f9fab4953327c06e2a2c76dcb673ef5
[INFO] running `Command { std: "docker" "create" "-v" "/var/lib/crater-agent-workspace/builds/worker-5-tc1/target:/opt/rustwide/target:rw,Z" "-v" "/var/lib/crater-agent-workspace/builds/worker-5-tc1/source:/opt/rustwide/workdir:ro,Z" "-v" "/var/lib/crater-agent-workspace/cargo-home:/opt/rustwide/cargo-home:ro,Z" "-v" "/var/lib/crater-agent-workspace/rustup-home:/opt/rustwide/rustup-home:ro,Z" "-e" "SOURCE_DIR=/opt/rustwide/workdir" "-e" "CARGO_TARGET_DIR=/opt/rustwide/target" "-e" "CARGO_INCREMENTAL=0" "-e" "RUST_BACKTRACE=full" "-e" "RUSTFLAGS=--cap-lints=forbid" "-e" "RUSTDOCFLAGS=--cap-lints=forbid" "-e" "CARGO_HOME=/opt/rustwide/cargo-home" "-e" "RUSTUP_HOME=/opt/rustwide/rustup-home" "-w" "/opt/rustwide/workdir" "-m" "1610612736" "--user" "0:0" "--network" "none" "ghcr.io/rust-lang/crates-build-env/linux@sha256:819108c5571ea2e421544af4d832f968d213c87fbe3707a016657f43d2f853bc" "/opt/rustwide/cargo-home/bin/cargo" "+nightly-2025-01-18" "test" "--frozen", kill_on_drop: false }`
[INFO] [stdout] e2fc14dd6a0f621cd637c93c74e489a9b4631c5621adfa508074b36f42bb438b
[INFO] running `Command { std: "docker" "start" "-a" "e2fc14dd6a0f621cd637c93c74e489a9b4631c5621adfa508074b36f42bb438b", kill_on_drop: false }`
[INFO] [stderr] warning: no edition set: defaulting to the 2015 edition while the latest is 2024
[INFO] [stderr] warning: use of deprecated function `std::env::home_dir`: This function's behavior may be unexpected on Windows. Consider using a crate from crates.io instead.
[INFO] [stderr]   --> src/main.rs:56:45
[INFO] [stderr]    |
[INFO] [stderr] 56 |     let data_path = filepath(&matches, env::home_dir());
[INFO] [stderr]    |                                             ^^^^^^^^
[INFO] [stderr]    |
[INFO] [stderr]    = note: `#[warn(deprecated)]` on by default
[INFO] [stderr] 
[INFO] [stderr] warning: use of deprecated function `std::env::home_dir`: This function's behavior may be unexpected on Windows. Consider using a crate from crates.io instead.
[INFO] [stderr]   --> src/main.rs:62:42
[INFO] [stderr]    |
[INFO] [stderr] 62 |     let result = filepath(&matches, env::home_dir()).ok_or(Error::InputError)
[INFO] [stderr]    |                                          ^^^^^^^^
[INFO] [stderr] 
[INFO] [stderr] warning: `budget` (bin "budget" test) generated 2 warnings
[INFO] [stderr]     Finished `test` profile [unoptimized + debuginfo] target(s) in 0.03s
[INFO] [stderr] warning: the following packages contain code that will be rejected by a future version of Rust: bitflags v0.7.0, clap v2.11.3
[INFO] [stderr] note: to see what the problems were, use the option `--future-incompat-report`, or run `cargo report future-incompatibilities --id 1`
[INFO] [stderr]      Running unittests src/main.rs (/opt/rustwide/target/debug/deps/budget-c1db43b314a08d72)
[INFO] [stdout] 
[INFO] [stdout] running 14 tests
[INFO] [stdout] test base::test::returns_default_filepath ... ok
[INFO] [stdout] test base::test::validate_date_string ... ok
[INFO] [stdout] test base::test::validate_amount_string ... ok
[INFO] [stdout] test base::test::entry_from_line ... ok
[INFO] [stdout] test base::test::returns_provided_filepath ... ok
[INFO] [stdout] test base::test::entry_formats_with_newline ... ok
[INFO] [stdout] test show::test::builds_entries_from_file ... ok
[INFO] [stdout] test show::test::delta_formats_for_display ... ok
[INFO] [stdout] test show::test::returns_differences_for_each_entry ... ok
[INFO] [stdout] test show::test::returns_the_last_n_entries ... ok
[INFO] [stdout] test show::test::returns_entries_after_date ... ok
[INFO] [stdout] test show::test::delta_calculates_difference_between_entries ... ok
[INFO] [stdout] test show::test::returns_aggregate_delta ... ok
[INFO] [stdout] test add::test::write_entry_to_file ... FAILED
[INFO] [stdout] 
[INFO] [stdout] failures:
[INFO] [stdout] 
[INFO] [stdout] ---- add::test::write_entry_to_file stdout ----
[INFO] [stdout] 
[INFO] [stdout] thread 'add::test::write_entry_to_file' panicked at src/add.rs:81:9:
[INFO] [stdout] assertion failed: res.is_ok()
[INFO] [stdout] stack backtrace:
[INFO] [stdout]    0:     0x5b147e18ac5a - std::backtrace_rs::backtrace::libunwind::trace::hb059275cfc8d6126
[INFO] [stdout]                                at /rustc/6067b36314ab5eb2eb47cecc464545ba58e1ad24/library/std/src/../../backtrace/src/backtrace/libunwind.rs:116:5
[INFO] [stdout]    1:     0x5b147e18ac5a - std::backtrace_rs::backtrace::trace_unsynchronized::h2da071e4327ce3ee
[INFO] [stdout]                                at /rustc/6067b36314ab5eb2eb47cecc464545ba58e1ad24/library/std/src/../../backtrace/src/backtrace/mod.rs:66:5
[INFO] [stdout]    2:     0x5b147e18ac5a - std::sys::backtrace::_print_fmt::h842a1474e6f8d23f
[INFO] [stdout]                                at /rustc/6067b36314ab5eb2eb47cecc464545ba58e1ad24/library/std/src/sys/backtrace.rs:66:9
[INFO] [stdout]    3:     0x5b147e18ac5a - <std::sys::backtrace::BacktraceLock::print::DisplayBacktrace as core::fmt::Display>::fmt::h71a62eb3b9696b12
[INFO] [stdout]                                at /rustc/6067b36314ab5eb2eb47cecc464545ba58e1ad24/library/std/src/sys/backtrace.rs:39:26
[INFO] [stdout]    4:     0x5b147e1b38f3 - core::fmt::rt::Argument::fmt::hdb6b616786b41dc1
[INFO] [stdout]                                at /rustc/6067b36314ab5eb2eb47cecc464545ba58e1ad24/library/core/src/fmt/rt.rs:177:76
[INFO] [stdout]    5:     0x5b147e1b38f3 - core::fmt::write::h2cc1698af7e2d686
[INFO] [stdout]                                at /rustc/6067b36314ab5eb2eb47cecc464545ba58e1ad24/library/core/src/fmt/mod.rs:1440:21
[INFO] [stdout]    6:     0x5b147e187093 - std::io::Write::write_fmt::hab1b4cd059a79022
[INFO] [stdout]                                at /rustc/6067b36314ab5eb2eb47cecc464545ba58e1ad24/library/std/src/io/mod.rs:1887:15
[INFO] [stdout]    7:     0x5b147e18aaa2 - std::sys::backtrace::BacktraceLock::print::h147fe35b4ea13b08
[INFO] [stdout]                                at /rustc/6067b36314ab5eb2eb47cecc464545ba58e1ad24/library/std/src/sys/backtrace.rs:42:9
[INFO] [stdout]    8:     0x5b147e18c07f - std::panicking::default_hook::{{closure}}::hbd44223dbdc0d208
[INFO] [stdout]                                at /rustc/6067b36314ab5eb2eb47cecc464545ba58e1ad24/library/std/src/panicking.rs:298:22
[INFO] [stdout]    9:     0x5b147e18be98 - std::panicking::default_hook::h20f81eb0576efcec
[INFO] [stdout]                                at /rustc/6067b36314ab5eb2eb47cecc464545ba58e1ad24/library/std/src/panicking.rs:322:9
[INFO] [stdout]   10:     0x5b147e097d63 - <alloc::boxed::Box<F,A> as core::ops::function::Fn<Args>>::call::hdb53814c496a4d34
[INFO] [stdout]                                at /rustc/6067b36314ab5eb2eb47cecc464545ba58e1ad24/library/alloc/src/boxed.rs:2027:9
[INFO] [stdout]   11:     0x5b147e097d63 - test::test_main::{{closure}}::hc0a4963c59427c24
[INFO] [stdout]                                at /rustc/6067b36314ab5eb2eb47cecc464545ba58e1ad24/library/test/src/lib.rs:134:21
[INFO] [stdout]   12:     0x5b147e18cb73 - <alloc::boxed::Box<F,A> as core::ops::function::Fn<Args>>::call::h591b2225413a77e9
[INFO] [stdout]                                at /rustc/6067b36314ab5eb2eb47cecc464545ba58e1ad24/library/alloc/src/boxed.rs:2027:9
[INFO] [stdout]   13:     0x5b147e18cb73 - std::panicking::rust_panic_with_hook::h625eea43051b2edc
[INFO] [stdout]                                at /rustc/6067b36314ab5eb2eb47cecc464545ba58e1ad24/library/std/src/panicking.rs:839:13
[INFO] [stdout]   14:     0x5b147e18c7f6 - std::panicking::begin_panic_handler::{{closure}}::h4f9159cfbc3f6bd3
[INFO] [stdout]                                at /rustc/6067b36314ab5eb2eb47cecc464545ba58e1ad24/library/std/src/panicking.rs:697:13
[INFO] [stdout]   15:     0x5b147e18b159 - std::sys::backtrace::__rust_end_short_backtrace::h0390abce48353151
[INFO] [stdout]                                at /rustc/6067b36314ab5eb2eb47cecc464545ba58e1ad24/library/std/src/sys/backtrace.rs:168:18
[INFO] [stdout]   16:     0x5b147e18c4bd - rust_begin_unwind
[INFO] [stdout]                                at /rustc/6067b36314ab5eb2eb47cecc464545ba58e1ad24/library/std/src/panicking.rs:695:5
[INFO] [stdout]   17:     0x5b147e1b1f50 - core::panicking::panic_fmt::h9e7c637e9e5f29c9
[INFO] [stdout]                                at /rustc/6067b36314ab5eb2eb47cecc464545ba58e1ad24/library/core/src/panicking.rs:75:14
[INFO] [stdout]   18:     0x5b147e1b1fdc - core::panicking::panic::haa3255ea20181a33
[INFO] [stdout]                                at /rustc/6067b36314ab5eb2eb47cecc464545ba58e1ad24/library/core/src/panicking.rs:145:5
[INFO] [stdout]   19:     0x5b147e057749 - budget::add::test::write_entry_to_file::h5acbb72a9e420517
[INFO] [stdout]                                at /opt/rustwide/workdir/src/add.rs:81:9
[INFO] [stdout]   20:     0x5b147e057227 - budget::add::test::write_entry_to_file::{{closure}}::hb156848bbe83230c
[INFO] [stdout]                                at /opt/rustwide/workdir/src/add.rs:57:29
[INFO] [stdout]   21:     0x5b147e04f6e6 - core::ops::function::FnOnce::call_once::hc9d0a0dc4f0508e3
[INFO] [stdout]                                at /rustc/6067b36314ab5eb2eb47cecc464545ba58e1ad24/library/core/src/ops/function.rs:250:5
[INFO] [stdout]   22:     0x5b147e09d4bb - core::ops::function::FnOnce::call_once::he27718dfdd183f43
[INFO] [stdout]                                at /rustc/6067b36314ab5eb2eb47cecc464545ba58e1ad24/library/core/src/ops/function.rs:250:5
[INFO] [stdout]   23:     0x5b147e09d4bb - test::__rust_begin_short_backtrace::h4e84902998457a5d
[INFO] [stdout]                                at /rustc/6067b36314ab5eb2eb47cecc464545ba58e1ad24/library/test/src/lib.rs:632:18
[INFO] [stdout]   24:     0x5b147e09c3f3 - test::run_test_in_process::{{closure}}::h7176fd18fc1feca0
[INFO] [stdout]                                at /rustc/6067b36314ab5eb2eb47cecc464545ba58e1ad24/library/test/src/lib.rs:655:60
[INFO] [stdout]   25:     0x5b147e09c3f3 - <core::panic::unwind_safe::AssertUnwindSafe<F> as core::ops::function::FnOnce<()>>::call_once::hf79cff2a624d8cf7
[INFO] [stdout]                                at /rustc/6067b36314ab5eb2eb47cecc464545ba58e1ad24/library/core/src/panic/unwind_safe.rs:272:9
[INFO] [stdout]   26:     0x5b147e09c3f3 - std::panicking::try::do_call::h3da0561d9ab99c25
[INFO] [stdout]                                at /rustc/6067b36314ab5eb2eb47cecc464545ba58e1ad24/library/std/src/panicking.rs:587:40
[INFO] [stdout]   27:     0x5b147e09c3f3 - std::panicking::try::h41c9fa508bc61df6
[INFO] [stdout]                                at /rustc/6067b36314ab5eb2eb47cecc464545ba58e1ad24/library/std/src/panicking.rs:550:19
[INFO] [stdout]   28:     0x5b147e09c3f3 - std::panic::catch_unwind::h6b3ff07bb5afad93
[INFO] [stdout]                                at /rustc/6067b36314ab5eb2eb47cecc464545ba58e1ad24/library/std/src/panic.rs:358:14
[INFO] [stdout]   29:     0x5b147e09c3f3 - test::run_test_in_process::hc7253dd11b39b9f4
[INFO] [stdout]                                at /rustc/6067b36314ab5eb2eb47cecc464545ba58e1ad24/library/test/src/lib.rs:655:27
[INFO] [stdout]   30:     0x5b147e09c3f3 - test::run_test::{{closure}}::hfb2007f8649c30bb
[INFO] [stdout]                                at /rustc/6067b36314ab5eb2eb47cecc464545ba58e1ad24/library/test/src/lib.rs:576:43
[INFO] [stdout]   31:     0x5b147e05f4d5 - test::run_test::{{closure}}::h56a17aa7a282a9f4
[INFO] [stdout]                                at /rustc/6067b36314ab5eb2eb47cecc464545ba58e1ad24/library/test/src/lib.rs:606:41
[INFO] [stdout]   32:     0x5b147e05f4d5 - std::sys::backtrace::__rust_begin_short_backtrace::hd2d2d2fb8e8c6aac
[INFO] [stdout]                                at /rustc/6067b36314ab5eb2eb47cecc464545ba58e1ad24/library/std/src/sys/backtrace.rs:152:18
[INFO] [stdout]   33:     0x5b147e062dba - std::thread::Builder::spawn_unchecked_::{{closure}}::{{closure}}::h4faa3f9db6133423
[INFO] [stdout]                                at /rustc/6067b36314ab5eb2eb47cecc464545ba58e1ad24/library/std/src/thread/mod.rs:559:17
[INFO] [stdout]   34:     0x5b147e062dba - <core::panic::unwind_safe::AssertUnwindSafe<F> as core::ops::function::FnOnce<()>>::call_once::hf2e855a36a4ea846
[INFO] [stdout]                                at /rustc/6067b36314ab5eb2eb47cecc464545ba58e1ad24/library/core/src/panic/unwind_safe.rs:272:9
[INFO] [stdout]   35:     0x5b147e062dba - std::panicking::try::do_call::h2f73af3616c35465
[INFO] [stdout]                                at /rustc/6067b36314ab5eb2eb47cecc464545ba58e1ad24/library/std/src/panicking.rs:587:40
[INFO] [stdout]   36:     0x5b147e062dba - std::panicking::try::hd1660ce9efadef5a
[INFO] [stdout]                                at /rustc/6067b36314ab5eb2eb47cecc464545ba58e1ad24/library/std/src/panicking.rs:550:19
[INFO] [stdout]   37:     0x5b147e062dba - std::panic::catch_unwind::h5ee8d7823b8ca744
[INFO] [stdout]                                at /rustc/6067b36314ab5eb2eb47cecc464545ba58e1ad24/library/std/src/panic.rs:358:14
[INFO] [stdout]   38:     0x5b147e062dba - std::thread::Builder::spawn_unchecked_::{{closure}}::h53c3a1894dce8407
[INFO] [stdout]                                at /rustc/6067b36314ab5eb2eb47cecc464545ba58e1ad24/library/std/src/thread/mod.rs:557:30
[INFO] [stdout]   39:     0x5b147e062dba - core::ops::function::FnOnce::call_once{{vtable.shim}}::h048ce291ad4f62bf
[INFO] [stdout]                                at /rustc/6067b36314ab5eb2eb47cecc464545ba58e1ad24/library/core/src/ops/function.rs:250:5
[INFO] [stdout]   40:     0x5b147e190b2b - <alloc::boxed::Box<F,A> as core::ops::function::FnOnce<Args>>::call_once::ha52bedf99a3b4981
[INFO] [stdout]                                at /rustc/6067b36314ab5eb2eb47cecc464545ba58e1ad24/library/alloc/src/boxed.rs:2013:9
[INFO] [stdout]   41:     0x5b147e190b2b - <alloc::boxed::Box<F,A> as core::ops::function::FnOnce<Args>>::call_once::h567748934d80ccf8
[INFO] [stdout]                                at /rustc/6067b36314ab5eb2eb47cecc464545ba58e1ad24/library/alloc/src/boxed.rs:2013:9
[INFO] [stdout]   42:     0x5b147e190b2b - std::sys::pal::unix::thread::Thread::new::thread_start::h2d970728ae887adc
[INFO] [stdout]                                at /rustc/6067b36314ab5eb2eb47cecc464545ba58e1ad24/library/std/src/sys/pal/unix/thread.rs:106:17
[INFO] [stdout]   43:     0x7a2457a55ac3 - <unknown>
[INFO] [stdout]   44:     0x7a2457ae6a04 - clone
[INFO] [stdout]   45:                0x0 - <unknown>
[INFO] [stdout] 
[INFO] [stdout] 
[INFO] [stdout] failures:
[INFO] [stdout]     add::test::write_entry_to_file
[INFO] [stdout] 
[INFO] [stdout] test result: FAILED. 13 passed; 1 failed; 0 ignored; 0 measured; 0 filtered out; finished in 0.05s
[INFO] [stdout] 
[INFO] [stderr] error: test failed, to rerun pass `--bin budget`
[INFO] running `Command { std: "docker" "inspect" "e2fc14dd6a0f621cd637c93c74e489a9b4631c5621adfa508074b36f42bb438b", kill_on_drop: false }`
[INFO] running `Command { std: "docker" "rm" "-f" "e2fc14dd6a0f621cd637c93c74e489a9b4631c5621adfa508074b36f42bb438b", kill_on_drop: false }`
[INFO] [stdout] e2fc14dd6a0f621cd637c93c74e489a9b4631c5621adfa508074b36f42bb438b
