[INFO] cloning repository https://github.com/TimePrinciple/fuse
[INFO] running `Command { std: "git" "-c" "credential.helper=" "-c" "credential.helper=/workspace/cargo-home/bin/git-credential-null" "clone" "--bare" "https://github.com/TimePrinciple/fuse" "/workspace/cache/git-repos/https%3A%2F%2Fgithub.com%2FTimePrinciple%2Ffuse", kill_on_drop: false }`
[INFO] [stderr] Cloning into bare repository '/workspace/cache/git-repos/https%3A%2F%2Fgithub.com%2FTimePrinciple%2Ffuse'...
[INFO] running `Command { std: "git" "rev-parse" "HEAD", kill_on_drop: false }`
[INFO] [stdout] 4706f8f96f375c359035056991e4da0fad886f3b
[INFO] testing TimePrinciple/fuse against nightly-2025-01-18 for randomize-layout-2
[INFO] running `Command { std: "git" "clone" "/workspace/cache/git-repos/https%3A%2F%2Fgithub.com%2FTimePrinciple%2Ffuse" "/workspace/builds/worker-3-tc1/source", kill_on_drop: false }`
[INFO] [stderr] Cloning into '/workspace/builds/worker-3-tc1/source'...
[INFO] [stderr] done.
[INFO] validating manifest of git repo https://github.com/TimePrinciple/fuse on toolchain nightly-2025-01-18
[INFO] running `Command { std: CARGO_HOME="/workspace/cargo-home" RUSTUP_HOME="/workspace/rustup-home" "/workspace/cargo-home/bin/cargo" "+nightly-2025-01-18" "metadata" "--manifest-path" "Cargo.toml" "--no-deps", kill_on_drop: false }`
[INFO] started tweaking git repo https://github.com/TimePrinciple/fuse
[INFO] finished tweaking git repo https://github.com/TimePrinciple/fuse
[INFO] tweaked toml for git repo https://github.com/TimePrinciple/fuse written to /workspace/builds/worker-3-tc1/source/Cargo.toml
[INFO] crate git repo https://github.com/TimePrinciple/fuse already has a lockfile, it will not be regenerated
[INFO] running `Command { std: CARGO_HOME="/workspace/cargo-home" RUSTUP_HOME="/workspace/rustup-home" "/workspace/cargo-home/bin/cargo" "+nightly-2025-01-18" "fetch" "--manifest-path" "Cargo.toml", kill_on_drop: false }`
[INFO] [stderr]  Downloading crates ...
[INFO] [stderr]   Downloaded fuser v0.14.0
[INFO] running `Command { std: "docker" "create" "-v" "/var/lib/crater-agent-workspace/builds/worker-3-tc1/target:/opt/rustwide/target:rw,Z" "-v" "/var/lib/crater-agent-workspace/builds/worker-3-tc1/source:/opt/rustwide/workdir:ro,Z" "-v" "/var/lib/crater-agent-workspace/cargo-home:/opt/rustwide/cargo-home:ro,Z" "-v" "/var/lib/crater-agent-workspace/rustup-home:/opt/rustwide/rustup-home:ro,Z" "-e" "SOURCE_DIR=/opt/rustwide/workdir" "-e" "CARGO_TARGET_DIR=/opt/rustwide/target" "-e" "CARGO_HOME=/opt/rustwide/cargo-home" "-e" "RUSTUP_HOME=/opt/rustwide/rustup-home" "-w" "/opt/rustwide/workdir" "-m" "1610612736" "--user" "0:0" "--network" "none" "ghcr.io/rust-lang/crates-build-env/linux@sha256:819108c5571ea2e421544af4d832f968d213c87fbe3707a016657f43d2f853bc" "/opt/rustwide/cargo-home/bin/cargo" "+nightly-2025-01-18" "metadata" "--no-deps" "--format-version=1", kill_on_drop: false }`
[INFO] [stdout] a4730abae9775b7e6a4da859a8362be7a4bce9c07cbd3fa771a284f5fd230ba6
[INFO] running `Command { std: "docker" "start" "-a" "a4730abae9775b7e6a4da859a8362be7a4bce9c07cbd3fa771a284f5fd230ba6", kill_on_drop: false }`
[INFO] running `Command { std: "docker" "inspect" "a4730abae9775b7e6a4da859a8362be7a4bce9c07cbd3fa771a284f5fd230ba6", kill_on_drop: false }`
[INFO] running `Command { std: "docker" "rm" "-f" "a4730abae9775b7e6a4da859a8362be7a4bce9c07cbd3fa771a284f5fd230ba6", kill_on_drop: false }`
[INFO] [stdout] a4730abae9775b7e6a4da859a8362be7a4bce9c07cbd3fa771a284f5fd230ba6
[INFO] running `Command { std: "docker" "create" "-v" "/var/lib/crater-agent-workspace/builds/worker-3-tc1/target:/opt/rustwide/target:rw,Z" "-v" "/var/lib/crater-agent-workspace/builds/worker-3-tc1/source:/opt/rustwide/workdir:ro,Z" "-v" "/var/lib/crater-agent-workspace/cargo-home:/opt/rustwide/cargo-home:ro,Z" "-v" "/var/lib/crater-agent-workspace/rustup-home:/opt/rustwide/rustup-home:ro,Z" "-e" "SOURCE_DIR=/opt/rustwide/workdir" "-e" "CARGO_TARGET_DIR=/opt/rustwide/target" "-e" "CARGO_INCREMENTAL=0" "-e" "RUST_BACKTRACE=full" "-e" "RUSTFLAGS=--cap-lints=forbid" "-e" "RUSTDOCFLAGS=--cap-lints=forbid" "-e" "CARGO_HOME=/opt/rustwide/cargo-home" "-e" "RUSTUP_HOME=/opt/rustwide/rustup-home" "-w" "/opt/rustwide/workdir" "-m" "1610612736" "--user" "0:0" "--network" "none" "ghcr.io/rust-lang/crates-build-env/linux@sha256:819108c5571ea2e421544af4d832f968d213c87fbe3707a016657f43d2f853bc" "/opt/rustwide/cargo-home/bin/cargo" "+nightly-2025-01-18" "build" "--frozen" "--message-format=json", kill_on_drop: false }`
[INFO] [stdout] 82e2a0f4e7cfca83e8b46dc23d572a515e6a2d2fd594e99e7fc52069db9109ad
[INFO] running `Command { std: "docker" "start" "-a" "82e2a0f4e7cfca83e8b46dc23d572a515e6a2d2fd594e99e7fc52069db9109ad", kill_on_drop: false }`
[INFO] [stderr]    Compiling proc-macro2 v1.0.78
[INFO] [stderr]    Compiling unicode-ident v1.0.12
[INFO] [stderr]    Compiling libc v0.2.152
[INFO] [stderr]    Compiling bytes v1.5.0
[INFO] [stderr]    Compiling itoa v1.0.10
[INFO] [stderr]    Compiling pin-project-lite v0.2.13
[INFO] [stderr]    Compiling once_cell v1.19.0
[INFO] [stderr]    Compiling futures-core v0.3.30
[INFO] [stderr]    Compiling httparse v1.8.0
[INFO] [stderr]    Compiling futures-task v0.3.30
[INFO] [stderr]    Compiling anstyle v1.0.4
[INFO] [stderr]    Compiling try-lock v0.2.5
[INFO] [stderr]    Compiling pkg-config v0.3.29
[INFO] [stderr]    Compiling serde v1.0.197
[INFO] [stderr]    Compiling log v0.4.20
[INFO] [stderr]    Compiling serde_json v1.0.114
[INFO] [stderr]    Compiling anyhow v1.0.79
[INFO] [stderr]    Compiling want v0.3.1
[INFO] [stderr]    Compiling tracing-core v0.1.32
[INFO] [stderr]    Compiling smallvec v1.13.1
[INFO] [stderr]    Compiling futures-channel v0.3.30
[INFO] [stderr]    Compiling clap_lex v0.6.0
[INFO] [stderr]    Compiling byteorder v1.5.0
[INFO] [stderr]    Compiling overload v0.1.1
[INFO] [stderr]    Compiling futures-util v0.3.30
[INFO] [stderr]    Compiling strsim v0.10.0
[INFO] [stderr]    Compiling nu-ansi-term v0.46.0
[INFO] [stderr]    Compiling tracing-log v0.2.0
[INFO] [stderr]    Compiling anstream v0.6.11
[INFO] [stderr]    Compiling thread_local v1.1.7
[INFO] [stderr]    Compiling sharded-slab v0.1.7
[INFO] [stderr]    Compiling memchr v2.7.1
[INFO] [stderr]    Compiling ryu v1.0.17
[INFO] [stderr]    Compiling fuser v0.14.0
[INFO] [stderr]    Compiling clap_builder v4.4.18
[INFO] [stderr]    Compiling http v1.0.0
[INFO] [stderr]    Compiling socket2 v0.5.6
[INFO] [stderr]    Compiling mio v0.8.10
[INFO] [stderr]    Compiling num_cpus v1.16.0
[INFO] [stderr]    Compiling page_size v0.6.0
[INFO] [stderr]    Compiling tokio v1.36.0
[INFO] [stderr]    Compiling quote v1.0.35
[INFO] [stderr]    Compiling syn v2.0.48
[INFO] [stderr]    Compiling tracing-subscriber v0.3.18
[INFO] [stderr]    Compiling http-body v1.0.0
[INFO] [stderr]    Compiling http-body-util v0.1.0
[INFO] [stderr]    Compiling hyper v1.1.0
[INFO] [stderr]    Compiling hyper-util v0.1.3
[INFO] [stderr]    Compiling serde_derive v1.0.197
[INFO] [stderr]    Compiling zerocopy-derive v0.7.32
[INFO] [stderr]    Compiling clap_derive v4.4.7
[INFO] [stderr]    Compiling tracing-attributes v0.1.27
[INFO] [stderr]    Compiling zerocopy v0.7.32
[INFO] [stderr]    Compiling tracing v0.1.40
[INFO] [stderr]    Compiling clap v4.4.18
[INFO] [stderr]    Compiling fuse v0.1.0 (/opt/rustwide/workdir)
[INFO] [stdout] warning: unused import: `AtomicU32`
[INFO] [stdout]  --> src/core/inode.rs:4:20
[INFO] [stdout]   |
[INFO] [stdout] 4 |     sync::atomic::{AtomicU32, AtomicU64, Ordering},
[INFO] [stdout]   |                    ^^^^^^^^^
[INFO] [stdout]   |
[INFO] [stdout]   = note: `#[warn(unused_imports)]` on by default
[INFO] [stdout] 
[INFO] [stdout] 
[INFO] [stdout] warning: unused import: `path::PathBuf`
[INFO] [stdout]  --> src/core/mega_client.rs:1:11
[INFO] [stdout]   |
[INFO] [stdout] 1 | use std::{path::PathBuf, str, sync::Arc};
[INFO] [stdout]   |           ^^^^^^^^^^^^^
[INFO] [stdout] 
[INFO] [stdout] 
[INFO] [stdout] warning: unused import: `fuser::ReplyOpen`
[INFO] [stdout]  --> src/core/mega_client.rs:5:5
[INFO] [stdout]   |
[INFO] [stdout] 5 | use fuser::ReplyOpen;
[INFO] [stdout]   |     ^^^^^^^^^^^^^^^^
[INFO] [stdout] 
[INFO] [stdout] 
[INFO] [stdout] warning: unused imports: `AtomicU32`, `AtomicUsize`, `Ordering`, `UNIX_EPOCH`, `borrow::BorrowMut`, `fs::File`, `mem::replace`, and `os::fd::AsRawFd`
[INFO] [stdout]   --> src/core/mod.rs:7:5
[INFO] [stdout]    |
[INFO] [stdout] 7  |     borrow::BorrowMut,
[INFO] [stdout]    |     ^^^^^^^^^^^^^^^^^
[INFO] [stdout] 8  |     collections::{HashMap, LinkedList},
[INFO] [stdout] 9  |     fs::File,
[INFO] [stdout]    |     ^^^^^^^^
[INFO] [stdout] 10 |     mem::replace,
[INFO] [stdout]    |     ^^^^^^^^^^^^
[INFO] [stdout] 11 |     os::fd::AsRawFd,
[INFO] [stdout]    |     ^^^^^^^^^^^^^^^
[INFO] [stdout] 12 |     sync::{
[INFO] [stdout] 13 |         atomic::{AtomicU32, AtomicUsize, Ordering},
[INFO] [stdout]    |                  ^^^^^^^^^  ^^^^^^^^^^^  ^^^^^^^^
[INFO] [stdout] ...
[INFO] [stdout] 16 |     time::{Duration, UNIX_EPOCH},
[INFO] [stdout]    |                      ^^^^^^^^^^
[INFO] [stdout] 
[INFO] [stdout] 
[INFO] [stdout] warning: unused import: `clap::error`
[INFO] [stdout]   --> src/core/mod.rs:19:5
[INFO] [stdout]    |
[INFO] [stdout] 19 | use clap::error;
[INFO] [stdout]    |     ^^^^^^^^^^^
[INFO] [stdout] 
[INFO] [stdout] 
[INFO] [stdout] warning: unused import: `FileAttr`
[INFO] [stdout]   --> src/core/mod.rs:20:38
[INFO] [stdout]    |
[INFO] [stdout] 20 | use fuser::{consts::FOPEN_DIRECT_IO, FileAttr, FileType, FUSE_ROOT_ID};
[INFO] [stdout]    |                                      ^^^^^^^^
[INFO] [stdout] 
[INFO] [stdout] 
[INFO] [stdout] warning: unused import: `ENONET`
[INFO] [stdout]   --> src/core/mod.rs:21:20
[INFO] [stdout]    |
[INFO] [stdout] 21 | use libc::{ENOENT, ENONET};
[INFO] [stdout]    |                    ^^^^^^
[INFO] [stdout] 
[INFO] [stdout] 
[INFO] [stdout] warning: unused import: `tokio::io::join`
[INFO] [stdout]   --> src/core/mod.rs:22:5
[INFO] [stdout]    |
[INFO] [stdout] 22 | use tokio::io::join;
[INFO] [stdout]    |     ^^^^^^^^^^^^^^^
[INFO] [stdout] 
[INFO] [stdout] 
[INFO] [stdout] warning: unused import: `clap::Command`
[INFO] [stdout]  --> src/executor.rs:1:5
[INFO] [stdout]   |
[INFO] [stdout] 1 | use clap::Command;
[INFO] [stdout]   |     ^^^^^^^^^^^^^
[INFO] [stdout] 
[INFO] [stdout] 
[INFO] [stdout] warning: unused import: `spawn_mount2`
[INFO] [stdout]  --> src/executor.rs:2:21
[INFO] [stdout]   |
[INFO] [stdout] 2 | use fuser::{mount2, spawn_mount2, MountOption};
[INFO] [stdout]   |                     ^^^^^^^^^^^^
[INFO] [stdout] 
[INFO] [stdout] 
[INFO] [stdout] warning: unused variable: `path`
[INFO] [stdout]   --> src/core/mod.rs:85:17
[INFO] [stdout]    |
[INFO] [stdout] 85 |             let path = &inode.attr.path;
[INFO] [stdout]    |                 ^^^^ help: if this is intentional, prefix it with an underscore: `_path`
[INFO] [stdout]    |
[INFO] [stdout]    = note: `#[warn(unused_variables)]` on by default
[INFO] [stdout] 
[INFO] [stdout] 
[INFO] [stdout] warning: unused variable: `fh`
[INFO] [stdout]    --> src/core/mod.rs:136:9
[INFO] [stdout]     |
[INFO] [stdout] 136 |         fh: u64,
[INFO] [stdout]     |         ^^ help: if this is intentional, prefix it with an underscore: `_fh`
[INFO] [stdout] 
[INFO] [stdout] 
[INFO] [stdout] warning: unused variable: `fh`
[INFO] [stdout]    --> src/core/mod.rs:219:9
[INFO] [stdout]     |
[INFO] [stdout] 219 |         fh: u64,
[INFO] [stdout]     |         ^^ help: if this is intentional, prefix it with an underscore: `_fh`
[INFO] [stdout] 
[INFO] [stdout] 
[INFO] [stdout] warning: unused variable: `size`
[INFO] [stdout]    --> src/core/mod.rs:221:9
[INFO] [stdout]     |
[INFO] [stdout] 221 |         size: u32,
[INFO] [stdout]     |         ^^^^ help: if this is intentional, prefix it with an underscore: `_size`
[INFO] [stdout] 
[INFO] [stdout] 
[INFO] [stdout] warning: unused variable: `flags`
[INFO] [stdout]    --> src/core/mod.rs:222:9
[INFO] [stdout]     |
[INFO] [stdout] 222 |         flags: i32,
[INFO] [stdout]     |         ^^^^^ help: if this is intentional, prefix it with an underscore: `_flags`
[INFO] [stdout] 
[INFO] [stdout] 
[INFO] [stdout] warning: unused variable: `lock_owner`
[INFO] [stdout]    --> src/core/mod.rs:223:9
[INFO] [stdout]     |
[INFO] [stdout] 223 |         lock_owner: Option<u64>,
[INFO] [stdout]     |         ^^^^^^^^^^ help: if this is intentional, prefix it with an underscore: `_lock_owner`
[INFO] [stdout] 
[INFO] [stdout] 
[INFO] [stdout] warning: variable does not need to be mutable
[INFO] [stdout]   --> src/executor.rs:56:13
[INFO] [stdout]    |
[INFO] [stdout] 56 |         let mut mega_client = mega_client::MegaClient::from_default_runtime(&validated_config)
[INFO] [stdout]    |             ----^^^^^^^^^^^
[INFO] [stdout]    |             |
[INFO] [stdout]    |             help: remove this `mut`
[INFO] [stdout]    |
[INFO] [stdout]    = note: `#[warn(unused_mut)]` on by default
[INFO] [stdout] 
[INFO] [stdout] 
[INFO] [stdout] warning: fields `under_repo`, `commit_msg`, and `commit_id` are never read
[INFO] [stdout]   --> src/core/inode.rs:40:5
[INFO] [stdout]    |
[INFO] [stdout] 33 | pub struct Object {
[INFO] [stdout]    |            ------ fields in this struct
[INFO] [stdout] ...
[INFO] [stdout] 40 |     under_repo: bool,
[INFO] [stdout]    |     ^^^^^^^^^^
[INFO] [stdout] 41 |     commit_msg: String,
[INFO] [stdout]    |     ^^^^^^^^^^
[INFO] [stdout] 42 |     commit_id: String,
[INFO] [stdout]    |     ^^^^^^^^^
[INFO] [stdout]    |
[INFO] [stdout]    = note: `Object` has a derived impl for the trait `Debug`, but this is intentionally ignored during dead code analysis
[INFO] [stdout]    = note: `#[warn(dead_code)]` on by default
[INFO] [stdout] 
[INFO] [stdout] 
[INFO] [stdout] warning: field `parent_ino` is never read
[INFO] [stdout]   --> src/core/inode.rs:77:9
[INFO] [stdout]    |
[INFO] [stdout] 75 | pub struct Inode {
[INFO] [stdout]    |            ----- field in this struct
[INFO] [stdout] 76 |     pub ino: u64,
[INFO] [stdout] 77 |     pub parent_ino: u64,
[INFO] [stdout]    |         ^^^^^^^^^^
[INFO] [stdout]    |
[INFO] [stdout]    = note: `Inode` has a derived impl for the trait `Debug`, but this is intentionally ignored during dead code analysis
[INFO] [stdout] 
[INFO] [stdout] 
[INFO] [stdout] warning: method `remove_child` is never used
[INFO] [stdout]   --> src/core/inode.rs:98:12
[INFO] [stdout]    |
[INFO] [stdout] 83 | impl Inode {
[INFO] [stdout]    | ---------- method in this implementation
[INFO] [stdout] ...
[INFO] [stdout] 98 |     pub fn remove_child(&mut self, child: u64) {
[INFO] [stdout]    |            ^^^^^^^^^^^^
[INFO] [stdout] 
[INFO] [stdout] 
[INFO] [stdout] warning: function `make_request` is never used
[INFO] [stdout]  --> src/core/request.rs:3:4
[INFO] [stdout]   |
[INFO] [stdout] 3 | fn make_request() -> Request<()> {
[INFO] [stdout]   |    ^^^^^^^^^^^^
[INFO] [stdout] 
[INFO] [stdout] 
[INFO] [stderr]     Finished `dev` profile [unoptimized + debuginfo] target(s) in 19.62s
[INFO] running `Command { std: "docker" "inspect" "82e2a0f4e7cfca83e8b46dc23d572a515e6a2d2fd594e99e7fc52069db9109ad", kill_on_drop: false }`
[INFO] running `Command { std: "docker" "rm" "-f" "82e2a0f4e7cfca83e8b46dc23d572a515e6a2d2fd594e99e7fc52069db9109ad", kill_on_drop: false }`
[INFO] [stdout] 82e2a0f4e7cfca83e8b46dc23d572a515e6a2d2fd594e99e7fc52069db9109ad
[INFO] running `Command { std: "docker" "create" "-v" "/var/lib/crater-agent-workspace/builds/worker-3-tc1/target:/opt/rustwide/target:rw,Z" "-v" "/var/lib/crater-agent-workspace/builds/worker-3-tc1/source:/opt/rustwide/workdir:ro,Z" "-v" "/var/lib/crater-agent-workspace/cargo-home:/opt/rustwide/cargo-home:ro,Z" "-v" "/var/lib/crater-agent-workspace/rustup-home:/opt/rustwide/rustup-home:ro,Z" "-e" "SOURCE_DIR=/opt/rustwide/workdir" "-e" "CARGO_TARGET_DIR=/opt/rustwide/target" "-e" "CARGO_INCREMENTAL=0" "-e" "RUST_BACKTRACE=full" "-e" "RUSTFLAGS=--cap-lints=forbid" "-e" "RUSTDOCFLAGS=--cap-lints=forbid" "-e" "CARGO_HOME=/opt/rustwide/cargo-home" "-e" "RUSTUP_HOME=/opt/rustwide/rustup-home" "-w" "/opt/rustwide/workdir" "-m" "1610612736" "--user" "0:0" "--network" "none" "ghcr.io/rust-lang/crates-build-env/linux@sha256:819108c5571ea2e421544af4d832f968d213c87fbe3707a016657f43d2f853bc" "/opt/rustwide/cargo-home/bin/cargo" "+nightly-2025-01-18" "test" "--frozen" "--no-run" "--message-format=json", kill_on_drop: false }`
[INFO] [stdout] 9d2dd19ee84f0e5b201aae18116b5ead301a402eccb33661649d5b494f9b3caa
[INFO] running `Command { std: "docker" "start" "-a" "9d2dd19ee84f0e5b201aae18116b5ead301a402eccb33661649d5b494f9b3caa", kill_on_drop: false }`
[INFO] [stdout] warning: unused import: `AtomicU32`
[INFO] [stdout]  --> src/core/inode.rs:4:20
[INFO] [stdout]   |
[INFO] [stdout] 4 |     sync::atomic::{AtomicU32, AtomicU64, Ordering},
[INFO] [stdout]   |                    ^^^^^^^^^
[INFO] [stdout]   |
[INFO] [stdout]   = note: `#[warn(unused_imports)]` on by default
[INFO] [stdout] 
[INFO] [stdout] 
[INFO] [stdout] warning: unused import: `path::PathBuf`
[INFO] [stdout]  --> src/core/mega_client.rs:1:11
[INFO] [stdout]   |
[INFO] [stdout] 1 | use std::{path::PathBuf, str, sync::Arc};
[INFO] [stdout]   |           ^^^^^^^^^^^^^
[INFO] [stdout] 
[INFO] [stdout] 
[INFO] [stdout] warning: unused import: `fuser::ReplyOpen`
[INFO] [stdout]  --> src/core/mega_client.rs:5:5
[INFO] [stdout]   |
[INFO] [stdout] 5 | use fuser::ReplyOpen;
[INFO] [stdout]   |     ^^^^^^^^^^^^^^^^
[INFO] [stdout] 
[INFO] [stdout] 
[INFO] [stdout] warning: unused imports: `AtomicU32`, `AtomicUsize`, `Ordering`, `UNIX_EPOCH`, `borrow::BorrowMut`, `fs::File`, `mem::replace`, and `os::fd::AsRawFd`
[INFO] [stdout]   --> src/core/mod.rs:7:5
[INFO] [stdout]    |
[INFO] [stdout] 7  |     borrow::BorrowMut,
[INFO] [stdout]    |     ^^^^^^^^^^^^^^^^^
[INFO] [stdout] 8  |     collections::{HashMap, LinkedList},
[INFO] [stdout] 9  |     fs::File,
[INFO] [stdout]    |     ^^^^^^^^
[INFO] [stdout] 10 |     mem::replace,
[INFO] [stdout]    |     ^^^^^^^^^^^^
[INFO] [stdout] 11 |     os::fd::AsRawFd,
[INFO] [stdout]    |     ^^^^^^^^^^^^^^^
[INFO] [stdout] 12 |     sync::{
[INFO] [stdout] 13 |         atomic::{AtomicU32, AtomicUsize, Ordering},
[INFO] [stdout]    |                  ^^^^^^^^^  ^^^^^^^^^^^  ^^^^^^^^
[INFO] [stdout] ...
[INFO] [stdout] 16 |     time::{Duration, UNIX_EPOCH},
[INFO] [stdout]    |                      ^^^^^^^^^^
[INFO] [stdout] 
[INFO] [stdout] 
[INFO] [stdout] warning: unused import: `clap::error`
[INFO] [stdout]   --> src/core/mod.rs:19:5
[INFO] [stdout]    |
[INFO] [stdout] 19 | use clap::error;
[INFO] [stdout]    |     ^^^^^^^^^^^
[INFO] [stdout] 
[INFO] [stdout] 
[INFO] [stdout] warning: unused import: `FileAttr`
[INFO] [stdout]   --> src/core/mod.rs:20:38
[INFO] [stdout]    |
[INFO] [stdout] 20 | use fuser::{consts::FOPEN_DIRECT_IO, FileAttr, FileType, FUSE_ROOT_ID};
[INFO] [stdout]    |                                      ^^^^^^^^
[INFO] [stdout] 
[INFO] [stdout] 
[INFO] [stdout] warning: unused import: `ENONET`
[INFO] [stdout]   --> src/core/mod.rs:21:20
[INFO] [stdout]    |
[INFO] [stdout] 21 | use libc::{ENOENT, ENONET};
[INFO] [stdout]    |                    ^^^^^^
[INFO] [stdout] 
[INFO] [stdout] 
[INFO] [stdout] warning: unused import: `tokio::io::join`
[INFO] [stdout]   --> src/core/mod.rs:22:5
[INFO] [stdout]    |
[INFO] [stdout] 22 | use tokio::io::join;
[INFO] [stdout]    |     ^^^^^^^^^^^^^^^
[INFO] [stdout] 
[INFO] [stdout] 
[INFO] [stdout] warning: unused import: `clap::Command`
[INFO] [stdout]  --> src/executor.rs:1:5
[INFO] [stdout]   |
[INFO] [stdout] 1 | use clap::Command;
[INFO] [stdout]   |     ^^^^^^^^^^^^^
[INFO] [stdout] 
[INFO] [stdout] 
[INFO] [stdout] warning: unused import: `spawn_mount2`
[INFO] [stdout]  --> src/executor.rs:2:21
[INFO] [stdout]   |
[INFO] [stdout] 2 | use fuser::{mount2, spawn_mount2, MountOption};
[INFO] [stdout]   |                     ^^^^^^^^^^^^
[INFO] [stdout] 
[INFO] [stdout] 
[INFO] [stdout] warning: unused variable: `path`
[INFO] [stdout]   --> src/core/mod.rs:85:17
[INFO] [stdout]    |
[INFO] [stdout] 85 |             let path = &inode.attr.path;
[INFO] [stdout]    |                 ^^^^ help: if this is intentional, prefix it with an underscore: `_path`
[INFO] [stdout]    |
[INFO] [stdout]    = note: `#[warn(unused_variables)]` on by default
[INFO] [stdout] 
[INFO] [stdout] 
[INFO] [stdout] warning: unused variable: `fh`
[INFO] [stdout]    --> src/core/mod.rs:136:9
[INFO] [stdout]     |
[INFO] [stdout] 136 |         fh: u64,
[INFO] [stdout]     |         ^^ help: if this is intentional, prefix it with an underscore: `_fh`
[INFO] [stdout] 
[INFO] [stdout] 
[INFO] [stdout] warning: unused variable: `fh`
[INFO] [stdout]    --> src/core/mod.rs:219:9
[INFO] [stdout]     |
[INFO] [stdout] 219 |         fh: u64,
[INFO] [stdout]     |         ^^ help: if this is intentional, prefix it with an underscore: `_fh`
[INFO] [stdout] 
[INFO] [stdout] 
[INFO] [stdout] warning: unused variable: `size`
[INFO] [stdout]    --> src/core/mod.rs:221:9
[INFO] [stdout]     |
[INFO] [stdout] 221 |         size: u32,
[INFO] [stdout]     |         ^^^^ help: if this is intentional, prefix it with an underscore: `_size`
[INFO] [stdout] 
[INFO] [stdout] 
[INFO] [stdout] warning: unused variable: `flags`
[INFO] [stdout]    --> src/core/mod.rs:222:9
[INFO] [stdout]     |
[INFO] [stdout] 222 |         flags: i32,
[INFO] [stdout]     |         ^^^^^ help: if this is intentional, prefix it with an underscore: `_flags`
[INFO] [stdout] 
[INFO] [stdout] 
[INFO] [stdout] warning: unused variable: `lock_owner`
[INFO] [stdout]    --> src/core/mod.rs:223:9
[INFO] [stdout]     |
[INFO] [stdout] 223 |         lock_owner: Option<u64>,
[INFO] [stdout]     |         ^^^^^^^^^^ help: if this is intentional, prefix it with an underscore: `_lock_owner`
[INFO] [stdout] 
[INFO] [stdout] 
[INFO] [stdout] warning: variable does not need to be mutable
[INFO] [stdout]   --> src/executor.rs:56:13
[INFO] [stdout]    |
[INFO] [stdout] 56 |         let mut mega_client = mega_client::MegaClient::from_default_runtime(&validated_config)
[INFO] [stdout]    |             ----^^^^^^^^^^^
[INFO] [stdout]    |             |
[INFO] [stdout]    |             help: remove this `mut`
[INFO] [stdout]    |
[INFO] [stdout]    = note: `#[warn(unused_mut)]` on by default
[INFO] [stdout] 
[INFO] [stdout] 
[INFO] [stdout] warning: fields `under_repo`, `commit_msg`, and `commit_id` are never read
[INFO] [stdout]   --> src/core/inode.rs:40:5
[INFO] [stdout]    |
[INFO] [stdout] 33 | pub struct Object {
[INFO] [stdout]    |            ------ fields in this struct
[INFO] [stdout] ...
[INFO] [stdout] 40 |     under_repo: bool,
[INFO] [stdout]    |     ^^^^^^^^^^
[INFO] [stdout] 41 |     commit_msg: String,
[INFO] [stdout]    |     ^^^^^^^^^^
[INFO] [stdout] 42 |     commit_id: String,
[INFO] [stdout]    |     ^^^^^^^^^
[INFO] [stdout]    |
[INFO] [stdout]    = note: `Object` has a derived impl for the trait `Debug`, but this is intentionally ignored during dead code analysis
[INFO] [stdout]    = note: `#[warn(dead_code)]` on by default
[INFO] [stdout] 
[INFO] [stdout] 
[INFO] [stdout] warning: field `parent_ino` is never read
[INFO] [stdout]   --> src/core/inode.rs:77:9
[INFO] [stdout]    |
[INFO] [stdout] 75 | pub struct Inode {
[INFO] [stdout]    |            ----- field in this struct
[INFO] [stdout] 76 |     pub ino: u64,
[INFO] [stdout] 77 |     pub parent_ino: u64,
[INFO] [stdout]    |         ^^^^^^^^^^
[INFO] [stdout]    |
[INFO] [stdout]    = note: `Inode` has a derived impl for the trait `Debug`, but this is intentionally ignored during dead code analysis
[INFO] [stdout] 
[INFO] [stdout] 
[INFO] [stdout] warning: method `remove_child` is never used
[INFO] [stdout]   --> src/core/inode.rs:98:12
[INFO] [stdout]    |
[INFO] [stdout] 83 | impl Inode {
[INFO] [stdout]    | ---------- method in this implementation
[INFO] [stdout] ...
[INFO] [stdout] 98 |     pub fn remove_child(&mut self, child: u64) {
[INFO] [stdout]    |            ^^^^^^^^^^^^
[INFO] [stdout] 
[INFO] [stdout] 
[INFO] [stdout] warning: function `make_request` is never used
[INFO] [stdout]  --> src/core/request.rs:3:4
[INFO] [stdout]   |
[INFO] [stdout] 3 | fn make_request() -> Request<()> {
[INFO] [stdout]   |    ^^^^^^^^^^^^
[INFO] [stdout] 
[INFO] [stdout] 
[INFO] [stderr]    Compiling fuse v0.1.0 (/opt/rustwide/workdir)
[INFO] [stdout] warning: unused import: `AtomicU32`
[INFO] [stdout]  --> src/core/inode.rs:4:20
[INFO] [stdout]   |
[INFO] [stdout] 4 |     sync::atomic::{AtomicU32, AtomicU64, Ordering},
[INFO] [stdout]   |                    ^^^^^^^^^
[INFO] [stdout]   |
[INFO] [stdout]   = note: `#[warn(unused_imports)]` on by default
[INFO] [stdout] 
[INFO] [stdout] 
[INFO] [stdout] warning: unused import: `path::PathBuf`
[INFO] [stdout]  --> src/core/mega_client.rs:1:11
[INFO] [stdout]   |
[INFO] [stdout] 1 | use std::{path::PathBuf, str, sync::Arc};
[INFO] [stdout]   |           ^^^^^^^^^^^^^
[INFO] [stdout] 
[INFO] [stdout] 
[INFO] [stdout] warning: unused import: `fuser::ReplyOpen`
[INFO] [stdout]  --> src/core/mega_client.rs:5:5
[INFO] [stdout]   |
[INFO] [stdout] 5 | use fuser::ReplyOpen;
[INFO] [stdout]   |     ^^^^^^^^^^^^^^^^
[INFO] [stdout] 
[INFO] [stdout] 
[INFO] [stdout] warning: unused imports: `AtomicU32`, `AtomicUsize`, `Ordering`, `UNIX_EPOCH`, `borrow::BorrowMut`, `fs::File`, `mem::replace`, and `os::fd::AsRawFd`
[INFO] [stdout]   --> src/core/mod.rs:7:5
[INFO] [stdout]    |
[INFO] [stdout] 7  |     borrow::BorrowMut,
[INFO] [stdout]    |     ^^^^^^^^^^^^^^^^^
[INFO] [stdout] 8  |     collections::{HashMap, LinkedList},
[INFO] [stdout] 9  |     fs::File,
[INFO] [stdout]    |     ^^^^^^^^
[INFO] [stdout] 10 |     mem::replace,
[INFO] [stdout]    |     ^^^^^^^^^^^^
[INFO] [stdout] 11 |     os::fd::AsRawFd,
[INFO] [stdout]    |     ^^^^^^^^^^^^^^^
[INFO] [stdout] 12 |     sync::{
[INFO] [stdout] 13 |         atomic::{AtomicU32, AtomicUsize, Ordering},
[INFO] [stdout]    |                  ^^^^^^^^^  ^^^^^^^^^^^  ^^^^^^^^
[INFO] [stdout] ...
[INFO] [stdout] 16 |     time::{Duration, UNIX_EPOCH},
[INFO] [stdout]    |                      ^^^^^^^^^^
[INFO] [stdout] 
[INFO] [stdout] 
[INFO] [stdout] warning: unused import: `clap::error`
[INFO] [stdout]   --> src/core/mod.rs:19:5
[INFO] [stdout]    |
[INFO] [stdout] 19 | use clap::error;
[INFO] [stdout]    |     ^^^^^^^^^^^
[INFO] [stdout] 
[INFO] [stdout] 
[INFO] [stdout] warning: unused import: `FileAttr`
[INFO] [stdout]   --> src/core/mod.rs:20:38
[INFO] [stdout]    |
[INFO] [stdout] 20 | use fuser::{consts::FOPEN_DIRECT_IO, FileAttr, FileType, FUSE_ROOT_ID};
[INFO] [stdout]    |                                      ^^^^^^^^
[INFO] [stdout] 
[INFO] [stdout] 
[INFO] [stdout] warning: unused import: `ENONET`
[INFO] [stdout]   --> src/core/mod.rs:21:20
[INFO] [stdout]    |
[INFO] [stdout] 21 | use libc::{ENOENT, ENONET};
[INFO] [stdout]    |                    ^^^^^^
[INFO] [stdout] 
[INFO] [stdout] 
[INFO] [stdout] warning: unused import: `tokio::io::join`
[INFO] [stdout]   --> src/core/mod.rs:22:5
[INFO] [stdout]    |
[INFO] [stdout] 22 | use tokio::io::join;
[INFO] [stdout]    |     ^^^^^^^^^^^^^^^
[INFO] [stdout] 
[INFO] [stdout] 
[INFO] [stdout] warning: unused import: `clap::Command`
[INFO] [stdout]  --> src/executor.rs:1:5
[INFO] [stdout]   |
[INFO] [stdout] 1 | use clap::Command;
[INFO] [stdout]   |     ^^^^^^^^^^^^^
[INFO] [stdout] 
[INFO] [stdout] 
[INFO] [stdout] warning: unused import: `spawn_mount2`
[INFO] [stdout]  --> src/executor.rs:2:21
[INFO] [stdout]   |
[INFO] [stdout] 2 | use fuser::{mount2, spawn_mount2, MountOption};
[INFO] [stdout]   |                     ^^^^^^^^^^^^
[INFO] [stdout] 
[INFO] [stdout] 
[INFO] [stdout] warning: unused variable: `req`
[INFO] [stdout]   --> src/core/request.rs:17:13
[INFO] [stdout]    |
[INFO] [stdout] 17 |         let req = make_request();
[INFO] [stdout]    |             ^^^ help: if this is intentional, prefix it with an underscore: `_req`
[INFO] [stdout]    |
[INFO] [stdout]    = note: `#[warn(unused_variables)]` on by default
[INFO] [stdout] 
[INFO] [stdout] 
[INFO] [stdout] warning: unused variable: `path`
[INFO] [stdout]   --> src/core/mod.rs:85:17
[INFO] [stdout]    |
[INFO] [stdout] 85 |             let path = &inode.attr.path;
[INFO] [stdout]    |                 ^^^^ help: if this is intentional, prefix it with an underscore: `_path`
[INFO] [stdout] 
[INFO] [stdout] 
[INFO] [stdout] warning: unused variable: `fh`
[INFO] [stdout]    --> src/core/mod.rs:136:9
[INFO] [stdout]     |
[INFO] [stdout] 136 |         fh: u64,
[INFO] [stdout]     |         ^^ help: if this is intentional, prefix it with an underscore: `_fh`
[INFO] [stdout] 
[INFO] [stdout] 
[INFO] [stdout] warning: unused variable: `fh`
[INFO] [stdout]    --> src/core/mod.rs:219:9
[INFO] [stdout]     |
[INFO] [stdout] 219 |         fh: u64,
[INFO] [stdout]     |         ^^ help: if this is intentional, prefix it with an underscore: `_fh`
[INFO] [stdout] 
[INFO] [stdout] 
[INFO] [stdout] warning: unused variable: `size`
[INFO] [stdout]    --> src/core/mod.rs:221:9
[INFO] [stdout]     |
[INFO] [stdout] 221 |         size: u32,
[INFO] [stdout]     |         ^^^^ help: if this is intentional, prefix it with an underscore: `_size`
[INFO] [stdout] 
[INFO] [stdout] 
[INFO] [stdout] warning: unused variable: `flags`
[INFO] [stdout]    --> src/core/mod.rs:222:9
[INFO] [stdout]     |
[INFO] [stdout] 222 |         flags: i32,
[INFO] [stdout]     |         ^^^^^ help: if this is intentional, prefix it with an underscore: `_flags`
[INFO] [stdout] 
[INFO] [stdout] 
[INFO] [stdout] warning: unused variable: `lock_owner`
[INFO] [stdout]    --> src/core/mod.rs:223:9
[INFO] [stdout]     |
[INFO] [stdout] 223 |         lock_owner: Option<u64>,
[INFO] [stdout]     |         ^^^^^^^^^^ help: if this is intentional, prefix it with an underscore: `_lock_owner`
[INFO] [stdout] 
[INFO] [stdout] 
[INFO] [stdout] warning: variable does not need to be mutable
[INFO] [stdout]   --> src/executor.rs:56:13
[INFO] [stdout]    |
[INFO] [stdout] 56 |         let mut mega_client = mega_client::MegaClient::from_default_runtime(&validated_config)
[INFO] [stdout]    |             ----^^^^^^^^^^^
[INFO] [stdout]    |             |
[INFO] [stdout]    |             help: remove this `mut`
[INFO] [stdout]    |
[INFO] [stdout]    = note: `#[warn(unused_mut)]` on by default
[INFO] [stdout] 
[INFO] [stdout] 
[INFO] [stdout] warning: fields `under_repo`, `commit_msg`, and `commit_id` are never read
[INFO] [stdout]   --> src/core/inode.rs:40:5
[INFO] [stdout]    |
[INFO] [stdout] 33 | pub struct Object {
[INFO] [stdout]    |            ------ fields in this struct
[INFO] [stdout] ...
[INFO] [stdout] 40 |     under_repo: bool,
[INFO] [stdout]    |     ^^^^^^^^^^
[INFO] [stdout] 41 |     commit_msg: String,
[INFO] [stdout]    |     ^^^^^^^^^^
[INFO] [stdout] 42 |     commit_id: String,
[INFO] [stdout]    |     ^^^^^^^^^
[INFO] [stdout]    |
[INFO] [stdout]    = note: `Object` has a derived impl for the trait `Debug`, but this is intentionally ignored during dead code analysis
[INFO] [stdout]    = note: `#[warn(dead_code)]` on by default
[INFO] [stdout] 
[INFO] [stdout] 
[INFO] [stdout] warning: field `parent_ino` is never read
[INFO] [stdout]   --> src/core/inode.rs:77:9
[INFO] [stdout]    |
[INFO] [stdout] 75 | pub struct Inode {
[INFO] [stdout]    |            ----- field in this struct
[INFO] [stdout] 76 |     pub ino: u64,
[INFO] [stdout] 77 |     pub parent_ino: u64,
[INFO] [stdout]    |         ^^^^^^^^^^
[INFO] [stdout]    |
[INFO] [stdout]    = note: `Inode` has a derived impl for the trait `Debug`, but this is intentionally ignored during dead code analysis
[INFO] [stdout] 
[INFO] [stdout] 
[INFO] [stdout] warning: method `remove_child` is never used
[INFO] [stdout]   --> src/core/inode.rs:98:12
[INFO] [stdout]    |
[INFO] [stdout] 83 | impl Inode {
[INFO] [stdout]    | ---------- method in this implementation
[INFO] [stdout] ...
[INFO] [stdout] 98 |     pub fn remove_child(&mut self, child: u64) {
[INFO] [stdout]    |            ^^^^^^^^^^^^
[INFO] [stdout] 
[INFO] [stdout] 
[INFO] [stderr]     Finished `test` profile [unoptimized + debuginfo] target(s) in 1.95s
[INFO] running `Command { std: "docker" "inspect" "9d2dd19ee84f0e5b201aae18116b5ead301a402eccb33661649d5b494f9b3caa", kill_on_drop: false }`
[INFO] running `Command { std: "docker" "rm" "-f" "9d2dd19ee84f0e5b201aae18116b5ead301a402eccb33661649d5b494f9b3caa", kill_on_drop: false }`
[INFO] [stdout] 9d2dd19ee84f0e5b201aae18116b5ead301a402eccb33661649d5b494f9b3caa
[INFO] running `Command { std: "docker" "create" "-v" "/var/lib/crater-agent-workspace/builds/worker-3-tc1/target:/opt/rustwide/target:rw,Z" "-v" "/var/lib/crater-agent-workspace/builds/worker-3-tc1/source:/opt/rustwide/workdir:ro,Z" "-v" "/var/lib/crater-agent-workspace/cargo-home:/opt/rustwide/cargo-home:ro,Z" "-v" "/var/lib/crater-agent-workspace/rustup-home:/opt/rustwide/rustup-home:ro,Z" "-e" "SOURCE_DIR=/opt/rustwide/workdir" "-e" "CARGO_TARGET_DIR=/opt/rustwide/target" "-e" "CARGO_INCREMENTAL=0" "-e" "RUST_BACKTRACE=full" "-e" "RUSTFLAGS=--cap-lints=forbid" "-e" "RUSTDOCFLAGS=--cap-lints=forbid" "-e" "CARGO_HOME=/opt/rustwide/cargo-home" "-e" "RUSTUP_HOME=/opt/rustwide/rustup-home" "-w" "/opt/rustwide/workdir" "-m" "1610612736" "--user" "0:0" "--network" "none" "ghcr.io/rust-lang/crates-build-env/linux@sha256:819108c5571ea2e421544af4d832f968d213c87fbe3707a016657f43d2f853bc" "/opt/rustwide/cargo-home/bin/cargo" "+nightly-2025-01-18" "test" "--frozen", kill_on_drop: false }`
[INFO] [stdout] b504ca7546b058f47572f19301eaa6738fe2bbb297195f35f786cff31432f53d
[INFO] running `Command { std: "docker" "start" "-a" "b504ca7546b058f47572f19301eaa6738fe2bbb297195f35f786cff31432f53d", kill_on_drop: false }`
[INFO] [stderr] warning: unused import: `AtomicU32`
[INFO] [stderr]  --> src/core/inode.rs:4:20
[INFO] [stderr]   |
[INFO] [stderr] 4 |     sync::atomic::{AtomicU32, AtomicU64, Ordering},
[INFO] [stderr]   |                    ^^^^^^^^^
[INFO] [stderr]   |
[INFO] [stderr]   = note: `#[warn(unused_imports)]` on by default
[INFO] [stderr] 
[INFO] [stderr] warning: unused import: `path::PathBuf`
[INFO] [stderr]  --> src/core/mega_client.rs:1:11
[INFO] [stderr]   |
[INFO] [stderr] 1 | use std::{path::PathBuf, str, sync::Arc};
[INFO] [stderr]   |           ^^^^^^^^^^^^^
[INFO] [stderr] 
[INFO] [stderr] warning: unused import: `fuser::ReplyOpen`
[INFO] [stderr]  --> src/core/mega_client.rs:5:5
[INFO] [stderr]   |
[INFO] [stderr] 5 | use fuser::ReplyOpen;
[INFO] [stderr]   |     ^^^^^^^^^^^^^^^^
[INFO] [stderr] 
[INFO] [stderr] warning: unused imports: `AtomicU32`, `AtomicUsize`, `Ordering`, `UNIX_EPOCH`, `borrow::BorrowMut`, `fs::File`, `mem::replace`, and `os::fd::AsRawFd`
[INFO] [stderr]   --> src/core/mod.rs:7:5
[INFO] [stderr]    |
[INFO] [stderr] 7  |     borrow::BorrowMut,
[INFO] [stderr]    |     ^^^^^^^^^^^^^^^^^
[INFO] [stderr] 8  |     collections::{HashMap, LinkedList},
[INFO] [stderr] 9  |     fs::File,
[INFO] [stderr]    |     ^^^^^^^^
[INFO] [stderr] 10 |     mem::replace,
[INFO] [stderr]    |     ^^^^^^^^^^^^
[INFO] [stderr] 11 |     os::fd::AsRawFd,
[INFO] [stderr]    |     ^^^^^^^^^^^^^^^
[INFO] [stderr] 12 |     sync::{
[INFO] [stderr] 13 |         atomic::{AtomicU32, AtomicUsize, Ordering},
[INFO] [stderr]    |                  ^^^^^^^^^  ^^^^^^^^^^^  ^^^^^^^^
[INFO] [stderr] ...
[INFO] [stderr] 16 |     time::{Duration, UNIX_EPOCH},
[INFO] [stderr]    |                      ^^^^^^^^^^
[INFO] [stderr] 
[INFO] [stderr] warning: unused import: `clap::error`
[INFO] [stderr]   --> src/core/mod.rs:19:5
[INFO] [stderr]    |
[INFO] [stderr] 19 | use clap::error;
[INFO] [stderr]    |     ^^^^^^^^^^^
[INFO] [stderr] 
[INFO] [stderr] warning: unused import: `FileAttr`
[INFO] [stderr]   --> src/core/mod.rs:20:38
[INFO] [stderr]    |
[INFO] [stderr] 20 | use fuser::{consts::FOPEN_DIRECT_IO, FileAttr, FileType, FUSE_ROOT_ID};
[INFO] [stderr]    |                                      ^^^^^^^^
[INFO] [stderr] 
[INFO] [stderr] warning: unused import: `ENONET`
[INFO] [stderr]   --> src/core/mod.rs:21:20
[INFO] [stderr]    |
[INFO] [stderr] 21 | use libc::{ENOENT, ENONET};
[INFO] [stderr]    |                    ^^^^^^
[INFO] [stderr] 
[INFO] [stderr] warning: unused import: `tokio::io::join`
[INFO] [stderr]   --> src/core/mod.rs:22:5
[INFO] [stderr]    |
[INFO] [stderr] 22 | use tokio::io::join;
[INFO] [stderr]    |     ^^^^^^^^^^^^^^^
[INFO] [stderr] 
[INFO] [stderr] warning: unused import: `clap::Command`
[INFO] [stderr]  --> src/executor.rs:1:5
[INFO] [stderr]   |
[INFO] [stderr] 1 | use clap::Command;
[INFO] [stderr]   |     ^^^^^^^^^^^^^
[INFO] [stderr] 
[INFO] [stderr] warning: unused import: `spawn_mount2`
[INFO] [stderr]  --> src/executor.rs:2:21
[INFO] [stderr]   |
[INFO] [stderr] 2 | use fuser::{mount2, spawn_mount2, MountOption};
[INFO] [stderr]   |                     ^^^^^^^^^^^^
[INFO] [stderr] 
[INFO] [stderr] warning: unused variable: `path`
[INFO] [stderr]   --> src/core/mod.rs:85:17
[INFO] [stderr]    |
[INFO] [stderr] 85 |             let path = &inode.attr.path;
[INFO] [stderr]    |                 ^^^^ help: if this is intentional, prefix it with an underscore: `_path`
[INFO] [stderr]    |
[INFO] [stderr]    = note: `#[warn(unused_variables)]` on by default
[INFO] [stderr] 
[INFO] [stderr] warning: unused variable: `fh`
[INFO] [stderr]    --> src/core/mod.rs:136:9
[INFO] [stderr]     |
[INFO] [stderr] 136 |         fh: u64,
[INFO] [stderr]     |         ^^ help: if this is intentional, prefix it with an underscore: `_fh`
[INFO] [stderr] 
[INFO] [stderr] warning: unused variable: `fh`
[INFO] [stderr]    --> src/core/mod.rs:219:9
[INFO] [stderr]     |
[INFO] [stderr] 219 |         fh: u64,
[INFO] [stderr]     |         ^^ help: if this is intentional, prefix it with an underscore: `_fh`
[INFO] [stderr] 
[INFO] [stderr] warning: unused variable: `size`
[INFO] [stderr]    --> src/core/mod.rs:221:9
[INFO] [stderr]     |
[INFO] [stderr] 221 |         size: u32,
[INFO] [stderr]     |         ^^^^ help: if this is intentional, prefix it with an underscore: `_size`
[INFO] [stderr] 
[INFO] [stderr] warning: unused variable: `flags`
[INFO] [stderr]    --> src/core/mod.rs:222:9
[INFO] [stderr]     |
[INFO] [stderr] 222 |         flags: i32,
[INFO] [stderr]     |         ^^^^^ help: if this is intentional, prefix it with an underscore: `_flags`
[INFO] [stderr] 
[INFO] [stderr] warning: unused variable: `lock_owner`
[INFO] [stderr]    --> src/core/mod.rs:223:9
[INFO] [stderr]     |
[INFO] [stderr] 223 |         lock_owner: Option<u64>,
[INFO] [stderr]     |         ^^^^^^^^^^ help: if this is intentional, prefix it with an underscore: `_lock_owner`
[INFO] [stderr] 
[INFO] [stderr] warning: variable does not need to be mutable
[INFO] [stderr]   --> src/executor.rs:56:13
[INFO] [stderr]    |
[INFO] [stderr] 56 |         let mut mega_client = mega_client::MegaClient::from_default_runtime(&validated_config)
[INFO] [stderr]    |             ----^^^^^^^^^^^
[INFO] [stderr]    |             |
[INFO] [stderr]    |             help: remove this `mut`
[INFO] [stderr]    |
[INFO] [stderr]    = note: `#[warn(unused_mut)]` on by default
[INFO] [stderr] 
[INFO] [stderr] warning: fields `under_repo`, `commit_msg`, and `commit_id` are never read
[INFO] [stderr]   --> src/core/inode.rs:40:5
[INFO] [stderr]    |
[INFO] [stderr] 33 | pub struct Object {
[INFO] [stderr]    |            ------ fields in this struct
[INFO] [stderr] ...
[INFO] [stderr] 40 |     under_repo: bool,
[INFO] [stderr]    |     ^^^^^^^^^^
[INFO] [stderr] 41 |     commit_msg: String,
[INFO] [stderr]    |     ^^^^^^^^^^
[INFO] [stderr] 42 |     commit_id: String,
[INFO] [stderr]    |     ^^^^^^^^^
[INFO] [stderr]    |
[INFO] [stderr]    = note: `Object` has a derived impl for the trait `Debug`, but this is intentionally ignored during dead code analysis
[INFO] [stderr]    = note: `#[warn(dead_code)]` on by default
[INFO] [stderr] 
[INFO] [stderr] warning: field `parent_ino` is never read
[INFO] [stderr]   --> src/core/inode.rs:77:9
[INFO] [stderr]    |
[INFO] [stderr] 75 | pub struct Inode {
[INFO] [stderr]    |            ----- field in this struct
[INFO] [stderr] 76 |     pub ino: u64,
[INFO] [stderr] 77 |     pub parent_ino: u64,
[INFO] [stderr]    |         ^^^^^^^^^^
[INFO] [stderr]    |
[INFO] [stderr]    = note: `Inode` has a derived impl for the trait `Debug`, but this is intentionally ignored during dead code analysis
[INFO] [stderr] 
[INFO] [stderr] warning: method `remove_child` is never used
[INFO] [stderr]   --> src/core/inode.rs:98:12
[INFO] [stderr]    |
[INFO] [stderr] 83 | impl Inode {
[INFO] [stderr]    | ---------- method in this implementation
[INFO] [stderr] ...
[INFO] [stderr] 98 |     pub fn remove_child(&mut self, child: u64) {
[INFO] [stderr]    |            ^^^^^^^^^^^^
[INFO] [stderr] 
[INFO] [stderr] warning: function `make_request` is never used
[INFO] [stderr]  --> src/core/request.rs:3:4
[INFO] [stderr]   |
[INFO] [stderr] 3 | fn make_request() -> Request<()> {
[INFO] [stderr]   |    ^^^^^^^^^^^^
[INFO] [stderr] 
[INFO] [stderr] warning: unused variable: `req`
[INFO] [stderr]   --> src/core/request.rs:17:13
[INFO] [stderr]    |
[INFO] [stderr] 17 |         let req = make_request();
[INFO] [stderr]    |             ^^^ help: if this is intentional, prefix it with an underscore: `_req`
[INFO] [stderr]    |
[INFO] [stderr]    = note: `#[warn(unused_variables)]` on by default
[INFO] [stderr] 
[INFO] [stderr] warning: unused variable: `path`
[INFO] [stderr]   --> src/core/mod.rs:85:17
[INFO] [stderr]    |
[INFO] [stderr] 85 |             let path = &inode.attr.path;
[INFO] [stderr]    |                 ^^^^ help: if this is intentional, prefix it with an underscore: `_path`
[INFO] [stderr] 
[INFO] [stderr] warning: `fuse` (lib) generated 21 warnings (run `cargo fix --lib -p fuse` to apply 11 suggestions)
[INFO] [stderr] warning: `fuse` (lib test) generated 21 warnings (19 duplicates)
[INFO] [stderr]     Finished `test` profile [unoptimized + debuginfo] target(s) in 0.10s
[INFO] [stderr]      Running unittests src/lib.rs (/opt/rustwide/target/debug/deps/fuse-c0b79157afa2f3a7)
[INFO] [stdout] 
[INFO] [stdout] running 5 tests
[INFO] [stdout] test cli::tests::test_cli_parsing ... ok
[INFO] [stdout] test core::request::tests::test_make_request ... ok
[INFO] [stdout] test core::inode::tests::test_deserialize_tree ... ok
[INFO] [stdout] test core::mega_client::tests::test_create_mega_client ... FAILED
[INFO] [stdout] test core::mega_client::tests::test_mage_client_make_request ... FAILED
[INFO] [stdout] 
[INFO] [stdout] failures:
[INFO] [stdout] 
[INFO] [stdout] ---- core::mega_client::tests::test_create_mega_client stdout ----
[INFO] [stdout] 
[INFO] [stdout] thread 'core::mega_client::tests::test_create_mega_client' panicked at src/core/mega_client.rs:152:9:
[INFO] [stdout] assertion failed: MegaClient::from_customized_runtime(Arc::new(rt), &config).is_ok()
[INFO] [stdout] stack backtrace:
[INFO] [stdout]    0:     0x5ef7988c0e4a - std::backtrace_rs::backtrace::libunwind::trace::hb059275cfc8d6126
[INFO] [stdout]                                at /rustc/6067b36314ab5eb2eb47cecc464545ba58e1ad24/library/std/src/../../backtrace/src/backtrace/libunwind.rs:116:5
[INFO] [stdout]    1:     0x5ef7988c0e4a - std::backtrace_rs::backtrace::trace_unsynchronized::h2da071e4327ce3ee
[INFO] [stdout]                                at /rustc/6067b36314ab5eb2eb47cecc464545ba58e1ad24/library/std/src/../../backtrace/src/backtrace/mod.rs:66:5
[INFO] [stdout]    2:     0x5ef7988c0e4a - std::sys::backtrace::_print_fmt::h842a1474e6f8d23f
[INFO] [stdout]                                at /rustc/6067b36314ab5eb2eb47cecc464545ba58e1ad24/library/std/src/sys/backtrace.rs:66:9
[INFO] [stdout]    3:     0x5ef7988c0e4a - <std::sys::backtrace::BacktraceLock::print::DisplayBacktrace as core::fmt::Display>::fmt::h71a62eb3b9696b12
[INFO] [stdout]                                at /rustc/6067b36314ab5eb2eb47cecc464545ba58e1ad24/library/std/src/sys/backtrace.rs:39:26
[INFO] [stdout]    4:     0x5ef7988ea333 - core::fmt::rt::Argument::fmt::hdb6b616786b41dc1
[INFO] [stdout]                                at /rustc/6067b36314ab5eb2eb47cecc464545ba58e1ad24/library/core/src/fmt/rt.rs:177:76
[INFO] [stdout]    5:     0x5ef7988ea333 - core::fmt::write::h2cc1698af7e2d686
[INFO] [stdout]                                at /rustc/6067b36314ab5eb2eb47cecc464545ba58e1ad24/library/core/src/fmt/mod.rs:1440:21
[INFO] [stdout]    6:     0x5ef7988bcdb3 - std::io::Write::write_fmt::hab1b4cd059a79022
[INFO] [stdout]                                at /rustc/6067b36314ab5eb2eb47cecc464545ba58e1ad24/library/std/src/io/mod.rs:1887:15
[INFO] [stdout]    7:     0x5ef7988c0c92 - std::sys::backtrace::BacktraceLock::print::h147fe35b4ea13b08
[INFO] [stdout]                                at /rustc/6067b36314ab5eb2eb47cecc464545ba58e1ad24/library/std/src/sys/backtrace.rs:42:9
[INFO] [stdout]    8:     0x5ef7988c226f - std::panicking::default_hook::{{closure}}::hbd44223dbdc0d208
[INFO] [stdout]                                at /rustc/6067b36314ab5eb2eb47cecc464545ba58e1ad24/library/std/src/panicking.rs:298:22
[INFO] [stdout]    9:     0x5ef7988c2088 - std::panicking::default_hook::h20f81eb0576efcec
[INFO] [stdout]                                at /rustc/6067b36314ab5eb2eb47cecc464545ba58e1ad24/library/std/src/panicking.rs:322:9
[INFO] [stdout]   10:     0x5ef79869dd63 - <alloc::boxed::Box<F,A> as core::ops::function::Fn<Args>>::call::hdb53814c496a4d34
[INFO] [stdout]                                at /rustc/6067b36314ab5eb2eb47cecc464545ba58e1ad24/library/alloc/src/boxed.rs:2027:9
[INFO] [stdout]   11:     0x5ef79869dd63 - test::test_main::{{closure}}::hc0a4963c59427c24
[INFO] [stdout]                                at /rustc/6067b36314ab5eb2eb47cecc464545ba58e1ad24/library/test/src/lib.rs:134:21
[INFO] [stdout]   12:     0x5ef7988c2d63 - <alloc::boxed::Box<F,A> as core::ops::function::Fn<Args>>::call::h591b2225413a77e9
[INFO] [stdout]                                at /rustc/6067b36314ab5eb2eb47cecc464545ba58e1ad24/library/alloc/src/boxed.rs:2027:9
[INFO] [stdout]   13:     0x5ef7988c2d63 - std::panicking::rust_panic_with_hook::h625eea43051b2edc
[INFO] [stdout]                                at /rustc/6067b36314ab5eb2eb47cecc464545ba58e1ad24/library/std/src/panicking.rs:839:13
[INFO] [stdout]   14:     0x5ef7988c29e6 - std::panicking::begin_panic_handler::{{closure}}::h4f9159cfbc3f6bd3
[INFO] [stdout]                                at /rustc/6067b36314ab5eb2eb47cecc464545ba58e1ad24/library/std/src/panicking.rs:697:13
[INFO] [stdout]   15:     0x5ef7988c1349 - std::sys::backtrace::__rust_end_short_backtrace::h0390abce48353151
[INFO] [stdout]                                at /rustc/6067b36314ab5eb2eb47cecc464545ba58e1ad24/library/std/src/sys/backtrace.rs:168:18
[INFO] [stdout]   16:     0x5ef7988c26ad - rust_begin_unwind
[INFO] [stdout]                                at /rustc/6067b36314ab5eb2eb47cecc464545ba58e1ad24/library/std/src/panicking.rs:695:5
[INFO] [stdout]   17:     0x5ef7988e8cb0 - core::panicking::panic_fmt::h9e7c637e9e5f29c9
[INFO] [stdout]                                at /rustc/6067b36314ab5eb2eb47cecc464545ba58e1ad24/library/core/src/panicking.rs:75:14
[INFO] [stdout]   18:     0x5ef7988e8d3c - core::panicking::panic::haa3255ea20181a33
[INFO] [stdout]                                at /rustc/6067b36314ab5eb2eb47cecc464545ba58e1ad24/library/core/src/panicking.rs:145:5
[INFO] [stdout]   19:     0x5ef798651547 - fuse::core::mega_client::tests::test_create_mega_client::hf6d1fe86f2f8fcb8
[INFO] [stdout]                                at /opt/rustwide/workdir/src/core/mega_client.rs:152:9
[INFO] [stdout]   20:     0x5ef798651247 - fuse::core::mega_client::tests::test_create_mega_client::{{closure}}::h509b6500a484e8f6
[INFO] [stdout]                                at /opt/rustwide/workdir/src/core/mega_client.rs:145:33
[INFO] [stdout]   21:     0x5ef798609746 - core::ops::function::FnOnce::call_once::heda8abb46b360686
[INFO] [stdout]                                at /rustc/6067b36314ab5eb2eb47cecc464545ba58e1ad24/library/core/src/ops/function.rs:250:5
[INFO] [stdout]   22:     0x5ef7986a34bb - core::ops::function::FnOnce::call_once::he27718dfdd183f43
[INFO] [stdout]                                at /rustc/6067b36314ab5eb2eb47cecc464545ba58e1ad24/library/core/src/ops/function.rs:250:5
[INFO] [stdout]   23:     0x5ef7986a34bb - test::__rust_begin_short_backtrace::h4e84902998457a5d
[INFO] [stderr] error: test failed, to rerun pass `--lib`
[INFO] [stdout]                                at /rustc/6067b36314ab5eb2eb47cecc464545ba58e1ad24/library/test/src/lib.rs:632:18
[INFO] [stdout]   24:     0x5ef7986a23f3 - test::run_test_in_process::{{closure}}::h7176fd18fc1feca0
[INFO] [stdout]                                at /rustc/6067b36314ab5eb2eb47cecc464545ba58e1ad24/library/test/src/lib.rs:655:60
[INFO] [stdout]   25:     0x5ef7986a23f3 - <core::panic::unwind_safe::AssertUnwindSafe<F> as core::ops::function::FnOnce<()>>::call_once::hf79cff2a624d8cf7
[INFO] [stdout]                                at /rustc/6067b36314ab5eb2eb47cecc464545ba58e1ad24/library/core/src/panic/unwind_safe.rs:272:9
[INFO] [stdout]   26:     0x5ef7986a23f3 - std::panicking::try::do_call::h3da0561d9ab99c25
[INFO] [stdout]                                at /rustc/6067b36314ab5eb2eb47cecc464545ba58e1ad24/library/std/src/panicking.rs:587:40
[INFO] [stdout]   27:     0x5ef7986a23f3 - std::panicking::try::h41c9fa508bc61df6
[INFO] [stdout]                                at /rustc/6067b36314ab5eb2eb47cecc464545ba58e1ad24/library/std/src/panicking.rs:550:19
[INFO] [stdout]   28:     0x5ef7986a23f3 - std::panic::catch_unwind::h6b3ff07bb5afad93
[INFO] [stdout]                                at /rustc/6067b36314ab5eb2eb47cecc464545ba58e1ad24/library/std/src/panic.rs:358:14
[INFO] [stdout]   29:     0x5ef7986a23f3 - test::run_test_in_process::hc7253dd11b39b9f4
[INFO] [stdout]                                at /rustc/6067b36314ab5eb2eb47cecc464545ba58e1ad24/library/test/src/lib.rs:655:27
[INFO] [stdout]   30:     0x5ef7986a23f3 - test::run_test::{{closure}}::hfb2007f8649c30bb
[INFO] [stdout]                                at /rustc/6067b36314ab5eb2eb47cecc464545ba58e1ad24/library/test/src/lib.rs:576:43
[INFO] [stdout]   31:     0x5ef7986654d5 - test::run_test::{{closure}}::h56a17aa7a282a9f4
[INFO] [stdout]                                at /rustc/6067b36314ab5eb2eb47cecc464545ba58e1ad24/library/test/src/lib.rs:606:41
[INFO] [stdout]   32:     0x5ef7986654d5 - std::sys::backtrace::__rust_begin_short_backtrace::hd2d2d2fb8e8c6aac
[INFO] [stdout]                                at /rustc/6067b36314ab5eb2eb47cecc464545ba58e1ad24/library/std/src/sys/backtrace.rs:152:18
[INFO] [stdout]   33:     0x5ef798668dba - std::thread::Builder::spawn_unchecked_::{{closure}}::{{closure}}::h4faa3f9db6133423
[INFO] [stdout]                                at /rustc/6067b36314ab5eb2eb47cecc464545ba58e1ad24/library/std/src/thread/mod.rs:559:17
[INFO] [stdout]   34:     0x5ef798668dba - <core::panic::unwind_safe::AssertUnwindSafe<F> as core::ops::function::FnOnce<()>>::call_once::hf2e855a36a4ea846
[INFO] [stdout]                                at /rustc/6067b36314ab5eb2eb47cecc464545ba58e1ad24/library/core/src/panic/unwind_safe.rs:272:9
[INFO] [stdout]   35:     0x5ef798668dba - std::panicking::try::do_call::h2f73af3616c35465
[INFO] [stdout]                                at /rustc/6067b36314ab5eb2eb47cecc464545ba58e1ad24/library/std/src/panicking.rs:587:40
[INFO] [stdout]   36:     0x5ef798668dba - std::panicking::try::hd1660ce9efadef5a
[INFO] [stdout]                                at /rustc/6067b36314ab5eb2eb47cecc464545ba58e1ad24/library/std/src/panicking.rs:550:19
[INFO] [stdout]   37:     0x5ef798668dba - std::panic::catch_unwind::h5ee8d7823b8ca744
[INFO] [stdout]                                at /rustc/6067b36314ab5eb2eb47cecc464545ba58e1ad24/library/std/src/panic.rs:358:14
[INFO] [stdout]   38:     0x5ef798668dba - std::thread::Builder::spawn_unchecked_::{{closure}}::h53c3a1894dce8407
[INFO] [stdout]                                at /rustc/6067b36314ab5eb2eb47cecc464545ba58e1ad24/library/std/src/thread/mod.rs:557:30
[INFO] [stdout]   39:     0x5ef798668dba - core::ops::function::FnOnce::call_once{{vtable.shim}}::h048ce291ad4f62bf
[INFO] [stdout]                                at /rustc/6067b36314ab5eb2eb47cecc464545ba58e1ad24/library/core/src/ops/function.rs:250:5
[INFO] [stdout]   40:     0x5ef7988c6dfb - <alloc::boxed::Box<F,A> as core::ops::function::FnOnce<Args>>::call_once::ha52bedf99a3b4981
[INFO] [stdout]                                at /rustc/6067b36314ab5eb2eb47cecc464545ba58e1ad24/library/alloc/src/boxed.rs:2013:9
[INFO] [stdout]   41:     0x5ef7988c6dfb - <alloc::boxed::Box<F,A> as core::ops::function::FnOnce<Args>>::call_once::h567748934d80ccf8
[INFO] [stdout]                                at /rustc/6067b36314ab5eb2eb47cecc464545ba58e1ad24/library/alloc/src/boxed.rs:2013:9
[INFO] [stdout]   42:     0x5ef7988c6dfb - std::sys::pal::unix::thread::Thread::new::thread_start::h2d970728ae887adc
[INFO] [stdout]                                at /rustc/6067b36314ab5eb2eb47cecc464545ba58e1ad24/library/std/src/sys/pal/unix/thread.rs:106:17
[INFO] [stdout]   43:     0x7c55ba5d2ac3 - <unknown>
[INFO] [stdout]   44:     0x7c55ba663a04 - clone
[INFO] [stdout]   45:                0x0 - <unknown>
[INFO] [stdout] 
[INFO] [stdout] ---- core::mega_client::tests::test_mage_client_make_request stdout ----
[INFO] [stdout] 
[INFO] [stdout] thread 'core::mega_client::tests::test_mage_client_make_request' panicked at src/core/mega_client.rs:171:68:
[INFO] [stdout] called `Result::unwrap()` on an `Err` value: Connection refused (os error 111)
[INFO] [stdout] 
[INFO] [stdout] Stack backtrace:
[INFO] [stdout]    0: anyhow::error::<impl core::convert::From<E> for anyhow::Error>::from
[INFO] [stdout]              at /opt/rustwide/cargo-home/registry/src/index.crates.io-1949cf8c6b5b557f/anyhow-1.0.79/src/backtrace.rs:27:14
[INFO] [stdout]    1: <core::result::Result<T,F> as core::ops::try_trait::FromResidual<core::result::Result<core::convert::Infallible,E>>>::from_residual
[INFO] [stdout]              at /rustc/6067b36314ab5eb2eb47cecc464545ba58e1ad24/library/core/src/result.rs:2014:27
[INFO] [stdout]    2: fuse::core::mega_client::MegaClient::from_customized_runtime
[INFO] [stdout]              at ./src/core/mega_client.rs:60:22
[INFO] [stdout]    3: fuse::core::mega_client::tests::create_mega_client
[INFO] [stdout]              at ./src/core/mega_client.rs:171:9
[INFO] [stdout]    4: fuse::core::mega_client::tests::test_mage_client_make_request
[INFO] [stdout]              at ./src/core/mega_client.rs:177:22
[INFO] [stdout]    5: fuse::core::mega_client::tests::test_mage_client_make_request::{{closure}}
[INFO] [stdout]              at ./src/core/mega_client.rs:176:39
[INFO] [stdout]    6: core::ops::function::FnOnce::call_once
[INFO] [stdout]              at /rustc/6067b36314ab5eb2eb47cecc464545ba58e1ad24/library/core/src/ops/function.rs:250:5
[INFO] [stdout]    7: core::ops::function::FnOnce::call_once
[INFO] [stdout]              at /rustc/6067b36314ab5eb2eb47cecc464545ba58e1ad24/library/core/src/ops/function.rs:250:5
[INFO] [stdout]    8: test::__rust_begin_short_backtrace
[INFO] [stdout]              at /rustc/6067b36314ab5eb2eb47cecc464545ba58e1ad24/library/test/src/lib.rs:632:18
[INFO] [stdout]    9: test::run_test_in_process::{{closure}}
[INFO] [stdout]              at /rustc/6067b36314ab5eb2eb47cecc464545ba58e1ad24/library/test/src/lib.rs:655:60
[INFO] [stdout]   10: <core::panic::unwind_safe::AssertUnwindSafe<F> as core::ops::function::FnOnce<()>>::call_once
[INFO] [stdout]              at /rustc/6067b36314ab5eb2eb47cecc464545ba58e1ad24/library/core/src/panic/unwind_safe.rs:272:9
[INFO] [stdout]   11: std::panicking::try::do_call
[INFO] [stdout]              at /rustc/6067b36314ab5eb2eb47cecc464545ba58e1ad24/library/std/src/panicking.rs:587:40
[INFO] [stdout]   12: std::panicking::try
[INFO] [stdout]              at /rustc/6067b36314ab5eb2eb47cecc464545ba58e1ad24/library/std/src/panicking.rs:550:19
[INFO] [stdout]   13: std::panic::catch_unwind
[INFO] [stdout]              at /rustc/6067b36314ab5eb2eb47cecc464545ba58e1ad24/library/std/src/panic.rs:358:14
[INFO] [stdout]   14: test::run_test_in_process
[INFO] [stdout]              at /rustc/6067b36314ab5eb2eb47cecc464545ba58e1ad24/library/test/src/lib.rs:655:27
[INFO] [stdout]   15: test::run_test::{{closure}}
[INFO] [stdout]              at /rustc/6067b36314ab5eb2eb47cecc464545ba58e1ad24/library/test/src/lib.rs:576:43
[INFO] [stdout]   16: test::run_test::{{closure}}
[INFO] [stdout]              at /rustc/6067b36314ab5eb2eb47cecc464545ba58e1ad24/library/test/src/lib.rs:606:41
[INFO] [stdout]   17: std::sys::backtrace::__rust_begin_short_backtrace
[INFO] [stdout]              at /rustc/6067b36314ab5eb2eb47cecc464545ba58e1ad24/library/std/src/sys/backtrace.rs:152:18
[INFO] [stdout]   18: std::thread::Builder::spawn_unchecked_::{{closure}}::{{closure}}
[INFO] [stdout]              at /rustc/6067b36314ab5eb2eb47cecc464545ba58e1ad24/library/std/src/thread/mod.rs:559:17
[INFO] [stdout]   19: <core::panic::unwind_safe::AssertUnwindSafe<F> as core::ops::function::FnOnce<()>>::call_once
[INFO] [stdout]              at /rustc/6067b36314ab5eb2eb47cecc464545ba58e1ad24/library/core/src/panic/unwind_safe.rs:272:9
[INFO] [stdout]   20: std::panicking::try::do_call
[INFO] [stdout]              at /rustc/6067b36314ab5eb2eb47cecc464545ba58e1ad24/library/std/src/panicking.rs:587:40
[INFO] [stdout]   21: std::panicking::try
[INFO] [stdout]              at /rustc/6067b36314ab5eb2eb47cecc464545ba58e1ad24/library/std/src/panicking.rs:550:19
[INFO] [stdout]   22: std::panic::catch_unwind
[INFO] [stdout]              at /rustc/6067b36314ab5eb2eb47cecc464545ba58e1ad24/library/std/src/panic.rs:358:14
[INFO] [stdout]   23: std::thread::Builder::spawn_unchecked_::{{closure}}
[INFO] [stdout]              at /rustc/6067b36314ab5eb2eb47cecc464545ba58e1ad24/library/std/src/thread/mod.rs:557:30
[INFO] [stdout]   24: core::ops::function::FnOnce::call_once{{vtable.shim}}
[INFO] [stdout]              at /rustc/6067b36314ab5eb2eb47cecc464545ba58e1ad24/library/core/src/ops/function.rs:250:5
[INFO] [stdout]   25: <alloc::boxed::Box<F,A> as core::ops::function::FnOnce<Args>>::call_once
[INFO] [stdout]              at /rustc/6067b36314ab5eb2eb47cecc464545ba58e1ad24/library/alloc/src/boxed.rs:2013:9
[INFO] [stdout]   26: <alloc::boxed::Box<F,A> as core::ops::function::FnOnce<Args>>::call_once
[INFO] [stdout]              at /rustc/6067b36314ab5eb2eb47cecc464545ba58e1ad24/library/alloc/src/boxed.rs:2013:9
[INFO] [stdout]   27: std::sys::pal::unix::thread::Thread::new::thread_start
[INFO] [stdout]              at /rustc/6067b36314ab5eb2eb47cecc464545ba58e1ad24/library/std/src/sys/pal/unix/thread.rs:106:17
[INFO] [stdout]   28: <unknown>
[INFO] [stdout]   29: clone
[INFO] [stdout] stack backtrace:
[INFO] [stdout]    0:     0x5ef7988c0e4a - std::backtrace_rs::backtrace::libunwind::trace::hb059275cfc8d6126
[INFO] [stdout]                                at /rustc/6067b36314ab5eb2eb47cecc464545ba58e1ad24/library/std/src/../../backtrace/src/backtrace/libunwind.rs:116:5
[INFO] [stdout]    1:     0x5ef7988c0e4a - std::backtrace_rs::backtrace::trace_unsynchronized::h2da071e4327ce3ee
[INFO] [stdout]                                at /rustc/6067b36314ab5eb2eb47cecc464545ba58e1ad24/library/std/src/../../backtrace/src/backtrace/mod.rs:66:5
[INFO] [stdout]    2:     0x5ef7988c0e4a - std::sys::backtrace::_print_fmt::h842a1474e6f8d23f
[INFO] [stdout]                                at /rustc/6067b36314ab5eb2eb47cecc464545ba58e1ad24/library/std/src/sys/backtrace.rs:66:9
[INFO] [stdout]    3:     0x5ef7988c0e4a - <std::sys::backtrace::BacktraceLock::print::DisplayBacktrace as core::fmt::Display>::fmt::h71a62eb3b9696b12
[INFO] [stdout]                                at /rustc/6067b36314ab5eb2eb47cecc464545ba58e1ad24/library/std/src/sys/backtrace.rs:39:26
[INFO] [stdout]    4:     0x5ef7988ea333 - core::fmt::rt::Argument::fmt::hdb6b616786b41dc1
[INFO] [stdout]                                at /rustc/6067b36314ab5eb2eb47cecc464545ba58e1ad24/library/core/src/fmt/rt.rs:177:76
[INFO] [stdout]    5:     0x5ef7988ea333 - core::fmt::write::h2cc1698af7e2d686
[INFO] [stdout]                                at /rustc/6067b36314ab5eb2eb47cecc464545ba58e1ad24/library/core/src/fmt/mod.rs:1440:21
[INFO] [stdout]    6:     0x5ef7988bcdb3 - std::io::Write::write_fmt::hab1b4cd059a79022
[INFO] [stdout]                                at /rustc/6067b36314ab5eb2eb47cecc464545ba58e1ad24/library/std/src/io/mod.rs:1887:15
[INFO] [stdout]    7:     0x5ef7988c0c92 - std::sys::backtrace::BacktraceLock::print::h147fe35b4ea13b08
[INFO] [stdout]                                at /rustc/6067b36314ab5eb2eb47cecc464545ba58e1ad24/library/std/src/sys/backtrace.rs:42:9
[INFO] [stdout]    8:     0x5ef7988c226f - std::panicking::default_hook::{{closure}}::hbd44223dbdc0d208
[INFO] [stdout]                                at /rustc/6067b36314ab5eb2eb47cecc464545ba58e1ad24/library/std/src/panicking.rs:298:22
[INFO] [stdout]    9:     0x5ef7988c2088 - std::panicking::default_hook::h20f81eb0576efcec
[INFO] [stdout]                                at /rustc/6067b36314ab5eb2eb47cecc464545ba58e1ad24/library/std/src/panicking.rs:322:9
[INFO] [stdout]   10:     0x5ef79869dd63 - <alloc::boxed::Box<F,A> as core::ops::function::Fn<Args>>::call::hdb53814c496a4d34
[INFO] [stdout]                                at /rustc/6067b36314ab5eb2eb47cecc464545ba58e1ad24/library/alloc/src/boxed.rs:2027:9
[INFO] [stdout]   11:     0x5ef79869dd63 - test::test_main::{{closure}}::hc0a4963c59427c24
[INFO] [stdout]                                at /rustc/6067b36314ab5eb2eb47cecc464545ba58e1ad24/library/test/src/lib.rs:134:21
[INFO] [stdout]   12:     0x5ef7988c2d63 - <alloc::boxed::Box<F,A> as core::ops::function::Fn<Args>>::call::h591b2225413a77e9
[INFO] [stdout]                                at /rustc/6067b36314ab5eb2eb47cecc464545ba58e1ad24/library/alloc/src/boxed.rs:2027:9
[INFO] [stdout]   13:     0x5ef7988c2d63 - std::panicking::rust_panic_with_hook::h625eea43051b2edc
[INFO] [stdout]                                at /rustc/6067b36314ab5eb2eb47cecc464545ba58e1ad24/library/std/src/panicking.rs:839:13
[INFO] [stdout]   14:     0x5ef7988c2a1a - std::panicking::begin_panic_handler::{{closure}}::h4f9159cfbc3f6bd3
[INFO] [stdout]                                at /rustc/6067b36314ab5eb2eb47cecc464545ba58e1ad24/library/std/src/panicking.rs:704:13
[INFO] [stdout]   15:     0x5ef7988c1349 - std::sys::backtrace::__rust_end_short_backtrace::h0390abce48353151
[INFO] [stdout]                                at /rustc/6067b36314ab5eb2eb47cecc464545ba58e1ad24/library/std/src/sys/backtrace.rs:168:18
[INFO] [stdout]   16:     0x5ef7988c26ad - rust_begin_unwind
[INFO] [stdout]                                at /rustc/6067b36314ab5eb2eb47cecc464545ba58e1ad24/library/std/src/panicking.rs:695:5
[INFO] [stdout]   17:     0x5ef7988e8cb0 - core::panicking::panic_fmt::h9e7c637e9e5f29c9
[INFO] [stdout]                                at /rustc/6067b36314ab5eb2eb47cecc464545ba58e1ad24/library/core/src/panicking.rs:75:14
[INFO] [stdout]   18:     0x5ef7988e9186 - core::result::unwrap_failed::h7979f09313fe1849
[INFO] [stdout]                                at /rustc/6067b36314ab5eb2eb47cecc464545ba58e1ad24/library/core/src/result.rs:1704:5
[INFO] [stdout]   19:     0x5ef798651162 - core::result::Result<T,E>::unwrap::hce6e416127128595
[INFO] [stdout]                                at /rustc/6067b36314ab5eb2eb47cecc464545ba58e1ad24/library/core/src/result.rs:1109:23
[INFO] [stdout]   20:     0x5ef798651162 - fuse::core::mega_client::tests::create_mega_client::h479edf9db0e137bb
[INFO] [stdout]                                at /opt/rustwide/workdir/src/core/mega_client.rs:171:9
[INFO] [stdout]   21:     0x5ef7986515d1 - fuse::core::mega_client::tests::test_mage_client_make_request::h64607ba21ece64b9
[INFO] [stdout]                                at /opt/rustwide/workdir/src/core/mega_client.rs:177:22
[INFO] [stdout]   22:     0x5ef7986515a7 - fuse::core::mega_client::tests::test_mage_client_make_request::{{closure}}::h9a8abb5eaa1b8c75
[INFO] [stdout]                                at /opt/rustwide/workdir/src/core/mega_client.rs:176:39
[INFO] [stdout]   23:     0x5ef798609786 - core::ops::function::FnOnce::call_once::hf763bfd062899404
[INFO] [stdout]                                at /rustc/6067b36314ab5eb2eb47cecc464545ba58e1ad24/library/core/src/ops/function.rs:250:5
[INFO] [stdout]   24:     0x5ef7986a34bb - core::ops::function::FnOnce::call_once::he27718dfdd183f43
[INFO] [stdout]                                at /rustc/6067b36314ab5eb2eb47cecc464545ba58e1ad24/library/core/src/ops/function.rs:250:5
[INFO] [stdout]   25:     0x5ef7986a34bb - test::__rust_begin_short_backtrace::h4e84902998457a5d
[INFO] [stdout]                                at /rustc/6067b36314ab5eb2eb47cecc464545ba58e1ad24/library/test/src/lib.rs:632:18
[INFO] [stdout]   26:     0x5ef7986a23f3 - test::run_test_in_process::{{closure}}::h7176fd18fc1feca0
[INFO] [stdout]                                at /rustc/6067b36314ab5eb2eb47cecc464545ba58e1ad24/library/test/src/lib.rs:655:60
[INFO] [stdout]   27:     0x5ef7986a23f3 - <core::panic::unwind_safe::AssertUnwindSafe<F> as core::ops::function::FnOnce<()>>::call_once::hf79cff2a624d8cf7
[INFO] [stdout]                                at /rustc/6067b36314ab5eb2eb47cecc464545ba58e1ad24/library/core/src/panic/unwind_safe.rs:272:9
[INFO] [stdout]   28:     0x5ef7986a23f3 - std::panicking::try::do_call::h3da0561d9ab99c25
[INFO] [stdout]                                at /rustc/6067b36314ab5eb2eb47cecc464545ba58e1ad24/library/std/src/panicking.rs:587:40
[INFO] [stdout]   29:     0x5ef7986a23f3 - std::panicking::try::h41c9fa508bc61df6
[INFO] [stdout]                                at /rustc/6067b36314ab5eb2eb47cecc464545ba58e1ad24/library/std/src/panicking.rs:550:19
[INFO] [stdout]   30:     0x5ef7986a23f3 - std::panic::catch_unwind::h6b3ff07bb5afad93
[INFO] [stdout]                                at /rustc/6067b36314ab5eb2eb47cecc464545ba58e1ad24/library/std/src/panic.rs:358:14
[INFO] [stdout]   31:     0x5ef7986a23f3 - test::run_test_in_process::hc7253dd11b39b9f4
[INFO] [stdout]                                at /rustc/6067b36314ab5eb2eb47cecc464545ba58e1ad24/library/test/src/lib.rs:655:27
[INFO] [stdout]   32:     0x5ef7986a23f3 - test::run_test::{{closure}}::hfb2007f8649c30bb
[INFO] [stdout]                                at /rustc/6067b36314ab5eb2eb47cecc464545ba58e1ad24/library/test/src/lib.rs:576:43
[INFO] [stdout]   33:     0x5ef7986654d5 - test::run_test::{{closure}}::h56a17aa7a282a9f4
[INFO] [stdout]                                at /rustc/6067b36314ab5eb2eb47cecc464545ba58e1ad24/library/test/src/lib.rs:606:41
[INFO] [stdout]   34:     0x5ef7986654d5 - std::sys::backtrace::__rust_begin_short_backtrace::hd2d2d2fb8e8c6aac
[INFO] [stdout]                                at /rustc/6067b36314ab5eb2eb47cecc464545ba58e1ad24/library/std/src/sys/backtrace.rs:152:18
[INFO] [stdout]   35:     0x5ef798668dba - std::thread::Builder::spawn_unchecked_::{{closure}}::{{closure}}::h4faa3f9db6133423
[INFO] [stdout]                                at /rustc/6067b36314ab5eb2eb47cecc464545ba58e1ad24/library/std/src/thread/mod.rs:559:17
[INFO] [stdout]   36:     0x5ef798668dba - <core::panic::unwind_safe::AssertUnwindSafe<F> as core::ops::function::FnOnce<()>>::call_once::hf2e855a36a4ea846
[INFO] [stdout]                                at /rustc/6067b36314ab5eb2eb47cecc464545ba58e1ad24/library/core/src/panic/unwind_safe.rs:272:9
[INFO] [stdout]   37:     0x5ef798668dba - std::panicking::try::do_call::h2f73af3616c35465
[INFO] [stdout]                                at /rustc/6067b36314ab5eb2eb47cecc464545ba58e1ad24/library/std/src/panicking.rs:587:40
[INFO] [stdout]   38:     0x5ef798668dba - std::panicking::try::hd1660ce9efadef5a
[INFO] [stdout]                                at /rustc/6067b36314ab5eb2eb47cecc464545ba58e1ad24/library/std/src/panicking.rs:550:19
[INFO] [stdout]   39:     0x5ef798668dba - std::panic::catch_unwind::h5ee8d7823b8ca744
[INFO] [stdout]                                at /rustc/6067b36314ab5eb2eb47cecc464545ba58e1ad24/library/std/src/panic.rs:358:14
[INFO] [stdout]   40:     0x5ef798668dba - std::thread::Builder::spawn_unchecked_::{{closure}}::h53c3a1894dce8407
[INFO] [stdout]                                at /rustc/6067b36314ab5eb2eb47cecc464545ba58e1ad24/library/std/src/thread/mod.rs:557:30
[INFO] [stdout]   41:     0x5ef798668dba - core::ops::function::FnOnce::call_once{{vtable.shim}}::h048ce291ad4f62bf
[INFO] [stdout]                                at /rustc/6067b36314ab5eb2eb47cecc464545ba58e1ad24/library/core/src/ops/function.rs:250:5
[INFO] [stdout]   42:     0x5ef7988c6dfb - <alloc::boxed::Box<F,A> as core::ops::function::FnOnce<Args>>::call_once::ha52bedf99a3b4981
[INFO] [stdout]                                at /rustc/6067b36314ab5eb2eb47cecc464545ba58e1ad24/library/alloc/src/boxed.rs:2013:9
[INFO] [stdout]   43:     0x5ef7988c6dfb - <alloc::boxed::Box<F,A> as core::ops::function::FnOnce<Args>>::call_once::h567748934d80ccf8
[INFO] [stdout]                                at /rustc/6067b36314ab5eb2eb47cecc464545ba58e1ad24/library/alloc/src/boxed.rs:2013:9
[INFO] [stdout]   44:     0x5ef7988c6dfb - std::sys::pal::unix::thread::Thread::new::thread_start::h2d970728ae887adc
[INFO] [stdout]                                at /rustc/6067b36314ab5eb2eb47cecc464545ba58e1ad24/library/std/src/sys/pal/unix/thread.rs:106:17
[INFO] [stdout]   45:     0x7c55ba5d2ac3 - <unknown>
[INFO] [stdout]   46:     0x7c55ba663a04 - clone
[INFO] [stdout]   47:                0x0 - <unknown>
[INFO] [stdout] 
[INFO] [stdout] 
[INFO] [stdout] failures:
[INFO] [stdout]     core::mega_client::tests::test_create_mega_client
[INFO] [stdout]     core::mega_client::tests::test_mage_client_make_request
[INFO] [stdout] 
[INFO] [stdout] test result: FAILED. 3 passed; 2 failed; 0 ignored; 0 measured; 0 filtered out; finished in 0.13s
[INFO] [stdout] 
[INFO] running `Command { std: "docker" "inspect" "b504ca7546b058f47572f19301eaa6738fe2bbb297195f35f786cff31432f53d", kill_on_drop: false }`
[INFO] running `Command { std: "docker" "rm" "-f" "b504ca7546b058f47572f19301eaa6738fe2bbb297195f35f786cff31432f53d", kill_on_drop: false }`
[INFO] [stdout] b504ca7546b058f47572f19301eaa6738fe2bbb297195f35f786cff31432f53d
