[INFO] cloning repository https://github.com/TiboX2021/Brainfuck-JIT
[INFO] running `Command { std: "git" "-c" "credential.helper=" "-c" "credential.helper=/workspace/cargo-home/bin/git-credential-null" "clone" "--bare" "https://github.com/TiboX2021/Brainfuck-JIT" "/workspace/cache/git-repos/https%3A%2F%2Fgithub.com%2FTiboX2021%2FBrainfuck-JIT", kill_on_drop: false }`
[INFO] [stderr] Cloning into bare repository '/workspace/cache/git-repos/https%3A%2F%2Fgithub.com%2FTiboX2021%2FBrainfuck-JIT'...
[INFO] running `Command { std: "git" "rev-parse" "HEAD", kill_on_drop: false }`
[INFO] [stdout] 2614e68c5194529068b75021bddf9b218cf28868
[INFO] testing TiboX2021/Brainfuck-JIT against nightly-2025-01-18 for randomize-layout-2
[INFO] running `Command { std: "git" "clone" "/workspace/cache/git-repos/https%3A%2F%2Fgithub.com%2FTiboX2021%2FBrainfuck-JIT" "/workspace/builds/worker-1-tc1/source", kill_on_drop: false }`
[INFO] [stderr] Cloning into '/workspace/builds/worker-1-tc1/source'...
[INFO] [stderr] done.
[INFO] validating manifest of git repo https://github.com/TiboX2021/Brainfuck-JIT on toolchain nightly-2025-01-18
[INFO] running `Command { std: CARGO_HOME="/workspace/cargo-home" RUSTUP_HOME="/workspace/rustup-home" "/workspace/cargo-home/bin/cargo" "+nightly-2025-01-18" "metadata" "--manifest-path" "Cargo.toml" "--no-deps", kill_on_drop: false }`
[INFO] started tweaking git repo https://github.com/TiboX2021/Brainfuck-JIT
[INFO] finished tweaking git repo https://github.com/TiboX2021/Brainfuck-JIT
[INFO] tweaked toml for git repo https://github.com/TiboX2021/Brainfuck-JIT written to /workspace/builds/worker-1-tc1/source/Cargo.toml
[INFO] crate git repo https://github.com/TiboX2021/Brainfuck-JIT already has a lockfile, it will not be regenerated
[INFO] running `Command { std: CARGO_HOME="/workspace/cargo-home" RUSTUP_HOME="/workspace/rustup-home" "/workspace/cargo-home/bin/cargo" "+nightly-2025-01-18" "fetch" "--manifest-path" "Cargo.toml", kill_on_drop: false }`
[INFO] [stderr]     Blocking waiting for file lock on package cache
[INFO] [stderr]     Blocking waiting for file lock on package cache
[INFO] running `Command { std: "docker" "create" "-v" "/var/lib/crater-agent-workspace/builds/worker-1-tc1/target:/opt/rustwide/target:rw,Z" "-v" "/var/lib/crater-agent-workspace/builds/worker-1-tc1/source:/opt/rustwide/workdir:ro,Z" "-v" "/var/lib/crater-agent-workspace/cargo-home:/opt/rustwide/cargo-home:ro,Z" "-v" "/var/lib/crater-agent-workspace/rustup-home:/opt/rustwide/rustup-home:ro,Z" "-e" "SOURCE_DIR=/opt/rustwide/workdir" "-e" "CARGO_TARGET_DIR=/opt/rustwide/target" "-e" "CARGO_HOME=/opt/rustwide/cargo-home" "-e" "RUSTUP_HOME=/opt/rustwide/rustup-home" "-w" "/opt/rustwide/workdir" "-m" "1610612736" "--user" "0:0" "--network" "none" "ghcr.io/rust-lang/crates-build-env/linux@sha256:819108c5571ea2e421544af4d832f968d213c87fbe3707a016657f43d2f853bc" "/opt/rustwide/cargo-home/bin/cargo" "+nightly-2025-01-18" "metadata" "--no-deps" "--format-version=1", kill_on_drop: false }`
[INFO] [stdout] 7e9807c2e4948d06fda48a72c1489d92ae24e0f231c8b965447214e27c237ed0
[INFO] running `Command { std: "docker" "start" "-a" "7e9807c2e4948d06fda48a72c1489d92ae24e0f231c8b965447214e27c237ed0", kill_on_drop: false }`
[INFO] running `Command { std: "docker" "inspect" "7e9807c2e4948d06fda48a72c1489d92ae24e0f231c8b965447214e27c237ed0", kill_on_drop: false }`
[INFO] running `Command { std: "docker" "rm" "-f" "7e9807c2e4948d06fda48a72c1489d92ae24e0f231c8b965447214e27c237ed0", kill_on_drop: false }`
[INFO] [stdout] 7e9807c2e4948d06fda48a72c1489d92ae24e0f231c8b965447214e27c237ed0
[INFO] running `Command { std: "docker" "create" "-v" "/var/lib/crater-agent-workspace/builds/worker-1-tc1/target:/opt/rustwide/target:rw,Z" "-v" "/var/lib/crater-agent-workspace/builds/worker-1-tc1/source:/opt/rustwide/workdir:ro,Z" "-v" "/var/lib/crater-agent-workspace/cargo-home:/opt/rustwide/cargo-home:ro,Z" "-v" "/var/lib/crater-agent-workspace/rustup-home:/opt/rustwide/rustup-home:ro,Z" "-e" "SOURCE_DIR=/opt/rustwide/workdir" "-e" "CARGO_TARGET_DIR=/opt/rustwide/target" "-e" "CARGO_INCREMENTAL=0" "-e" "RUST_BACKTRACE=full" "-e" "RUSTFLAGS=--cap-lints=forbid" "-e" "RUSTDOCFLAGS=--cap-lints=forbid" "-e" "CARGO_HOME=/opt/rustwide/cargo-home" "-e" "RUSTUP_HOME=/opt/rustwide/rustup-home" "-w" "/opt/rustwide/workdir" "-m" "1610612736" "--user" "0:0" "--network" "none" "ghcr.io/rust-lang/crates-build-env/linux@sha256:819108c5571ea2e421544af4d832f968d213c87fbe3707a016657f43d2f853bc" "/opt/rustwide/cargo-home/bin/cargo" "+nightly-2025-01-18" "build" "--frozen" "--message-format=json", kill_on_drop: false }`
[INFO] [stdout] 579de9ecd25a755f928a4dc231551a0f5faa4f3e69c462ac5927c8af4a20e3ad
[INFO] running `Command { std: "docker" "start" "-a" "579de9ecd25a755f928a4dc231551a0f5faa4f3e69c462ac5927c8af4a20e3ad", kill_on_drop: false }`
[INFO] [stderr]    Compiling unicode-ident v1.0.12
[INFO] [stderr]    Compiling utf8parse v0.2.1
[INFO] [stderr]    Compiling libc v0.2.153
[INFO] [stderr]    Compiling colorchoice v1.0.0
[INFO] [stderr]    Compiling anstyle-query v1.0.2
[INFO] [stderr]    Compiling anstyle v1.0.5
[INFO] [stderr]    Compiling clap_lex v0.6.0
[INFO] [stderr]    Compiling strsim v0.10.0
[INFO] [stderr]    Compiling proc-macro2 v1.0.78
[INFO] [stderr]    Compiling anstyle-parse v0.2.3
[INFO] [stderr]    Compiling anstream v0.6.11
[INFO] [stderr]    Compiling clap_builder v4.4.18
[INFO] [stderr]    Compiling quote v1.0.35
[INFO] [stderr]    Compiling syn v2.0.48
[INFO] [stderr]    Compiling memmap2 v0.9.4
[INFO] [stderr]    Compiling lib v0.1.0 (/opt/rustwide/workdir/lib)
[INFO] [stderr]    Compiling clap_derive v4.4.7
[INFO] [stderr]    Compiling clap v4.4.18
[INFO] [stderr]    Compiling bin v0.1.0 (/opt/rustwide/workdir/bin)
[INFO] [stderr]     Finished `dev` profile [unoptimized + debuginfo] target(s) in 10.84s
[INFO] running `Command { std: "docker" "inspect" "579de9ecd25a755f928a4dc231551a0f5faa4f3e69c462ac5927c8af4a20e3ad", kill_on_drop: false }`
[INFO] running `Command { std: "docker" "rm" "-f" "579de9ecd25a755f928a4dc231551a0f5faa4f3e69c462ac5927c8af4a20e3ad", kill_on_drop: false }`
[INFO] [stdout] 579de9ecd25a755f928a4dc231551a0f5faa4f3e69c462ac5927c8af4a20e3ad
[INFO] running `Command { std: "docker" "create" "-v" "/var/lib/crater-agent-workspace/builds/worker-1-tc1/target:/opt/rustwide/target:rw,Z" "-v" "/var/lib/crater-agent-workspace/builds/worker-1-tc1/source:/opt/rustwide/workdir:ro,Z" "-v" "/var/lib/crater-agent-workspace/cargo-home:/opt/rustwide/cargo-home:ro,Z" "-v" "/var/lib/crater-agent-workspace/rustup-home:/opt/rustwide/rustup-home:ro,Z" "-e" "SOURCE_DIR=/opt/rustwide/workdir" "-e" "CARGO_TARGET_DIR=/opt/rustwide/target" "-e" "CARGO_INCREMENTAL=0" "-e" "RUST_BACKTRACE=full" "-e" "RUSTFLAGS=--cap-lints=forbid" "-e" "RUSTDOCFLAGS=--cap-lints=forbid" "-e" "CARGO_HOME=/opt/rustwide/cargo-home" "-e" "RUSTUP_HOME=/opt/rustwide/rustup-home" "-w" "/opt/rustwide/workdir" "-m" "1610612736" "--user" "0:0" "--network" "none" "ghcr.io/rust-lang/crates-build-env/linux@sha256:819108c5571ea2e421544af4d832f968d213c87fbe3707a016657f43d2f853bc" "/opt/rustwide/cargo-home/bin/cargo" "+nightly-2025-01-18" "test" "--frozen" "--no-run" "--message-format=json", kill_on_drop: false }`
[INFO] [stdout] c499e33b467e6609714cfe1b3a47ef268d6cf64e2f9924a67d6851e6972284d4
[INFO] running `Command { std: "docker" "start" "-a" "c499e33b467e6609714cfe1b3a47ef268d6cf64e2f9924a67d6851e6972284d4", kill_on_drop: false }`
[INFO] [stderr]    Compiling lib v0.1.0 (/opt/rustwide/workdir/lib)
[INFO] [stderr]    Compiling bin v0.1.0 (/opt/rustwide/workdir/bin)
[INFO] [stderr]     Finished `test` profile [unoptimized + debuginfo] target(s) in 0.49s
[INFO] running `Command { std: "docker" "inspect" "c499e33b467e6609714cfe1b3a47ef268d6cf64e2f9924a67d6851e6972284d4", kill_on_drop: false }`
[INFO] running `Command { std: "docker" "rm" "-f" "c499e33b467e6609714cfe1b3a47ef268d6cf64e2f9924a67d6851e6972284d4", kill_on_drop: false }`
[INFO] [stdout] c499e33b467e6609714cfe1b3a47ef268d6cf64e2f9924a67d6851e6972284d4
[INFO] running `Command { std: "docker" "create" "-v" "/var/lib/crater-agent-workspace/builds/worker-1-tc1/target:/opt/rustwide/target:rw,Z" "-v" "/var/lib/crater-agent-workspace/builds/worker-1-tc1/source:/opt/rustwide/workdir:ro,Z" "-v" "/var/lib/crater-agent-workspace/cargo-home:/opt/rustwide/cargo-home:ro,Z" "-v" "/var/lib/crater-agent-workspace/rustup-home:/opt/rustwide/rustup-home:ro,Z" "-e" "SOURCE_DIR=/opt/rustwide/workdir" "-e" "CARGO_TARGET_DIR=/opt/rustwide/target" "-e" "CARGO_INCREMENTAL=0" "-e" "RUST_BACKTRACE=full" "-e" "RUSTFLAGS=--cap-lints=forbid" "-e" "RUSTDOCFLAGS=--cap-lints=forbid" "-e" "CARGO_HOME=/opt/rustwide/cargo-home" "-e" "RUSTUP_HOME=/opt/rustwide/rustup-home" "-w" "/opt/rustwide/workdir" "-m" "1610612736" "--user" "0:0" "--network" "none" "ghcr.io/rust-lang/crates-build-env/linux@sha256:819108c5571ea2e421544af4d832f968d213c87fbe3707a016657f43d2f853bc" "/opt/rustwide/cargo-home/bin/cargo" "+nightly-2025-01-18" "test" "--frozen", kill_on_drop: false }`
[INFO] [stdout] 0da8976650d6a9215863935dc927bdb203dcf9d5f5f2417d317ccdc62b74d600
[INFO] running `Command { std: "docker" "start" "-a" "0da8976650d6a9215863935dc927bdb203dcf9d5f5f2417d317ccdc62b74d600", kill_on_drop: false }`
[INFO] [stderr]     Finished `test` profile [unoptimized + debuginfo] target(s) in 0.06s
[INFO] [stderr]      Running unittests src/main.rs (/opt/rustwide/target/debug/deps/bin-e6a279b7b86d2916)
[INFO] [stdout] 
[INFO] [stderr]      Running unittests src/lib.rs (/opt/rustwide/target/debug/deps/lib-9cd04e7d21f954c6)
[INFO] [stdout] running 0 tests
[INFO] [stdout] 
[INFO] [stdout] test result: ok. 0 passed; 0 failed; 0 ignored; 0 measured; 0 filtered out; finished in 0.00s
[INFO] [stdout] 
[INFO] [stderr]    Doc-tests lib
[INFO] [stdout] 
[INFO] [stdout] running 0 tests
[INFO] [stdout] 
[INFO] [stdout] test result: ok. 0 passed; 0 failed; 0 ignored; 0 measured; 0 filtered out; finished in 0.00s
[INFO] [stdout] 
[INFO] [stdout] 
[INFO] [stdout] running 3 tests
[INFO] [stdout] test lib/src/x86_64.rs - x86_64 (line 37) ... FAILED
[INFO] [stdout] test lib/src/x86_64.rs - x86_64 (line 8) ... FAILED
[INFO] [stdout] test lib/src/x86_64.rs - x86_64 (line 23) ... FAILED
[INFO] [stdout] 
[INFO] [stdout] failures:
[INFO] [stdout] 
[INFO] [stdout] ---- lib/src/x86_64.rs - x86_64 (line 37) stdout ----
[INFO] [stdout] error: expected one of `!`, `.`, `::`, `;`, `?`, `{`, `}`, or an operator, found `rax`
[INFO] [stdout]  --> lib/src/x86_64.rs:38:5
[INFO] [stdout]   |
[INFO] [stdout] 3 | mov rax, [r13]  ; 0x49 0x8B 0x45 0x00
[INFO] [stdout]   |     ^^^ expected one of 8 possible tokens
[INFO] [stdout]   |
[INFO] [stdout] help: there is a keyword `mod` with a similar name
[INFO] [stdout]   |
[INFO] [stdout] 3 | mod rax, [r13]  ; 0x49 0x8B 0x45 0x00
[INFO] [stdout]   | ~~~
[INFO] [stdout] 
[INFO] [stdout] error: aborting due to 1 previous error
[INFO] [stdout] 
[INFO] [stdout] Couldn't compile the test.
[INFO] [stdout] ---- lib/src/x86_64.rs - x86_64 (line 8) stdout ----
[INFO] [stdout] error: expected one of `!`, `.`, `::`, `;`, `?`, `{`, `}`, or an operator, found `rax`
[INFO] [stdout]  --> lib/src/x86_64.rs:9:5
[INFO] [stdout]   |
[INFO] [stdout] 3 | mov rax, 1      ; 0x48 0xc7 0xc0 0x01 0x00 0x00 0x00
[INFO] [stdout]   |     ^^^ expected one of 8 possible tokens
[INFO] [stdout]   |
[INFO] [stdout] help: there is a keyword `mod` with a similar name
[INFO] [stdout]   |
[INFO] [stdout] 3 | mod rax, 1      ; 0x48 0xc7 0xc0 0x01 0x00 0x00 0x00
[INFO] [stdout]   | ~~~
[INFO] [stdout] 
[INFO] [stdout] error: aborting due to 1 previous error
[INFO] [stdout] 
[INFO] [stdout] Couldn't compile the test.
[INFO] [stdout] ---- lib/src/x86_64.rs - x86_64 (line 23) stdout ----
[INFO] [stdout] error: expected one of `!`, `.`, `::`, `;`, `?`, `{`, `}`, or an operator, found `rax`
[INFO] [stdout]  --> lib/src/x86_64.rs:24:5
[INFO] [stdout]   |
[INFO] [stdout] 3 | mov rax, [r13]  ; 0x49 0x8B 0x45 0x00
[INFO] [stdout]   |     ^^^ expected one of 8 possible tokens
[INFO] [stdout]   |
[INFO] [stdout] help: there is a keyword `mod` with a similar name
[INFO] [stdout]   |
[INFO] [stdout] 3 | mod rax, [r13]  ; 0x49 0x8B 0x45 0x00
[INFO] [stdout]   | ~~~
[INFO] [stdout] 
[INFO] [stdout] error: aborting due to 1 previous error
[INFO] [stdout] 
[INFO] [stdout] Couldn't compile the test.
[INFO] [stdout] 
[INFO] [stdout] failures:
[INFO] [stdout]     lib/src/x86_64.rs - x86_64 (line 23)
[INFO] [stdout]     lib/src/x86_64.rs - x86_64 (line 37)
[INFO] [stdout]     lib/src/x86_64.rs - x86_64 (line 8)
[INFO] [stdout] 
[INFO] [stdout] test result: FAILED. 0 passed; 3 failed; 0 ignored; 0 measured; 0 filtered out; finished in 0.14s
[INFO] [stdout] 
[INFO] [stderr] error: doctest failed, to rerun pass `-p lib --doc`
[INFO] running `Command { std: "docker" "inspect" "0da8976650d6a9215863935dc927bdb203dcf9d5f5f2417d317ccdc62b74d600", kill_on_drop: false }`
[INFO] running `Command { std: "docker" "rm" "-f" "0da8976650d6a9215863935dc927bdb203dcf9d5f5f2417d317ccdc62b74d600", kill_on_drop: false }`
[INFO] [stdout] 0da8976650d6a9215863935dc927bdb203dcf9d5f5f2417d317ccdc62b74d600
