[INFO] cloning repository https://github.com/Thiago18l/leet-code-rs
[INFO] running `Command { std: "git" "-c" "credential.helper=" "-c" "credential.helper=/workspace/cargo-home/bin/git-credential-null" "clone" "--bare" "https://github.com/Thiago18l/leet-code-rs" "/workspace/cache/git-repos/https%3A%2F%2Fgithub.com%2FThiago18l%2Fleet-code-rs", kill_on_drop: false }`
[INFO] [stderr] Cloning into bare repository '/workspace/cache/git-repos/https%3A%2F%2Fgithub.com%2FThiago18l%2Fleet-code-rs'...
[INFO] running `Command { std: "git" "rev-parse" "HEAD", kill_on_drop: false }`
[INFO] [stdout] c005d40f6a57f162bbdbbd09b1ff4002c982cc57
[INFO] testing Thiago18l/leet-code-rs against nightly-2025-01-18 for randomize-layout-2
[INFO] running `Command { std: "git" "clone" "/workspace/cache/git-repos/https%3A%2F%2Fgithub.com%2FThiago18l%2Fleet-code-rs" "/workspace/builds/worker-3-tc1/source", kill_on_drop: false }`
[INFO] [stderr] Cloning into '/workspace/builds/worker-3-tc1/source'...
[INFO] [stderr] done.
[INFO] validating manifest of git repo https://github.com/Thiago18l/leet-code-rs on toolchain nightly-2025-01-18
[INFO] running `Command { std: CARGO_HOME="/workspace/cargo-home" RUSTUP_HOME="/workspace/rustup-home" "/workspace/cargo-home/bin/cargo" "+nightly-2025-01-18" "metadata" "--manifest-path" "Cargo.toml" "--no-deps", kill_on_drop: false }`
[INFO] started tweaking git repo https://github.com/Thiago18l/leet-code-rs
[INFO] finished tweaking git repo https://github.com/Thiago18l/leet-code-rs
[INFO] tweaked toml for git repo https://github.com/Thiago18l/leet-code-rs written to /workspace/builds/worker-3-tc1/source/Cargo.toml
[INFO] crate git repo https://github.com/Thiago18l/leet-code-rs already has a lockfile, it will not be regenerated
[INFO] running `Command { std: CARGO_HOME="/workspace/cargo-home" RUSTUP_HOME="/workspace/rustup-home" "/workspace/cargo-home/bin/cargo" "+nightly-2025-01-18" "fetch" "--manifest-path" "Cargo.toml", kill_on_drop: false }`
[INFO] running `Command { std: "docker" "create" "-v" "/var/lib/crater-agent-workspace/builds/worker-3-tc1/target:/opt/rustwide/target:rw,Z" "-v" "/var/lib/crater-agent-workspace/builds/worker-3-tc1/source:/opt/rustwide/workdir:ro,Z" "-v" "/var/lib/crater-agent-workspace/cargo-home:/opt/rustwide/cargo-home:ro,Z" "-v" "/var/lib/crater-agent-workspace/rustup-home:/opt/rustwide/rustup-home:ro,Z" "-e" "SOURCE_DIR=/opt/rustwide/workdir" "-e" "CARGO_TARGET_DIR=/opt/rustwide/target" "-e" "CARGO_HOME=/opt/rustwide/cargo-home" "-e" "RUSTUP_HOME=/opt/rustwide/rustup-home" "-w" "/opt/rustwide/workdir" "-m" "1610612736" "--user" "0:0" "--network" "none" "ghcr.io/rust-lang/crates-build-env/linux@sha256:819108c5571ea2e421544af4d832f968d213c87fbe3707a016657f43d2f853bc" "/opt/rustwide/cargo-home/bin/cargo" "+nightly-2025-01-18" "metadata" "--no-deps" "--format-version=1", kill_on_drop: false }`
[INFO] [stdout] 214bf093288683ddd70495b14007d22618315295fcaad27f428dd8e0094568bc
[INFO] running `Command { std: "docker" "start" "-a" "214bf093288683ddd70495b14007d22618315295fcaad27f428dd8e0094568bc", kill_on_drop: false }`
[INFO] running `Command { std: "docker" "inspect" "214bf093288683ddd70495b14007d22618315295fcaad27f428dd8e0094568bc", kill_on_drop: false }`
[INFO] running `Command { std: "docker" "rm" "-f" "214bf093288683ddd70495b14007d22618315295fcaad27f428dd8e0094568bc", kill_on_drop: false }`
[INFO] [stdout] 214bf093288683ddd70495b14007d22618315295fcaad27f428dd8e0094568bc
[INFO] running `Command { std: "docker" "create" "-v" "/var/lib/crater-agent-workspace/builds/worker-3-tc1/target:/opt/rustwide/target:rw,Z" "-v" "/var/lib/crater-agent-workspace/builds/worker-3-tc1/source:/opt/rustwide/workdir:ro,Z" "-v" "/var/lib/crater-agent-workspace/cargo-home:/opt/rustwide/cargo-home:ro,Z" "-v" "/var/lib/crater-agent-workspace/rustup-home:/opt/rustwide/rustup-home:ro,Z" "-e" "SOURCE_DIR=/opt/rustwide/workdir" "-e" "CARGO_TARGET_DIR=/opt/rustwide/target" "-e" "CARGO_INCREMENTAL=0" "-e" "RUST_BACKTRACE=full" "-e" "RUSTFLAGS=--cap-lints=forbid" "-e" "RUSTDOCFLAGS=--cap-lints=forbid" "-e" "CARGO_HOME=/opt/rustwide/cargo-home" "-e" "RUSTUP_HOME=/opt/rustwide/rustup-home" "-w" "/opt/rustwide/workdir" "-m" "1610612736" "--user" "0:0" "--network" "none" "ghcr.io/rust-lang/crates-build-env/linux@sha256:819108c5571ea2e421544af4d832f968d213c87fbe3707a016657f43d2f853bc" "/opt/rustwide/cargo-home/bin/cargo" "+nightly-2025-01-18" "build" "--frozen" "--message-format=json", kill_on_drop: false }`
[INFO] [stdout] 41c100fad0cfd659bccfe0b902a645ccc7639f9fadad5a689c1cbff72b50f0da
[INFO] running `Command { std: "docker" "start" "-a" "41c100fad0cfd659bccfe0b902a645ccc7639f9fadad5a689c1cbff72b50f0da", kill_on_drop: false }`
[INFO] [stderr]    Compiling leet-code-rs v0.1.0 (/opt/rustwide/workdir)
[INFO] [stdout] warning: struct `Roman` is never constructed
[INFO] [stdout]  --> src/core/roman.rs:3:8
[INFO] [stdout]   |
[INFO] [stdout] 3 | struct Roman {
[INFO] [stdout]   |        ^^^^^
[INFO] [stdout]   |
[INFO] [stdout]   = note: `#[warn(dead_code)]` on by default
[INFO] [stdout] 
[INFO] [stdout] 
[INFO] [stdout] warning: associated items `new`, `numerals`, `to_string`, and `to_int` are never used
[INFO] [stdout]   --> src/core/roman.rs:8:8
[INFO] [stdout]    |
[INFO] [stdout] 7  | impl Roman {
[INFO] [stdout]    | ---------- associated items in this implementation
[INFO] [stdout] 8  |     fn new(value: u32) -> Roman {
[INFO] [stdout]    |        ^^^
[INFO] [stdout] ...
[INFO] [stdout] 12 |     fn numerals(&self) -> Vec<(u32, &str)> {
[INFO] [stdout]    |        ^^^^^^^^
[INFO] [stdout] ...
[INFO] [stdout] 30 |     fn to_string(&self) -> String {
[INFO] [stdout]    |        ^^^^^^^^^
[INFO] [stdout] ...
[INFO] [stdout] 44 |     fn to_int(&self, string: String) -> u32 {
[INFO] [stdout]    |        ^^^^^^
[INFO] [stdout] 
[INFO] [stdout] 
[INFO] [stdout] warning: struct `Solution` is never constructed
[INFO] [stdout]   --> src/core/three_sum.rs:10:8
[INFO] [stdout]    |
[INFO] [stdout] 10 | struct Solution;
[INFO] [stdout]    |        ^^^^^^^^
[INFO] [stdout] 
[INFO] [stdout] 
[INFO] [stdout] warning: methods `three_sum` and `three_sum_closest` are never used
[INFO] [stdout]   --> src/core/three_sum.rs:14:6
[INFO] [stdout]    |
[INFO] [stdout] 12 | impl Solution {
[INFO] [stdout]    | ------------- methods in this implementation
[INFO] [stdout] 13 |
[INFO] [stdout] 14 |   fn three_sum(&self, nums: Vec<i32>) -> Vec<Vec<i32>> {
[INFO] [stdout]    |      ^^^^^^^^^
[INFO] [stdout] ...
[INFO] [stdout] 46 |   fn three_sum_closest(&self, nums: Vec<i32>, target: i32) -> i32 {
[INFO] [stdout]    |      ^^^^^^^^^^^^^^^^^
[INFO] [stdout] 
[INFO] [stdout] 
[INFO] [stdout] warning: struct `Solution` is never constructed
[INFO] [stdout]  --> src/core/sorted_insert.rs:2:8
[INFO] [stdout]   |
[INFO] [stdout] 2 | struct Solution;
[INFO] [stdout]   |        ^^^^^^^^
[INFO] [stdout] 
[INFO] [stdout] 
[INFO] [stdout] warning: associated functions `search_insert` and `binary_search_insert` are never used
[INFO] [stdout]   --> src/core/sorted_insert.rs:6:6
[INFO] [stdout]    |
[INFO] [stdout] 4  | impl Solution {
[INFO] [stdout]    | ------------- associated functions in this implementation
[INFO] [stdout] 5  |
[INFO] [stdout] 6  |   fn search_insert(nums: Vec<i32>, target: i32) -> i32 {
[INFO] [stdout]    |      ^^^^^^^^^^^^^
[INFO] [stdout] ...
[INFO] [stdout] 20 |   fn binary_search_insert(nums: Vec<i32>, target: i32) -> i32 {
[INFO] [stdout]    |      ^^^^^^^^^^^^^^^^^^^^
[INFO] [stdout] 
[INFO] [stdout] 
[INFO] [stdout] warning: function `str_index` is never used
[INFO] [stdout]  --> src/core/basics.rs:1:4
[INFO] [stdout]   |
[INFO] [stdout] 1 | fn str_index(haystack: String, needle: String) -> i32 {
[INFO] [stdout]   |    ^^^^^^^^^
[INFO] [stdout] 
[INFO] [stdout] 
[INFO] [stdout] warning: function `min_bit_flips` is never used
[INFO] [stdout]   --> src/core/basics.rs:24:4
[INFO] [stdout]    |
[INFO] [stdout] 24 | fn min_bit_flips(start: i32, goal: i32) -> i32 {
[INFO] [stdout]    |    ^^^^^^^^^^^^^
[INFO] [stdout] 
[INFO] [stdout] 
[INFO] [stdout] warning: function `trap` is never used
[INFO] [stdout]   --> src/core/basics.rs:42:4
[INFO] [stdout]    |
[INFO] [stdout] 42 | fn trap(height: Vec<i32>) -> i32 {
[INFO] [stdout]    |    ^^^^
[INFO] [stdout] 
[INFO] [stdout] 
[INFO] [stderr]     Finished `dev` profile [unoptimized + debuginfo] target(s) in 0.52s
[INFO] running `Command { std: "docker" "inspect" "41c100fad0cfd659bccfe0b902a645ccc7639f9fadad5a689c1cbff72b50f0da", kill_on_drop: false }`
[INFO] running `Command { std: "docker" "rm" "-f" "41c100fad0cfd659bccfe0b902a645ccc7639f9fadad5a689c1cbff72b50f0da", kill_on_drop: false }`
[INFO] [stdout] 41c100fad0cfd659bccfe0b902a645ccc7639f9fadad5a689c1cbff72b50f0da
[INFO] running `Command { std: "docker" "create" "-v" "/var/lib/crater-agent-workspace/builds/worker-3-tc1/target:/opt/rustwide/target:rw,Z" "-v" "/var/lib/crater-agent-workspace/builds/worker-3-tc1/source:/opt/rustwide/workdir:ro,Z" "-v" "/var/lib/crater-agent-workspace/cargo-home:/opt/rustwide/cargo-home:ro,Z" "-v" "/var/lib/crater-agent-workspace/rustup-home:/opt/rustwide/rustup-home:ro,Z" "-e" "SOURCE_DIR=/opt/rustwide/workdir" "-e" "CARGO_TARGET_DIR=/opt/rustwide/target" "-e" "CARGO_INCREMENTAL=0" "-e" "RUST_BACKTRACE=full" "-e" "RUSTFLAGS=--cap-lints=forbid" "-e" "RUSTDOCFLAGS=--cap-lints=forbid" "-e" "CARGO_HOME=/opt/rustwide/cargo-home" "-e" "RUSTUP_HOME=/opt/rustwide/rustup-home" "-w" "/opt/rustwide/workdir" "-m" "1610612736" "--user" "0:0" "--network" "none" "ghcr.io/rust-lang/crates-build-env/linux@sha256:819108c5571ea2e421544af4d832f968d213c87fbe3707a016657f43d2f853bc" "/opt/rustwide/cargo-home/bin/cargo" "+nightly-2025-01-18" "test" "--frozen" "--no-run" "--message-format=json", kill_on_drop: false }`
[INFO] [stdout] f1406634ee0a3bffdb11714d2cbe3656c6ca89d6e2eb5ae653db1e3aa5acd525
[INFO] running `Command { std: "docker" "start" "-a" "f1406634ee0a3bffdb11714d2cbe3656c6ca89d6e2eb5ae653db1e3aa5acd525", kill_on_drop: false }`
[INFO] [stderr]    Compiling leet-code-rs v0.1.0 (/opt/rustwide/workdir)
[INFO] [stdout] warning: function `trap` is never used
[INFO] [stdout]   --> src/core/basics.rs:42:4
[INFO] [stdout]    |
[INFO] [stdout] 42 | fn trap(height: Vec<i32>) -> i32 {
[INFO] [stdout]    |    ^^^^
[INFO] [stdout]    |
[INFO] [stdout]    = note: `#[warn(dead_code)]` on by default
[INFO] [stdout] 
[INFO] [stdout] 
[INFO] [stderr]     Finished `test` profile [unoptimized + debuginfo] target(s) in 0.70s
[INFO] running `Command { std: "docker" "inspect" "f1406634ee0a3bffdb11714d2cbe3656c6ca89d6e2eb5ae653db1e3aa5acd525", kill_on_drop: false }`
[INFO] running `Command { std: "docker" "rm" "-f" "f1406634ee0a3bffdb11714d2cbe3656c6ca89d6e2eb5ae653db1e3aa5acd525", kill_on_drop: false }`
[INFO] [stdout] f1406634ee0a3bffdb11714d2cbe3656c6ca89d6e2eb5ae653db1e3aa5acd525
[INFO] running `Command { std: "docker" "create" "-v" "/var/lib/crater-agent-workspace/builds/worker-3-tc1/target:/opt/rustwide/target:rw,Z" "-v" "/var/lib/crater-agent-workspace/builds/worker-3-tc1/source:/opt/rustwide/workdir:ro,Z" "-v" "/var/lib/crater-agent-workspace/cargo-home:/opt/rustwide/cargo-home:ro,Z" "-v" "/var/lib/crater-agent-workspace/rustup-home:/opt/rustwide/rustup-home:ro,Z" "-e" "SOURCE_DIR=/opt/rustwide/workdir" "-e" "CARGO_TARGET_DIR=/opt/rustwide/target" "-e" "CARGO_INCREMENTAL=0" "-e" "RUST_BACKTRACE=full" "-e" "RUSTFLAGS=--cap-lints=forbid" "-e" "RUSTDOCFLAGS=--cap-lints=forbid" "-e" "CARGO_HOME=/opt/rustwide/cargo-home" "-e" "RUSTUP_HOME=/opt/rustwide/rustup-home" "-w" "/opt/rustwide/workdir" "-m" "1610612736" "--user" "0:0" "--network" "none" "ghcr.io/rust-lang/crates-build-env/linux@sha256:819108c5571ea2e421544af4d832f968d213c87fbe3707a016657f43d2f853bc" "/opt/rustwide/cargo-home/bin/cargo" "+nightly-2025-01-18" "test" "--frozen", kill_on_drop: false }`
[INFO] [stdout] 4e27b0f1d23bb599af351e06fb123b8006ce5aa918943ead0d94989263beb153
[INFO] running `Command { std: "docker" "start" "-a" "4e27b0f1d23bb599af351e06fb123b8006ce5aa918943ead0d94989263beb153", kill_on_drop: false }`
[INFO] [stderr] warning: function `trap` is never used
[INFO] [stderr]   --> src/core/basics.rs:42:4
[INFO] [stderr]    |
[INFO] [stderr] 42 | fn trap(height: Vec<i32>) -> i32 {
[INFO] [stderr]    |    ^^^^
[INFO] [stderr]    |
[INFO] [stderr]    = note: `#[warn(dead_code)]` on by default
[INFO] [stderr] 
[INFO] [stderr] warning: `leet-code-rs` (bin "leet-code-rs" test) generated 1 warning
[INFO] [stderr]     Finished `test` profile [unoptimized + debuginfo] target(s) in 0.02s
[INFO] [stderr]      Running unittests src/main.rs (/opt/rustwide/target/debug/deps/leet_code_rs-1aa05ea10f52f6c2)
[INFO] [stdout] 
[INFO] [stdout] running 17 tests
[INFO] [stdout] test core::binary_tree::tests::test_reverse_tree ... ok
[INFO] [stdout] test core::binary_tree::tests::test_reverse_tree_rc ... ok
[INFO] [stdout] test core::core::test::test_longest_common_prefix ... ok
[INFO] [stdout] test core::roman::tests::test_int ... ok
[INFO] [stdout] test core::roman::tests::test_roman ... ok
[INFO] [stdout] test core::three_sum::tests::test_three_sum_closest ... ok
[INFO] [stdout] test core::three_sum::tests::test_three_sum ... ok
[INFO] [stdout] test tests::test_atoi ... ok
[INFO] [stdout] test tests::test_longest_palindrome ... ok
[INFO] [stdout] test tests::test_median_of_arrays_sorted ... ok
[INFO] [stdout] test tests::test_longest_substring_without_repeating_characters ... ok
[INFO] [stdout] test tests::test_two_sum ... ok
[INFO] [stdout] test core::basics::tests::test_str_index ... ok
[INFO] [stdout] test tests::test_add_two_numbers ... ok
[INFO] [stdout] test core::sorted_insert::tests::test_search_insert ... ok
[INFO] [stdout] test core::sorted_insert::tests::test_binary_search_insert ... ok
[INFO] [stdout] test core::basics::tests::test_min_bit_flips ... FAILED
[INFO] [stdout] 
[INFO] [stdout] failures:
[INFO] [stdout] 
[INFO] [stdout] ---- core::basics::tests::test_min_bit_flips stdout ----
[INFO] [stdout] 
[INFO] [stdout] thread 'core::basics::tests::test_min_bit_flips' panicked at src/core/basics.rs:82:9:
[INFO] [stdout] assertion `left == right` failed
[INFO] [stdout]   left: 1
[INFO] [stdout]  right: -1
[INFO] [stdout] stack backtrace:
[INFO] [stdout]    0:     0x5c3fb36f057a - std::backtrace_rs::backtrace::libunwind::trace::hb059275cfc8d6126
[INFO] [stdout]                                at /rustc/6067b36314ab5eb2eb47cecc464545ba58e1ad24/library/std/src/../../backtrace/src/backtrace/libunwind.rs:116:5
[INFO] [stdout]    1:     0x5c3fb36f057a - std::backtrace_rs::backtrace::trace_unsynchronized::h2da071e4327ce3ee
[INFO] [stdout]                                at /rustc/6067b36314ab5eb2eb47cecc464545ba58e1ad24/library/std/src/../../backtrace/src/backtrace/mod.rs:66:5
[INFO] [stdout]    2:     0x5c3fb36f057a - std::sys::backtrace::_print_fmt::h842a1474e6f8d23f
[INFO] [stdout]                                at /rustc/6067b36314ab5eb2eb47cecc464545ba58e1ad24/library/std/src/sys/backtrace.rs:66:9
[INFO] [stdout]    3:     0x5c3fb36f057a - <std::sys::backtrace::BacktraceLock::print::DisplayBacktrace as core::fmt::Display>::fmt::h71a62eb3b9696b12
[INFO] [stdout]                                at /rustc/6067b36314ab5eb2eb47cecc464545ba58e1ad24/library/std/src/sys/backtrace.rs:39:26
[INFO] [stdout]    4:     0x5c3fb3717fb3 - core::fmt::rt::Argument::fmt::hdb6b616786b41dc1
[INFO] [stdout]                                at /rustc/6067b36314ab5eb2eb47cecc464545ba58e1ad24/library/core/src/fmt/rt.rs:177:76
[INFO] [stdout]    5:     0x5c3fb3717fb3 - core::fmt::write::h2cc1698af7e2d686
[INFO] [stdout]                                at /rustc/6067b36314ab5eb2eb47cecc464545ba58e1ad24/library/core/src/fmt/mod.rs:1440:21
[INFO] [stdout]    6:     0x5c3fb36ed0d3 - std::io::Write::write_fmt::hab1b4cd059a79022
[INFO] [stdout]                                at /rustc/6067b36314ab5eb2eb47cecc464545ba58e1ad24/library/std/src/io/mod.rs:1887:15
[INFO] [stdout]    7:     0x5c3fb36f03c2 - std::sys::backtrace::BacktraceLock::print::h147fe35b4ea13b08
[INFO] [stdout]                                at /rustc/6067b36314ab5eb2eb47cecc464545ba58e1ad24/library/std/src/sys/backtrace.rs:42:9
[INFO] [stdout]    8:     0x5c3fb36f199f - std::panicking::default_hook::{{closure}}::hbd44223dbdc0d208
[INFO] [stdout]                                at /rustc/6067b36314ab5eb2eb47cecc464545ba58e1ad24/library/std/src/panicking.rs:298:22
[INFO] [stdout]    9:     0x5c3fb36f17b8 - std::panicking::default_hook::h20f81eb0576efcec
[INFO] [stdout]                                at /rustc/6067b36314ab5eb2eb47cecc464545ba58e1ad24/library/std/src/panicking.rs:322:9
[INFO] [stdout]   10:     0x5c3fb36ba5d3 - <alloc::boxed::Box<F,A> as core::ops::function::Fn<Args>>::call::hdb53814c496a4d34
[INFO] [stdout]                                at /rustc/6067b36314ab5eb2eb47cecc464545ba58e1ad24/library/alloc/src/boxed.rs:2027:9
[INFO] [stdout]   11:     0x5c3fb36ba5d3 - test::test_main::{{closure}}::hc0a4963c59427c24
[INFO] [stdout]                                at /rustc/6067b36314ab5eb2eb47cecc464545ba58e1ad24/library/test/src/lib.rs:134:21
[INFO] [stdout]   12:     0x5c3fb36f2493 - <alloc::boxed::Box<F,A> as core::ops::function::Fn<Args>>::call::h591b2225413a77e9
[INFO] [stdout]                                at /rustc/6067b36314ab5eb2eb47cecc464545ba58e1ad24/library/alloc/src/boxed.rs:2027:9
[INFO] [stdout]   13:     0x5c3fb36f2493 - std::panicking::rust_panic_with_hook::h625eea43051b2edc
[INFO] [stdout]                                at /rustc/6067b36314ab5eb2eb47cecc464545ba58e1ad24/library/std/src/panicking.rs:839:13
[INFO] [stdout]   14:     0x5c3fb36f214a - std::panicking::begin_panic_handler::{{closure}}::h4f9159cfbc3f6bd3
[INFO] [stdout]                                at /rustc/6067b36314ab5eb2eb47cecc464545ba58e1ad24/library/std/src/panicking.rs:704:13
[INFO] [stdout]   15:     0x5c3fb36f0a79 - std::sys::backtrace::__rust_end_short_backtrace::h0390abce48353151
[INFO] [stdout]                                at /rustc/6067b36314ab5eb2eb47cecc464545ba58e1ad24/library/std/src/sys/backtrace.rs:168:18
[INFO] [stdout]   16:     0x5c3fb36f1ddd - rust_begin_unwind
[INFO] [stdout]                                at /rustc/6067b36314ab5eb2eb47cecc464545ba58e1ad24/library/std/src/panicking.rs:695:5
[INFO] [stdout]   17:     0x5c3fb3716610 - core::panicking::panic_fmt::h9e7c637e9e5f29c9
[INFO] [stdout]                                at /rustc/6067b36314ab5eb2eb47cecc464545ba58e1ad24/library/core/src/panicking.rs:75:14
[INFO] [stdout]   18:     0x5c3fb37169d2 - core::panicking::assert_failed_inner::h538bec7c1374cd9c
[INFO] [stdout]   19:     0x5c3fb36d033c - core::panicking::assert_failed::hd02c0d569d89af5b
[INFO] [stdout]                                at /rustc/6067b36314ab5eb2eb47cecc464545ba58e1ad24/library/core/src/panicking.rs:364:5
[INFO] [stdout]   20:     0x5c3fb366bf43 - leet_code_rs::core::basics::tests::test_min_bit_flips::h68b69cc492d02eb9
[INFO] [stdout]                                at /opt/rustwide/workdir/src/core/basics.rs:82:9
[INFO] [stdout]   21:     0x5c3fb366bc47 - leet_code_rs::core::basics::tests::test_min_bit_flips::{{closure}}::h9107fc2d1aecaf87
[INFO] [stdout]                                at /opt/rustwide/workdir/src/core/basics.rs:76:28
[INFO] [stdout]   22:     0x5c3fb36668b6 - core::ops::function::FnOnce::call_once::h3b4483c903440f6c
[INFO] [stdout]                                at /rustc/6067b36314ab5eb2eb47cecc464545ba58e1ad24/library/core/src/ops/function.rs:250:5
[INFO] [stdout]   23:     0x5c3fb36bfd2b - core::ops::function::FnOnce::call_once::he27718dfdd183f43
[INFO] [stdout]                                at /rustc/6067b36314ab5eb2eb47cecc464545ba58e1ad24/library/core/src/ops/function.rs:250:5
[INFO] [stdout]   24:     0x5c3fb36bfd2b - test::__rust_begin_short_backtrace::h4e84902998457a5d
[INFO] [stdout]                                at /rustc/6067b36314ab5eb2eb47cecc464545ba58e1ad24/library/test/src/lib.rs:632:18
[INFO] [stdout]   25:     0x5c3fb36bec63 - test::run_test_in_process::{{closure}}::h7176fd18fc1feca0
[INFO] [stdout]                                at /rustc/6067b36314ab5eb2eb47cecc464545ba58e1ad24/library/test/src/lib.rs:655:60
[INFO] [stdout]   26:     0x5c3fb36bec63 - <core::panic::unwind_safe::AssertUnwindSafe<F> as core::ops::function::FnOnce<()>>::call_once::hf79cff2a624d8cf7
[INFO] [stdout]                                at /rustc/6067b36314ab5eb2eb47cecc464545ba58e1ad24/library/core/src/panic/unwind_safe.rs:272:9
[INFO] [stdout]   27:     0x5c3fb36bec63 - std::panicking::try::do_call::h3da0561d9ab99c25
[INFO] [stdout]                                at /rustc/6067b36314ab5eb2eb47cecc464545ba58e1ad24/library/std/src/panicking.rs:587:40
[INFO] [stdout]   28:     0x5c3fb36bec63 - std::panicking::try::h41c9fa508bc61df6
[INFO] [stdout]                                at /rustc/6067b36314ab5eb2eb47cecc464545ba58e1ad24/library/std/src/panicking.rs:550:19
[INFO] [stdout]   29:     0x5c3fb36bec63 - std::panic::catch_unwind::h6b3ff07bb5afad93
[INFO] [stdout]                                at /rustc/6067b36314ab5eb2eb47cecc464545ba58e1ad24/library/std/src/panic.rs:358:14
[INFO] [stdout]   30:     0x5c3fb36bec63 - test::run_test_in_process::hc7253dd11b39b9f4
[INFO] [stdout]                                at /rustc/6067b36314ab5eb2eb47cecc464545ba58e1ad24/library/test/src/lib.rs:655:27
[INFO] [stdout]   31:     0x5c3fb36bec63 - test::run_test::{{closure}}::hfb2007f8649c30bb
[INFO] [stdout]                                at /rustc/6067b36314ab5eb2eb47cecc464545ba58e1ad24/library/test/src/lib.rs:576:43
[INFO] [stdout]   32:     0x5c3fb3681d45 - test::run_test::{{closure}}::h56a17aa7a282a9f4
[INFO] [stdout]                                at /rustc/6067b36314ab5eb2eb47cecc464545ba58e1ad24/library/test/src/lib.rs:606:41
[INFO] [stdout]   33:     0x5c3fb3681d45 - std::sys::backtrace::__rust_begin_short_backtrace::hd2d2d2fb8e8c6aac
[INFO] [stdout]                                at /rustc/6067b36314ab5eb2eb47cecc464545ba58e1ad24/library/std/src/sys/backtrace.rs:152:18
[INFO] [stdout]   34:     0x5c3fb368562a - std::thread::Builder::spawn_unchecked_::{{closure}}::{{closure}}::h4faa3f9db6133423
[INFO] [stdout]                                at /rustc/6067b36314ab5eb2eb47cecc464545ba58e1ad24/library/std/src/thread/mod.rs:559:17
[INFO] [stdout]   35:     0x5c3fb368562a - <core::panic::unwind_safe::AssertUnwindSafe<F> as core::ops::function::FnOnce<()>>::call_once::hf2e855a36a4ea846
[INFO] [stdout]                                at /rustc/6067b36314ab5eb2eb47cecc464545ba58e1ad24/library/core/src/panic/unwind_safe.rs:272:9
[INFO] [stdout]   36:     0x5c3fb368562a - std::panicking::try::do_call::h2f73af3616c35465
[INFO] [stdout]                                at /rustc/6067b36314ab5eb2eb47cecc464545ba58e1ad24/library/std/src/panicking.rs:587:40
[INFO] [stdout]   37:     0x5c3fb368562a - std::panicking::try::hd1660ce9efadef5a
[INFO] [stdout]                                at /rustc/6067b36314ab5eb2eb47cecc464545ba58e1ad24/library/std/src/panicking.rs:550:19
[INFO] [stdout]   38:     0x5c3fb368562a - std::panic::catch_unwind::h5ee8d7823b8ca744
[INFO] [stdout]                                at /rustc/6067b36314ab5eb2eb47cecc464545ba58e1ad24/library/std/src/panic.rs:358:14
[INFO] [stdout]   39:     0x5c3fb368562a - std::thread::Builder::spawn_unchecked_::{{closure}}::h53c3a1894dce8407
[INFO] [stdout]                                at /rustc/6067b36314ab5eb2eb47cecc464545ba58e1ad24/library/std/src/thread/mod.rs:557:30
[INFO] [stdout]   40:     0x5c3fb368562a - core::ops::function::FnOnce::call_once{{vtable.shim}}::h048ce291ad4f62bf
[INFO] [stdout]                                at /rustc/6067b36314ab5eb2eb47cecc464545ba58e1ad24/library/core/src/ops/function.rs:250:5
[INFO] [stdout]   41:     0x5c3fb36f63cb - <alloc::boxed::Box<F,A> as core::ops::function::FnOnce<Args>>::call_once::ha52bedf99a3b4981
[INFO] [stdout]                                at /rustc/6067b36314ab5eb2eb47cecc464545ba58e1ad24/library/alloc/src/boxed.rs:2013:9
[INFO] [stdout]   42:     0x5c3fb36f63cb - <alloc::boxed::Box<F,A> as core::ops::function::FnOnce<Args>>::call_once::h567748934d80ccf8
[INFO] [stdout]                                at /rustc/6067b36314ab5eb2eb47cecc464545ba58e1ad24/library/alloc/src/boxed.rs:2013:9
[INFO] [stdout]   43:     0x5c3fb36f63cb - std::sys::pal::unix::thread::Thread::new::thread_start::h2d970728ae887adc
[INFO] [stdout]                                at /rustc/6067b36314ab5eb2eb47cecc464545ba58e1ad24/library/std/src/sys/pal/unix/thread.rs:106:17
[INFO] [stdout]   44:     0x7503223a6ac3 - <unknown>
[INFO] [stdout]   45:     0x750322437a04 - clone
[INFO] [stdout]   46:                0x0 - <unknown>
[INFO] [stdout] 
[INFO] [stdout] 
[INFO] [stdout] failures:
[INFO] [stdout]     core::basics::tests::test_min_bit_flips
[INFO] [stdout] 
[INFO] [stdout] test result: FAILED. 16 passed; 1 failed; 0 ignored; 0 measured; 0 filtered out; finished in 0.07s
[INFO] [stdout] 
[INFO] [stderr] error: test failed, to rerun pass `--bin leet-code-rs`
[INFO] running `Command { std: "docker" "inspect" "4e27b0f1d23bb599af351e06fb123b8006ce5aa918943ead0d94989263beb153", kill_on_drop: false }`
[INFO] running `Command { std: "docker" "rm" "-f" "4e27b0f1d23bb599af351e06fb123b8006ce5aa918943ead0d94989263beb153", kill_on_drop: false }`
[INFO] [stdout] 4e27b0f1d23bb599af351e06fb123b8006ce5aa918943ead0d94989263beb153
