[INFO] cloning repository https://github.com/TheSandDog/Decalang
[INFO] running `Command { std: "git" "-c" "credential.helper=" "-c" "credential.helper=/workspace/cargo-home/bin/git-credential-null" "clone" "--bare" "https://github.com/TheSandDog/Decalang" "/workspace/cache/git-repos/https%3A%2F%2Fgithub.com%2FTheSandDog%2FDecalang", kill_on_drop: false }`
[INFO] [stderr] Cloning into bare repository '/workspace/cache/git-repos/https%3A%2F%2Fgithub.com%2FTheSandDog%2FDecalang'...
[INFO] running `Command { std: "git" "rev-parse" "HEAD", kill_on_drop: false }`
[INFO] [stdout] 000845835d466206dcc69cf651247d2249feb519
[INFO] testing TheSandDog/Decalang against nightly-2025-01-18+rustflags=-Zrandomize-layout for randomize-layout-2
[INFO] running `Command { std: "git" "clone" "/workspace/cache/git-repos/https%3A%2F%2Fgithub.com%2FTheSandDog%2FDecalang" "/workspace/builds/worker-4-tc2/source", kill_on_drop: false }`
[INFO] [stderr] Cloning into '/workspace/builds/worker-4-tc2/source'...
[INFO] [stderr] done.
[INFO] validating manifest of git repo https://github.com/TheSandDog/Decalang on toolchain nightly-2025-01-18
[INFO] running `Command { std: CARGO_HOME="/workspace/cargo-home" RUSTUP_HOME="/workspace/rustup-home" "/workspace/cargo-home/bin/cargo" "+nightly-2025-01-18" "metadata" "--manifest-path" "Cargo.toml" "--no-deps", kill_on_drop: false }`
[INFO] started tweaking git repo https://github.com/TheSandDog/Decalang
[INFO] finished tweaking git repo https://github.com/TheSandDog/Decalang
[INFO] tweaked toml for git repo https://github.com/TheSandDog/Decalang written to /workspace/builds/worker-4-tc2/source/Cargo.toml
[INFO] crate git repo https://github.com/TheSandDog/Decalang already has a lockfile, it will not be regenerated
[INFO] running `Command { std: CARGO_HOME="/workspace/cargo-home" RUSTUP_HOME="/workspace/rustup-home" "/workspace/cargo-home/bin/cargo" "+nightly-2025-01-18" "fetch" "--manifest-path" "Cargo.toml", kill_on_drop: false }`
[INFO] running `Command { std: "docker" "create" "-v" "/var/lib/crater-agent-workspace/builds/worker-4-tc2/target:/opt/rustwide/target:rw,Z" "-v" "/var/lib/crater-agent-workspace/builds/worker-4-tc2/source:/opt/rustwide/workdir:ro,Z" "-v" "/var/lib/crater-agent-workspace/cargo-home:/opt/rustwide/cargo-home:ro,Z" "-v" "/var/lib/crater-agent-workspace/rustup-home:/opt/rustwide/rustup-home:ro,Z" "-e" "SOURCE_DIR=/opt/rustwide/workdir" "-e" "CARGO_TARGET_DIR=/opt/rustwide/target" "-e" "CARGO_HOME=/opt/rustwide/cargo-home" "-e" "RUSTUP_HOME=/opt/rustwide/rustup-home" "-w" "/opt/rustwide/workdir" "-m" "1610612736" "--user" "0:0" "--network" "none" "ghcr.io/rust-lang/crates-build-env/linux@sha256:819108c5571ea2e421544af4d832f968d213c87fbe3707a016657f43d2f853bc" "/opt/rustwide/cargo-home/bin/cargo" "+nightly-2025-01-18" "metadata" "--no-deps" "--format-version=1", kill_on_drop: false }`
[INFO] [stdout] 81b4fbd14c83c9de3ddde63ada778e962082ba58894493dfc0d5e6d0249b8972
[INFO] running `Command { std: "docker" "start" "-a" "81b4fbd14c83c9de3ddde63ada778e962082ba58894493dfc0d5e6d0249b8972", kill_on_drop: false }`
[INFO] running `Command { std: "docker" "inspect" "81b4fbd14c83c9de3ddde63ada778e962082ba58894493dfc0d5e6d0249b8972", kill_on_drop: false }`
[INFO] running `Command { std: "docker" "rm" "-f" "81b4fbd14c83c9de3ddde63ada778e962082ba58894493dfc0d5e6d0249b8972", kill_on_drop: false }`
[INFO] [stdout] 81b4fbd14c83c9de3ddde63ada778e962082ba58894493dfc0d5e6d0249b8972
[INFO] running `Command { std: "docker" "create" "-v" "/var/lib/crater-agent-workspace/builds/worker-4-tc2/target:/opt/rustwide/target:rw,Z" "-v" "/var/lib/crater-agent-workspace/builds/worker-4-tc2/source:/opt/rustwide/workdir:ro,Z" "-v" "/var/lib/crater-agent-workspace/cargo-home:/opt/rustwide/cargo-home:ro,Z" "-v" "/var/lib/crater-agent-workspace/rustup-home:/opt/rustwide/rustup-home:ro,Z" "-e" "SOURCE_DIR=/opt/rustwide/workdir" "-e" "CARGO_TARGET_DIR=/opt/rustwide/target" "-e" "CARGO_INCREMENTAL=0" "-e" "RUST_BACKTRACE=full" "-e" "RUSTFLAGS=--cap-lints=forbid -Zrandomize-layout" "-e" "RUSTDOCFLAGS=--cap-lints=forbid" "-e" "CARGO_HOME=/opt/rustwide/cargo-home" "-e" "RUSTUP_HOME=/opt/rustwide/rustup-home" "-w" "/opt/rustwide/workdir" "-m" "1610612736" "--user" "0:0" "--network" "none" "ghcr.io/rust-lang/crates-build-env/linux@sha256:819108c5571ea2e421544af4d832f968d213c87fbe3707a016657f43d2f853bc" "/opt/rustwide/cargo-home/bin/cargo" "+nightly-2025-01-18" "build" "--frozen" "--message-format=json", kill_on_drop: false }`
[INFO] [stdout] 31fb1e3942484b276fb3ce1b2226fc572372c533acf603053e6e36de0c47e338
[INFO] running `Command { std: "docker" "start" "-a" "31fb1e3942484b276fb3ce1b2226fc572372c533acf603053e6e36de0c47e338", kill_on_drop: false }`
[INFO] [stderr]    Compiling rustix v0.38.4
[INFO] [stderr]    Compiling linux-raw-sys v0.4.3
[INFO] [stderr]    Compiling bitflags v2.3.3
[INFO] [stderr]    Compiling lazy_static v1.4.0
[INFO] [stderr]    Compiling is-terminal v0.4.9
[INFO] [stderr]    Compiling colored v2.0.4
[INFO] [stderr]    Compiling decalang v0.1.0 (/opt/rustwide/workdir)
[INFO] [stdout] warning: field `paren` is never read
[INFO] [stdout]    --> src/system/expr.rs:241:9
[INFO] [stdout]     |
[INFO] [stdout] 239 |     AnonFunction {
[INFO] [stdout]     |     ------------ field in this variant
[INFO] [stdout] 240 |         id: usize,
[INFO] [stdout] 241 |         paren: Token,
[INFO] [stdout]     |         ^^^^^
[INFO] [stdout]     |
[INFO] [stdout]     = note: `Expr` has a derived impl for the trait `Clone`, but this is intentionally ignored during dead code analysis
[INFO] [stdout]     = note: `#[warn(dead_code)]` on by default
[INFO] [stdout] 
[INFO] [stdout] 
[INFO] [stdout] warning: field `paren` is never read
[INFO] [stdout]    --> src/system/expr.rs:261:9
[INFO] [stdout]     |
[INFO] [stdout] 257 |     Call {
[INFO] [stdout]     |     ---- field in this variant
[INFO] [stdout] ...
[INFO] [stdout] 261 |         paren: Token,
[INFO] [stdout]     |         ^^^^^
[INFO] [stdout]     |
[INFO] [stdout]     = note: `Expr` has a derived impl for the trait `Clone`, but this is intentionally ignored during dead code analysis
[INFO] [stdout] 
[INFO] [stdout] 
[INFO] [stdout] warning: field `keyword` is never read
[INFO] [stdout]   --> src/system/stmt.rs:43:9
[INFO] [stdout]    |
[INFO] [stdout] 42 |     ReturnStmt {
[INFO] [stdout]    |     ---------- field in this variant
[INFO] [stdout] 43 |         keyword: Token,
[INFO] [stdout]    |         ^^^^^^^
[INFO] [stdout]    |
[INFO] [stdout]    = note: `Stmt` has derived impls for the traits `Clone` and `Debug`, but these are intentionally ignored during dead code analysis
[INFO] [stdout] 
[INFO] [stdout] 
[INFO] [stderr]     Finished `dev` profile [unoptimized + debuginfo] target(s) in 3.61s
[INFO] running `Command { std: "docker" "inspect" "31fb1e3942484b276fb3ce1b2226fc572372c533acf603053e6e36de0c47e338", kill_on_drop: false }`
[INFO] running `Command { std: "docker" "rm" "-f" "31fb1e3942484b276fb3ce1b2226fc572372c533acf603053e6e36de0c47e338", kill_on_drop: false }`
[INFO] [stdout] 31fb1e3942484b276fb3ce1b2226fc572372c533acf603053e6e36de0c47e338
[INFO] running `Command { std: "docker" "create" "-v" "/var/lib/crater-agent-workspace/builds/worker-4-tc2/target:/opt/rustwide/target:rw,Z" "-v" "/var/lib/crater-agent-workspace/builds/worker-4-tc2/source:/opt/rustwide/workdir:ro,Z" "-v" "/var/lib/crater-agent-workspace/cargo-home:/opt/rustwide/cargo-home:ro,Z" "-v" "/var/lib/crater-agent-workspace/rustup-home:/opt/rustwide/rustup-home:ro,Z" "-e" "SOURCE_DIR=/opt/rustwide/workdir" "-e" "CARGO_TARGET_DIR=/opt/rustwide/target" "-e" "CARGO_INCREMENTAL=0" "-e" "RUST_BACKTRACE=full" "-e" "RUSTFLAGS=--cap-lints=forbid -Zrandomize-layout" "-e" "RUSTDOCFLAGS=--cap-lints=forbid" "-e" "CARGO_HOME=/opt/rustwide/cargo-home" "-e" "RUSTUP_HOME=/opt/rustwide/rustup-home" "-w" "/opt/rustwide/workdir" "-m" "1610612736" "--user" "0:0" "--network" "none" "ghcr.io/rust-lang/crates-build-env/linux@sha256:819108c5571ea2e421544af4d832f968d213c87fbe3707a016657f43d2f853bc" "/opt/rustwide/cargo-home/bin/cargo" "+nightly-2025-01-18" "test" "--frozen" "--no-run" "--message-format=json", kill_on_drop: false }`
[INFO] [stdout] 3ce71ba19c8e0264515d4b259283a0f94df9ca7bc7d75da0a72aa4c23dc1ddb7
[INFO] running `Command { std: "docker" "start" "-a" "3ce71ba19c8e0264515d4b259283a0f94df9ca7bc7d75da0a72aa4c23dc1ddb7", kill_on_drop: false }`
[INFO] [stderr]    Compiling decalang v0.1.0 (/opt/rustwide/workdir)
[INFO] [stdout] warning: field `paren` is never read
[INFO] [stdout]    --> src/system/expr.rs:241:9
[INFO] [stdout]     |
[INFO] [stdout] 239 |     AnonFunction {
[INFO] [stdout]     |     ------------ field in this variant
[INFO] [stdout] 240 |         id: usize,
[INFO] [stdout] 241 |         paren: Token,
[INFO] [stdout]     |         ^^^^^
[INFO] [stdout]     |
[INFO] [stdout]     = note: `Expr` has a derived impl for the trait `Clone`, but this is intentionally ignored during dead code analysis
[INFO] [stdout]     = note: `#[warn(dead_code)]` on by default
[INFO] [stdout] 
[INFO] [stdout] 
[INFO] [stdout] warning: field `paren` is never read
[INFO] [stdout]    --> src/system/expr.rs:261:9
[INFO] [stdout]     |
[INFO] [stdout] 257 |     Call {
[INFO] [stdout]     |     ---- field in this variant
[INFO] [stdout] ...
[INFO] [stdout] 261 |         paren: Token,
[INFO] [stdout]     |         ^^^^^
[INFO] [stdout]     |
[INFO] [stdout]     = note: `Expr` has a derived impl for the trait `Clone`, but this is intentionally ignored during dead code analysis
[INFO] [stdout] 
[INFO] [stdout] 
[INFO] [stdout] warning: field `keyword` is never read
[INFO] [stdout]   --> src/system/stmt.rs:43:9
[INFO] [stdout]    |
[INFO] [stdout] 42 |     ReturnStmt {
[INFO] [stdout]    |     ---------- field in this variant
[INFO] [stdout] 43 |         keyword: Token,
[INFO] [stdout]    |         ^^^^^^^
[INFO] [stdout]    |
[INFO] [stdout]    = note: `Stmt` has derived impls for the traits `Clone` and `Debug`, but these are intentionally ignored during dead code analysis
[INFO] [stdout] 
[INFO] [stdout] 
[INFO] [stderr]     Finished `test` profile [unoptimized + debuginfo] target(s) in 1.03s
[INFO] running `Command { std: "docker" "inspect" "3ce71ba19c8e0264515d4b259283a0f94df9ca7bc7d75da0a72aa4c23dc1ddb7", kill_on_drop: false }`
[INFO] running `Command { std: "docker" "rm" "-f" "3ce71ba19c8e0264515d4b259283a0f94df9ca7bc7d75da0a72aa4c23dc1ddb7", kill_on_drop: false }`
[INFO] [stdout] 3ce71ba19c8e0264515d4b259283a0f94df9ca7bc7d75da0a72aa4c23dc1ddb7
[INFO] running `Command { std: "docker" "create" "-v" "/var/lib/crater-agent-workspace/builds/worker-4-tc2/target:/opt/rustwide/target:rw,Z" "-v" "/var/lib/crater-agent-workspace/builds/worker-4-tc2/source:/opt/rustwide/workdir:ro,Z" "-v" "/var/lib/crater-agent-workspace/cargo-home:/opt/rustwide/cargo-home:ro,Z" "-v" "/var/lib/crater-agent-workspace/rustup-home:/opt/rustwide/rustup-home:ro,Z" "-e" "SOURCE_DIR=/opt/rustwide/workdir" "-e" "CARGO_TARGET_DIR=/opt/rustwide/target" "-e" "CARGO_INCREMENTAL=0" "-e" "RUST_BACKTRACE=full" "-e" "RUSTFLAGS=--cap-lints=forbid -Zrandomize-layout" "-e" "RUSTDOCFLAGS=--cap-lints=forbid" "-e" "CARGO_HOME=/opt/rustwide/cargo-home" "-e" "RUSTUP_HOME=/opt/rustwide/rustup-home" "-w" "/opt/rustwide/workdir" "-m" "1610612736" "--user" "0:0" "--network" "none" "ghcr.io/rust-lang/crates-build-env/linux@sha256:819108c5571ea2e421544af4d832f968d213c87fbe3707a016657f43d2f853bc" "/opt/rustwide/cargo-home/bin/cargo" "+nightly-2025-01-18" "test" "--frozen", kill_on_drop: false }`
[INFO] [stdout] a733d03237d0f63b1004e1c664f18118ad5eec0fac6d511c98b1907038c5719e
[INFO] running `Command { std: "docker" "start" "-a" "a733d03237d0f63b1004e1c664f18118ad5eec0fac6d511c98b1907038c5719e", kill_on_drop: false }`
[INFO] [stderr] warning: field `paren` is never read
[INFO] [stderr]    --> src/system/expr.rs:241:9
[INFO] [stderr]     |
[INFO] [stderr] 239 |     AnonFunction {
[INFO] [stderr]     |     ------------ field in this variant
[INFO] [stderr] 240 |         id: usize,
[INFO] [stderr] 241 |         paren: Token,
[INFO] [stderr]     |         ^^^^^
[INFO] [stderr]     |
[INFO] [stderr]     = note: `Expr` has a derived impl for the trait `Clone`, but this is intentionally ignored during dead code analysis
[INFO] [stderr]     = note: `#[warn(dead_code)]` on by default
[INFO] [stderr] 
[INFO] [stderr] warning: field `paren` is never read
[INFO] [stderr]    --> src/system/expr.rs:261:9
[INFO] [stderr]     |
[INFO] [stderr] 257 |     Call {
[INFO] [stderr]     |     ---- field in this variant
[INFO] [stderr] ...
[INFO] [stderr] 261 |         paren: Token,
[INFO] [stderr]     |         ^^^^^
[INFO] [stderr]     |
[INFO] [stderr]     = note: `Expr` has a derived impl for the trait `Clone`, but this is intentionally ignored during dead code analysis
[INFO] [stderr] 
[INFO] [stderr] warning: field `keyword` is never read
[INFO] [stderr]   --> src/system/stmt.rs:43:9
[INFO] [stderr]    |
[INFO] [stderr] 42 |     ReturnStmt {
[INFO] [stderr]    |     ---------- field in this variant
[INFO] [stderr] 43 |         keyword: Token,
[INFO] [stderr]    |         ^^^^^^^
[INFO] [stderr]    |
[INFO] [stderr]    = note: `Stmt` has derived impls for the traits `Clone` and `Debug`, but these are intentionally ignored during dead code analysis
[INFO] [stderr] 
[INFO] [stderr] warning: `decalang` (bin "decalang" test) generated 3 warnings
[INFO] [stderr]     Finished `test` profile [unoptimized + debuginfo] target(s) in 0.02s
[INFO] [stderr]      Running unittests src/main.rs (/opt/rustwide/target/debug/deps/decalang-4d8ffa2eb5185d89)
[INFO] [stdout] 
[INFO] [stdout] running 15 tests
[INFO] [stdout] test system::expr::tests::expr_hashable ... ok
[INFO] [stdout] test system::parser::tests::test_eq_with_paren ... ok
[INFO] [stdout] test system::scnr::tests::handle_string_lit_multiline ... ok
[INFO] [stdout] test system::scnr::tests::handle_string_lit_unterminated ... ok
[INFO] [stdout] test system::environment::tests::try_init ... ok
[INFO] [stdout] test system::scnr::tests::number_literals ... ok
[INFO] [stdout] test system::scnr::tests::handle_two_char_tokens ... ok
[INFO] [stdout] test system::scnr::tests::get_keywords ... ok
[INFO] [stdout] test system::scnr::tests::handle_one_char_tokens ... ok
[INFO] [stdout] test system::scnr::tests::handle_string_lit ... ok
[INFO] [stdout] test system::expr::tests::pretty_send_ast ... ok
[INFO] [stdout] test system::parser::tests::test_addition ... ok
[INFO] [stdout] test system::parser::tests::test_comparison ... ok
[INFO] [stdout] test system::scnr::tests::get_identifer ... ok
[INFO] [stdout] test system::scnr::tests::gets_keyword ... FAILED
[INFO] [stdout] 
[INFO] [stdout] failures:
[INFO] [stdout] 
[INFO] [stdout] ---- system::scnr::tests::gets_keyword stdout ----
[INFO] [stdout] 
[INFO] [stdout] thread 'system::scnr::tests::gets_keyword' panicked at src/system/scnr.rs:512:9:
[INFO] [stdout] assertion `left == right` failed
[INFO] [stdout]   left: Identifier
[INFO] [stdout]  right: Fun
[INFO] [stdout] stack backtrace:
[INFO] [stdout]    0:     0x63c4cbfc404a - std::backtrace_rs::backtrace::libunwind::trace::hb059275cfc8d6126
[INFO] [stdout]                                at /rustc/6067b36314ab5eb2eb47cecc464545ba58e1ad24/library/std/src/../../backtrace/src/backtrace/libunwind.rs:116:5
[INFO] [stdout]    1:     0x63c4cbfc404a - std::backtrace_rs::backtrace::trace_unsynchronized::h2da071e4327ce3ee
[INFO] [stdout]                                at /rustc/6067b36314ab5eb2eb47cecc464545ba58e1ad24/library/std/src/../../backtrace/src/backtrace/mod.rs:66:5
[INFO] [stdout]    2:     0x63c4cbfc404a - std::sys::backtrace::_print_fmt::h842a1474e6f8d23f
[INFO] [stdout]                                at /rustc/6067b36314ab5eb2eb47cecc464545ba58e1ad24/library/std/src/sys/backtrace.rs:66:9
[INFO] [stdout]    3:     0x63c4cbfc404a - <std::sys::backtrace::BacktraceLock::print::DisplayBacktrace as core::fmt::Display>::fmt::h71a62eb3b9696b12
[INFO] [stdout]                                at /rustc/6067b36314ab5eb2eb47cecc464545ba58e1ad24/library/std/src/sys/backtrace.rs:39:26
[INFO] [stdout]    4:     0x63c4cbfeca73 - core::fmt::rt::Argument::fmt::hdb6b616786b41dc1
[INFO] [stdout]                                at /rustc/6067b36314ab5eb2eb47cecc464545ba58e1ad24/library/core/src/fmt/rt.rs:177:76
[INFO] [stdout]    5:     0x63c4cbfeca73 - core::fmt::write::h2cc1698af7e2d686
[INFO] [stdout]                                at /rustc/6067b36314ab5eb2eb47cecc464545ba58e1ad24/library/core/src/fmt/mod.rs:1440:21
[INFO] [stdout]    6:     0x63c4cbfc0ba3 - std::io::Write::write_fmt::hab1b4cd059a79022
[INFO] [stdout]                                at /rustc/6067b36314ab5eb2eb47cecc464545ba58e1ad24/library/std/src/io/mod.rs:1887:15
[INFO] [stdout]    7:     0x63c4cbfc3e92 - std::sys::backtrace::BacktraceLock::print::h147fe35b4ea13b08
[INFO] [stdout]                                at /rustc/6067b36314ab5eb2eb47cecc464545ba58e1ad24/library/std/src/sys/backtrace.rs:42:9
[INFO] [stdout]    8:     0x63c4cbfc546f - std::panicking::default_hook::{{closure}}::hbd44223dbdc0d208
[INFO] [stdout]                                at /rustc/6067b36314ab5eb2eb47cecc464545ba58e1ad24/library/std/src/panicking.rs:298:22
[INFO] [stdout]    9:     0x63c4cbfc5288 - std::panicking::default_hook::h20f81eb0576efcec
[INFO] [stdout]                                at /rustc/6067b36314ab5eb2eb47cecc464545ba58e1ad24/library/std/src/panicking.rs:322:9
[INFO] [stdout]   10:     0x63c4cbf8c0a3 - <alloc::boxed::Box<F,A> as core::ops::function::Fn<Args>>::call::hdb53814c496a4d34
[INFO] [stdout]                                at /rustc/6067b36314ab5eb2eb47cecc464545ba58e1ad24/library/alloc/src/boxed.rs:2027:9
[INFO] [stdout]   11:     0x63c4cbf8c0a3 - test::test_main::{{closure}}::hc0a4963c59427c24
[INFO] [stdout]                                at /rustc/6067b36314ab5eb2eb47cecc464545ba58e1ad24/library/test/src/lib.rs:134:21
[INFO] [stdout]   12:     0x63c4cbfc5f63 - <alloc::boxed::Box<F,A> as core::ops::function::Fn<Args>>::call::h591b2225413a77e9
[INFO] [stdout]                                at /rustc/6067b36314ab5eb2eb47cecc464545ba58e1ad24/library/alloc/src/boxed.rs:2027:9
[INFO] [stdout]   13:     0x63c4cbfc5f63 - std::panicking::rust_panic_with_hook::h625eea43051b2edc
[INFO] [stdout]                                at /rustc/6067b36314ab5eb2eb47cecc464545ba58e1ad24/library/std/src/panicking.rs:839:13
[INFO] [stdout]   14:     0x63c4cbfc5c1a - std::panicking::begin_panic_handler::{{closure}}::h4f9159cfbc3f6bd3
[INFO] [stdout]                                at /rustc/6067b36314ab5eb2eb47cecc464545ba58e1ad24/library/std/src/panicking.rs:704:13
[INFO] [stdout]   15:     0x63c4cbfc4549 - std::sys::backtrace::__rust_end_short_backtrace::h0390abce48353151
[INFO] [stdout]                                at /rustc/6067b36314ab5eb2eb47cecc464545ba58e1ad24/library/std/src/sys/backtrace.rs:168:18
[INFO] [stdout]   16:     0x63c4cbfc58ad - rust_begin_unwind
[INFO] [stdout]                                at /rustc/6067b36314ab5eb2eb47cecc464545ba58e1ad24/library/std/src/panicking.rs:695:5
[INFO] [stdout]   17:     0x63c4cbfeb0a0 - core::panicking::panic_fmt::h9e7c637e9e5f29c9
[INFO] [stdout]                                at /rustc/6067b36314ab5eb2eb47cecc464545ba58e1ad24/library/core/src/panicking.rs:75:14
[INFO] [stdout]   18:     0x63c4cbfeb492 - core::panicking::assert_failed_inner::h538bec7c1374cd9c
[INFO] [stdout]   19:     0x63c4cbf4b4ec - core::panicking::assert_failed::h64ead9a24c3e5d3f
[INFO] [stdout]                                at /rustc/6067b36314ab5eb2eb47cecc464545ba58e1ad24/library/core/src/panicking.rs:364:5
[INFO] [stdout]   20:     0x63c4cbf4acba - decalang::system::scnr::tests::gets_keyword::h5055ccc51aa32886
[INFO] [stdout]                                at /opt/rustwide/workdir/src/system/scnr.rs:512:9
[INFO] [stdout]   21:     0x63c4cbf4a9d7 - decalang::system::scnr::tests::gets_keyword::{{closure}}::h7129c6258c138abf
[INFO] [stdout]                                at /opt/rustwide/workdir/src/system/scnr.rs:505:22
[INFO] [stdout]   22:     0x63c4cbf37ff6 - core::ops::function::FnOnce::call_once::h0421c0b0ee462384
[INFO] [stdout]                                at /rustc/6067b36314ab5eb2eb47cecc464545ba58e1ad24/library/core/src/ops/function.rs:250:5
[INFO] [stdout]   23:     0x63c4cbf917fb - core::ops::function::FnOnce::call_once::he27718dfdd183f43
[INFO] [stdout]                                at /rustc/6067b36314ab5eb2eb47cecc464545ba58e1ad24/library/core/src/ops/function.rs:250:5
[INFO] [stdout]   24:     0x63c4cbf917fb - test::__rust_begin_short_backtrace::h4e84902998457a5d
[INFO] [stdout]                                at /rustc/6067b36314ab5eb2eb47cecc464545ba58e1ad24/library/test/src/lib.rs:632:18
[INFO] [stdout]   25:     0x63c4cbf90733 - test::run_test_in_process::{{closure}}::h7176fd18fc1feca0
[INFO] [stdout]                                at /rustc/6067b36314ab5eb2eb47cecc464545ba58e1ad24/library/test/src/lib.rs:655:60
[INFO] [stdout]   26:     0x63c4cbf90733 - <core::panic::unwind_safe::AssertUnwindSafe<F> as core::ops::function::FnOnce<()>>::call_once::hf79cff2a624d8cf7
[INFO] [stdout]                                at /rustc/6067b36314ab5eb2eb47cecc464545ba58e1ad24/library/core/src/panic/unwind_safe.rs:272:9
[INFO] [stdout]   27:     0x63c4cbf90733 - std::panicking::try::do_call::h3da0561d9ab99c25
[INFO] [stdout]                                at /rustc/6067b36314ab5eb2eb47cecc464545ba58e1ad24/library/std/src/panicking.rs:587:40
[INFO] [stdout]   28:     0x63c4cbf90733 - std::panicking::try::h41c9fa508bc61df6
[INFO] [stdout]                                at /rustc/6067b36314ab5eb2eb47cecc464545ba58e1ad24/library/std/src/panicking.rs:550:19
[INFO] [stdout]   29:     0x63c4cbf90733 - std::panic::catch_unwind::h6b3ff07bb5afad93
[INFO] [stdout]                                at /rustc/6067b36314ab5eb2eb47cecc464545ba58e1ad24/library/std/src/panic.rs:358:14
[INFO] [stdout]   30:     0x63c4cbf90733 - test::run_test_in_process::hc7253dd11b39b9f4
[INFO] [stdout]                                at /rustc/6067b36314ab5eb2eb47cecc464545ba58e1ad24/library/test/src/lib.rs:655:27
[INFO] [stdout]   31:     0x63c4cbf90733 - test::run_test::{{closure}}::hfb2007f8649c30bb
[INFO] [stdout]                                at /rustc/6067b36314ab5eb2eb47cecc464545ba58e1ad24/library/test/src/lib.rs:576:43
[INFO] [stderr] error: test failed, to rerun pass `--bin decalang`
[INFO] [stdout]   32:     0x63c4cbf53815 - test::run_test::{{closure}}::h56a17aa7a282a9f4
[INFO] [stdout]                                at /rustc/6067b36314ab5eb2eb47cecc464545ba58e1ad24/library/test/src/lib.rs:606:41
[INFO] [stdout]   33:     0x63c4cbf53815 - std::sys::backtrace::__rust_begin_short_backtrace::hd2d2d2fb8e8c6aac
[INFO] [stdout]                                at /rustc/6067b36314ab5eb2eb47cecc464545ba58e1ad24/library/std/src/sys/backtrace.rs:152:18
[INFO] [stdout]   34:     0x63c4cbf570fa - std::thread::Builder::spawn_unchecked_::{{closure}}::{{closure}}::h4faa3f9db6133423
[INFO] [stdout]                                at /rustc/6067b36314ab5eb2eb47cecc464545ba58e1ad24/library/std/src/thread/mod.rs:559:17
[INFO] [stdout]   35:     0x63c4cbf570fa - <core::panic::unwind_safe::AssertUnwindSafe<F> as core::ops::function::FnOnce<()>>::call_once::hf2e855a36a4ea846
[INFO] [stdout]                                at /rustc/6067b36314ab5eb2eb47cecc464545ba58e1ad24/library/core/src/panic/unwind_safe.rs:272:9
[INFO] [stdout]   36:     0x63c4cbf570fa - std::panicking::try::do_call::h2f73af3616c35465
[INFO] [stdout]                                at /rustc/6067b36314ab5eb2eb47cecc464545ba58e1ad24/library/std/src/panicking.rs:587:40
[INFO] [stdout]   37:     0x63c4cbf570fa - std::panicking::try::hd1660ce9efadef5a
[INFO] [stdout]                                at /rustc/6067b36314ab5eb2eb47cecc464545ba58e1ad24/library/std/src/panicking.rs:550:19
[INFO] [stdout]   38:     0x63c4cbf570fa - std::panic::catch_unwind::h5ee8d7823b8ca744
[INFO] [stdout]                                at /rustc/6067b36314ab5eb2eb47cecc464545ba58e1ad24/library/std/src/panic.rs:358:14
[INFO] [stdout]   39:     0x63c4cbf570fa - std::thread::Builder::spawn_unchecked_::{{closure}}::h53c3a1894dce8407
[INFO] [stdout]                                at /rustc/6067b36314ab5eb2eb47cecc464545ba58e1ad24/library/std/src/thread/mod.rs:557:30
[INFO] [stdout]   40:     0x63c4cbf570fa - core::ops::function::FnOnce::call_once{{vtable.shim}}::h048ce291ad4f62bf
[INFO] [stdout]                                at /rustc/6067b36314ab5eb2eb47cecc464545ba58e1ad24/library/core/src/ops/function.rs:250:5
[INFO] [stdout]   41:     0x63c4cbfc9e9b - <alloc::boxed::Box<F,A> as core::ops::function::FnOnce<Args>>::call_once::ha52bedf99a3b4981
[INFO] [stdout]                                at /rustc/6067b36314ab5eb2eb47cecc464545ba58e1ad24/library/alloc/src/boxed.rs:2013:9
[INFO] [stdout]   42:     0x63c4cbfc9e9b - <alloc::boxed::Box<F,A> as core::ops::function::FnOnce<Args>>::call_once::h567748934d80ccf8
[INFO] [stdout]                                at /rustc/6067b36314ab5eb2eb47cecc464545ba58e1ad24/library/alloc/src/boxed.rs:2013:9
[INFO] [stdout]   43:     0x63c4cbfc9e9b - std::sys::pal::unix::thread::Thread::new::thread_start::h2d970728ae887adc
[INFO] [stdout]                                at /rustc/6067b36314ab5eb2eb47cecc464545ba58e1ad24/library/std/src/sys/pal/unix/thread.rs:106:17
[INFO] [stdout]   44:     0x7e6addc96ac3 - <unknown>
[INFO] [stdout]   45:     0x7e6addd27a04 - clone
[INFO] [stdout]   46:                0x0 - <unknown>
[INFO] [stdout] 
[INFO] [stdout] 
[INFO] [stdout] failures:
[INFO] [stdout]     system::scnr::tests::gets_keyword
[INFO] [stdout] 
[INFO] [stdout] test result: FAILED. 14 passed; 1 failed; 0 ignored; 0 measured; 0 filtered out; finished in 0.07s
[INFO] [stdout] 
[INFO] running `Command { std: "docker" "inspect" "a733d03237d0f63b1004e1c664f18118ad5eec0fac6d511c98b1907038c5719e", kill_on_drop: false }`
[INFO] running `Command { std: "docker" "rm" "-f" "a733d03237d0f63b1004e1c664f18118ad5eec0fac6d511c98b1907038c5719e", kill_on_drop: false }`
[INFO] [stdout] a733d03237d0f63b1004e1c664f18118ad5eec0fac6d511c98b1907038c5719e
