[INFO] cloning repository https://github.com/ThePJB/graphics-backend-test
[INFO] running `Command { std: "git" "-c" "credential.helper=" "-c" "credential.helper=/workspace/cargo-home/bin/git-credential-null" "clone" "--bare" "https://github.com/ThePJB/graphics-backend-test" "/workspace/cache/git-repos/https%3A%2F%2Fgithub.com%2FThePJB%2Fgraphics-backend-test", kill_on_drop: false }`
[INFO] [stderr] Cloning into bare repository '/workspace/cache/git-repos/https%3A%2F%2Fgithub.com%2FThePJB%2Fgraphics-backend-test'...
[INFO] running `Command { std: "git" "rev-parse" "HEAD", kill_on_drop: false }`
[INFO] [stdout] ecc5e433619bcf93b1212ad89fa11675c33cc976
[INFO] testing ThePJB/graphics-backend-test against nightly-2025-01-18+rustflags=-Zrandomize-layout for randomize-layout-2
[INFO] running `Command { std: "git" "clone" "/workspace/cache/git-repos/https%3A%2F%2Fgithub.com%2FThePJB%2Fgraphics-backend-test" "/workspace/builds/worker-4-tc2/source", kill_on_drop: false }`
[INFO] [stderr] Cloning into '/workspace/builds/worker-4-tc2/source'...
[INFO] [stderr] done.
[INFO] validating manifest of git repo https://github.com/ThePJB/graphics-backend-test on toolchain nightly-2025-01-18
[INFO] running `Command { std: CARGO_HOME="/workspace/cargo-home" RUSTUP_HOME="/workspace/rustup-home" "/workspace/cargo-home/bin/cargo" "+nightly-2025-01-18" "metadata" "--manifest-path" "Cargo.toml" "--no-deps", kill_on_drop: false }`
[INFO] started tweaking git repo https://github.com/ThePJB/graphics-backend-test
[INFO] finished tweaking git repo https://github.com/ThePJB/graphics-backend-test
[INFO] tweaked toml for git repo https://github.com/ThePJB/graphics-backend-test written to /workspace/builds/worker-4-tc2/source/Cargo.toml
[INFO] crate git repo https://github.com/ThePJB/graphics-backend-test already has a lockfile, it will not be regenerated
[INFO] running `Command { std: CARGO_HOME="/workspace/cargo-home" RUSTUP_HOME="/workspace/rustup-home" "/workspace/cargo-home/bin/cargo" "+nightly-2025-01-18" "fetch" "--manifest-path" "Cargo.toml", kill_on_drop: false }`
[INFO] running `Command { std: "docker" "create" "-v" "/var/lib/crater-agent-workspace/builds/worker-4-tc2/target:/opt/rustwide/target:rw,Z" "-v" "/var/lib/crater-agent-workspace/builds/worker-4-tc2/source:/opt/rustwide/workdir:ro,Z" "-v" "/var/lib/crater-agent-workspace/cargo-home:/opt/rustwide/cargo-home:ro,Z" "-v" "/var/lib/crater-agent-workspace/rustup-home:/opt/rustwide/rustup-home:ro,Z" "-e" "SOURCE_DIR=/opt/rustwide/workdir" "-e" "CARGO_TARGET_DIR=/opt/rustwide/target" "-e" "CARGO_HOME=/opt/rustwide/cargo-home" "-e" "RUSTUP_HOME=/opt/rustwide/rustup-home" "-w" "/opt/rustwide/workdir" "-m" "1610612736" "--user" "0:0" "--network" "none" "ghcr.io/rust-lang/crates-build-env/linux@sha256:819108c5571ea2e421544af4d832f968d213c87fbe3707a016657f43d2f853bc" "/opt/rustwide/cargo-home/bin/cargo" "+nightly-2025-01-18" "metadata" "--no-deps" "--format-version=1", kill_on_drop: false }`
[INFO] [stdout] da158a061fa4564698c6cf81a7fe8c3f2daa4485a130f32ec4c632dfac9aa015
[INFO] running `Command { std: "docker" "start" "-a" "da158a061fa4564698c6cf81a7fe8c3f2daa4485a130f32ec4c632dfac9aa015", kill_on_drop: false }`
[INFO] running `Command { std: "docker" "inspect" "da158a061fa4564698c6cf81a7fe8c3f2daa4485a130f32ec4c632dfac9aa015", kill_on_drop: false }`
[INFO] running `Command { std: "docker" "rm" "-f" "da158a061fa4564698c6cf81a7fe8c3f2daa4485a130f32ec4c632dfac9aa015", kill_on_drop: false }`
[INFO] [stdout] da158a061fa4564698c6cf81a7fe8c3f2daa4485a130f32ec4c632dfac9aa015
[INFO] running `Command { std: "docker" "create" "-v" "/var/lib/crater-agent-workspace/builds/worker-4-tc2/target:/opt/rustwide/target:rw,Z" "-v" "/var/lib/crater-agent-workspace/builds/worker-4-tc2/source:/opt/rustwide/workdir:ro,Z" "-v" "/var/lib/crater-agent-workspace/cargo-home:/opt/rustwide/cargo-home:ro,Z" "-v" "/var/lib/crater-agent-workspace/rustup-home:/opt/rustwide/rustup-home:ro,Z" "-e" "SOURCE_DIR=/opt/rustwide/workdir" "-e" "CARGO_TARGET_DIR=/opt/rustwide/target" "-e" "CARGO_INCREMENTAL=0" "-e" "RUST_BACKTRACE=full" "-e" "RUSTFLAGS=--cap-lints=forbid -Zrandomize-layout" "-e" "RUSTDOCFLAGS=--cap-lints=forbid" "-e" "CARGO_HOME=/opt/rustwide/cargo-home" "-e" "RUSTUP_HOME=/opt/rustwide/rustup-home" "-w" "/opt/rustwide/workdir" "-m" "1610612736" "--user" "0:0" "--network" "none" "ghcr.io/rust-lang/crates-build-env/linux@sha256:819108c5571ea2e421544af4d832f968d213c87fbe3707a016657f43d2f853bc" "/opt/rustwide/cargo-home/bin/cargo" "+nightly-2025-01-18" "build" "--frozen" "--message-format=json", kill_on_drop: false }`
[INFO] [stdout] 5dca607376ab20e0a63d3f21bb3a50c3174efdc4626af29ee0ce7498521abccd
[INFO] running `Command { std: "docker" "start" "-a" "5dca607376ab20e0a63d3f21bb3a50c3174efdc4626af29ee0ce7498521abccd", kill_on_drop: false }`
[INFO] [stderr]    Compiling cfg-if v1.0.0
[INFO] [stderr]    Compiling log v0.4.21
[INFO] [stderr]    Compiling pkg-config v0.3.30
[INFO] [stderr]    Compiling libc v0.2.153
[INFO] [stderr]    Compiling proc-macro2 v1.0.79
[INFO] [stderr]    Compiling unicode-ident v1.0.12
[INFO] [stderr]    Compiling once_cell v1.19.0
[INFO] [stderr]    Compiling xml-rs v0.8.20
[INFO] [stderr]    Compiling autocfg v1.2.0
[INFO] [stderr]    Compiling libloading v0.8.3
[INFO] [stderr]    Compiling smallvec v1.13.2
[INFO] [stderr]    Compiling scoped-tls v1.0.1
[INFO] [stderr]    Compiling dlib v0.5.2
[INFO] [stderr]    Compiling downcast-rs v1.2.1
[INFO] [stderr]    Compiling khronos_api v3.1.0
[INFO] [stderr]    Compiling bitflags v2.5.0
[INFO] [stderr]    Compiling rustix v0.38.32
[INFO] [stderr]    Compiling linux-raw-sys v0.4.13
[INFO] [stderr]    Compiling cc v1.0.92
[INFO] [stderr]    Compiling quote v1.0.36
[INFO] [stderr]    Compiling memoffset v0.6.5
[INFO] [stderr]    Compiling wayland-sys v0.31.1
[INFO] [stderr]    Compiling memchr v2.7.2
[INFO] [stderr]    Compiling bitflags v1.3.2
[INFO] [stderr]    Compiling lazy_static v1.4.0
[INFO] [stderr]    Compiling wayland-sys v0.29.5
[INFO] [stderr]    Compiling x11-dl v2.21.0
[INFO] [stderr]    Compiling cfg_aliases v0.1.1
[INFO] [stderr]    Compiling xcursor v0.3.5
[INFO] [stderr]    Compiling gl_generator v0.14.0
[INFO] [stderr]    Compiling wayland-scanner v0.29.5
[INFO] [stderr]    Compiling quick-xml v0.31.0
[INFO] [stderr]    Compiling nix v0.24.3
[INFO] [stderr]    Compiling syn v2.0.58
[INFO] [stderr]    Compiling slab v0.4.9
[INFO] [stderr]    Compiling thiserror v1.0.58
[INFO] [stderr]    Compiling pin-project-lite v0.2.14
[INFO] [stderr]    Compiling tracing-core v0.1.32
[INFO] [stderr]    Compiling wayland-backend v0.3.3
[INFO] [stderr]    Compiling tracing v0.1.40
[INFO] [stderr]    Compiling wayland-scanner v0.31.1
[INFO] [stderr]    Compiling wayland-client v0.29.5
[INFO] [stderr]    Compiling wayland-protocols v0.29.5
[INFO] [stderr]    Compiling lock_api v0.4.11
[INFO] [stderr]    Compiling strict-num v0.1.1
[INFO] [stderr]    Compiling parking_lot_core v0.8.6
[INFO] [stderr]    Compiling bytemuck v1.15.0
[INFO] [stderr]    Compiling cursor-icon v1.1.0
[INFO] [stderr]    Compiling version_check v0.9.4
[INFO] [stderr]    Compiling arrayref v0.3.7
[INFO] [stderr]    Compiling ttf-parser v0.20.0
[INFO] [stderr]    Compiling wayland-commons v0.29.5
[INFO] [stderr]    Compiling thiserror-impl v1.0.58
[INFO] [stderr]    Compiling smithay-client-toolkit v0.18.1
[INFO] [stderr]    Compiling xkeysym v0.2.0
[INFO] [stderr]    Compiling ahash v0.8.11
[INFO] [stderr]    Compiling tiny-skia-path v0.11.4
[INFO] [stderr]    Compiling glutin_glx_sys v0.5.0
[INFO] [stderr]    Compiling glutin_egl_sys v0.6.0
[INFO] [stderr]    Compiling memmap2 v0.9.4
[INFO] [stderr]    Compiling nix v0.22.3
[INFO] [stderr]    Compiling owned_ttf_parser v0.20.0
[INFO] [stderr]    Compiling smithay-client-toolkit v0.15.4
[INFO] [stderr]    Compiling instant v0.1.12
[INFO] [stderr]    Compiling arrayvec v0.7.4
[INFO] [stderr]    Compiling ab_glyph_rasterizer v0.1.8
[INFO] [stderr]    Compiling crc32fast v1.4.0
[INFO] [stderr]    Compiling simd-adler32 v0.3.7
[INFO] [stderr]    Compiling polling v3.6.0
[INFO] [stderr]    Compiling percent-encoding v2.3.1
[INFO] [stderr]    Compiling calloop v0.12.4
[INFO] [stderr]    Compiling scopeguard v1.2.0
[INFO] [stderr]    Compiling tiny-skia v0.11.4
[INFO] [stderr]    Compiling wayland-client v0.31.2
[INFO] [stderr]    Compiling wayland-csd-frame v0.3.0
[INFO] [stderr]    Compiling ab_glyph v0.2.24
[INFO] [stderr]    Compiling calloop v0.9.3
[INFO] [stderr]    Compiling wayland-cursor v0.29.5
[INFO] [stderr]    Compiling glutin_egl_sys v0.1.6
[INFO] [stderr]    Compiling glutin_glx_sys v0.1.8
[INFO] [stderr]    Compiling memmap2 v0.3.1
[INFO] [stderr]    Compiling wayland-protocols v0.31.2
[INFO] [stderr]    Compiling wayland-cursor v0.31.1
[INFO] [stderr]    Compiling calloop-wayland-source v0.2.0
[INFO] [stderr]    Compiling getrandom v0.2.14
[INFO] [stderr]    Compiling winit v0.29.15
[INFO] [stderr]    Compiling glutin v0.31.3
[INFO] [stderr]    Compiling raw-window-handle v0.5.2
[INFO] [stderr]    Compiling adler v1.0.2
[INFO] [stderr]    Compiling cty v0.2.2
[INFO] [stderr]    Compiling winit v0.26.1
[INFO] [stderr]    Compiling x11rb-protocol v0.13.0
[INFO] [stderr]    Compiling zerocopy v0.7.32
[INFO] [stderr]    Compiling as-raw-xcb-connection v1.0.1
[INFO] [stderr]    Compiling miniz_oxide v0.7.2
[INFO] [stderr]    Compiling raw-window-handle v0.4.3
[INFO] [stderr]    Compiling parking_lot v0.11.2
[INFO] [stderr]    Compiling xkbcommon-dl v0.4.2
[INFO] [stderr]    Compiling mio v0.8.11
[INFO] [stderr]    Compiling shared_library v0.1.9
[INFO] [stderr]    Compiling glutin-winit v0.4.2
[INFO] [stderr]    Compiling raw-window-handle v0.6.0
[INFO] [stderr]    Compiling smol_str v0.2.1
[INFO] [stderr]    Compiling flate2 v1.0.28
[INFO] [stderr]    Compiling osmesa-sys v0.1.2
[INFO] [stderr]    Compiling fdeflate v0.3.4
[INFO] [stderr]    Compiling wayland-egl v0.29.5
[INFO] [stderr]    Compiling libloading v0.7.4
[INFO] [stderr]    Compiling glow v0.13.1
[INFO] [stderr]    Compiling png v0.17.13
[INFO] [stderr]    Compiling wayland-protocols-wlr v0.2.0
[INFO] [stderr]    Compiling wayland-protocols-plasma v0.2.0
[INFO] [stderr]    Compiling sctk-adwaita v0.8.1
[INFO] [stderr]    Compiling x11rb v0.13.0
[INFO] [stderr]    Compiling glutin v0.28.0
[INFO] [stderr]    Compiling graphics-backend-test v0.1.0 (/opt/rustwide/workdir)
[INFO] [stdout] warning: unused import: `Eq`
[INFO] [stdout]  --> src/util/vec2.rs:2:27
[INFO] [stdout]   |
[INFO] [stdout] 2 | use std::cmp::{PartialEq, Eq};
[INFO] [stdout]   |                           ^^
[INFO] [stdout]   |
[INFO] [stdout]   = note: `#[warn(unused_imports)]` on by default
[INFO] [stdout] 
[INFO] [stdout] 
[INFO] [stdout] warning: unused import: `Eq`
[INFO] [stdout]  --> src/util/vec3.rs:2:27
[INFO] [stdout]   |
[INFO] [stdout] 2 | use std::cmp::{PartialEq, Eq};
[INFO] [stdout]   |                           ^^
[INFO] [stdout] 
[INFO] [stdout] 
[INFO] [stdout] warning: unused import: `Eq`
[INFO] [stdout]  --> src/util/vec4.rs:2:27
[INFO] [stdout]   |
[INFO] [stdout] 2 | use std::cmp::{PartialEq, Eq};
[INFO] [stdout]   |                           ^^
[INFO] [stdout] 
[INFO] [stdout] 
[INFO] [stdout] warning: unused import: `distance_field_generation::*`
[INFO] [stdout]   --> src/util/mod.rs:28:9
[INFO] [stdout]    |
[INFO] [stdout] 28 | pub use distance_field_generation::*;
[INFO] [stdout]    |         ^^^^^^^^^^^^^^^^^^^^^^^^^^^^
[INFO] [stdout] 
[INFO] [stdout] 
[INFO] [stdout] warning: unused import: `std::f32::consts::PI`
[INFO] [stdout]  --> src/game/game.rs:1:5
[INFO] [stdout]   |
[INFO] [stdout] 1 | use std::f32::consts::PI;
[INFO] [stdout]   |     ^^^^^^^^^^^^^^^^^^^^
[INFO] [stdout] 
[INFO] [stdout] 
[INFO] [stdout] warning: unused import: `f32::consts::PI`
[INFO] [stdout]  --> src/game/anim.rs:1:44
[INFO] [stdout]   |
[INFO] [stdout] 1 | use std::{collections::{HashMap, HashSet}, f32::consts::PI};
[INFO] [stdout]   |                                            ^^^^^^^^^^^^^^^
[INFO] [stdout] 
[INFO] [stdout] 
[INFO] [stdout] warning: unused import: `f32::consts::PI`
[INFO] [stdout]  --> src/game/render_context.rs:3:33
[INFO] [stdout]   |
[INFO] [stdout] 3 | use std::{collections::HashMap, f32::consts::PI};
[INFO] [stdout]   |                                 ^^^^^^^^^^^^^^^
[INFO] [stdout] 
[INFO] [stdout] 
[INFO] [stdout] warning: unused import: `f32::consts::PI`
[INFO] [stdout]  --> src/game/resource_loading.rs:2:33
[INFO] [stdout]   |
[INFO] [stdout] 2 | use std::{collections::HashMap, f32::consts::PI};
[INFO] [stdout]   |                                 ^^^^^^^^^^^^^^^
[INFO] [stdout] 
[INFO] [stdout] 
[INFO] [stdout] warning: unused import: `std::collections::HashSet`
[INFO] [stdout]  --> src/game/resource_loading.rs:7:5
[INFO] [stdout]   |
[INFO] [stdout] 7 | use std::collections::HashSet;
[INFO] [stdout]   |     ^^^^^^^^^^^^^^^^^^^^^^^^^
[INFO] [stdout] 
[INFO] [stdout] 
[INFO] [stdout] warning: unused import: `crate::util::*`
[INFO] [stdout]  --> src/test_minecraft_lights.rs:1:5
[INFO] [stdout]   |
[INFO] [stdout] 1 | use crate::util::*;
[INFO] [stdout]   |     ^^^^^^^^^^^^^^
[INFO] [stdout]   |
[INFO] [stdout] help: if this is a test module, consider adding a `#[cfg(test)]` to the containing module
[INFO] [stdout]  --> src/main.rs:4:1
[INFO] [stdout]   |
[INFO] [stdout] 4 | mod test_minecraft_lights;
[INFO] [stdout]   | ^^^^^^^^^^^^^^^^^^^^^^^^^^
[INFO] [stdout] 
[INFO] [stdout] 
[INFO] [stdout] warning: unused attribute
[INFO] [stdout]    --> src/util/vec_macros.rs:164:5
[INFO] [stdout]     |
[INFO] [stdout] 164 |     #[macro_export]
[INFO] [stdout]     |     ^^^^^^^^^^^^^^^ help: remove this attribute
[INFO] [stdout]     |
[INFO] [stdout] note: attribute also specified here
[INFO] [stdout]    --> src/util/vec_macros.rs:150:5
[INFO] [stdout]     |
[INFO] [stdout] 150 |     #[macro_export]
[INFO] [stdout]     |     ^^^^^^^^^^^^^^^
[INFO] [stdout]     = note: `#[warn(unused_attributes)]` on by default
[INFO] [stdout] 
[INFO] [stdout] 
[INFO] [stdout] warning: unused variable: `looping`
[INFO] [stdout]   --> src/game/anim.rs:35:66
[INFO] [stdout]    |
[INFO] [stdout] 35 |             anims: HashMap::from_iter(anims.map(|(key, h, width, looping)| (key.to_owned(), Anim { h, n: width as _, looping: false }))),
[INFO] [stdout]    |                                                                  ^^^^^^^ help: if this is intentional, prefix it with an underscore: `_looping`
[INFO] [stdout]    |
[INFO] [stdout]    = note: `#[warn(unused_variables)]` on by default
[INFO] [stdout] 
[INFO] [stdout] 
[INFO] [stdout] warning: unused variable: `looping`
[INFO] [stdout]   --> src/game/anim.rs:48:66
[INFO] [stdout]    |
[INFO] [stdout] 48 |             anims: HashMap::from_iter(anims.map(|(key, h, width, looping)| (key.to_owned(), Anim { h, n: width as _, looping: false }))),
[INFO] [stdout]    |                                                                  ^^^^^^^ help: if this is intentional, prefix it with an underscore: `_looping`
[INFO] [stdout] 
[INFO] [stdout] 
[INFO] [stdout] warning: method `lerp` is never used
[INFO] [stdout]  --> src/util/lerp.rs:2:8
[INFO] [stdout]   |
[INFO] [stdout] 1 | pub trait Lerp {
[INFO] [stdout]   |           ---- method in this trait
[INFO] [stdout] 2 |     fn lerp(self, other: Self, t: f32) -> Self;
[INFO] [stdout]   |        ^^^^
[INFO] [stdout]   |
[INFO] [stdout]   = note: `#[warn(dead_code)]` on by default
[INFO] [stdout] 
[INFO] [stdout] 
[INFO] [stdout] warning: function `irect` is never used
[INFO] [stdout]   --> src/util/irect2.rs:21:8
[INFO] [stdout]    |
[INFO] [stdout] 21 | pub fn irect(x: i32, y: i32, w: i32, h: i32) -> IRect2 {
[INFO] [stdout]    |        ^^^^^
[INFO] [stdout] 
[INFO] [stdout] 
[INFO] [stdout] warning: method `unwrap_mut` is never used
[INFO] [stdout]   --> src/util/option_utils.rs:37:8
[INFO] [stdout]    |
[INFO] [stdout] 36 | pub trait UnwrapMut<T> {
[INFO] [stdout]    |           --------- method in this trait
[INFO] [stdout] 37 |     fn unwrap_mut(&mut self) -> &mut T;
[INFO] [stdout]    |        ^^^^^^^^^^
[INFO] [stdout] 
[INFO] [stdout] 
[INFO] [stdout] warning: methods `deref`, `deref_mut`, `free`, and `change_arenas` are never used
[INFO] [stdout]   --> src/util/gen_ref.rs:35:12
[INFO] [stdout]    |
[INFO] [stdout] 34 | impl<T: Clone> GenRef<T> {
[INFO] [stdout]    | ------------------------ methods in this implementation
[INFO] [stdout] 35 |     pub fn deref<'a>(&self, arena: &'a GenArena<T>) -> Option<&'a T> {
[INFO] [stdout]    |            ^^^^^
[INFO] [stdout] ...
[INFO] [stdout] 38 |     pub fn deref_mut<'a>(&self, arena: &'a mut GenArena<T>) -> Option<&'a mut T> {
[INFO] [stdout]    |            ^^^^^^^^^
[INFO] [stdout] ...
[INFO] [stdout] 41 |     pub fn free<'a>(&self, arena: &'a mut GenArena<T>) {
[INFO] [stdout]    |            ^^^^
[INFO] [stdout] ...
[INFO] [stdout] 50 |     pub fn change_arenas(&mut self, from: &GenArena<T>, to: &mut GenArena<T>) {
[INFO] [stdout]    |            ^^^^^^^^^^^^^
[INFO] [stdout] 
[INFO] [stdout] 
[INFO] [stdout] warning: struct `GenBucket` is never constructed
[INFO] [stdout]   --> src/util/gen_ref.rs:59:12
[INFO] [stdout]    |
[INFO] [stdout] 59 | pub struct GenBucket<T> {
[INFO] [stdout]    |            ^^^^^^^^^
[INFO] [stdout] 
[INFO] [stdout] 
[INFO] [stdout] warning: associated function `new` is never used
[INFO] [stdout]   --> src/util/gen_ref.rs:66:8
[INFO] [stdout]    |
[INFO] [stdout] 65 | impl<T> GenBucket<T> {
[INFO] [stdout]    | -------------------- associated function in this implementation
[INFO] [stdout] 66 |     fn new(item: T) -> Self {
[INFO] [stdout]    |        ^^^
[INFO] [stdout] 
[INFO] [stdout] 
[INFO] [stdout] warning: struct `GenArena` is never constructed
[INFO] [stdout]   --> src/util/gen_ref.rs:75:12
[INFO] [stdout]    |
[INFO] [stdout] 75 | pub struct GenArena<T> {
[INFO] [stdout]    |            ^^^^^^^^
[INFO] [stdout] 
[INFO] [stdout] 
[INFO] [stdout] warning: multiple associated items are never used
[INFO] [stdout]    --> src/util/gen_ref.rs:80:12
[INFO] [stdout]     |
[INFO] [stdout] 79  | impl<T> GenArena<T> {
[INFO] [stdout]     | ------------------- associated items in this implementation
[INFO] [stdout] 80  |     pub fn new() -> Self {
[INFO] [stdout]     |            ^^^
[INFO] [stdout] ...
[INFO] [stdout] 83  |     pub fn borrow<'a>(&'a self, gen_ref: &GenRef<T>) -> Option<&'a T> {
[INFO] [stdout]     |            ^^^^^^
[INFO] [stdout] ...
[INFO] [stdout] 91  |     pub fn borrow_mut<'a>(&'a mut self, gen_ref: &GenRef<T>) -> Option<&'a mut T> {
[INFO] [stdout]     |            ^^^^^^^^^^
[INFO] [stdout] ...
[INFO] [stdout] 99  |     pub fn borrow_2<'a>(
[INFO] [stdout]     |            ^^^^^^^^
[INFO] [stdout] ...
[INFO] [stdout] 108 |     pub fn borrow_2_mut<'a>(
[INFO] [stdout]     |            ^^^^^^^^^^^^
[INFO] [stdout] ...
[INFO] [stdout] 135 |     pub fn borrow_many<'a>(&'a self, gen_refs: &'a [GenRef<T>]) -> Option<Vec<&'a T>> {
[INFO] [stdout]     |            ^^^^^^^^^^^
[INFO] [stdout] ...
[INFO] [stdout] 148 |     pub fn borrow_many_mut<'a>(&'a mut self, gen_refs: &'a [GenRef<T>]) -> Option<Vec<&'a mut T>> {
[INFO] [stdout]     |            ^^^^^^^^^^^^^^^
[INFO] [stdout] ...
[INFO] [stdout] 181 |     pub fn free(&mut self, gen_ref: &GenRef<T>) {
[INFO] [stdout]     |            ^^^^
[INFO] [stdout] ...
[INFO] [stdout] 188 |     pub fn alloc(&mut self, item: T) -> GenRef<T> {
[INFO] [stdout]     |            ^^^^^
[INFO] [stdout] 
[INFO] [stdout] 
[INFO] [stdout] warning: methods `get`, `set_square`, `circle`, and `save` are never used
[INFO] [stdout]    --> src/util/image.rs:34:12
[INFO] [stdout]     |
[INFO] [stdout] 16  | impl ImageBuffer {
[INFO] [stdout]     | ---------------- methods in this implementation
[INFO] [stdout] ...
[INFO] [stdout] 34  |     pub fn get(&self, x: usize, y: usize) -> Vec4 {
[INFO] [stdout]     |            ^^^
[INFO] [stdout] ...
[INFO] [stdout] 57  |     pub fn set_square(&mut self, x: usize, y: usize, r: usize, colour: Vec4) {
[INFO] [stdout]     |            ^^^^^^^^^^
[INFO] [stdout] ...
[INFO] [stdout] 88  |     pub fn circle(&mut self, x: usize, y: usize, r: usize, rr: usize, colour: Vec4) {
[INFO] [stdout]     |            ^^^^^^
[INFO] [stdout] ...
[INFO] [stdout] 147 |     pub fn save(&self, path: &Path) {
[INFO] [stdout]     |            ^^^^
[INFO] [stdout] 
[INFO] [stdout] 
[INFO] [stdout] warning: function `my_read_dir` is never used
[INFO] [stdout]   --> src/util/file_utils.rs:28:8
[INFO] [stdout]    |
[INFO] [stdout] 28 | pub fn my_read_dir(path: &Path) -> std::io::Result<Vec<MyDirEntry>> {
[INFO] [stdout]    |        ^^^^^^^^^^^
[INFO] [stdout] 
[INFO] [stdout] 
[INFO] [stdout] warning: struct `MyDirEntry` is never constructed
[INFO] [stdout]   --> src/util/file_utils.rs:62:12
[INFO] [stdout]    |
[INFO] [stdout] 62 | pub struct MyDirEntry {
[INFO] [stdout]    |            ^^^^^^^^^^
[INFO] [stdout]    |
[INFO] [stdout]    = note: `MyDirEntry` has derived impls for the traits `Clone` and `Debug`, but these are intentionally ignored during dead code analysis
[INFO] [stdout] 
[INFO] [stdout] 
[INFO] [stdout] warning: associated items `new`, `fill`, `sample`, `sample_checked`, and `save` are never used
[INFO] [stdout]   --> src/util/texture.rs:9:12
[INFO] [stdout]    |
[INFO] [stdout] 8  | impl<T: Clone + Default> Texture<T> {
[INFO] [stdout]    | ----------------------------------- associated items in this implementation
[INFO] [stdout] 9  |     pub fn new(wh: IVec2, initial: T) -> Self {
[INFO] [stdout]    |            ^^^
[INFO] [stdout] ...
[INFO] [stdout] 16 |     pub fn fill(&mut self, value: T) {
[INFO] [stdout]    |            ^^^^
[INFO] [stdout] ...
[INFO] [stdout] 24 |     pub fn sample(&self, coord: IVec2) -> T {
[INFO] [stdout]    |            ^^^^^^
[INFO] [stdout] ...
[INFO] [stdout] 27 |     pub fn sample_checked(&self, coord: IVec2) -> Option<T> {
[INFO] [stdout]    |            ^^^^^^^^^^^^^^
[INFO] [stdout] ...
[INFO] [stdout] 31 |     pub fn save(&self, path: &std::path::Path, f: impl Fn(T)->[u8;4]) {
[INFO] [stdout]    |            ^^^^
[INFO] [stdout] 
[INFO] [stdout] 
[INFO] [stdout] warning: methods `set` and `draw_circle` are never used
[INFO] [stdout]   --> src/util/texture.rs:68:8
[INFO] [stdout]    |
[INFO] [stdout] 64 | pub trait Draw {
[INFO] [stdout]    |           ---- methods in this trait
[INFO] [stdout] ...
[INFO] [stdout] 68 |     fn set(&mut self, p: IVec2, value: Self::Pixel);
[INFO] [stdout]    |        ^^^
[INFO] [stdout] ...
[INFO] [stdout] 72 |     fn draw_circle(&mut self, c: IVec2, r: i32, fill: Self::Pixel) {
[INFO] [stdout]    |        ^^^^^^^^^^^
[INFO] [stdout] 
[INFO] [stdout] 
[INFO] [stdout] warning: function `dist_fn` is never used
[INFO] [stdout]  --> src/util/distance_field_generation.rs:5:4
[INFO] [stdout]   |
[INFO] [stdout] 5 | fn dist_fn(p1: IVec2, p2: IVec2) -> f32 {
[INFO] [stdout]   |    ^^^^^^^
[INFO] [stdout] 
[INFO] [stdout] 
[INFO] [stdout] warning: function `spread` is never used
[INFO] [stdout]   --> src/util/distance_field_generation.rs:10:4
[INFO] [stdout]    |
[INFO] [stdout] 10 | fn spread(distance: &mut Texture<f32>, nearest: &mut Texture<IVec2>, p1: IVec2, p2: IVec2) {
[INFO] [stdout]    |    ^^^^^^
[INFO] [stdout] 
[INFO] [stdout] 
[INFO] [stdout] warning: function `sdf1` is never used
[INFO] [stdout]   --> src/util/distance_field_generation.rs:21:8
[INFO] [stdout]    |
[INFO] [stdout] 21 | pub fn sdf1(in_stencil: Texture<bool>) -> Texture<f32> {
[INFO] [stdout]    |        ^^^^
[INFO] [stdout] 
[INFO] [stdout] 
[INFO] [stdout] warning: method `normalize` is never used
[INFO] [stdout]   --> src/util/distance_field_generation.rs:74:12
[INFO] [stdout]    |
[INFO] [stdout] 73 | impl Texture<f32> {
[INFO] [stdout]    | ----------------- method in this implementation
[INFO] [stdout] 74 |     pub fn normalize(&mut self) {
[INFO] [stdout]    |            ^^^^^^^^^
[INFO] [stdout] 
[INFO] [stdout] 
[INFO] [stdout] warning: field `scroll` is never read
[INFO] [stdout]   --> src/game/context.rs:24:9
[INFO] [stdout]    |
[INFO] [stdout] 15 | pub struct Input {
[INFO] [stdout]    |            ----- field in this struct
[INFO] [stdout] ...
[INFO] [stdout] 24 |     pub scroll: i32,
[INFO] [stdout]    |         ^^^^^^
[INFO] [stdout]    |
[INFO] [stdout]    = note: `Input` has a derived impl for the trait `Clone`, but this is intentionally ignored during dead code analysis
[INFO] [stdout] 
[INFO] [stdout] 
[INFO] [stdout] warning: method `remove_key` is never used
[INFO] [stdout]    --> src/game/anim.rs:139:12
[INFO] [stdout]     |
[INFO] [stdout] 120 | impl EntityAppearance {
[INFO] [stdout]     | --------------------- method in this implementation
[INFO] [stdout] ...
[INFO] [stdout] 139 |     pub fn remove_key(&mut self, key: String) {
[INFO] [stdout]     |            ^^^^^^^^^^
[INFO] [stdout] 
[INFO] [stdout] 
[INFO] [stderr]     Finished `dev` profile [unoptimized + debuginfo] target(s) in 2m 20s
[INFO] running `Command { std: "docker" "inspect" "5dca607376ab20e0a63d3f21bb3a50c3174efdc4626af29ee0ce7498521abccd", kill_on_drop: false }`
[INFO] running `Command { std: "docker" "rm" "-f" "5dca607376ab20e0a63d3f21bb3a50c3174efdc4626af29ee0ce7498521abccd", kill_on_drop: false }`
[INFO] [stdout] 5dca607376ab20e0a63d3f21bb3a50c3174efdc4626af29ee0ce7498521abccd
[INFO] running `Command { std: "docker" "create" "-v" "/var/lib/crater-agent-workspace/builds/worker-4-tc2/target:/opt/rustwide/target:rw,Z" "-v" "/var/lib/crater-agent-workspace/builds/worker-4-tc2/source:/opt/rustwide/workdir:ro,Z" "-v" "/var/lib/crater-agent-workspace/cargo-home:/opt/rustwide/cargo-home:ro,Z" "-v" "/var/lib/crater-agent-workspace/rustup-home:/opt/rustwide/rustup-home:ro,Z" "-e" "SOURCE_DIR=/opt/rustwide/workdir" "-e" "CARGO_TARGET_DIR=/opt/rustwide/target" "-e" "CARGO_INCREMENTAL=0" "-e" "RUST_BACKTRACE=full" "-e" "RUSTFLAGS=--cap-lints=forbid -Zrandomize-layout" "-e" "RUSTDOCFLAGS=--cap-lints=forbid" "-e" "CARGO_HOME=/opt/rustwide/cargo-home" "-e" "RUSTUP_HOME=/opt/rustwide/rustup-home" "-w" "/opt/rustwide/workdir" "-m" "1610612736" "--user" "0:0" "--network" "none" "ghcr.io/rust-lang/crates-build-env/linux@sha256:819108c5571ea2e421544af4d832f968d213c87fbe3707a016657f43d2f853bc" "/opt/rustwide/cargo-home/bin/cargo" "+nightly-2025-01-18" "test" "--frozen" "--no-run" "--message-format=json", kill_on_drop: false }`
[INFO] [stdout] 5b461a0f7e2a6042f60262b46092e94b410836065865e3c1a4832b9b1a9a0e2f
[INFO] running `Command { std: "docker" "start" "-a" "5b461a0f7e2a6042f60262b46092e94b410836065865e3c1a4832b9b1a9a0e2f", kill_on_drop: false }`
[INFO] [stderr]    Compiling graphics-backend-test v0.1.0 (/opt/rustwide/workdir)
[INFO] [stdout] warning: unused import: `Eq`
[INFO] [stdout]  --> src/util/vec2.rs:2:27
[INFO] [stdout]   |
[INFO] [stdout] 2 | use std::cmp::{PartialEq, Eq};
[INFO] [stdout]   |                           ^^
[INFO] [stdout]   |
[INFO] [stdout]   = note: `#[warn(unused_imports)]` on by default
[INFO] [stdout] 
[INFO] [stdout] 
[INFO] [stdout] warning: unused import: `Eq`
[INFO] [stdout]  --> src/util/vec3.rs:2:27
[INFO] [stdout]   |
[INFO] [stdout] 2 | use std::cmp::{PartialEq, Eq};
[INFO] [stdout]   |                           ^^
[INFO] [stdout] 
[INFO] [stdout] 
[INFO] [stdout] warning: unused import: `Eq`
[INFO] [stdout]  --> src/util/vec4.rs:2:27
[INFO] [stdout]   |
[INFO] [stdout] 2 | use std::cmp::{PartialEq, Eq};
[INFO] [stdout]   |                           ^^
[INFO] [stdout] 
[INFO] [stdout] 
[INFO] [stdout] warning: unused import: `distance_field_generation::*`
[INFO] [stdout]   --> src/util/mod.rs:28:9
[INFO] [stdout]    |
[INFO] [stdout] 28 | pub use distance_field_generation::*;
[INFO] [stdout]    |         ^^^^^^^^^^^^^^^^^^^^^^^^^^^^
[INFO] [stdout] 
[INFO] [stdout] 
[INFO] [stdout] warning: unused import: `std::f32::consts::PI`
[INFO] [stdout]  --> src/game/game.rs:1:5
[INFO] [stdout]   |
[INFO] [stdout] 1 | use std::f32::consts::PI;
[INFO] [stdout]   |     ^^^^^^^^^^^^^^^^^^^^
[INFO] [stdout] 
[INFO] [stdout] 
[INFO] [stdout] warning: unused import: `f32::consts::PI`
[INFO] [stdout]  --> src/game/anim.rs:1:44
[INFO] [stdout]   |
[INFO] [stdout] 1 | use std::{collections::{HashMap, HashSet}, f32::consts::PI};
[INFO] [stdout]   |                                            ^^^^^^^^^^^^^^^
[INFO] [stdout] 
[INFO] [stdout] 
[INFO] [stdout] warning: unused import: `f32::consts::PI`
[INFO] [stdout]  --> src/game/resource_loading.rs:2:33
[INFO] [stdout]   |
[INFO] [stdout] 2 | use std::{collections::HashMap, f32::consts::PI};
[INFO] [stdout]   |                                 ^^^^^^^^^^^^^^^
[INFO] [stdout] 
[INFO] [stdout] 
[INFO] [stdout] warning: unused import: `std::collections::HashSet`
[INFO] [stdout]  --> src/game/resource_loading.rs:7:5
[INFO] [stdout]   |
[INFO] [stdout] 7 | use std::collections::HashSet;
[INFO] [stdout]   |     ^^^^^^^^^^^^^^^^^^^^^^^^^
[INFO] [stdout] 
[INFO] [stdout] 
[INFO] [stdout] warning: unused attribute
[INFO] [stdout]    --> src/util/vec_macros.rs:164:5
[INFO] [stdout]     |
[INFO] [stdout] 164 |     #[macro_export]
[INFO] [stdout]     |     ^^^^^^^^^^^^^^^ help: remove this attribute
[INFO] [stdout]     |
[INFO] [stdout] note: attribute also specified here
[INFO] [stdout]    --> src/util/vec_macros.rs:150:5
[INFO] [stdout]     |
[INFO] [stdout] 150 |     #[macro_export]
[INFO] [stdout]     |     ^^^^^^^^^^^^^^^
[INFO] [stdout]     = note: `#[warn(unused_attributes)]` on by default
[INFO] [stdout] 
[INFO] [stdout] 
[INFO] [stdout] warning: unused variable: `looping`
[INFO] [stdout]   --> src/game/anim.rs:35:66
[INFO] [stdout]    |
[INFO] [stdout] 35 |             anims: HashMap::from_iter(anims.map(|(key, h, width, looping)| (key.to_owned(), Anim { h, n: width as _, looping: false }))),
[INFO] [stdout]    |                                                                  ^^^^^^^ help: if this is intentional, prefix it with an underscore: `_looping`
[INFO] [stdout]    |
[INFO] [stdout]    = note: `#[warn(unused_variables)]` on by default
[INFO] [stdout] 
[INFO] [stdout] 
[INFO] [stdout] warning: unused variable: `looping`
[INFO] [stdout]   --> src/game/anim.rs:48:66
[INFO] [stdout]    |
[INFO] [stdout] 48 |             anims: HashMap::from_iter(anims.map(|(key, h, width, looping)| (key.to_owned(), Anim { h, n: width as _, looping: false }))),
[INFO] [stdout]    |                                                                  ^^^^^^^ help: if this is intentional, prefix it with an underscore: `_looping`
[INFO] [stdout] 
[INFO] [stdout] 
[INFO] [stdout] warning: unused variable: `colour_buf`
[INFO] [stdout]   --> src/test_minecraft_lights.rs:15:13
[INFO] [stdout]    |
[INFO] [stdout] 15 |     let mut colour_buf = Texture::<Vec3>::new(wh, vec3(0.0, 0.0, 0.0));
[INFO] [stdout]    |             ^^^^^^^^^^ help: if this is intentional, prefix it with an underscore: `_colour_buf`
[INFO] [stdout] 
[INFO] [stdout] 
[INFO] [stdout] warning: variable does not need to be mutable
[INFO] [stdout]   --> src/test_minecraft_lights.rs:15:9
[INFO] [stdout]    |
[INFO] [stdout] 15 |     let mut colour_buf = Texture::<Vec3>::new(wh, vec3(0.0, 0.0, 0.0));
[INFO] [stdout]    |         ----^^^^^^^^^^
[INFO] [stdout]    |         |
[INFO] [stdout]    |         help: remove this `mut`
[INFO] [stdout]    |
[INFO] [stdout]    = note: `#[warn(unused_mut)]` on by default
[INFO] [stdout] 
[INFO] [stdout] 
[INFO] [stdout] warning: method `lerp` is never used
[INFO] [stdout]  --> src/util/lerp.rs:2:8
[INFO] [stdout]   |
[INFO] [stdout] 1 | pub trait Lerp {
[INFO] [stdout]   |           ---- method in this trait
[INFO] [stdout] 2 |     fn lerp(self, other: Self, t: f32) -> Self;
[INFO] [stdout]   |        ^^^^
[INFO] [stdout]   |
[INFO] [stdout]   = note: `#[warn(dead_code)]` on by default
[INFO] [stdout] 
[INFO] [stdout] 
[INFO] [stdout] warning: method `unwrap_mut` is never used
[INFO] [stdout]   --> src/util/option_utils.rs:37:8
[INFO] [stdout]    |
[INFO] [stdout] 36 | pub trait UnwrapMut<T> {
[INFO] [stdout]    |           --------- method in this trait
[INFO] [stdout] 37 |     fn unwrap_mut(&mut self) -> &mut T;
[INFO] [stdout]    |        ^^^^^^^^^^
[INFO] [stdout] 
[INFO] [stdout] 
[INFO] [stdout] warning: methods `deref`, `deref_mut`, `free`, and `change_arenas` are never used
[INFO] [stdout]   --> src/util/gen_ref.rs:35:12
[INFO] [stdout]    |
[INFO] [stdout] 34 | impl<T: Clone> GenRef<T> {
[INFO] [stdout]    | ------------------------ methods in this implementation
[INFO] [stdout] 35 |     pub fn deref<'a>(&self, arena: &'a GenArena<T>) -> Option<&'a T> {
[INFO] [stdout]    |            ^^^^^
[INFO] [stdout] ...
[INFO] [stdout] 38 |     pub fn deref_mut<'a>(&self, arena: &'a mut GenArena<T>) -> Option<&'a mut T> {
[INFO] [stdout]    |            ^^^^^^^^^
[INFO] [stdout] ...
[INFO] [stdout] 41 |     pub fn free<'a>(&self, arena: &'a mut GenArena<T>) {
[INFO] [stdout]    |            ^^^^
[INFO] [stdout] ...
[INFO] [stdout] 50 |     pub fn change_arenas(&mut self, from: &GenArena<T>, to: &mut GenArena<T>) {
[INFO] [stdout]    |            ^^^^^^^^^^^^^
[INFO] [stdout] 
[INFO] [stdout] 
[INFO] [stdout] warning: struct `GenBucket` is never constructed
[INFO] [stdout]   --> src/util/gen_ref.rs:59:12
[INFO] [stdout]    |
[INFO] [stdout] 59 | pub struct GenBucket<T> {
[INFO] [stdout]    |            ^^^^^^^^^
[INFO] [stdout] 
[INFO] [stdout] 
[INFO] [stdout] warning: associated function `new` is never used
[INFO] [stdout]   --> src/util/gen_ref.rs:66:8
[INFO] [stdout]    |
[INFO] [stdout] 65 | impl<T> GenBucket<T> {
[INFO] [stdout]    | -------------------- associated function in this implementation
[INFO] [stdout] 66 |     fn new(item: T) -> Self {
[INFO] [stdout]    |        ^^^
[INFO] [stdout] 
[INFO] [stdout] 
[INFO] [stdout] warning: struct `GenArena` is never constructed
[INFO] [stdout]   --> src/util/gen_ref.rs:75:12
[INFO] [stdout]    |
[INFO] [stdout] 75 | pub struct GenArena<T> {
[INFO] [stdout]    |            ^^^^^^^^
[INFO] [stdout] 
[INFO] [stdout] 
[INFO] [stdout] warning: multiple associated items are never used
[INFO] [stdout]    --> src/util/gen_ref.rs:80:12
[INFO] [stdout]     |
[INFO] [stdout] 79  | impl<T> GenArena<T> {
[INFO] [stdout]     | ------------------- associated items in this implementation
[INFO] [stdout] 80  |     pub fn new() -> Self {
[INFO] [stdout]     |            ^^^
[INFO] [stdout] ...
[INFO] [stdout] 83  |     pub fn borrow<'a>(&'a self, gen_ref: &GenRef<T>) -> Option<&'a T> {
[INFO] [stdout]     |            ^^^^^^
[INFO] [stdout] ...
[INFO] [stdout] 91  |     pub fn borrow_mut<'a>(&'a mut self, gen_ref: &GenRef<T>) -> Option<&'a mut T> {
[INFO] [stdout]     |            ^^^^^^^^^^
[INFO] [stdout] ...
[INFO] [stdout] 99  |     pub fn borrow_2<'a>(
[INFO] [stdout]     |            ^^^^^^^^
[INFO] [stdout] ...
[INFO] [stdout] 108 |     pub fn borrow_2_mut<'a>(
[INFO] [stdout]     |            ^^^^^^^^^^^^
[INFO] [stdout] ...
[INFO] [stdout] 135 |     pub fn borrow_many<'a>(&'a self, gen_refs: &'a [GenRef<T>]) -> Option<Vec<&'a T>> {
[INFO] [stdout]     |            ^^^^^^^^^^^
[INFO] [stdout] ...
[INFO] [stdout] 148 |     pub fn borrow_many_mut<'a>(&'a mut self, gen_refs: &'a [GenRef<T>]) -> Option<Vec<&'a mut T>> {
[INFO] [stdout]     |            ^^^^^^^^^^^^^^^
[INFO] [stdout] ...
[INFO] [stdout] 181 |     pub fn free(&mut self, gen_ref: &GenRef<T>) {
[INFO] [stdout]     |            ^^^^
[INFO] [stdout] ...
[INFO] [stdout] 188 |     pub fn alloc(&mut self, item: T) -> GenRef<T> {
[INFO] [stdout]     |            ^^^^^
[INFO] [stdout] 
[INFO] [stdout] 
[INFO] [stdout] warning: methods `get`, `set_square`, `circle`, and `save` are never used
[INFO] [stdout]    --> src/util/image.rs:34:12
[INFO] [stdout]     |
[INFO] [stdout] 16  | impl ImageBuffer {
[INFO] [stdout]     | ---------------- methods in this implementation
[INFO] [stdout] ...
[INFO] [stdout] 34  |     pub fn get(&self, x: usize, y: usize) -> Vec4 {
[INFO] [stdout]     |            ^^^
[INFO] [stdout] ...
[INFO] [stdout] 57  |     pub fn set_square(&mut self, x: usize, y: usize, r: usize, colour: Vec4) {
[INFO] [stdout]     |            ^^^^^^^^^^
[INFO] [stdout] ...
[INFO] [stdout] 88  |     pub fn circle(&mut self, x: usize, y: usize, r: usize, rr: usize, colour: Vec4) {
[INFO] [stdout]     |            ^^^^^^
[INFO] [stdout] ...
[INFO] [stdout] 147 |     pub fn save(&self, path: &Path) {
[INFO] [stdout]     |            ^^^^
[INFO] [stdout] 
[INFO] [stdout] 
[INFO] [stdout] warning: function `my_read_dir` is never used
[INFO] [stdout]   --> src/util/file_utils.rs:28:8
[INFO] [stdout]    |
[INFO] [stdout] 28 | pub fn my_read_dir(path: &Path) -> std::io::Result<Vec<MyDirEntry>> {
[INFO] [stdout]    |        ^^^^^^^^^^^
[INFO] [stdout] 
[INFO] [stdout] 
[INFO] [stdout] warning: struct `MyDirEntry` is never constructed
[INFO] [stdout]   --> src/util/file_utils.rs:62:12
[INFO] [stdout]    |
[INFO] [stdout] 62 | pub struct MyDirEntry {
[INFO] [stdout]    |            ^^^^^^^^^^
[INFO] [stdout]    |
[INFO] [stdout]    = note: `MyDirEntry` has derived impls for the traits `Clone` and `Debug`, but these are intentionally ignored during dead code analysis
[INFO] [stdout] 
[INFO] [stdout] 
[INFO] [stdout] warning: field `scroll` is never read
[INFO] [stdout]   --> src/game/context.rs:24:9
[INFO] [stdout]    |
[INFO] [stdout] 15 | pub struct Input {
[INFO] [stdout]    |            ----- field in this struct
[INFO] [stdout] ...
[INFO] [stdout] 24 |     pub scroll: i32,
[INFO] [stdout]    |         ^^^^^^
[INFO] [stdout]    |
[INFO] [stdout]    = note: `Input` has a derived impl for the trait `Clone`, but this is intentionally ignored during dead code analysis
[INFO] [stdout] 
[INFO] [stdout] 
[INFO] [stdout] warning: method `remove_key` is never used
[INFO] [stdout]    --> src/game/anim.rs:139:12
[INFO] [stdout]     |
[INFO] [stdout] 120 | impl EntityAppearance {
[INFO] [stdout]     | --------------------- method in this implementation
[INFO] [stdout] ...
[INFO] [stdout] 139 |     pub fn remove_key(&mut self, key: String) {
[INFO] [stdout]     |            ^^^^^^^^^^
[INFO] [stdout] 
[INFO] [stdout] 
[INFO] [stdout] warning: unused `Result` that must be used
[INFO] [stdout]   --> src/util/file_utils.rs:21:5
[INFO] [stdout]    |
[INFO] [stdout] 21 |     dir_traverse(Path::new("data"), &mut |p| println!("{:?}", p));
[INFO] [stdout]    |     ^^^^^^^^^^^^^^^^^^^^^^^^^^^^^^^^^^^^^^^^^^^^^^^^^^^^^^^^^^^^^
[INFO] [stdout]    |
[INFO] [stdout]    = note: this `Result` may be an `Err` variant, which should be handled
[INFO] [stdout]    = note: `#[warn(unused_must_use)]` on by default
[INFO] [stdout] help: use `let _ = ...` to ignore the resulting value
[INFO] [stdout]    |
[INFO] [stdout] 21 |     let _ = dir_traverse(Path::new("data"), &mut |p| println!("{:?}", p));
[INFO] [stdout]    |     +++++++
[INFO] [stdout] 
[INFO] [stdout] 
[INFO] [stderr]     Finished `test` profile [unoptimized + debuginfo] target(s) in 1.19s
[INFO] running `Command { std: "docker" "inspect" "5b461a0f7e2a6042f60262b46092e94b410836065865e3c1a4832b9b1a9a0e2f", kill_on_drop: false }`
[INFO] running `Command { std: "docker" "rm" "-f" "5b461a0f7e2a6042f60262b46092e94b410836065865e3c1a4832b9b1a9a0e2f", kill_on_drop: false }`
[INFO] [stdout] 5b461a0f7e2a6042f60262b46092e94b410836065865e3c1a4832b9b1a9a0e2f
[INFO] running `Command { std: "docker" "create" "-v" "/var/lib/crater-agent-workspace/builds/worker-4-tc2/target:/opt/rustwide/target:rw,Z" "-v" "/var/lib/crater-agent-workspace/builds/worker-4-tc2/source:/opt/rustwide/workdir:ro,Z" "-v" "/var/lib/crater-agent-workspace/cargo-home:/opt/rustwide/cargo-home:ro,Z" "-v" "/var/lib/crater-agent-workspace/rustup-home:/opt/rustwide/rustup-home:ro,Z" "-e" "SOURCE_DIR=/opt/rustwide/workdir" "-e" "CARGO_TARGET_DIR=/opt/rustwide/target" "-e" "CARGO_INCREMENTAL=0" "-e" "RUST_BACKTRACE=full" "-e" "RUSTFLAGS=--cap-lints=forbid -Zrandomize-layout" "-e" "RUSTDOCFLAGS=--cap-lints=forbid" "-e" "CARGO_HOME=/opt/rustwide/cargo-home" "-e" "RUSTUP_HOME=/opt/rustwide/rustup-home" "-w" "/opt/rustwide/workdir" "-m" "1610612736" "--user" "0:0" "--network" "none" "ghcr.io/rust-lang/crates-build-env/linux@sha256:819108c5571ea2e421544af4d832f968d213c87fbe3707a016657f43d2f853bc" "/opt/rustwide/cargo-home/bin/cargo" "+nightly-2025-01-18" "test" "--frozen", kill_on_drop: false }`
[INFO] [stdout] 928915e1739a6cee7449d0ec9f11a29c376c643953b71d41c59a7bebf81dab02
[INFO] running `Command { std: "docker" "start" "-a" "928915e1739a6cee7449d0ec9f11a29c376c643953b71d41c59a7bebf81dab02", kill_on_drop: false }`
[INFO] [stderr] warning: unused import: `Eq`
[INFO] [stderr]  --> src/util/vec2.rs:2:27
[INFO] [stderr]   |
[INFO] [stderr] 2 | use std::cmp::{PartialEq, Eq};
[INFO] [stderr]   |                           ^^
[INFO] [stderr]   |
[INFO] [stderr]   = note: `#[warn(unused_imports)]` on by default
[INFO] [stderr] 
[INFO] [stderr] warning: unused import: `Eq`
[INFO] [stderr]  --> src/util/vec3.rs:2:27
[INFO] [stderr]   |
[INFO] [stderr] 2 | use std::cmp::{PartialEq, Eq};
[INFO] [stderr]   |                           ^^
[INFO] [stderr] 
[INFO] [stderr] warning: unused import: `Eq`
[INFO] [stderr]  --> src/util/vec4.rs:2:27
[INFO] [stderr]   |
[INFO] [stderr] 2 | use std::cmp::{PartialEq, Eq};
[INFO] [stderr]   |                           ^^
[INFO] [stderr] 
[INFO] [stderr] warning: unused import: `distance_field_generation::*`
[INFO] [stderr]   --> src/util/mod.rs:28:9
[INFO] [stderr]    |
[INFO] [stderr] 28 | pub use distance_field_generation::*;
[INFO] [stderr]    |         ^^^^^^^^^^^^^^^^^^^^^^^^^^^^
[INFO] [stderr] 
[INFO] [stderr] warning: unused import: `std::f32::consts::PI`
[INFO] [stderr]  --> src/game/game.rs:1:5
[INFO] [stderr]   |
[INFO] [stderr] 1 | use std::f32::consts::PI;
[INFO] [stderr]   |     ^^^^^^^^^^^^^^^^^^^^
[INFO] [stderr] 
[INFO] [stderr] warning: unused import: `f32::consts::PI`
[INFO] [stderr]  --> src/game/anim.rs:1:44
[INFO] [stderr]   |
[INFO] [stderr] 1 | use std::{collections::{HashMap, HashSet}, f32::consts::PI};
[INFO] [stderr]   |                                            ^^^^^^^^^^^^^^^
[INFO] [stderr] 
[INFO] [stderr] warning: unused import: `f32::consts::PI`
[INFO] [stderr]  --> src/game/resource_loading.rs:2:33
[INFO] [stderr]   |
[INFO] [stderr] 2 | use std::{collections::HashMap, f32::consts::PI};
[INFO] [stderr]   |                                 ^^^^^^^^^^^^^^^
[INFO] [stderr] 
[INFO] [stderr] warning: unused import: `std::collections::HashSet`
[INFO] [stderr]  --> src/game/resource_loading.rs:7:5
[INFO] [stderr]   |
[INFO] [stderr] 7 | use std::collections::HashSet;
[INFO] [stderr]   |     ^^^^^^^^^^^^^^^^^^^^^^^^^
[INFO] [stderr] 
[INFO] [stderr] warning: unused attribute
[INFO] [stderr]    --> src/util/vec_macros.rs:164:5
[INFO] [stderr]     |
[INFO] [stderr] 164 |     #[macro_export]
[INFO] [stderr]     |     ^^^^^^^^^^^^^^^ help: remove this attribute
[INFO] [stderr]     |
[INFO] [stderr] note: attribute also specified here
[INFO] [stderr]    --> src/util/vec_macros.rs:150:5
[INFO] [stderr]     |
[INFO] [stderr] 150 |     #[macro_export]
[INFO] [stderr]     |     ^^^^^^^^^^^^^^^
[INFO] [stderr]     = note: `#[warn(unused_attributes)]` on by default
[INFO] [stderr] 
[INFO] [stderr] warning: unused variable: `looping`
[INFO] [stderr]   --> src/game/anim.rs:35:66
[INFO] [stderr]    |
[INFO] [stderr] 35 |             anims: HashMap::from_iter(anims.map(|(key, h, width, looping)| (key.to_owned(), Anim { h, n: width as _, looping: false }))),
[INFO] [stderr]    |                                                                  ^^^^^^^ help: if this is intentional, prefix it with an underscore: `_looping`
[INFO] [stderr]    |
[INFO] [stderr]    = note: `#[warn(unused_variables)]` on by default
[INFO] [stderr] 
[INFO] [stderr] warning: unused variable: `looping`
[INFO] [stderr]   --> src/game/anim.rs:48:66
[INFO] [stderr]    |
[INFO] [stderr] 48 |             anims: HashMap::from_iter(anims.map(|(key, h, width, looping)| (key.to_owned(), Anim { h, n: width as _, looping: false }))),
[INFO] [stderr]    |                                                                  ^^^^^^^ help: if this is intentional, prefix it with an underscore: `_looping`
[INFO] [stderr] 
[INFO] [stderr] warning: unused variable: `colour_buf`
[INFO] [stderr]   --> src/test_minecraft_lights.rs:15:13
[INFO] [stderr]    |
[INFO] [stderr] 15 |     let mut colour_buf = Texture::<Vec3>::new(wh, vec3(0.0, 0.0, 0.0));
[INFO] [stderr]    |             ^^^^^^^^^^ help: if this is intentional, prefix it with an underscore: `_colour_buf`
[INFO] [stderr] 
[INFO] [stderr] warning: variable does not need to be mutable
[INFO] [stderr]   --> src/test_minecraft_lights.rs:15:9
[INFO] [stderr]    |
[INFO] [stderr] 15 |     let mut colour_buf = Texture::<Vec3>::new(wh, vec3(0.0, 0.0, 0.0));
[INFO] [stderr]    |         ----^^^^^^^^^^
[INFO] [stderr]    |         |
[INFO] [stderr]    |         help: remove this `mut`
[INFO] [stderr]    |
[INFO] [stderr]    = note: `#[warn(unused_mut)]` on by default
[INFO] [stderr] 
[INFO] [stderr] warning: method `lerp` is never used
[INFO] [stderr]  --> src/util/lerp.rs:2:8
[INFO] [stderr]   |
[INFO] [stderr] 1 | pub trait Lerp {
[INFO] [stderr]   |           ---- method in this trait
[INFO] [stderr] 2 |     fn lerp(self, other: Self, t: f32) -> Self;
[INFO] [stderr]   |        ^^^^
[INFO] [stderr]   |
[INFO] [stderr]   = note: `#[warn(dead_code)]` on by default
[INFO] [stderr] 
[INFO] [stderr] warning: method `unwrap_mut` is never used
[INFO] [stderr]   --> src/util/option_utils.rs:37:8
[INFO] [stderr]    |
[INFO] [stderr] 36 | pub trait UnwrapMut<T> {
[INFO] [stderr]    |           --------- method in this trait
[INFO] [stderr] 37 |     fn unwrap_mut(&mut self) -> &mut T;
[INFO] [stderr]    |        ^^^^^^^^^^
[INFO] [stderr] 
[INFO] [stderr] warning: methods `deref`, `deref_mut`, `free`, and `change_arenas` are never used
[INFO] [stderr]   --> src/util/gen_ref.rs:35:12
[INFO] [stderr]    |
[INFO] [stderr] 34 | impl<T: Clone> GenRef<T> {
[INFO] [stderr]    | ------------------------ methods in this implementation
[INFO] [stderr] 35 |     pub fn deref<'a>(&self, arena: &'a GenArena<T>) -> Option<&'a T> {
[INFO] [stderr]    |            ^^^^^
[INFO] [stderr] ...
[INFO] [stderr] 38 |     pub fn deref_mut<'a>(&self, arena: &'a mut GenArena<T>) -> Option<&'a mut T> {
[INFO] [stderr]    |            ^^^^^^^^^
[INFO] [stderr] ...
[INFO] [stderr] 41 |     pub fn free<'a>(&self, arena: &'a mut GenArena<T>) {
[INFO] [stderr]    |            ^^^^
[INFO] [stderr] ...
[INFO] [stderr] 50 |     pub fn change_arenas(&mut self, from: &GenArena<T>, to: &mut GenArena<T>) {
[INFO] [stderr]    |            ^^^^^^^^^^^^^
[INFO] [stderr] 
[INFO] [stderr] warning: struct `GenBucket` is never constructed
[INFO] [stderr]   --> src/util/gen_ref.rs:59:12
[INFO] [stderr]    |
[INFO] [stderr] 59 | pub struct GenBucket<T> {
[INFO] [stderr]    |            ^^^^^^^^^
[INFO] [stderr] 
[INFO] [stderr] warning: associated function `new` is never used
[INFO] [stderr]   --> src/util/gen_ref.rs:66:8
[INFO] [stderr]    |
[INFO] [stderr] 65 | impl<T> GenBucket<T> {
[INFO] [stderr]    | -------------------- associated function in this implementation
[INFO] [stderr] 66 |     fn new(item: T) -> Self {
[INFO] [stderr]    |        ^^^
[INFO] [stderr] 
[INFO] [stderr] warning: struct `GenArena` is never constructed
[INFO] [stderr]   --> src/util/gen_ref.rs:75:12
[INFO] [stderr]    |
[INFO] [stderr] 75 | pub struct GenArena<T> {
[INFO] [stderr]    |            ^^^^^^^^
[INFO] [stderr] 
[INFO] [stderr] warning: multiple associated items are never used
[INFO] [stderr]    --> src/util/gen_ref.rs:80:12
[INFO] [stderr]     |
[INFO] [stderr] 79  | impl<T> GenArena<T> {
[INFO] [stderr]     | ------------------- associated items in this implementation
[INFO] [stderr] 80  |     pub fn new() -> Self {
[INFO] [stderr]     |            ^^^
[INFO] [stderr] ...
[INFO] [stderr] 83  |     pub fn borrow<'a>(&'a self, gen_ref: &GenRef<T>) -> Option<&'a T> {
[INFO] [stderr]     |            ^^^^^^
[INFO] [stderr] ...
[INFO] [stderr] 91  |     pub fn borrow_mut<'a>(&'a mut self, gen_ref: &GenRef<T>) -> Option<&'a mut T> {
[INFO] [stderr]     |            ^^^^^^^^^^
[INFO] [stderr] ...
[INFO] [stderr] 99  |     pub fn borrow_2<'a>(
[INFO] [stderr]     |            ^^^^^^^^
[INFO] [stderr] ...
[INFO] [stderr] 108 |     pub fn borrow_2_mut<'a>(
[INFO] [stderr]     |            ^^^^^^^^^^^^
[INFO] [stderr] ...
[INFO] [stderr] 135 |     pub fn borrow_many<'a>(&'a self, gen_refs: &'a [GenRef<T>]) -> Option<Vec<&'a T>> {
[INFO] [stderr]     |            ^^^^^^^^^^^
[INFO] [stderr] ...
[INFO] [stderr] 148 |     pub fn borrow_many_mut<'a>(&'a mut self, gen_refs: &'a [GenRef<T>]) -> Option<Vec<&'a mut T>> {
[INFO] [stderr]     |            ^^^^^^^^^^^^^^^
[INFO] [stderr] ...
[INFO] [stderr] 181 |     pub fn free(&mut self, gen_ref: &GenRef<T>) {
[INFO] [stderr]     |            ^^^^
[INFO] [stderr] ...
[INFO] [stderr] 188 |     pub fn alloc(&mut self, item: T) -> GenRef<T> {
[INFO] [stderr]     |            ^^^^^
[INFO] [stderr] 
[INFO] [stderr] warning: methods `get`, `set_square`, `circle`, and `save` are never used
[INFO] [stderr]    --> src/util/image.rs:34:12
[INFO] [stderr]     |
[INFO] [stderr] 16  | impl ImageBuffer {
[INFO] [stderr]     | ---------------- methods in this implementation
[INFO] [stderr] ...
[INFO] [stderr] 34  |     pub fn get(&self, x: usize, y: usize) -> Vec4 {
[INFO] [stderr]     |            ^^^
[INFO] [stderr] ...
[INFO] [stderr] 57  |     pub fn set_square(&mut self, x: usize, y: usize, r: usize, colour: Vec4) {
[INFO] [stderr]     |            ^^^^^^^^^^
[INFO] [stderr] ...
[INFO] [stderr] 88  |     pub fn circle(&mut self, x: usize, y: usize, r: usize, rr: usize, colour: Vec4) {
[INFO] [stderr]     |            ^^^^^^
[INFO] [stderr] ...
[INFO] [stderr] 147 |     pub fn save(&self, path: &Path) {
[INFO] [stderr]     |            ^^^^
[INFO] [stderr] 
[INFO] [stderr] warning: function `my_read_dir` is never used
[INFO] [stderr]   --> src/util/file_utils.rs:28:8
[INFO] [stderr]    |
[INFO] [stderr] 28 | pub fn my_read_dir(path: &Path) -> std::io::Result<Vec<MyDirEntry>> {
[INFO] [stderr]    |        ^^^^^^^^^^^
[INFO] [stderr] 
[INFO] [stderr] warning: struct `MyDirEntry` is never constructed
[INFO] [stderr]   --> src/util/file_utils.rs:62:12
[INFO] [stderr]    |
[INFO] [stderr] 62 | pub struct MyDirEntry {
[INFO] [stderr]    |            ^^^^^^^^^^
[INFO] [stderr]    |
[INFO] [stderr]    = note: `MyDirEntry` has derived impls for the traits `Clone` and `Debug`, but these are intentionally ignored during dead code analysis
[INFO] [stderr] 
[INFO] [stderr] warning: field `scroll` is never read
[INFO] [stderr]   --> src/game/context.rs:24:9
[INFO] [stderr]    |
[INFO] [stderr] 15 | pub struct Input {
[INFO] [stderr]    |            ----- field in this struct
[INFO] [stderr] ...
[INFO] [stderr] 24 |     pub scroll: i32,
[INFO] [stderr]    |         ^^^^^^
[INFO] [stderr]    |
[INFO] [stderr]    = note: `Input` has a derived impl for the trait `Clone`, but this is intentionally ignored during dead code analysis
[INFO] [stderr] 
[INFO] [stderr] warning: method `remove_key` is never used
[INFO] [stderr]    --> src/game/anim.rs:139:12
[INFO] [stderr]     |
[INFO] [stderr] 120 | impl EntityAppearance {
[INFO] [stderr]     | --------------------- method in this implementation
[INFO] [stderr] ...
[INFO] [stderr] 139 |     pub fn remove_key(&mut self, key: String) {
[INFO] [stderr]     |            ^^^^^^^^^^
[INFO] [stderr] 
[INFO] [stderr] warning: unused `Result` that must be used
[INFO] [stderr]   --> src/util/file_utils.rs:21:5
[INFO] [stderr]    |
[INFO] [stderr] 21 |     dir_traverse(Path::new("data"), &mut |p| println!("{:?}", p));
[INFO] [stderr]    |     ^^^^^^^^^^^^^^^^^^^^^^^^^^^^^^^^^^^^^^^^^^^^^^^^^^^^^^^^^^^^^
[INFO] [stderr]    |
[INFO] [stderr]    = note: this `Result` may be an `Err` variant, which should be handled
[INFO] [stderr]    = note: `#[warn(unused_must_use)]` on by default
[INFO] [stderr] help: use `let _ = ...` to ignore the resulting value
[INFO] [stderr]    |
[INFO] [stderr] 21 |     let _ = dir_traverse(Path::new("data"), &mut |p| println!("{:?}", p));
[INFO] [stderr]    |     +++++++
[INFO] [stderr] 
[INFO] [stderr] warning: `graphics-backend-test` (bin "graphics-backend-test" test) generated 26 warnings (run `cargo fix --bin "graphics-backend-test" --tests` to apply 10 suggestions)
[INFO] [stderr]     Finished `test` profile [unoptimized + debuginfo] target(s) in 0.17s
[INFO] [stderr]      Running unittests src/main.rs (/opt/rustwide/target/debug/deps/graphics_backend_test-418d3d3b526bb083)
[INFO] [stdout] 
[INFO] [stdout] running 14 tests
[INFO] [stdout] test game::resource_loading::tests::test_alloc ... ok
[INFO] [stdout] test util::file_utils::test_dir_traverse ... ok
[INFO] [stdout] test util::irect2::tests::test_overlaps_false ... ok
[INFO] [stdout] test game::anim::test_draw ... ok
[INFO] [stdout] test util::irect2::tests::test_overlaps_inside ... ok
[INFO] [stdout] test util::irect2::tests::test_overlaps_true ... ok
[INFO] [stdout] test test_minecraft_lights::test_minecraft_lights ... ok
[INFO] [stdout] test game::render_context::test_opoints ... ok
[INFO] [stdout] test util::texture::test_texture ... ok
[INFO] [stdout] test util::as_bytes::test_as_bytes ... ok
[INFO] [stdout] test util::irect2::tests::test_overlaps_touching_edges ... FAILED
[INFO] [stderr] error: test failed, to rerun pass `--bin graphics-backend-test`
[INFO] [stdout] test util::irect2::tests::test_overlaps_corner_cases ... FAILED
[INFO] [stdout] test util::texture::test_save ... FAILED
[INFO] [stdout] test util::distance_field_generation::test_sdf ... FAILED
[INFO] [stdout] 
[INFO] [stdout] failures:
[INFO] [stdout] 
[INFO] [stdout] ---- util::irect2::tests::test_overlaps_touching_edges stdout ----
[INFO] [stdout] 
[INFO] [stdout] thread 'util::irect2::tests::test_overlaps_touching_edges' panicked at src/util/irect2.rs:66:9:
[INFO] [stdout] assertion failed: rect1.overlaps(&rect2)
[INFO] [stdout] stack backtrace:
[INFO] [stdout]    0:     0x6061c8b31e7a - std::backtrace_rs::backtrace::libunwind::trace::hb059275cfc8d6126
[INFO] [stdout]                                at /rustc/6067b36314ab5eb2eb47cecc464545ba58e1ad24/library/std/src/../../backtrace/src/backtrace/libunwind.rs:116:5
[INFO] [stdout]    1:     0x6061c8b31e7a - std::backtrace_rs::backtrace::trace_unsynchronized::h2da071e4327ce3ee
[INFO] [stdout]                                at /rustc/6067b36314ab5eb2eb47cecc464545ba58e1ad24/library/std/src/../../backtrace/src/backtrace/mod.rs:66:5
[INFO] [stdout]    2:     0x6061c8b31e7a - std::sys::backtrace::_print_fmt::h842a1474e6f8d23f
[INFO] [stdout]                                at /rustc/6067b36314ab5eb2eb47cecc464545ba58e1ad24/library/std/src/sys/backtrace.rs:66:9
[INFO] [stdout]    3:     0x6061c8b31e7a - <std::sys::backtrace::BacktraceLock::print::DisplayBacktrace as core::fmt::Display>::fmt::h71a62eb3b9696b12
[INFO] [stdout]                                at /rustc/6067b36314ab5eb2eb47cecc464545ba58e1ad24/library/std/src/sys/backtrace.rs:39:26
[INFO] [stdout]    4:     0x6061c8b5ae73 - core::fmt::rt::Argument::fmt::hdb6b616786b41dc1
[INFO] [stdout]                                at /rustc/6067b36314ab5eb2eb47cecc464545ba58e1ad24/library/core/src/fmt/rt.rs:177:76
[INFO] [stdout]    5:     0x6061c8b5ae73 - core::fmt::write::h2cc1698af7e2d686
[INFO] [stdout]                                at /rustc/6067b36314ab5eb2eb47cecc464545ba58e1ad24/library/core/src/fmt/mod.rs:1440:21
[INFO] [stdout]    6:     0x6061c8b2e763 - std::io::Write::write_fmt::hab1b4cd059a79022
[INFO] [stdout]                                at /rustc/6067b36314ab5eb2eb47cecc464545ba58e1ad24/library/std/src/io/mod.rs:1887:15
[INFO] [stdout]    7:     0x6061c8b31cc2 - std::sys::backtrace::BacktraceLock::print::h147fe35b4ea13b08
[INFO] [stdout]                                at /rustc/6067b36314ab5eb2eb47cecc464545ba58e1ad24/library/std/src/sys/backtrace.rs:42:9
[INFO] [stdout]    8:     0x6061c8b3329f - std::panicking::default_hook::{{closure}}::hbd44223dbdc0d208
[INFO] [stdout]                                at /rustc/6067b36314ab5eb2eb47cecc464545ba58e1ad24/library/std/src/panicking.rs:298:22
[INFO] [stdout]    9:     0x6061c8b330b8 - std::panicking::default_hook::h20f81eb0576efcec
[INFO] [stdout]                                at /rustc/6067b36314ab5eb2eb47cecc464545ba58e1ad24/library/std/src/panicking.rs:322:9
[INFO] [stdout]   10:     0x6061c8aeb153 - <alloc::boxed::Box<F,A> as core::ops::function::Fn<Args>>::call::hdb53814c496a4d34
[INFO] [stdout]                                at /rustc/6067b36314ab5eb2eb47cecc464545ba58e1ad24/library/alloc/src/boxed.rs:2027:9
[INFO] [stdout]   11:     0x6061c8aeb153 - test::test_main::{{closure}}::hc0a4963c59427c24
[INFO] [stdout]                                at /rustc/6067b36314ab5eb2eb47cecc464545ba58e1ad24/library/test/src/lib.rs:134:21
[INFO] [stdout]   12:     0x6061c8b33d93 - <alloc::boxed::Box<F,A> as core::ops::function::Fn<Args>>::call::h591b2225413a77e9
[INFO] [stdout]                                at /rustc/6067b36314ab5eb2eb47cecc464545ba58e1ad24/library/alloc/src/boxed.rs:2027:9
[INFO] [stdout]   13:     0x6061c8b33d93 - std::panicking::rust_panic_with_hook::h625eea43051b2edc
[INFO] [stdout]                                at /rustc/6067b36314ab5eb2eb47cecc464545ba58e1ad24/library/std/src/panicking.rs:839:13
[INFO] [stdout]   14:     0x6061c8b33a16 - std::panicking::begin_panic_handler::{{closure}}::h4f9159cfbc3f6bd3
[INFO] [stdout]                                at /rustc/6067b36314ab5eb2eb47cecc464545ba58e1ad24/library/std/src/panicking.rs:697:13
[INFO] [stdout]   15:     0x6061c8b32379 - std::sys::backtrace::__rust_end_short_backtrace::h0390abce48353151
[INFO] [stdout]                                at /rustc/6067b36314ab5eb2eb47cecc464545ba58e1ad24/library/std/src/sys/backtrace.rs:168:18
[INFO] [stdout]   16:     0x6061c8b336dd - rust_begin_unwind
[INFO] [stdout]                                at /rustc/6067b36314ab5eb2eb47cecc464545ba58e1ad24/library/std/src/panicking.rs:695:5
[INFO] [stdout]   17:     0x6061c8b58aa0 - core::panicking::panic_fmt::h9e7c637e9e5f29c9
[INFO] [stdout]                                at /rustc/6067b36314ab5eb2eb47cecc464545ba58e1ad24/library/core/src/panicking.rs:75:14
[INFO] [stdout]   18:     0x6061c8b58b2c - core::panicking::panic::haa3255ea20181a33
[INFO] [stdout]                                at /rustc/6067b36314ab5eb2eb47cecc464545ba58e1ad24/library/core/src/panicking.rs:145:5
[INFO] [stdout]   19:     0x6061c8a63f53 - graphics_backend_test::util::irect2::tests::test_overlaps_touching_edges::hbbb79808e17ba6e0
[INFO] [stdout]                                at /opt/rustwide/workdir/src/util/irect2.rs:66:9
[INFO] [stdout]   20:     0x6061c8a63ec7 - graphics_backend_test::util::irect2::tests::test_overlaps_touching_edges::{{closure}}::h9d0a66eae8de8693
[INFO] [stdout]                                at /opt/rustwide/workdir/src/util/irect2.rs:63:38
[INFO] [stdout]   21:     0x6061c8a68196 - core::ops::function::FnOnce::call_once::h5088a3f79bf096da
[INFO] [stdout]                                at /rustc/6067b36314ab5eb2eb47cecc464545ba58e1ad24/library/core/src/ops/function.rs:250:5
[INFO] [stdout]   22:     0x6061c8af08ab - core::ops::function::FnOnce::call_once::he27718dfdd183f43
[INFO] [stdout]                                at /rustc/6067b36314ab5eb2eb47cecc464545ba58e1ad24/library/core/src/ops/function.rs:250:5
[INFO] [stdout]   23:     0x6061c8af08ab - test::__rust_begin_short_backtrace::h4e84902998457a5d
[INFO] [stdout]                                at /rustc/6067b36314ab5eb2eb47cecc464545ba58e1ad24/library/test/src/lib.rs:632:18
[INFO] [stdout]   24:     0x6061c8aef7e3 - test::run_test_in_process::{{closure}}::h7176fd18fc1feca0
[INFO] [stdout]                                at /rustc/6067b36314ab5eb2eb47cecc464545ba58e1ad24/library/test/src/lib.rs:655:60
[INFO] [stdout]   25:     0x6061c8aef7e3 - <core::panic::unwind_safe::AssertUnwindSafe<F> as core::ops::function::FnOnce<()>>::call_once::hf79cff2a624d8cf7
[INFO] [stdout]                                at /rustc/6067b36314ab5eb2eb47cecc464545ba58e1ad24/library/core/src/panic/unwind_safe.rs:272:9
[INFO] [stdout]   26:     0x6061c8aef7e3 - std::panicking::try::do_call::h3da0561d9ab99c25
[INFO] [stdout]                                at /rustc/6067b36314ab5eb2eb47cecc464545ba58e1ad24/library/std/src/panicking.rs:587:40
[INFO] [stdout]   27:     0x6061c8aef7e3 - std::panicking::try::h41c9fa508bc61df6
[INFO] [stdout]                                at /rustc/6067b36314ab5eb2eb47cecc464545ba58e1ad24/library/std/src/panicking.rs:550:19
[INFO] [stdout]   28:     0x6061c8aef7e3 - std::panic::catch_unwind::h6b3ff07bb5afad93
[INFO] [stdout]                                at /rustc/6067b36314ab5eb2eb47cecc464545ba58e1ad24/library/std/src/panic.rs:358:14
[INFO] [stdout]   29:     0x6061c8aef7e3 - test::run_test_in_process::hc7253dd11b39b9f4
[INFO] [stdout]                                at /rustc/6067b36314ab5eb2eb47cecc464545ba58e1ad24/library/test/src/lib.rs:655:27
[INFO] [stdout]   30:     0x6061c8aef7e3 - test::run_test::{{closure}}::hfb2007f8649c30bb
[INFO] [stdout]                                at /rustc/6067b36314ab5eb2eb47cecc464545ba58e1ad24/library/test/src/lib.rs:576:43
[INFO] [stdout]   31:     0x6061c8ab28c5 - test::run_test::{{closure}}::h56a17aa7a282a9f4
[INFO] [stdout]                                at /rustc/6067b36314ab5eb2eb47cecc464545ba58e1ad24/library/test/src/lib.rs:606:41
[INFO] [stdout]   32:     0x6061c8ab28c5 - std::sys::backtrace::__rust_begin_short_backtrace::hd2d2d2fb8e8c6aac
[INFO] [stdout]                                at /rustc/6067b36314ab5eb2eb47cecc464545ba58e1ad24/library/std/src/sys/backtrace.rs:152:18
[INFO] [stdout]   33:     0x6061c8ab61aa - std::thread::Builder::spawn_unchecked_::{{closure}}::{{closure}}::h4faa3f9db6133423
[INFO] [stdout]                                at /rustc/6067b36314ab5eb2eb47cecc464545ba58e1ad24/library/std/src/thread/mod.rs:559:17
[INFO] [stdout]   34:     0x6061c8ab61aa - <core::panic::unwind_safe::AssertUnwindSafe<F> as core::ops::function::FnOnce<()>>::call_once::hf2e855a36a4ea846
[INFO] [stdout]                                at /rustc/6067b36314ab5eb2eb47cecc464545ba58e1ad24/library/core/src/panic/unwind_safe.rs:272:9
[INFO] [stdout]   35:     0x6061c8ab61aa - std::panicking::try::do_call::h2f73af3616c35465
[INFO] [stdout]                                at /rustc/6067b36314ab5eb2eb47cecc464545ba58e1ad24/library/std/src/panicking.rs:587:40
[INFO] [stdout]   36:     0x6061c8ab61aa - std::panicking::try::hd1660ce9efadef5a
[INFO] [stdout]                                at /rustc/6067b36314ab5eb2eb47cecc464545ba58e1ad24/library/std/src/panicking.rs:550:19
[INFO] [stdout]   37:     0x6061c8ab61aa - std::panic::catch_unwind::h5ee8d7823b8ca744
[INFO] [stdout]                                at /rustc/6067b36314ab5eb2eb47cecc464545ba58e1ad24/library/std/src/panic.rs:358:14
[INFO] [stdout]   38:     0x6061c8ab61aa - std::thread::Builder::spawn_unchecked_::{{closure}}::h53c3a1894dce8407
[INFO] [stdout]                                at /rustc/6067b36314ab5eb2eb47cecc464545ba58e1ad24/library/std/src/thread/mod.rs:557:30
[INFO] [stdout]   39:     0x6061c8ab61aa - core::ops::function::FnOnce::call_once{{vtable.shim}}::h048ce291ad4f62bf
[INFO] [stdout]                                at /rustc/6067b36314ab5eb2eb47cecc464545ba58e1ad24/library/core/src/ops/function.rs:250:5
[INFO] [stdout]   40:     0x6061c8b3823b - <alloc::boxed::Box<F,A> as core::ops::function::FnOnce<Args>>::call_once::ha52bedf99a3b4981
[INFO] [stdout]                                at /rustc/6067b36314ab5eb2eb47cecc464545ba58e1ad24/library/alloc/src/boxed.rs:2013:9
[INFO] [stdout]   41:     0x6061c8b3823b - <alloc::boxed::Box<F,A> as core::ops::function::FnOnce<Args>>::call_once::h567748934d80ccf8
[INFO] [stdout]                                at /rustc/6067b36314ab5eb2eb47cecc464545ba58e1ad24/library/alloc/src/boxed.rs:2013:9
[INFO] [stdout]   42:     0x6061c8b3823b - std::sys::pal::unix::thread::Thread::new::thread_start::h2d970728ae887adc
[INFO] [stdout]                                at /rustc/6067b36314ab5eb2eb47cecc464545ba58e1ad24/library/std/src/sys/pal/unix/thread.rs:106:17
[INFO] [stdout]   43:     0x73a966411ac3 - <unknown>
[INFO] [stdout]   44:     0x73a9664a2a04 - clone
[INFO] [stdout]   45:                0x0 - <unknown>
[INFO] [stdout] 
[INFO] [stdout] ---- util::irect2::tests::test_overlaps_corner_cases stdout ----
[INFO] [stdout] 
[INFO] [stdout] thread 'util::irect2::tests::test_overlaps_corner_cases' panicked at src/util/irect2.rs:92:9:
[INFO] [stdout] assertion failed: rect1.overlaps(&rect2)
[INFO] [stdout] stack backtrace:
[INFO] [stdout]    0:     0x6061c8b31e7a - std::backtrace_rs::backtrace::libunwind::trace::hb059275cfc8d6126
[INFO] [stdout]                                at /rustc/6067b36314ab5eb2eb47cecc464545ba58e1ad24/library/std/src/../../backtrace/src/backtrace/libunwind.rs:116:5
[INFO] [stdout]    1:     0x6061c8b31e7a - std::backtrace_rs::backtrace::trace_unsynchronized::h2da071e4327ce3ee
[INFO] [stdout]                                at /rustc/6067b36314ab5eb2eb47cecc464545ba58e1ad24/library/std/src/../../backtrace/src/backtrace/mod.rs:66:5
[INFO] [stdout]    2:     0x6061c8b31e7a - std::sys::backtrace::_print_fmt::h842a1474e6f8d23f
[INFO] [stdout]                                at /rustc/6067b36314ab5eb2eb47cecc464545ba58e1ad24/library/std/src/sys/backtrace.rs:66:9
[INFO] [stdout]    3:     0x6061c8b31e7a - <std::sys::backtrace::BacktraceLock::print::DisplayBacktrace as core::fmt::Display>::fmt::h71a62eb3b9696b12
[INFO] [stdout]                                at /rustc/6067b36314ab5eb2eb47cecc464545ba58e1ad24/library/std/src/sys/backtrace.rs:39:26
[INFO] [stdout]    4:     0x6061c8b5ae73 - core::fmt::rt::Argument::fmt::hdb6b616786b41dc1
[INFO] [stdout]                                at /rustc/6067b36314ab5eb2eb47cecc464545ba58e1ad24/library/core/src/fmt/rt.rs:177:76
[INFO] [stdout]    5:     0x6061c8b5ae73 - core::fmt::write::h2cc1698af7e2d686
[INFO] [stdout]                                at /rustc/6067b36314ab5eb2eb47cecc464545ba58e1ad24/library/core/src/fmt/mod.rs:1440:21
[INFO] [stdout]    6:     0x6061c8b2e763 - std::io::Write::write_fmt::hab1b4cd059a79022
[INFO] [stdout]                                at /rustc/6067b36314ab5eb2eb47cecc464545ba58e1ad24/library/std/src/io/mod.rs:1887:15
[INFO] [stdout]    7:     0x6061c8b31cc2 - std::sys::backtrace::BacktraceLock::print::h147fe35b4ea13b08
[INFO] [stdout]                                at /rustc/6067b36314ab5eb2eb47cecc464545ba58e1ad24/library/std/src/sys/backtrace.rs:42:9
[INFO] [stdout]    8:     0x6061c8b3329f - std::panicking::default_hook::{{closure}}::hbd44223dbdc0d208
[INFO] [stdout]                                at /rustc/6067b36314ab5eb2eb47cecc464545ba58e1ad24/library/std/src/panicking.rs:298:22
[INFO] [stdout]    9:     0x6061c8b330b8 - std::panicking::default_hook::h20f81eb0576efcec
[INFO] [stdout]                                at /rustc/6067b36314ab5eb2eb47cecc464545ba58e1ad24/library/std/src/panicking.rs:322:9
[INFO] [stdout]   10:     0x6061c8aeb153 - <alloc::boxed::Box<F,A> as core::ops::function::Fn<Args>>::call::hdb53814c496a4d34
[INFO] [stdout]                                at /rustc/6067b36314ab5eb2eb47cecc464545ba58e1ad24/library/alloc/src/boxed.rs:2027:9
[INFO] [stdout]   11:     0x6061c8aeb153 - test::test_main::{{closure}}::hc0a4963c59427c24
[INFO] [stdout]                                at /rustc/6067b36314ab5eb2eb47cecc464545ba58e1ad24/library/test/src/lib.rs:134:21
[INFO] [stdout]   12:     0x6061c8b33d93 - <alloc::boxed::Box<F,A> as core::ops::function::Fn<Args>>::call::h591b2225413a77e9
[INFO] [stdout]                                at /rustc/6067b36314ab5eb2eb47cecc464545ba58e1ad24/library/alloc/src/boxed.rs:2027:9
[INFO] [stdout]   13:     0x6061c8b33d93 - std::panicking::rust_panic_with_hook::h625eea43051b2edc
[INFO] [stdout]                                at /rustc/6067b36314ab5eb2eb47cecc464545ba58e1ad24/library/std/src/panicking.rs:839:13
[INFO] [stdout]   14:     0x6061c8b33a16 - std::panicking::begin_panic_handler::{{closure}}::h4f9159cfbc3f6bd3
[INFO] [stdout]                                at /rustc/6067b36314ab5eb2eb47cecc464545ba58e1ad24/library/std/src/panicking.rs:697:13
[INFO] [stdout]   15:     0x6061c8b32379 - std::sys::backtrace::__rust_end_short_backtrace::h0390abce48353151
[INFO] [stdout]                                at /rustc/6067b36314ab5eb2eb47cecc464545ba58e1ad24/library/std/src/sys/backtrace.rs:168:18
[INFO] [stdout]   16:     0x6061c8b336dd - rust_begin_unwind
[INFO] [stdout]                                at /rustc/6067b36314ab5eb2eb47cecc464545ba58e1ad24/library/std/src/panicking.rs:695:5
[INFO] [stdout]   17:     0x6061c8b58aa0 - core::panicking::panic_fmt::h9e7c637e9e5f29c9
[INFO] [stdout]                                at /rustc/6067b36314ab5eb2eb47cecc464545ba58e1ad24/library/core/src/panicking.rs:75:14
[INFO] [stdout]   18:     0x6061c8b58b2c - core::panicking::panic::haa3255ea20181a33
[INFO] [stdout]                                at /rustc/6067b36314ab5eb2eb47cecc464545ba58e1ad24/library/core/src/panicking.rs:145:5
[INFO] [stdout]   19:     0x6061c8a64203 - graphics_backend_test::util::irect2::tests::test_overlaps_corner_cases::h2756d4ef6c33d670
[INFO] [stdout]                                at /opt/rustwide/workdir/src/util/irect2.rs:92:9
[INFO] [stdout]   20:     0x6061c8a64177 - graphics_backend_test::util::irect2::tests::test_overlaps_corner_cases::{{closure}}::h4578dfa103ea6a97
[INFO] [stdout]                                at /opt/rustwide/workdir/src/util/irect2.rs:89:36
[INFO] [stdout]   21:     0x6061c8a68516 - core::ops::function::FnOnce::call_once::he297b25a03ab8a0f
[INFO] [stdout]                                at /rustc/6067b36314ab5eb2eb47cecc464545ba58e1ad24/library/core/src/ops/function.rs:250:5
[INFO] [stdout]   22:     0x6061c8af08ab - core::ops::function::FnOnce::call_once::he27718dfdd183f43
[INFO] [stdout]                                at /rustc/6067b36314ab5eb2eb47cecc464545ba58e1ad24/library/core/src/ops/function.rs:250:5
[INFO] [stdout]   23:     0x6061c8af08ab - test::__rust_begin_short_backtrace::h4e84902998457a5d
[INFO] [stdout]                                at /rustc/6067b36314ab5eb2eb47cecc464545ba58e1ad24/library/test/src/lib.rs:632:18
[INFO] [stdout]   24:     0x6061c8aef7e3 - test::run_test_in_process::{{closure}}::h7176fd18fc1feca0
[INFO] [stdout]                                at /rustc/6067b36314ab5eb2eb47cecc464545ba58e1ad24/library/test/src/lib.rs:655:60
[INFO] [stdout]   25:     0x6061c8aef7e3 - <core::panic::unwind_safe::AssertUnwindSafe<F> as core::ops::function::FnOnce<()>>::call_once::hf79cff2a624d8cf7
[INFO] [stdout]                                at /rustc/6067b36314ab5eb2eb47cecc464545ba58e1ad24/library/core/src/panic/unwind_safe.rs:272:9
[INFO] [stdout]   26:     0x6061c8aef7e3 - std::panicking::try::do_call::h3da0561d9ab99c25
[INFO] [stdout]                                at /rustc/6067b36314ab5eb2eb47cecc464545ba58e1ad24/library/std/src/panicking.rs:587:40
[INFO] [stdout]   27:     0x6061c8aef7e3 - std::panicking::try::h41c9fa508bc61df6
[INFO] [stdout]                                at /rustc/6067b36314ab5eb2eb47cecc464545ba58e1ad24/library/std/src/panicking.rs:550:19
[INFO] [stdout]   28:     0x6061c8aef7e3 - std::panic::catch_unwind::h6b3ff07bb5afad93
[INFO] [stdout]                                at /rustc/6067b36314ab5eb2eb47cecc464545ba58e1ad24/library/std/src/panic.rs:358:14
[INFO] [stdout]   29:     0x6061c8aef7e3 - test::run_test_in_process::hc7253dd11b39b9f4
[INFO] [stdout]                                at /rustc/6067b36314ab5eb2eb47cecc464545ba58e1ad24/library/test/src/lib.rs:655:27
[INFO] [stdout]   30:     0x6061c8aef7e3 - test::run_test::{{closure}}::hfb2007f8649c30bb
[INFO] [stdout]                                at /rustc/6067b36314ab5eb2eb47cecc464545ba58e1ad24/library/test/src/lib.rs:576:43
[INFO] [stdout]   31:     0x6061c8ab28c5 - test::run_test::{{closure}}::h56a17aa7a282a9f4
[INFO] [stdout]                                at /rustc/6067b36314ab5eb2eb47cecc464545ba58e1ad24/library/test/src/lib.rs:606:41
[INFO] [stdout]   32:     0x6061c8ab28c5 - std::sys::backtrace::__rust_begin_short_backtrace::hd2d2d2fb8e8c6aac
[INFO] [stdout]                                at /rustc/6067b36314ab5eb2eb47cecc464545ba58e1ad24/library/std/src/sys/backtrace.rs:152:18
[INFO] [stdout]   33:     0x6061c8ab61aa - std::thread::Builder::spawn_unchecked_::{{closure}}::{{closure}}::h4faa3f9db6133423
[INFO] [stdout]                                at /rustc/6067b36314ab5eb2eb47cecc464545ba58e1ad24/library/std/src/thread/mod.rs:559:17
[INFO] [stdout]   34:     0x6061c8ab61aa - <core::panic::unwind_safe::AssertUnwindSafe<F> as core::ops::function::FnOnce<()>>::call_once::hf2e855a36a4ea846
[INFO] [stdout]                                at /rustc/6067b36314ab5eb2eb47cecc464545ba58e1ad24/library/core/src/panic/unwind_safe.rs:272:9
[INFO] [stdout]   35:     0x6061c8ab61aa - std::panicking::try::do_call::h2f73af3616c35465
[INFO] [stdout]                                at /rustc/6067b36314ab5eb2eb47cecc464545ba58e1ad24/library/std/src/panicking.rs:587:40
[INFO] [stdout]   36:     0x6061c8ab61aa - std::panicking::try::hd1660ce9efadef5a
[INFO] [stdout]                                at /rustc/6067b36314ab5eb2eb47cecc464545ba58e1ad24/library/std/src/panicking.rs:550:19
[INFO] [stdout]   37:     0x6061c8ab61aa - std::panic::catch_unwind::h5ee8d7823b8ca744
[INFO] [stdout]                                at /rustc/6067b36314ab5eb2eb47cecc464545ba58e1ad24/library/std/src/panic.rs:358:14
[INFO] [stdout]   38:     0x6061c8ab61aa - std::thread::Builder::spawn_unchecked_::{{closure}}::h53c3a1894dce8407
[INFO] [stdout]                                at /rustc/6067b36314ab5eb2eb47cecc464545ba58e1ad24/library/std/src/thread/mod.rs:557:30
[INFO] [stdout]   39:     0x6061c8ab61aa - core::ops::function::FnOnce::call_once{{vtable.shim}}::h048ce291ad4f62bf
[INFO] [stdout]                                at /rustc/6067b36314ab5eb2eb47cecc464545ba58e1ad24/library/core/src/ops/function.rs:250:5
[INFO] [stdout]   40:     0x6061c8b3823b - <alloc::boxed::Box<F,A> as core::ops::function::FnOnce<Args>>::call_once::ha52bedf99a3b4981
[INFO] [stdout]                                at /rustc/6067b36314ab5eb2eb47cecc464545ba58e1ad24/library/alloc/src/boxed.rs:2013:9
[INFO] [stdout]   41:     0x6061c8b3823b - <alloc::boxed::Box<F,A> as core::ops::function::FnOnce<Args>>::call_once::h567748934d80ccf8
[INFO] [stdout]                                at /rustc/6067b36314ab5eb2eb47cecc464545ba58e1ad24/library/alloc/src/boxed.rs:2013:9
[INFO] [stdout]   42:     0x6061c8b3823b - std::sys::pal::unix::thread::Thread::new::thread_start::h2d970728ae887adc
[INFO] [stdout]                                at /rustc/6067b36314ab5eb2eb47cecc464545ba58e1ad24/library/std/src/sys/pal/unix/thread.rs:106:17
[INFO] [stdout]   43:     0x73a966411ac3 - <unknown>
[INFO] [stdout]   44:     0x73a9664a2a04 - clone
[INFO] [stdout]   45:                0x0 - <unknown>
[INFO] [stdout] 
[INFO] [stdout] ---- util::texture::test_save stdout ----
[INFO] [stdout] 
[INFO] [stdout] thread 'util::texture::test_save' panicked at src/util/texture.rs:35:39:
[INFO] [stdout] called `Result::unwrap()` on an `Err` value: Os { code: 30, kind: ReadOnlyFilesystem, message: "Read-only file system" }
[INFO] [stdout] stack backtrace:
[INFO] [stdout]    0:     0x6061c8b31e7a - std::backtrace_rs::backtrace::libunwind::trace::hb059275cfc8d6126
[INFO] [stdout]                                at /rustc/6067b36314ab5eb2eb47cecc464545ba58e1ad24/library/std/src/../../backtrace/src/backtrace/libunwind.rs:116:5
[INFO] [stdout]    1:     0x6061c8b31e7a - std::backtrace_rs::backtrace::trace_unsynchronized::h2da071e4327ce3ee
[INFO] [stdout]                                at /rustc/6067b36314ab5eb2eb47cecc464545ba58e1ad24/library/std/src/../../backtrace/src/backtrace/mod.rs:66:5
[INFO] [stdout]    2:     0x6061c8b31e7a - std::sys::backtrace::_print_fmt::h842a1474e6f8d23f
[INFO] [stdout]                                at /rustc/6067b36314ab5eb2eb47cecc464545ba58e1ad24/library/std/src/sys/backtrace.rs:66:9
[INFO] [stdout]    3:     0x6061c8b31e7a - <std::sys::backtrace::BacktraceLock::print::DisplayBacktrace as core::fmt::Display>::fmt::h71a62eb3b9696b12
[INFO] [stdout]                                at /rustc/6067b36314ab5eb2eb47cecc464545ba58e1ad24/library/std/src/sys/backtrace.rs:39:26
[INFO] [stdout]    4:     0x6061c8b5ae73 - core::fmt::rt::Argument::fmt::hdb6b616786b41dc1
[INFO] [stdout]                                at /rustc/6067b36314ab5eb2eb47cecc464545ba58e1ad24/library/core/src/fmt/rt.rs:177:76
[INFO] [stdout]    5:     0x6061c8b5ae73 - core::fmt::write::h2cc1698af7e2d686
[INFO] [stdout]                                at /rustc/6067b36314ab5eb2eb47cecc464545ba58e1ad24/library/core/src/fmt/mod.rs:1440:21
[INFO] [stdout]    6:     0x6061c8b2e763 - std::io::Write::write_fmt::hab1b4cd059a79022
[INFO] [stdout]                                at /rustc/6067b36314ab5eb2eb47cecc464545ba58e1ad24/library/std/src/io/mod.rs:1887:15
[INFO] [stdout]    7:     0x6061c8b31cc2 - std::sys::backtrace::BacktraceLock::print::h147fe35b4ea13b08
[INFO] [stdout]                                at /rustc/6067b36314ab5eb2eb47cecc464545ba58e1ad24/library/std/src/sys/backtrace.rs:42:9
[INFO] [stdout]    8:     0x6061c8b3329f - std::panicking::default_hook::{{closure}}::hbd44223dbdc0d208
[INFO] [stdout]                                at /rustc/6067b36314ab5eb2eb47cecc464545ba58e1ad24/library/std/src/panicking.rs:298:22
[INFO] [stdout]    9:     0x6061c8b330b8 - std::panicking::default_hook::h20f81eb0576efcec
[INFO] [stdout]                                at /rustc/6067b36314ab5eb2eb47cecc464545ba58e1ad24/library/std/src/panicking.rs:322:9
[INFO] [stdout]   10:     0x6061c8aeb153 - <alloc::boxed::Box<F,A> as core::ops::function::Fn<Args>>::call::hdb53814c496a4d34
[INFO] [stdout]                                at /rustc/6067b36314ab5eb2eb47cecc464545ba58e1ad24/library/alloc/src/boxed.rs:2027:9
[INFO] [stdout]   11:     0x6061c8aeb153 - test::test_main::{{closure}}::hc0a4963c59427c24
[INFO] [stdout]                                at /rustc/6067b36314ab5eb2eb47cecc464545ba58e1ad24/library/test/src/lib.rs:134:21
[INFO] [stdout]   12:     0x6061c8b33d93 - <alloc::boxed::Box<F,A> as core::ops::function::Fn<Args>>::call::h591b2225413a77e9
[INFO] [stdout]                                at /rustc/6067b36314ab5eb2eb47cecc464545ba58e1ad24/library/alloc/src/boxed.rs:2027:9
[INFO] [stdout]   13:     0x6061c8b33d93 - std::panicking::rust_panic_with_hook::h625eea43051b2edc
[INFO] [stdout]                                at /rustc/6067b36314ab5eb2eb47cecc464545ba58e1ad24/library/std/src/panicking.rs:839:13
[INFO] [stdout]   14:     0x6061c8b33a4a - std::panicking::begin_panic_handler::{{closure}}::h4f9159cfbc3f6bd3
[INFO] [stdout]                                at /rustc/6067b36314ab5eb2eb47cecc464545ba58e1ad24/library/std/src/panicking.rs:704:13
[INFO] [stdout]   15:     0x6061c8b32379 - std::sys::backtrace::__rust_end_short_backtrace::h0390abce48353151
[INFO] [stdout]                                at /rustc/6067b36314ab5eb2eb47cecc464545ba58e1ad24/library/std/src/sys/backtrace.rs:168:18
[INFO] [stdout]   16:     0x6061c8b336dd - rust_begin_unwind
[INFO] [stdout]                                at /rustc/6067b36314ab5eb2eb47cecc464545ba58e1ad24/library/std/src/panicking.rs:695:5
[INFO] [stdout]   17:     0x6061c8b58aa0 - core::panicking::panic_fmt::h9e7c637e9e5f29c9
[INFO] [stdout]                                at /rustc/6067b36314ab5eb2eb47cecc464545ba58e1ad24/library/core/src/panicking.rs:75:14
[INFO] [stdout]   18:     0x6061c8b58f16 - core::result::unwrap_failed::h7979f09313fe1849
[INFO] [stdout]                                at /rustc/6067b36314ab5eb2eb47cecc464545ba58e1ad24/library/core/src/result.rs:1704:5
[INFO] [stdout]   19:     0x6061c8a6ae29 - core::result::Result<T,E>::unwrap::h1a61eda5138b587c
[INFO] [stdout]                                at /rustc/6067b36314ab5eb2eb47cecc464545ba58e1ad24/library/core/src/result.rs:1109:23
[INFO] [stdout]   20:     0x6061c8a6ae29 - graphics_backend_test::util::texture::Texture<T>::save::h9b8803058a9a745c
[INFO] [stdout]                                at /opt/rustwide/workdir/src/util/texture.rs:35:20
[INFO] [stdout]   21:     0x6061c8a6c7dc - graphics_backend_test::util::texture::test_save::h6284daf955006fa4
[INFO] [stdout]                                at /opt/rustwide/workdir/src/util/texture.rs:124:5
[INFO] [stdout]   22:     0x6061c8a6c717 - graphics_backend_test::util::texture::test_save::{{closure}}::h35a3ca2d58e659fb
[INFO] [stdout]                                at /opt/rustwide/workdir/src/util/texture.rs:120:15
[INFO] [stdout]   23:     0x6061c8a683b6 - core::ops::function::FnOnce::call_once::hadd496b839031fa9
[INFO] [stdout]                                at /rustc/6067b36314ab5eb2eb47cecc464545ba58e1ad24/library/core/src/ops/function.rs:250:5
[INFO] [stdout]   24:     0x6061c8af08ab - core::ops::function::FnOnce::call_once::he27718dfdd183f43
[INFO] [stdout]                                at /rustc/6067b36314ab5eb2eb47cecc464545ba58e1ad24/library/core/src/ops/function.rs:250:5
[INFO] [stdout]   25:     0x6061c8af08ab - test::__rust_begin_short_backtrace::h4e84902998457a5d
[INFO] [stdout]                                at /rustc/6067b36314ab5eb2eb47cecc464545ba58e1ad24/library/test/src/lib.rs:632:18
[INFO] [stdout]   26:     0x6061c8aef7e3 - test::run_test_in_process::{{closure}}::h7176fd18fc1feca0
[INFO] [stdout]                                at /rustc/6067b36314ab5eb2eb47cecc464545ba58e1ad24/library/test/src/lib.rs:655:60
[INFO] [stdout]   27:     0x6061c8aef7e3 - <core::panic::unwind_safe::AssertUnwindSafe<F> as core::ops::function::FnOnce<()>>::call_once::hf79cff2a624d8cf7
[INFO] [stdout]                                at /rustc/6067b36314ab5eb2eb47cecc464545ba58e1ad24/library/core/src/panic/unwind_safe.rs:272:9
[INFO] [stdout]   28:     0x6061c8aef7e3 - std::panicking::try::do_call::h3da0561d9ab99c25
[INFO] [stdout]                                at /rustc/6067b36314ab5eb2eb47cecc464545ba58e1ad24/library/std/src/panicking.rs:587:40
[INFO] [stdout]   29:     0x6061c8aef7e3 - std::panicking::try::h41c9fa508bc61df6
[INFO] [stdout]                                at /rustc/6067b36314ab5eb2eb47cecc464545ba58e1ad24/library/std/src/panicking.rs:550:19
[INFO] [stdout]   30:     0x6061c8aef7e3 - std::panic::catch_unwind::h6b3ff07bb5afad93
[INFO] [stdout]                                at /rustc/6067b36314ab5eb2eb47cecc464545ba58e1ad24/library/std/src/panic.rs:358:14
[INFO] [stdout]   31:     0x6061c8aef7e3 - test::run_test_in_process::hc7253dd11b39b9f4
[INFO] [stdout]                                at /rustc/6067b36314ab5eb2eb47cecc464545ba58e1ad24/library/test/src/lib.rs:655:27
[INFO] [stdout]   32:     0x6061c8aef7e3 - test::run_test::{{closure}}::hfb2007f8649c30bb
[INFO] [stdout]                                at /rustc/6067b36314ab5eb2eb47cecc464545ba58e1ad24/library/test/src/lib.rs:576:43
[INFO] [stdout]   33:     0x6061c8ab28c5 - test::run_test::{{closure}}::h56a17aa7a282a9f4
[INFO] [stdout]                                at /rustc/6067b36314ab5eb2eb47cecc464545ba58e1ad24/library/test/src/lib.rs:606:41
[INFO] [stdout]   34:     0x6061c8ab28c5 - std::sys::backtrace::__rust_begin_short_backtrace::hd2d2d2fb8e8c6aac
[INFO] [stdout]                                at /rustc/6067b36314ab5eb2eb47cecc464545ba58e1ad24/library/std/src/sys/backtrace.rs:152:18
[INFO] [stdout]   35:     0x6061c8ab61aa - std::thread::Builder::spawn_unchecked_::{{closure}}::{{closure}}::h4faa3f9db6133423
[INFO] [stdout]                                at /rustc/6067b36314ab5eb2eb47cecc464545ba58e1ad24/library/std/src/thread/mod.rs:559:17
[INFO] [stdout]   36:     0x6061c8ab61aa - <core::panic::unwind_safe::AssertUnwindSafe<F> as core::ops::function::FnOnce<()>>::call_once::hf2e855a36a4ea846
[INFO] [stdout]                                at /rustc/6067b36314ab5eb2eb47cecc464545ba58e1ad24/library/core/src/panic/unwind_safe.rs:272:9
[INFO] [stdout]   37:     0x6061c8ab61aa - std::panicking::try::do_call::h2f73af3616c35465
[INFO] [stdout]                                at /rustc/6067b36314ab5eb2eb47cecc464545ba58e1ad24/library/std/src/panicking.rs:587:40
[INFO] [stdout]   38:     0x6061c8ab61aa - std::panicking::try::hd1660ce9efadef5a
[INFO] [stdout]                                at /rustc/6067b36314ab5eb2eb47cecc464545ba58e1ad24/library/std/src/panicking.rs:550:19
[INFO] [stdout]   39:     0x6061c8ab61aa - std::panic::catch_unwind::h5ee8d7823b8ca744
[INFO] [stdout]                                at /rustc/6067b36314ab5eb2eb47cecc464545ba58e1ad24/library/std/src/panic.rs:358:14
[INFO] [stdout]   40:     0x6061c8ab61aa - std::thread::Builder::spawn_unchecked_::{{closure}}::h53c3a1894dce8407
[INFO] [stdout]                                at /rustc/6067b36314ab5eb2eb47cecc464545ba58e1ad24/library/std/src/thread/mod.rs:557:30
[INFO] [stdout]   41:     0x6061c8ab61aa - core::ops::function::FnOnce::call_once{{vtable.shim}}::h048ce291ad4f62bf
[INFO] [stdout]                                at /rustc/6067b36314ab5eb2eb47cecc464545ba58e1ad24/library/core/src/ops/function.rs:250:5
[INFO] [stdout]   42:     0x6061c8b3823b - <alloc::boxed::Box<F,A> as core::ops::function::FnOnce<Args>>::call_once::ha52bedf99a3b4981
[INFO] [stdout]                                at /rustc/6067b36314ab5eb2eb47cecc464545ba58e1ad24/library/alloc/src/boxed.rs:2013:9
[INFO] [stdout]   43:     0x6061c8b3823b - <alloc::boxed::Box<F,A> as core::ops::function::FnOnce<Args>>::call_once::h567748934d80ccf8
[INFO] [stdout]                                at /rustc/6067b36314ab5eb2eb47cecc464545ba58e1ad24/library/alloc/src/boxed.rs:2013:9
[INFO] [stdout]   44:     0x6061c8b3823b - std::sys::pal::unix::thread::Thread::new::thread_start::h2d970728ae887adc
[INFO] [stdout]                                at /rustc/6067b36314ab5eb2eb47cecc464545ba58e1ad24/library/std/src/sys/pal/unix/thread.rs:106:17
[INFO] [stdout]   45:     0x73a966411ac3 - <unknown>
[INFO] [stdout]   46:     0x73a9664a2a04 - clone
[INFO] [stdout]   47:                0x0 - <unknown>
[INFO] [stdout] 
[INFO] [stdout] ---- util::distance_field_generation::test_sdf stdout ----
[INFO] [stdout] 
[INFO] [stdout] thread 'util::distance_field_generation::test_sdf' panicked at src/util/texture.rs:35:39:
[INFO] [stdout] called `Result::unwrap()` on an `Err` value: Os { code: 30, kind: ReadOnlyFilesystem, message: "Read-only file system" }
[INFO] [stdout] stack backtrace:
[INFO] [stdout]    0:     0x6061c8b31e7a - std::backtrace_rs::backtrace::libunwind::trace::hb059275cfc8d6126
[INFO] [stdout]                                at /rustc/6067b36314ab5eb2eb47cecc464545ba58e1ad24/library/std/src/../../backtrace/src/backtrace/libunwind.rs:116:5
[INFO] [stdout]    1:     0x6061c8b31e7a - std::backtrace_rs::backtrace::trace_unsynchronized::h2da071e4327ce3ee
[INFO] [stdout]                                at /rustc/6067b36314ab5eb2eb47cecc464545ba58e1ad24/library/std/src/../../backtrace/src/backtrace/mod.rs:66:5
[INFO] [stdout]    2:     0x6061c8b31e7a - std::sys::backtrace::_print_fmt::h842a1474e6f8d23f
[INFO] [stdout]                                at /rustc/6067b36314ab5eb2eb47cecc464545ba58e1ad24/library/std/src/sys/backtrace.rs:66:9
[INFO] [stdout]    3:     0x6061c8b31e7a - <std::sys::backtrace::BacktraceLock::print::DisplayBacktrace as core::fmt::Display>::fmt::h71a62eb3b9696b12
[INFO] [stdout]                                at /rustc/6067b36314ab5eb2eb47cecc464545ba58e1ad24/library/std/src/sys/backtrace.rs:39:26
[INFO] [stdout]    4:     0x6061c8b5ae73 - core::fmt::rt::Argument::fmt::hdb6b616786b41dc1
[INFO] [stdout]                                at /rustc/6067b36314ab5eb2eb47cecc464545ba58e1ad24/library/core/src/fmt/rt.rs:177:76
[INFO] [stdout]    5:     0x6061c8b5ae73 - core::fmt::write::h2cc1698af7e2d686
[INFO] [stdout]                                at /rustc/6067b36314ab5eb2eb47cecc464545ba58e1ad24/library/core/src/fmt/mod.rs:1440:21
[INFO] [stdout]    6:     0x6061c8b2e763 - std::io::Write::write_fmt::hab1b4cd059a79022
[INFO] [stdout]                                at /rustc/6067b36314ab5eb2eb47cecc464545ba58e1ad24/library/std/src/io/mod.rs:1887:15
[INFO] [stdout]    7:     0x6061c8b31cc2 - std::sys::backtrace::BacktraceLock::print::h147fe35b4ea13b08
[INFO] [stdout]                                at /rustc/6067b36314ab5eb2eb47cecc464545ba58e1ad24/library/std/src/sys/backtrace.rs:42:9
[INFO] [stdout]    8:     0x6061c8b3329f - std::panicking::default_hook::{{closure}}::hbd44223dbdc0d208
[INFO] [stdout]                                at /rustc/6067b36314ab5eb2eb47cecc464545ba58e1ad24/library/std/src/panicking.rs:298:22
[INFO] [stdout]    9:     0x6061c8b330b8 - std::panicking::default_hook::h20f81eb0576efcec
[INFO] [stdout]                                at /rustc/6067b36314ab5eb2eb47cecc464545ba58e1ad24/library/std/src/panicking.rs:322:9
[INFO] [stdout]   10:     0x6061c8aeb153 - <alloc::boxed::Box<F,A> as core::ops::function::Fn<Args>>::call::hdb53814c496a4d34
[INFO] [stdout]                                at /rustc/6067b36314ab5eb2eb47cecc464545ba58e1ad24/library/alloc/src/boxed.rs:2027:9
[INFO] [stdout]   11:     0x6061c8aeb153 - test::test_main::{{closure}}::hc0a4963c59427c24
[INFO] [stdout]                                at /rustc/6067b36314ab5eb2eb47cecc464545ba58e1ad24/library/test/src/lib.rs:134:21
[INFO] [stdout]   12:     0x6061c8b33d93 - <alloc::boxed::Box<F,A> as core::ops::function::Fn<Args>>::call::h591b2225413a77e9
[INFO] [stdout]                                at /rustc/6067b36314ab5eb2eb47cecc464545ba58e1ad24/library/alloc/src/boxed.rs:2027:9
[INFO] [stdout]   13:     0x6061c8b33d93 - std::panicking::rust_panic_with_hook::h625eea43051b2edc
[INFO] [stdout]                                at /rustc/6067b36314ab5eb2eb47cecc464545ba58e1ad24/library/std/src/panicking.rs:839:13
[INFO] [stdout]   14:     0x6061c8b33a4a - std::panicking::begin_panic_handler::{{closure}}::h4f9159cfbc3f6bd3
[INFO] [stdout]                                at /rustc/6067b36314ab5eb2eb47cecc464545ba58e1ad24/library/std/src/panicking.rs:704:13
[INFO] [stdout]   15:     0x6061c8b32379 - std::sys::backtrace::__rust_end_short_backtrace::h0390abce48353151
[INFO] [stdout]                                at /rustc/6067b36314ab5eb2eb47cecc464545ba58e1ad24/library/std/src/sys/backtrace.rs:168:18
[INFO] [stdout]   16:     0x6061c8b336dd - rust_begin_unwind
[INFO] [stdout]                                at /rustc/6067b36314ab5eb2eb47cecc464545ba58e1ad24/library/std/src/panicking.rs:695:5
[INFO] [stdout]   17:     0x6061c8b58aa0 - core::panicking::panic_fmt::h9e7c637e9e5f29c9
[INFO] [stdout]                                at /rustc/6067b36314ab5eb2eb47cecc464545ba58e1ad24/library/core/src/panicking.rs:75:14
[INFO] [stdout]   18:     0x6061c8b58f16 - core::result::unwrap_failed::h7979f09313fe1849
[INFO] [stdout]                                at /rustc/6067b36314ab5eb2eb47cecc464545ba58e1ad24/library/core/src/result.rs:1704:5
[INFO] [stdout]   19:     0x6061c8a6a789 - core::result::Result<T,E>::unwrap::h1a61eda5138b587c
[INFO] [stdout]                                at /rustc/6067b36314ab5eb2eb47cecc464545ba58e1ad24/library/core/src/result.rs:1109:23
[INFO] [stdout]   20:     0x6061c8a6a789 - graphics_backend_test::util::texture::Texture<T>::save::h6aec8a61f43cb9f2
[INFO] [stdout]                                at /opt/rustwide/workdir/src/util/texture.rs:35:20
[INFO] [stdout]   21:     0x6061c8a644e3 - graphics_backend_test::util::distance_field_generation::test_sdf::h7de26acbb2ccee9d
[INFO] [stdout]                                at /opt/rustwide/workdir/src/util/distance_field_generation.rs:105:5
[INFO] [stdout]   22:     0x6061c8a64367 - graphics_backend_test::util::distance_field_generation::test_sdf::{{closure}}::h0b968890d0a1c597
[INFO] [stdout]                                at /opt/rustwide/workdir/src/util/distance_field_generation.rs:92:14
[INFO] [stdout]   23:     0x6061c8a67fc6 - core::ops::function::FnOnce::call_once::h0eca918e334fe846
[INFO] [stdout]                                at /rustc/6067b36314ab5eb2eb47cecc464545ba58e1ad24/library/core/src/ops/function.rs:250:5
[INFO] [stdout]   24:     0x6061c8af08ab - core::ops::function::FnOnce::call_once::he27718dfdd183f43
[INFO] [stdout]                                at /rustc/6067b36314ab5eb2eb47cecc464545ba58e1ad24/library/core/src/ops/function.rs:250:5
[INFO] [stdout]   25:     0x6061c8af08ab - test::__rust_begin_short_backtrace::h4e84902998457a5d
[INFO] [stdout]                                at /rustc/6067b36314ab5eb2eb47cecc464545ba58e1ad24/library/test/src/lib.rs:632:18
[INFO] [stdout]   26:     0x6061c8aef7e3 - test::run_test_in_process::{{closure}}::h7176fd18fc1feca0
[INFO] [stdout]                                at /rustc/6067b36314ab5eb2eb47cecc464545ba58e1ad24/library/test/src/lib.rs:655:60
[INFO] [stdout]   27:     0x6061c8aef7e3 - <core::panic::unwind_safe::AssertUnwindSafe<F> as core::ops::function::FnOnce<()>>::call_once::hf79cff2a624d8cf7
[INFO] [stdout]                                at /rustc/6067b36314ab5eb2eb47cecc464545ba58e1ad24/library/core/src/panic/unwind_safe.rs:272:9
[INFO] [stdout]   28:     0x6061c8aef7e3 - std::panicking::try::do_call::h3da0561d9ab99c25
[INFO] [stdout]                                at /rustc/6067b36314ab5eb2eb47cecc464545ba58e1ad24/library/std/src/panicking.rs:587:40
[INFO] [stdout]   29:     0x6061c8aef7e3 - std::panicking::try::h41c9fa508bc61df6
[INFO] [stdout]                                at /rustc/6067b36314ab5eb2eb47cecc464545ba58e1ad24/library/std/src/panicking.rs:550:19
[INFO] [stdout]   30:     0x6061c8aef7e3 - std::panic::catch_unwind::h6b3ff07bb5afad93
[INFO] [stdout]                                at /rustc/6067b36314ab5eb2eb47cecc464545ba58e1ad24/library/std/src/panic.rs:358:14
[INFO] [stdout]   31:     0x6061c8aef7e3 - test::run_test_in_process::hc7253dd11b39b9f4
[INFO] [stdout]                                at /rustc/6067b36314ab5eb2eb47cecc464545ba58e1ad24/library/test/src/lib.rs:655:27
[INFO] [stdout]   32:     0x6061c8aef7e3 - test::run_test::{{closure}}::hfb2007f8649c30bb
[INFO] [stdout]                                at /rustc/6067b36314ab5eb2eb47cecc464545ba58e1ad24/library/test/src/lib.rs:576:43
[INFO] [stdout]   33:     0x6061c8ab28c5 - test::run_test::{{closure}}::h56a17aa7a282a9f4
[INFO] [stdout]                                at /rustc/6067b36314ab5eb2eb47cecc464545ba58e1ad24/library/test/src/lib.rs:606:41
[INFO] [stdout]   34:     0x6061c8ab28c5 - std::sys::backtrace::__rust_begin_short_backtrace::hd2d2d2fb8e8c6aac
[INFO] [stdout]                                at /rustc/6067b36314ab5eb2eb47cecc464545ba58e1ad24/library/std/src/sys/backtrace.rs:152:18
[INFO] [stdout]   35:     0x6061c8ab61aa - std::thread::Builder::spawn_unchecked_::{{closure}}::{{closure}}::h4faa3f9db6133423
[INFO] [stdout]                                at /rustc/6067b36314ab5eb2eb47cecc464545ba58e1ad24/library/std/src/thread/mod.rs:559:17
[INFO] [stdout]   36:     0x6061c8ab61aa - <core::panic::unwind_safe::AssertUnwindSafe<F> as core::ops::function::FnOnce<()>>::call_once::hf2e855a36a4ea846
[INFO] [stdout]                                at /rustc/6067b36314ab5eb2eb47cecc464545ba58e1ad24/library/core/src/panic/unwind_safe.rs:272:9
[INFO] [stdout]   37:     0x6061c8ab61aa - std::panicking::try::do_call::h2f73af3616c35465
[INFO] [stdout]                                at /rustc/6067b36314ab5eb2eb47cecc464545ba58e1ad24/library/std/src/panicking.rs:587:40
[INFO] [stdout]   38:     0x6061c8ab61aa - std::panicking::try::hd1660ce9efadef5a
[INFO] [stdout]                                at /rustc/6067b36314ab5eb2eb47cecc464545ba58e1ad24/library/std/src/panicking.rs:550:19
[INFO] [stdout]   39:     0x6061c8ab61aa - std::panic::catch_unwind::h5ee8d7823b8ca744
[INFO] [stdout]                                at /rustc/6067b36314ab5eb2eb47cecc464545ba58e1ad24/library/std/src/panic.rs:358:14
[INFO] [stdout]   40:     0x6061c8ab61aa - std::thread::Builder::spawn_unchecked_::{{closure}}::h53c3a1894dce8407
[INFO] [stdout]                                at /rustc/6067b36314ab5eb2eb47cecc464545ba58e1ad24/library/std/src/thread/mod.rs:557:30
[INFO] [stdout]   41:     0x6061c8ab61aa - core::ops::function::FnOnce::call_once{{vtable.shim}}::h048ce291ad4f62bf
[INFO] [stdout]                                at /rustc/6067b36314ab5eb2eb47cecc464545ba58e1ad24/library/core/src/ops/function.rs:250:5
[INFO] [stdout]   42:     0x6061c8b3823b - <alloc::boxed::Box<F,A> as core::ops::function::FnOnce<Args>>::call_once::ha52bedf99a3b4981
[INFO] [stdout]                                at /rustc/6067b36314ab5eb2eb47cecc464545ba58e1ad24/library/alloc/src/boxed.rs:2013:9
[INFO] [stdout]   43:     0x6061c8b3823b - <alloc::boxed::Box<F,A> as core::ops::function::FnOnce<Args>>::call_once::h567748934d80ccf8
[INFO] [stdout]                                at /rustc/6067b36314ab5eb2eb47cecc464545ba58e1ad24/library/alloc/src/boxed.rs:2013:9
[INFO] [stdout]   44:     0x6061c8b3823b - std::sys::pal::unix::thread::Thread::new::thread_start::h2d970728ae887adc
[INFO] [stdout]                                at /rustc/6067b36314ab5eb2eb47cecc464545ba58e1ad24/library/std/src/sys/pal/unix/thread.rs:106:17
[INFO] [stdout]   45:     0x73a966411ac3 - <unknown>
[INFO] [stdout]   46:     0x73a9664a2a04 - clone
[INFO] [stdout]   47:                0x0 - <unknown>
[INFO] [stdout] 
[INFO] [stdout] 
[INFO] [stdout] failures:
[INFO] [stdout]     util::distance_field_generation::test_sdf
[INFO] [stdout]     util::irect2::tests::test_overlaps_corner_cases
[INFO] [stdout]     util::irect2::tests::test_overlaps_touching_edges
[INFO] [stdout]     util::texture::test_save
[INFO] [stdout] 
[INFO] [stdout] test result: FAILED. 10 passed; 4 failed; 0 ignored; 0 measured; 0 filtered out; finished in 0.07s
[INFO] [stdout] 
[INFO] running `Command { std: "docker" "inspect" "928915e1739a6cee7449d0ec9f11a29c376c643953b71d41c59a7bebf81dab02", kill_on_drop: false }`
[INFO] running `Command { std: "docker" "rm" "-f" "928915e1739a6cee7449d0ec9f11a29c376c643953b71d41c59a7bebf81dab02", kill_on_drop: false }`
[INFO] [stdout] 928915e1739a6cee7449d0ec9f11a29c376c643953b71d41c59a7bebf81dab02
