[INFO] cloning repository https://github.com/TheNeikos/csidh
[INFO] running `Command { std: "git" "-c" "credential.helper=" "-c" "credential.helper=/workspace/cargo-home/bin/git-credential-null" "clone" "--bare" "https://github.com/TheNeikos/csidh" "/workspace/cache/git-repos/https%3A%2F%2Fgithub.com%2FTheNeikos%2Fcsidh", kill_on_drop: false }`
[INFO] [stderr] Cloning into bare repository '/workspace/cache/git-repos/https%3A%2F%2Fgithub.com%2FTheNeikos%2Fcsidh'...
[INFO] running `Command { std: "git" "rev-parse" "HEAD", kill_on_drop: false }`
[INFO] [stdout] 4292327c7d0efbaed77663cdc032ab90020c0570
[INFO] testing TheNeikos/csidh against nightly-2025-01-18 for randomize-layout-2
[INFO] running `Command { std: "git" "clone" "/workspace/cache/git-repos/https%3A%2F%2Fgithub.com%2FTheNeikos%2Fcsidh" "/workspace/builds/worker-5-tc1/source", kill_on_drop: false }`
[INFO] [stderr] Cloning into '/workspace/builds/worker-5-tc1/source'...
[INFO] [stderr] done.
[INFO] validating manifest of git repo https://github.com/TheNeikos/csidh on toolchain nightly-2025-01-18
[INFO] running `Command { std: CARGO_HOME="/workspace/cargo-home" RUSTUP_HOME="/workspace/rustup-home" "/workspace/cargo-home/bin/cargo" "+nightly-2025-01-18" "metadata" "--manifest-path" "Cargo.toml" "--no-deps", kill_on_drop: false }`
[INFO] started tweaking git repo https://github.com/TheNeikos/csidh
[INFO] finished tweaking git repo https://github.com/TheNeikos/csidh
[INFO] tweaked toml for git repo https://github.com/TheNeikos/csidh written to /workspace/builds/worker-5-tc1/source/Cargo.toml
[INFO] crate git repo https://github.com/TheNeikos/csidh already has a lockfile, it will not be regenerated
[INFO] running `Command { std: CARGO_HOME="/workspace/cargo-home" RUSTUP_HOME="/workspace/rustup-home" "/workspace/cargo-home/bin/cargo" "+nightly-2025-01-18" "fetch" "--manifest-path" "Cargo.toml", kill_on_drop: false }`
[INFO] running `Command { std: "docker" "create" "-v" "/var/lib/crater-agent-workspace/builds/worker-5-tc1/target:/opt/rustwide/target:rw,Z" "-v" "/var/lib/crater-agent-workspace/builds/worker-5-tc1/source:/opt/rustwide/workdir:ro,Z" "-v" "/var/lib/crater-agent-workspace/cargo-home:/opt/rustwide/cargo-home:ro,Z" "-v" "/var/lib/crater-agent-workspace/rustup-home:/opt/rustwide/rustup-home:ro,Z" "-e" "SOURCE_DIR=/opt/rustwide/workdir" "-e" "CARGO_TARGET_DIR=/opt/rustwide/target" "-e" "CARGO_HOME=/opt/rustwide/cargo-home" "-e" "RUSTUP_HOME=/opt/rustwide/rustup-home" "-w" "/opt/rustwide/workdir" "-m" "1610612736" "--user" "0:0" "--network" "none" "ghcr.io/rust-lang/crates-build-env/linux@sha256:819108c5571ea2e421544af4d832f968d213c87fbe3707a016657f43d2f853bc" "/opt/rustwide/cargo-home/bin/cargo" "+nightly-2025-01-18" "metadata" "--no-deps" "--format-version=1", kill_on_drop: false }`
[INFO] [stdout] c8bccd3c04c40acf079480bd324db243fb3834963f359ac155b1b337145bc73a
[INFO] running `Command { std: "docker" "start" "-a" "c8bccd3c04c40acf079480bd324db243fb3834963f359ac155b1b337145bc73a", kill_on_drop: false }`
[INFO] running `Command { std: "docker" "inspect" "c8bccd3c04c40acf079480bd324db243fb3834963f359ac155b1b337145bc73a", kill_on_drop: false }`
[INFO] running `Command { std: "docker" "rm" "-f" "c8bccd3c04c40acf079480bd324db243fb3834963f359ac155b1b337145bc73a", kill_on_drop: false }`
[INFO] [stdout] c8bccd3c04c40acf079480bd324db243fb3834963f359ac155b1b337145bc73a
[INFO] running `Command { std: "docker" "create" "-v" "/var/lib/crater-agent-workspace/builds/worker-5-tc1/target:/opt/rustwide/target:rw,Z" "-v" "/var/lib/crater-agent-workspace/builds/worker-5-tc1/source:/opt/rustwide/workdir:ro,Z" "-v" "/var/lib/crater-agent-workspace/cargo-home:/opt/rustwide/cargo-home:ro,Z" "-v" "/var/lib/crater-agent-workspace/rustup-home:/opt/rustwide/rustup-home:ro,Z" "-e" "SOURCE_DIR=/opt/rustwide/workdir" "-e" "CARGO_TARGET_DIR=/opt/rustwide/target" "-e" "CARGO_INCREMENTAL=0" "-e" "RUST_BACKTRACE=full" "-e" "RUSTFLAGS=--cap-lints=forbid" "-e" "RUSTDOCFLAGS=--cap-lints=forbid" "-e" "CARGO_HOME=/opt/rustwide/cargo-home" "-e" "RUSTUP_HOME=/opt/rustwide/rustup-home" "-w" "/opt/rustwide/workdir" "-m" "1610612736" "--user" "0:0" "--network" "none" "ghcr.io/rust-lang/crates-build-env/linux@sha256:819108c5571ea2e421544af4d832f968d213c87fbe3707a016657f43d2f853bc" "/opt/rustwide/cargo-home/bin/cargo" "+nightly-2025-01-18" "build" "--frozen" "--message-format=json", kill_on_drop: false }`
[INFO] [stdout] ac6085ab91ae95abf1669d584690b738e60a72463b0c0c843294986b9174f528
[INFO] running `Command { std: "docker" "start" "-a" "ac6085ab91ae95abf1669d584690b738e60a72463b0c0c843294986b9174f528", kill_on_drop: false }`
[INFO] [stderr]    Compiling semver-parser v0.7.0
[INFO] [stderr]    Compiling rand_core v0.3.0
[INFO] [stderr]    Compiling libc v0.2.45
[INFO] [stderr]    Compiling byteorder v1.2.7
[INFO] [stderr]    Compiling rand_xorshift v0.1.0
[INFO] [stderr]    Compiling rand_hc v0.1.0
[INFO] [stderr]    Compiling rand_isaac v0.1.1
[INFO] [stderr]    Compiling semver v0.9.0
[INFO] [stderr]    Compiling rustc_version v0.2.3
[INFO] [stderr]    Compiling rand_pcg v0.1.1
[INFO] [stderr]    Compiling rand_chacha v0.1.0
[INFO] [stderr]    Compiling rand v0.6.1
[INFO] [stderr]    Compiling csidh v0.1.0 (/opt/rustwide/workdir)
[INFO] [stdout] warning: associated functions `new` and `parse_bytes` are never used
[INFO] [stdout]   --> src/galois.rs:14:12
[INFO] [stdout]    |
[INFO] [stdout] 13 | impl LargeUint {
[INFO] [stdout]    | -------------- associated functions in this implementation
[INFO] [stdout] 14 |     pub fn new() -> LargeUint {
[INFO] [stdout]    |            ^^^
[INFO] [stdout] ...
[INFO] [stdout] 34 |     pub fn parse_bytes(s: &[u8]) -> LargeUint {
[INFO] [stdout]    |            ^^^^^^^^^^^
[INFO] [stdout]    |
[INFO] [stdout]    = note: `#[warn(dead_code)]` on by default
[INFO] [stdout] 
[INFO] [stdout] 
[INFO] [stdout] warning: associated items `contains` and `recover` are never used
[INFO] [stdout]   --> src/montgomery.rs:18:12
[INFO] [stdout]    |
[INFO] [stdout] 10 | impl Curve {
[INFO] [stdout]    | ---------- associated items in this implementation
[INFO] [stdout] ...
[INFO] [stdout] 18 |     pub fn contains(&self, p: &Point) -> bool {
[INFO] [stdout]    |            ^^^^^^^^
[INFO] [stdout] ...
[INFO] [stdout] 25 |     fn recover(p: &Point, q: &ProjectivePoint, o: &ProjectivePoint) -> Point {
[INFO] [stdout]    |        ^^^^^^^
[INFO] [stdout] 
[INFO] [stdout] 
[INFO] [stdout] warning: associated items `new`, `multiply`, `projectivize`, and `unproject` are never used
[INFO] [stdout]    --> src/montgomery.rs:152:12
[INFO] [stdout]     |
[INFO] [stdout] 151 | impl Point {
[INFO] [stdout]     | ---------- associated items in this implementation
[INFO] [stdout] 152 |     pub fn new(curve: Curve, x: LargeUint, y: LargeUint) -> Point {
[INFO] [stdout]     |            ^^^
[INFO] [stdout] ...
[INFO] [stdout] 161 |     pub fn multiply(&self, k: &LargeUint) -> Point {
[INFO] [stdout]     |            ^^^^^^^^
[INFO] [stdout] ...
[INFO] [stdout] 167 |     fn projectivize(&self) -> ProjectivePoint {
[INFO] [stdout]     |        ^^^^^^^^^^^^
[INFO] [stdout] ...
[INFO] [stdout] 184 |     fn unproject(self) -> Point {
[INFO] [stdout]     |        ^^^^^^^^^
[INFO] [stdout] 
[INFO] [stdout] 
[INFO] [stdout] warning: methods `ladder`, `double`, and `normalize` are never used
[INFO] [stdout]    --> src/montgomery.rs:289:12
[INFO] [stdout]     |
[INFO] [stdout] 204 | impl ProjectivePoint {
[INFO] [stdout]     | -------------------- methods in this implementation
[INFO] [stdout] ...
[INFO] [stdout] 289 |     pub fn ladder(&self, a: &GaloisElement, k: &LargeUint) -> (ProjectivePoint, ProjectivePoint) {
[INFO] [stdout]     |            ^^^^^^
[INFO] [stdout] ...
[INFO] [stdout] 334 |     pub fn double(&self, a: &GaloisElement) -> ProjectivePoint {
[INFO] [stdout]     |            ^^^^^^
[INFO] [stdout] ...
[INFO] [stdout] 353 |     fn normalize(&mut self) {
[INFO] [stdout]     |        ^^^^^^^^^
[INFO] [stdout] 
[INFO] [stdout] 
[INFO] [stdout] warning: unused borrow that must be used
[INFO] [stdout]    --> src/galois.rs:333:9
[INFO] [stdout]     |
[INFO] [stdout] 333 |         &other.inverse();
[INFO] [stdout]     |         ^^^^^^^^^^^^^^^^ the borrow produces a value
[INFO] [stdout]     |
[INFO] [stdout]     = note: `#[warn(unused_must_use)]` on by default
[INFO] [stdout] help: use `let _ = ...` to ignore the resulting value
[INFO] [stdout]     |
[INFO] [stdout] 333 |         let _ = &other.inverse();
[INFO] [stdout]     |         +++++++
[INFO] [stdout] 
[INFO] [stdout] 
[INFO] [stdout] warning: unused import: `std::fs::File`
[INFO] [stdout]  --> src/bin/main.rs:2:5
[INFO] [stdout]   |
[INFO] [stdout] 2 | use std::fs::File;
[INFO] [stdout]   |     ^^^^^^^^^^^^^
[INFO] [stdout]   |
[INFO] [stdout]   = note: `#[warn(unused_imports)]` on by default
[INFO] [stdout] 
[INFO] [stdout] 
[INFO] [stderr]     Finished `dev` profile [unoptimized + debuginfo] target(s) in 3.68s
[INFO] running `Command { std: "docker" "inspect" "ac6085ab91ae95abf1669d584690b738e60a72463b0c0c843294986b9174f528", kill_on_drop: false }`
[INFO] running `Command { std: "docker" "rm" "-f" "ac6085ab91ae95abf1669d584690b738e60a72463b0c0c843294986b9174f528", kill_on_drop: false }`
[INFO] [stdout] ac6085ab91ae95abf1669d584690b738e60a72463b0c0c843294986b9174f528
[INFO] running `Command { std: "docker" "create" "-v" "/var/lib/crater-agent-workspace/builds/worker-5-tc1/target:/opt/rustwide/target:rw,Z" "-v" "/var/lib/crater-agent-workspace/builds/worker-5-tc1/source:/opt/rustwide/workdir:ro,Z" "-v" "/var/lib/crater-agent-workspace/cargo-home:/opt/rustwide/cargo-home:ro,Z" "-v" "/var/lib/crater-agent-workspace/rustup-home:/opt/rustwide/rustup-home:ro,Z" "-e" "SOURCE_DIR=/opt/rustwide/workdir" "-e" "CARGO_TARGET_DIR=/opt/rustwide/target" "-e" "CARGO_INCREMENTAL=0" "-e" "RUST_BACKTRACE=full" "-e" "RUSTFLAGS=--cap-lints=forbid" "-e" "RUSTDOCFLAGS=--cap-lints=forbid" "-e" "CARGO_HOME=/opt/rustwide/cargo-home" "-e" "RUSTUP_HOME=/opt/rustwide/rustup-home" "-w" "/opt/rustwide/workdir" "-m" "1610612736" "--user" "0:0" "--network" "none" "ghcr.io/rust-lang/crates-build-env/linux@sha256:819108c5571ea2e421544af4d832f968d213c87fbe3707a016657f43d2f853bc" "/opt/rustwide/cargo-home/bin/cargo" "+nightly-2025-01-18" "test" "--frozen" "--no-run" "--message-format=json", kill_on_drop: false }`
[INFO] [stdout] cb937a8b2452f9d8f35c48a6cebe61b116a49dbf7898a1235e15b68b8fcbbc8d
[INFO] running `Command { std: "docker" "start" "-a" "cb937a8b2452f9d8f35c48a6cebe61b116a49dbf7898a1235e15b68b8fcbbc8d", kill_on_drop: false }`
[INFO] [stderr]    Compiling csidh v0.1.0 (/opt/rustwide/workdir)
[INFO] [stdout] warning: associated functions `new` and `parse_bytes` are never used
[INFO] [stdout]   --> src/galois.rs:14:12
[INFO] [stdout]    |
[INFO] [stdout] 13 | impl LargeUint {
[INFO] [stdout]    | -------------- associated functions in this implementation
[INFO] [stdout] 14 |     pub fn new() -> LargeUint {
[INFO] [stdout]    |            ^^^
[INFO] [stdout] ...
[INFO] [stdout] 34 |     pub fn parse_bytes(s: &[u8]) -> LargeUint {
[INFO] [stdout]    |            ^^^^^^^^^^^
[INFO] [stdout]    |
[INFO] [stdout]    = note: `#[warn(dead_code)]` on by default
[INFO] [stdout] 
[INFO] [stdout] 
[INFO] [stdout] warning: associated items `contains` and `recover` are never used
[INFO] [stdout]   --> src/montgomery.rs:18:12
[INFO] [stdout]    |
[INFO] [stdout] 10 | impl Curve {
[INFO] [stdout]    | ---------- associated items in this implementation
[INFO] [stdout] ...
[INFO] [stdout] 18 |     pub fn contains(&self, p: &Point) -> bool {
[INFO] [stdout]    |            ^^^^^^^^
[INFO] [stdout] ...
[INFO] [stdout] 25 |     fn recover(p: &Point, q: &ProjectivePoint, o: &ProjectivePoint) -> Point {
[INFO] [stdout]    |        ^^^^^^^
[INFO] [stdout] 
[INFO] [stdout] 
[INFO] [stdout] warning: associated items `new`, `multiply`, `projectivize`, and `unproject` are never used
[INFO] [stdout]    --> src/montgomery.rs:152:12
[INFO] [stdout]     |
[INFO] [stdout] 151 | impl Point {
[INFO] [stdout]     | ---------- associated items in this implementation
[INFO] [stdout] 152 |     pub fn new(curve: Curve, x: LargeUint, y: LargeUint) -> Point {
[INFO] [stdout]     |            ^^^
[INFO] [stdout] ...
[INFO] [stdout] 161 |     pub fn multiply(&self, k: &LargeUint) -> Point {
[INFO] [stdout]     |            ^^^^^^^^
[INFO] [stdout] ...
[INFO] [stdout] 167 |     fn projectivize(&self) -> ProjectivePoint {
[INFO] [stdout]     |        ^^^^^^^^^^^^
[INFO] [stdout] ...
[INFO] [stdout] 184 |     fn unproject(self) -> Point {
[INFO] [stdout]     |        ^^^^^^^^^
[INFO] [stdout] 
[INFO] [stdout] 
[INFO] [stdout] warning: methods `ladder`, `double`, and `normalize` are never used
[INFO] [stdout]    --> src/montgomery.rs:289:12
[INFO] [stdout]     |
[INFO] [stdout] 204 | impl ProjectivePoint {
[INFO] [stdout]     | -------------------- methods in this implementation
[INFO] [stdout] ...
[INFO] [stdout] 289 |     pub fn ladder(&self, a: &GaloisElement, k: &LargeUint) -> (ProjectivePoint, ProjectivePoint) {
[INFO] [stdout]     |            ^^^^^^
[INFO] [stdout] ...
[INFO] [stdout] 334 |     pub fn double(&self, a: &GaloisElement) -> ProjectivePoint {
[INFO] [stdout]     |            ^^^^^^
[INFO] [stdout] ...
[INFO] [stdout] 353 |     fn normalize(&mut self) {
[INFO] [stdout]     |        ^^^^^^^^^
[INFO] [stdout] 
[INFO] [stdout] 
[INFO] [stdout] warning: unused borrow that must be used
[INFO] [stdout]    --> src/galois.rs:333:9
[INFO] [stdout]     |
[INFO] [stdout] 333 |         &other.inverse();
[INFO] [stdout]     |         ^^^^^^^^^^^^^^^^ the borrow produces a value
[INFO] [stdout]     |
[INFO] [stdout]     = note: `#[warn(unused_must_use)]` on by default
[INFO] [stdout] help: use `let _ = ...` to ignore the resulting value
[INFO] [stdout]     |
[INFO] [stdout] 333 |         let _ = &other.inverse();
[INFO] [stdout]     |         +++++++
[INFO] [stdout] 
[INFO] [stdout] 
[INFO] [stdout] warning: unused import: `std::fs::File`
[INFO] [stdout]  --> src/bin/main.rs:2:5
[INFO] [stdout]   |
[INFO] [stdout] 2 | use std::fs::File;
[INFO] [stdout]   |     ^^^^^^^^^^^^^
[INFO] [stdout]   |
[INFO] [stdout]   = note: `#[warn(unused_imports)]` on by default
[INFO] [stdout] 
[INFO] [stdout] 
[INFO] [stdout] warning: unused import: `crate::global`
[INFO] [stdout]    --> src/montgomery.rs:364:9
[INFO] [stdout]     |
[INFO] [stdout] 364 |     use crate::global;
[INFO] [stdout]     |         ^^^^^^^^^^^^^
[INFO] [stdout]     |
[INFO] [stdout]     = note: `#[warn(unused_imports)]` on by default
[INFO] [stdout] 
[INFO] [stdout] 
[INFO] [stdout] warning: unnecessary trailing semicolon
[INFO] [stdout]    --> src/montgomery.rs:429:95
[INFO] [stdout]     |
[INFO] [stdout] 429 |         let proj_other = other_point.projectivize().ladder2(&proj_c, &LargeUint::from_u64(3));;
[INFO] [stdout]     |                                                                                               ^ help: remove this semicolon
[INFO] [stdout]     |
[INFO] [stdout]     = note: `#[warn(redundant_semicolons)]` on by default
[INFO] [stdout] 
[INFO] [stdout] 
[INFO] [stdout] warning: unused borrow that must be used
[INFO] [stdout]    --> src/galois.rs:333:9
[INFO] [stdout]     |
[INFO] [stdout] 333 |         &other.inverse();
[INFO] [stdout]     |         ^^^^^^^^^^^^^^^^ the borrow produces a value
[INFO] [stdout]     |
[INFO] [stdout]     = note: `#[warn(unused_must_use)]` on by default
[INFO] [stdout] help: use `let _ = ...` to ignore the resulting value
[INFO] [stdout]     |
[INFO] [stdout] 333 |         let _ = &other.inverse();
[INFO] [stdout]     |         +++++++
[INFO] [stdout] 
[INFO] [stdout] 
[INFO] [stderr]     Finished `test` profile [unoptimized + debuginfo] target(s) in 0.80s
[INFO] running `Command { std: "docker" "inspect" "cb937a8b2452f9d8f35c48a6cebe61b116a49dbf7898a1235e15b68b8fcbbc8d", kill_on_drop: false }`
[INFO] running `Command { std: "docker" "rm" "-f" "cb937a8b2452f9d8f35c48a6cebe61b116a49dbf7898a1235e15b68b8fcbbc8d", kill_on_drop: false }`
[INFO] [stdout] cb937a8b2452f9d8f35c48a6cebe61b116a49dbf7898a1235e15b68b8fcbbc8d
[INFO] running `Command { std: "docker" "create" "-v" "/var/lib/crater-agent-workspace/builds/worker-5-tc1/target:/opt/rustwide/target:rw,Z" "-v" "/var/lib/crater-agent-workspace/builds/worker-5-tc1/source:/opt/rustwide/workdir:ro,Z" "-v" "/var/lib/crater-agent-workspace/cargo-home:/opt/rustwide/cargo-home:ro,Z" "-v" "/var/lib/crater-agent-workspace/rustup-home:/opt/rustwide/rustup-home:ro,Z" "-e" "SOURCE_DIR=/opt/rustwide/workdir" "-e" "CARGO_TARGET_DIR=/opt/rustwide/target" "-e" "CARGO_INCREMENTAL=0" "-e" "RUST_BACKTRACE=full" "-e" "RUSTFLAGS=--cap-lints=forbid" "-e" "RUSTDOCFLAGS=--cap-lints=forbid" "-e" "CARGO_HOME=/opt/rustwide/cargo-home" "-e" "RUSTUP_HOME=/opt/rustwide/rustup-home" "-w" "/opt/rustwide/workdir" "-m" "1610612736" "--user" "0:0" "--network" "none" "ghcr.io/rust-lang/crates-build-env/linux@sha256:819108c5571ea2e421544af4d832f968d213c87fbe3707a016657f43d2f853bc" "/opt/rustwide/cargo-home/bin/cargo" "+nightly-2025-01-18" "test" "--frozen", kill_on_drop: false }`
[INFO] [stdout] 48b28ae59d6e2cde85f7f047c791a03d6cd48eb3fe45ebacd5ada9a87e257556
[INFO] running `Command { std: "docker" "start" "-a" "48b28ae59d6e2cde85f7f047c791a03d6cd48eb3fe45ebacd5ada9a87e257556", kill_on_drop: false }`
[INFO] [stderr] warning: associated functions `new` and `parse_bytes` are never used
[INFO] [stderr]   --> src/galois.rs:14:12
[INFO] [stderr]    |
[INFO] [stderr] 13 | impl LargeUint {
[INFO] [stderr]    | -------------- associated functions in this implementation
[INFO] [stderr] 14 |     pub fn new() -> LargeUint {
[INFO] [stderr]    |            ^^^
[INFO] [stderr] ...
[INFO] [stderr] 34 |     pub fn parse_bytes(s: &[u8]) -> LargeUint {
[INFO] [stderr]    |            ^^^^^^^^^^^
[INFO] [stderr]    |
[INFO] [stderr]    = note: `#[warn(dead_code)]` on by default
[INFO] [stderr] 
[INFO] [stderr] warning: associated items `contains` and `recover` are never used
[INFO] [stderr]   --> src/montgomery.rs:18:12
[INFO] [stderr]    |
[INFO] [stderr] 10 | impl Curve {
[INFO] [stderr]    | ---------- associated items in this implementation
[INFO] [stderr] ...
[INFO] [stderr] 18 |     pub fn contains(&self, p: &Point) -> bool {
[INFO] [stderr]    |            ^^^^^^^^
[INFO] [stderr] ...
[INFO] [stderr] 25 |     fn recover(p: &Point, q: &ProjectivePoint, o: &ProjectivePoint) -> Point {
[INFO] [stderr]    |        ^^^^^^^
[INFO] [stderr] 
[INFO] [stderr] warning: associated items `new`, `multiply`, `projectivize`, and `unproject` are never used
[INFO] [stderr]    --> src/montgomery.rs:152:12
[INFO] [stderr]     |
[INFO] [stderr] 151 | impl Point {
[INFO] [stderr]     | ---------- associated items in this implementation
[INFO] [stderr] 152 |     pub fn new(curve: Curve, x: LargeUint, y: LargeUint) -> Point {
[INFO] [stderr]     |            ^^^
[INFO] [stderr] ...
[INFO] [stderr] 161 |     pub fn multiply(&self, k: &LargeUint) -> Point {
[INFO] [stderr]     |            ^^^^^^^^
[INFO] [stderr] ...
[INFO] [stderr] 167 |     fn projectivize(&self) -> ProjectivePoint {
[INFO] [stderr]     |        ^^^^^^^^^^^^
[INFO] [stderr] ...
[INFO] [stderr] 184 |     fn unproject(self) -> Point {
[INFO] [stderr]     |        ^^^^^^^^^
[INFO] [stderr] 
[INFO] [stderr] warning: methods `ladder`, `double`, and `normalize` are never used
[INFO] [stderr]    --> src/montgomery.rs:289:12
[INFO] [stderr]     |
[INFO] [stderr] 204 | impl ProjectivePoint {
[INFO] [stderr]     | -------------------- methods in this implementation
[INFO] [stderr] ...
[INFO] [stderr] 289 |     pub fn ladder(&self, a: &GaloisElement, k: &LargeUint) -> (ProjectivePoint, ProjectivePoint) {
[INFO] [stderr]     |            ^^^^^^
[INFO] [stderr] ...
[INFO] [stderr] 334 |     pub fn double(&self, a: &GaloisElement) -> ProjectivePoint {
[INFO] [stderr]     |            ^^^^^^
[INFO] [stderr] ...
[INFO] [stderr] 353 |     fn normalize(&mut self) {
[INFO] [stderr]     |        ^^^^^^^^^
[INFO] [stderr] 
[INFO] [stderr] warning: unused borrow that must be used
[INFO] [stderr]    --> src/galois.rs:333:9
[INFO] [stderr]     |
[INFO] [stderr] 333 |         &other.inverse();
[INFO] [stderr]     |         ^^^^^^^^^^^^^^^^ the borrow produces a value
[INFO] [stderr]     |
[INFO] [stderr]     = note: `#[warn(unused_must_use)]` on by default
[INFO] [stderr] help: use `let _ = ...` to ignore the resulting value
[INFO] [stderr]     |
[INFO] [stderr] 333 |         let _ = &other.inverse();
[INFO] [stderr]     |         +++++++
[INFO] [stderr] 
[INFO] [stderr] warning: unused import: `crate::global`
[INFO] [stderr]    --> src/montgomery.rs:364:9
[INFO] [stderr]     |
[INFO] [stderr] 364 |     use crate::global;
[INFO] [stderr]     |         ^^^^^^^^^^^^^
[INFO] [stderr]     |
[INFO] [stderr]     = note: `#[warn(unused_imports)]` on by default
[INFO] [stderr] 
[INFO] [stderr] warning: unnecessary trailing semicolon
[INFO] [stderr]    --> src/montgomery.rs:429:95
[INFO] [stderr]     |
[INFO] [stderr] 429 |         let proj_other = other_point.projectivize().ladder2(&proj_c, &LargeUint::from_u64(3));;
[INFO] [stderr]     |                                                                                               ^ help: remove this semicolon
[INFO] [stderr]     |
[INFO] [stderr]     = note: `#[warn(redundant_semicolons)]` on by default
[INFO] [stderr] 
[INFO] [stderr] warning: `csidh` (lib) generated 5 warnings
[INFO] [stderr] warning: `csidh` (lib test) generated 3 warnings (1 duplicate) (run `cargo fix --lib -p csidh --tests` to apply 1 suggestion)
[INFO] [stderr] warning: unused import: `std::fs::File`
[INFO] [stderr]  --> src/bin/main.rs:2:5
[INFO] [stderr]   |
[INFO] [stderr] 2 | use std::fs::File;
[INFO] [stderr]   |     ^^^^^^^^^^^^^
[INFO] [stderr]   |
[INFO] [stderr]   = note: `#[warn(unused_imports)]` on by default
[INFO] [stderr] 
[INFO] [stderr] warning: `csidh` (bin "main" test) generated 1 warning (run `cargo fix --bin "main" --tests` to apply 1 suggestion)
[INFO] [stderr]     Finished `test` profile [unoptimized + debuginfo] target(s) in 0.03s
[INFO] [stderr]      Running unittests src/lib.rs (/opt/rustwide/target/debug/deps/csidh-186d6069d356a7b4)
[INFO] [stdout] 
[INFO] [stdout] running 18 tests
[INFO] [stdout] test galois::test::check_add ... ok
[INFO] [stdout] test galois::test::check_add_impl ... ok
[INFO] [stdout] test galois::test::check_bits ... ok
[INFO] [stdout] test galois::test::check_mul ... ok
[INFO] [stdout] test galois::test::check_enc_dec ... ok
[INFO] [stdout] test galois::test::check_mul_impl ... ok
[INFO] [stdout] test galois::test::check_sub_impl ... ok
[INFO] [stdout] test galois::test::check_sub ... ok
[INFO] [stdout] test galois::test::check_parse ... ok
[INFO] [stdout] test global::test::check_bits ... ok
[INFO] [stdout] test galois::test::check_complex_impl ... ok
[INFO] [stdout] test galois::test::check_inv ... ok
[INFO] [stdout] test galois::test::check_div_impl ... ok
[INFO] [stdout] test galois::test::check_pow ... ok
[INFO] [stdout] test galois::test::check_square ... ok
[INFO] [stdout] test montgomery::test::check_ladder2 ... ok
[INFO] [stdout] test montgomery::test::check_isogeny ... FAILED
[INFO] [stdout] test montgomery::test::check_mul ... ok
[INFO] [stdout] 
[INFO] [stdout] failures:
[INFO] [stdout] 
[INFO] [stdout] ---- montgomery::test::check_isogeny stdout ----
[INFO] [stdout] 
[INFO] [stdout] thread 'montgomery::test::check_isogeny' panicked at src/montgomery.rs:437:9:
[INFO] [stdout] assertion failed: Curve::right_side(&proj_c.x, &proj_point.x).is_square()
[INFO] [stdout] stack backtrace:
[INFO] [stdout]    0:     0x6171ff44669a - std::backtrace_rs::backtrace::libunwind::trace::hb059275cfc8d6126
[INFO] [stdout]                                at /rustc/6067b36314ab5eb2eb47cecc464545ba58e1ad24/library/std/src/../../backtrace/src/backtrace/libunwind.rs:116:5
[INFO] [stdout]    1:     0x6171ff44669a - std::backtrace_rs::backtrace::trace_unsynchronized::h2da071e4327ce3ee
[INFO] [stdout]                                at /rustc/6067b36314ab5eb2eb47cecc464545ba58e1ad24/library/std/src/../../backtrace/src/backtrace/mod.rs:66:5
[INFO] [stdout]    2:     0x6171ff44669a - std::sys::backtrace::_print_fmt::h842a1474e6f8d23f
[INFO] [stdout]                                at /rustc/6067b36314ab5eb2eb47cecc464545ba58e1ad24/library/std/src/sys/backtrace.rs:66:9
[INFO] [stdout]    3:     0x6171ff44669a - <std::sys::backtrace::BacktraceLock::print::DisplayBacktrace as core::fmt::Display>::fmt::h71a62eb3b9696b12
[INFO] [stdout]                                at /rustc/6067b36314ab5eb2eb47cecc464545ba58e1ad24/library/std/src/sys/backtrace.rs:39:26
[INFO] [stdout]    4:     0x6171ff46dc03 - core::fmt::rt::Argument::fmt::hdb6b616786b41dc1
[INFO] [stdout]                                at /rustc/6067b36314ab5eb2eb47cecc464545ba58e1ad24/library/core/src/fmt/rt.rs:177:76
[INFO] [stdout]    5:     0x6171ff46dc03 - core::fmt::write::h2cc1698af7e2d686
[INFO] [stdout]                                at /rustc/6067b36314ab5eb2eb47cecc464545ba58e1ad24/library/core/src/fmt/mod.rs:1440:21
[INFO] [stdout]    6:     0x6171ff4431f3 - std::io::Write::write_fmt::hab1b4cd059a79022
[INFO] [stdout]                                at /rustc/6067b36314ab5eb2eb47cecc464545ba58e1ad24/library/std/src/io/mod.rs:1887:15
[INFO] [stdout]    7:     0x6171ff4464e2 - std::sys::backtrace::BacktraceLock::print::h147fe35b4ea13b08
[INFO] [stdout]                                at /rustc/6067b36314ab5eb2eb47cecc464545ba58e1ad24/library/std/src/sys/backtrace.rs:42:9
[INFO] [stdout]    8:     0x6171ff447abf - std::panicking::default_hook::{{closure}}::hbd44223dbdc0d208
[INFO] [stdout]                                at /rustc/6067b36314ab5eb2eb47cecc464545ba58e1ad24/library/std/src/panicking.rs:298:22
[INFO] [stdout]    9:     0x6171ff4478d8 - std::panicking::default_hook::h20f81eb0576efcec
[INFO] [stdout]                                at /rustc/6067b36314ab5eb2eb47cecc464545ba58e1ad24/library/std/src/panicking.rs:322:9
[INFO] [stdout]   10:     0x6171ff4102d3 - <alloc::boxed::Box<F,A> as core::ops::function::Fn<Args>>::call::hdb53814c496a4d34
[INFO] [stdout]                                at /rustc/6067b36314ab5eb2eb47cecc464545ba58e1ad24/library/alloc/src/boxed.rs:2027:9
[INFO] [stdout]   11:     0x6171ff4102d3 - test::test_main::{{closure}}::hc0a4963c59427c24
[INFO] [stdout]                                at /rustc/6067b36314ab5eb2eb47cecc464545ba58e1ad24/library/test/src/lib.rs:134:21
[INFO] [stdout]   12:     0x6171ff4485b3 - <alloc::boxed::Box<F,A> as core::ops::function::Fn<Args>>::call::h591b2225413a77e9
[INFO] [stdout]                                at /rustc/6067b36314ab5eb2eb47cecc464545ba58e1ad24/library/alloc/src/boxed.rs:2027:9
[INFO] [stdout]   13:     0x6171ff4485b3 - std::panicking::rust_panic_with_hook::h625eea43051b2edc
[INFO] [stdout]                                at /rustc/6067b36314ab5eb2eb47cecc464545ba58e1ad24/library/std/src/panicking.rs:839:13
[INFO] [stdout]   14:     0x6171ff448236 - std::panicking::begin_panic_handler::{{closure}}::h4f9159cfbc3f6bd3
[INFO] [stdout]                                at /rustc/6067b36314ab5eb2eb47cecc464545ba58e1ad24/library/std/src/panicking.rs:697:13
[INFO] [stdout]   15:     0x6171ff446b99 - std::sys::backtrace::__rust_end_short_backtrace::h0390abce48353151
[INFO] [stdout]                                at /rustc/6067b36314ab5eb2eb47cecc464545ba58e1ad24/library/std/src/sys/backtrace.rs:168:18
[INFO] [stdout]   16:     0x6171ff447efd - rust_begin_unwind
[INFO] [stdout]                                at /rustc/6067b36314ab5eb2eb47cecc464545ba58e1ad24/library/std/src/panicking.rs:695:5
[INFO] [stdout]   17:     0x6171ff46c6b0 - core::panicking::panic_fmt::h9e7c637e9e5f29c9
[INFO] [stdout]                                at /rustc/6067b36314ab5eb2eb47cecc464545ba58e1ad24/library/core/src/panicking.rs:75:14
[INFO] [stdout]   18:     0x6171ff46c73c - core::panicking::panic::haa3255ea20181a33
[INFO] [stdout]                                at /rustc/6067b36314ab5eb2eb47cecc464545ba58e1ad24/library/core/src/panicking.rs:145:5
[INFO] [stdout]   19:     0x6171ff3d61ba - csidh::montgomery::test::check_isogeny::h2d08e9f9f0250eb8
[INFO] [stdout]                                at /opt/rustwide/workdir/src/montgomery.rs:437:9
[INFO] [stdout]   20:     0x6171ff3d5e67 - csidh::montgomery::test::check_isogeny::{{closure}}::h8843cb03314e25c9
[INFO] [stdout]                                at /opt/rustwide/workdir/src/montgomery.rs:414:23
[INFO] [stdout]   21:     0x6171ff3cc676 - core::ops::function::FnOnce::call_once::hddb7475a34533fdf
[INFO] [stdout]                                at /rustc/6067b36314ab5eb2eb47cecc464545ba58e1ad24/library/core/src/ops/function.rs:250:5
[INFO] [stdout]   22:     0x6171ff415a2b - core::ops::function::FnOnce::call_once::he27718dfdd183f43
[INFO] [stdout]                                at /rustc/6067b36314ab5eb2eb47cecc464545ba58e1ad24/library/core/src/ops/function.rs:250:5
[INFO] [stdout]   23:     0x6171ff415a2b - test::__rust_begin_short_backtrace::h4e84902998457a5d
[INFO] [stdout]                                at /rustc/6067b36314ab5eb2eb47cecc464545ba58e1ad24/library/test/src/lib.rs:632:18
[INFO] [stdout]   24:     0x6171ff414963 - test::run_test_in_process::{{closure}}::h7176fd18fc1feca0
[INFO] [stdout]                                at /rustc/6067b36314ab5eb2eb47cecc464545ba58e1ad24/library/test/src/lib.rs:655:60
[INFO] [stdout]   25:     0x6171ff414963 - <core::panic::unwind_safe::AssertUnwindSafe<F> as core::ops::function::FnOnce<()>>::call_once::hf79cff2a624d8cf7
[INFO] [stdout]                                at /rustc/6067b36314ab5eb2eb47cecc464545ba58e1ad24/library/core/src/panic/unwind_safe.rs:272:9
[INFO] [stdout]   26:     0x6171ff414963 - std::panicking::try::do_call::h3da0561d9ab99c25
[INFO] [stdout]                                at /rustc/6067b36314ab5eb2eb47cecc464545ba58e1ad24/library/std/src/panicking.rs:587:40
[INFO] [stdout]   27:     0x6171ff414963 - std::panicking::try::h41c9fa508bc61df6
[INFO] [stdout]                                at /rustc/6067b36314ab5eb2eb47cecc464545ba58e1ad24/library/std/src/panicking.rs:550:19
[INFO] [stdout]   28:     0x6171ff414963 - std::panic::catch_unwind::h6b3ff07bb5afad93
[INFO] [stdout]                                at /rustc/6067b36314ab5eb2eb47cecc464545ba58e1ad24/library/std/src/panic.rs:358:14
[INFO] [stdout]   29:     0x6171ff414963 - test::run_test_in_process::hc7253dd11b39b9f4
[INFO] [stdout]                                at /rustc/6067b36314ab5eb2eb47cecc464545ba58e1ad24/library/test/src/lib.rs:655:27
[INFO] [stdout]   30:     0x6171ff414963 - test::run_test::{{closure}}::hfb2007f8649c30bb
[INFO] [stdout]                                at /rustc/6067b36314ab5eb2eb47cecc464545ba58e1ad24/library/test/src/lib.rs:576:43
[INFO] [stdout]   31:     0x6171ff3d7a45 - test::run_test::{{closure}}::h56a17aa7a282a9f4
[INFO] [stdout]                                at /rustc/6067b36314ab5eb2eb47cecc464545ba58e1ad24/library/test/src/lib.rs:606:41
[INFO] [stdout]   32:     0x6171ff3d7a45 - std::sys::backtrace::__rust_begin_short_backtrace::hd2d2d2fb8e8c6aac
[INFO] [stdout]                                at /rustc/6067b36314ab5eb2eb47cecc464545ba58e1ad24/library/std/src/sys/backtrace.rs:152:18
[INFO] [stdout]   33:     0x6171ff3db32a - std::thread::Builder::spawn_unchecked_::{{closure}}::{{closure}}::h4faa3f9db6133423
[INFO] [stdout]                                at /rustc/6067b36314ab5eb2eb47cecc464545ba58e1ad24/library/std/src/thread/mod.rs:559:17
[INFO] [stdout]   34:     0x6171ff3db32a - <core::panic::unwind_safe::AssertUnwindSafe<F> as core::ops::function::FnOnce<()>>::call_once::hf2e855a36a4ea846
[INFO] [stdout]                                at /rustc/6067b36314ab5eb2eb47cecc464545ba58e1ad24/library/core/src/panic/unwind_safe.rs:272:9
[INFO] [stdout]   35:     0x6171ff3db32a - std::panicking::try::do_call::h2f73af3616c35465
[INFO] [stdout]                                at /rustc/6067b36314ab5eb2eb47cecc464545ba58e1ad24/library/std/src/panicking.rs:587:40
[INFO] [stdout]   36:     0x6171ff3db32a - std::panicking::try::hd1660ce9efadef5a
[INFO] [stdout]                                at /rustc/6067b36314ab5eb2eb47cecc464545ba58e1ad24/library/std/src/panicking.rs:550:19
[INFO] [stdout]   37:     0x6171ff3db32a - std::panic::catch_unwind::h5ee8d7823b8ca744
[INFO] [stdout]                                at /rustc/6067b36314ab5eb2eb47cecc464545ba58e1ad24/library/std/src/panic.rs:358:14
[INFO] [stdout]   38:     0x6171ff3db32a - std::thread::Builder::spawn_unchecked_::{{closure}}::h53c3a1894dce8407
[INFO] [stdout]                                at /rustc/6067b36314ab5eb2eb47cecc464545ba58e1ad24/library/std/src/thread/mod.rs:557:30
[INFO] [stdout]   39:     0x6171ff3db32a - core::ops::function::FnOnce::call_once{{vtable.shim}}::h048ce291ad4f62bf
[INFO] [stdout]                                at /rustc/6067b36314ab5eb2eb47cecc464545ba58e1ad24/library/core/src/ops/function.rs:250:5
[INFO] [stdout]   40:     0x6171ff44c4eb - <alloc::boxed::Box<F,A> as core::ops::function::FnOnce<Args>>::call_once::ha52bedf99a3b4981
[INFO] [stdout]                                at /rustc/6067b36314ab5eb2eb47cecc464545ba58e1ad24/library/alloc/src/boxed.rs:2013:9
[INFO] [stdout]   41:     0x6171ff44c4eb - <alloc::boxed::Box<F,A> as core::ops::function::FnOnce<Args>>::call_once::h567748934d80ccf8
[INFO] [stdout]                                at /rustc/6067b36314ab5eb2eb47cecc464545ba58e1ad24/library/alloc/src/boxed.rs:2013:9
[INFO] [stdout]   42:     0x6171ff44c4eb - std::sys::pal::unix::thread::Thread::new::thread_start::h2d970728ae887adc
[INFO] [stdout]                                at /rustc/6067b36314ab5eb2eb47cecc464545ba58e1ad24/library/std/src/sys/pal/unix/thread.rs:106:17
[INFO] [stdout]   43:     0x7d8952bacac3 - <unknown>
[INFO] [stdout]   44:     0x7d8952c3da04 - clone
[INFO] [stdout]   45:                0x0 - <unknown>
[INFO] [stdout] 
[INFO] [stdout] 
[INFO] [stdout] failures:
[INFO] [stdout]     montgomery::test::check_isogeny
[INFO] [stdout] 
[INFO] [stdout] test result: FAILED. 17 passed; 1 failed; 0 ignored; 0 measured; 0 filtered out; finished in 0.21s
[INFO] [stdout] 
[INFO] [stderr] error: test failed, to rerun pass `--lib`
[INFO] running `Command { std: "docker" "inspect" "48b28ae59d6e2cde85f7f047c791a03d6cd48eb3fe45ebacd5ada9a87e257556", kill_on_drop: false }`
[INFO] running `Command { std: "docker" "rm" "-f" "48b28ae59d6e2cde85f7f047c791a03d6cd48eb3fe45ebacd5ada9a87e257556", kill_on_drop: false }`
[INFO] [stdout] 48b28ae59d6e2cde85f7f047c791a03d6cd48eb3fe45ebacd5ada9a87e257556
