[INFO] cloning repository https://github.com/TeoMatosevic/context-analyzer
[INFO] running `Command { std: "git" "-c" "credential.helper=" "-c" "credential.helper=/workspace/cargo-home/bin/git-credential-null" "clone" "--bare" "https://github.com/TeoMatosevic/context-analyzer" "/workspace/cache/git-repos/https%3A%2F%2Fgithub.com%2FTeoMatosevic%2Fcontext-analyzer", kill_on_drop: false }`
[INFO] [stderr] Cloning into bare repository '/workspace/cache/git-repos/https%3A%2F%2Fgithub.com%2FTeoMatosevic%2Fcontext-analyzer'...
[INFO] running `Command { std: "git" "rev-parse" "HEAD", kill_on_drop: false }`
[INFO] [stdout] fc5926d01429be81b6737c383232456ae0ee5d56
[INFO] testing TeoMatosevic/context-analyzer against nightly-2025-01-18 for randomize-layout-2
[INFO] running `Command { std: "git" "clone" "/workspace/cache/git-repos/https%3A%2F%2Fgithub.com%2FTeoMatosevic%2Fcontext-analyzer" "/workspace/builds/worker-6-tc1/source", kill_on_drop: false }`
[INFO] [stderr] Cloning into '/workspace/builds/worker-6-tc1/source'...
[INFO] [stderr] done.
[INFO] validating manifest of git repo https://github.com/TeoMatosevic/context-analyzer on toolchain nightly-2025-01-18
[INFO] running `Command { std: CARGO_HOME="/workspace/cargo-home" RUSTUP_HOME="/workspace/rustup-home" "/workspace/cargo-home/bin/cargo" "+nightly-2025-01-18" "metadata" "--manifest-path" "Cargo.toml" "--no-deps", kill_on_drop: false }`
[INFO] started tweaking git repo https://github.com/TeoMatosevic/context-analyzer
[INFO] finished tweaking git repo https://github.com/TeoMatosevic/context-analyzer
[INFO] tweaked toml for git repo https://github.com/TeoMatosevic/context-analyzer written to /workspace/builds/worker-6-tc1/source/Cargo.toml
[INFO] crate git repo https://github.com/TeoMatosevic/context-analyzer already has a lockfile, it will not be regenerated
[INFO] running `Command { std: CARGO_HOME="/workspace/cargo-home" RUSTUP_HOME="/workspace/rustup-home" "/workspace/cargo-home/bin/cargo" "+nightly-2025-01-18" "fetch" "--manifest-path" "Cargo.toml", kill_on_drop: false }`
[INFO] [stderr]     Updating crates.io index
[INFO] [stderr]  Downloading crates ...
[INFO] [stderr]   Downloaded dotenv v0.11.0
[INFO] [stderr]   Downloaded syntex_fmt_macros v0.5.0
[INFO] [stderr]   Downloaded scylla-macros v0.4.0
[INFO] [stderr]   Downloaded derive-error-chain v0.11.2
[INFO] [stderr]   Downloaded listenfd v0.3.5
[INFO] [stderr]   Downloaded scylla-cql v0.1.0
[INFO] [stderr]   Downloaded time v0.3.35
[INFO] [stderr]   Downloaded scylla v0.12.0
[INFO] running `Command { std: "docker" "create" "-v" "/var/lib/crater-agent-workspace/builds/worker-6-tc1/target:/opt/rustwide/target:rw,Z" "-v" "/var/lib/crater-agent-workspace/builds/worker-6-tc1/source:/opt/rustwide/workdir:ro,Z" "-v" "/var/lib/crater-agent-workspace/cargo-home:/opt/rustwide/cargo-home:ro,Z" "-v" "/var/lib/crater-agent-workspace/rustup-home:/opt/rustwide/rustup-home:ro,Z" "-e" "SOURCE_DIR=/opt/rustwide/workdir" "-e" "CARGO_TARGET_DIR=/opt/rustwide/target" "-e" "CARGO_HOME=/opt/rustwide/cargo-home" "-e" "RUSTUP_HOME=/opt/rustwide/rustup-home" "-w" "/opt/rustwide/workdir" "-m" "1610612736" "--user" "0:0" "--network" "none" "ghcr.io/rust-lang/crates-build-env/linux@sha256:819108c5571ea2e421544af4d832f968d213c87fbe3707a016657f43d2f853bc" "/opt/rustwide/cargo-home/bin/cargo" "+nightly-2025-01-18" "metadata" "--no-deps" "--format-version=1", kill_on_drop: false }`
[INFO] [stdout] 5ec9d219d7b22b25e64be3032566d9c367040801ca02d3f0bc95dd38d704cc31
[INFO] running `Command { std: "docker" "start" "-a" "5ec9d219d7b22b25e64be3032566d9c367040801ca02d3f0bc95dd38d704cc31", kill_on_drop: false }`
[INFO] running `Command { std: "docker" "inspect" "5ec9d219d7b22b25e64be3032566d9c367040801ca02d3f0bc95dd38d704cc31", kill_on_drop: false }`
[INFO] running `Command { std: "docker" "rm" "-f" "5ec9d219d7b22b25e64be3032566d9c367040801ca02d3f0bc95dd38d704cc31", kill_on_drop: false }`
[INFO] [stdout] 5ec9d219d7b22b25e64be3032566d9c367040801ca02d3f0bc95dd38d704cc31
[INFO] running `Command { std: "docker" "create" "-v" "/var/lib/crater-agent-workspace/builds/worker-6-tc1/target:/opt/rustwide/target:rw,Z" "-v" "/var/lib/crater-agent-workspace/builds/worker-6-tc1/source:/opt/rustwide/workdir:ro,Z" "-v" "/var/lib/crater-agent-workspace/cargo-home:/opt/rustwide/cargo-home:ro,Z" "-v" "/var/lib/crater-agent-workspace/rustup-home:/opt/rustwide/rustup-home:ro,Z" "-e" "SOURCE_DIR=/opt/rustwide/workdir" "-e" "CARGO_TARGET_DIR=/opt/rustwide/target" "-e" "CARGO_INCREMENTAL=0" "-e" "RUST_BACKTRACE=full" "-e" "RUSTFLAGS=--cap-lints=forbid" "-e" "RUSTDOCFLAGS=--cap-lints=forbid" "-e" "CARGO_HOME=/opt/rustwide/cargo-home" "-e" "RUSTUP_HOME=/opt/rustwide/rustup-home" "-w" "/opt/rustwide/workdir" "-m" "1610612736" "--user" "0:0" "--network" "none" "ghcr.io/rust-lang/crates-build-env/linux@sha256:819108c5571ea2e421544af4d832f968d213c87fbe3707a016657f43d2f853bc" "/opt/rustwide/cargo-home/bin/cargo" "+nightly-2025-01-18" "build" "--frozen" "--message-format=json", kill_on_drop: false }`
[INFO] [stdout] aca6e988759ef72ad25c4da69a2790c434c31699d68c5cba067ff4beb8fe01a6
[INFO] running `Command { std: "docker" "start" "-a" "aca6e988759ef72ad25c4da69a2790c434c31699d68c5cba067ff4beb8fe01a6", kill_on_drop: false }`
[INFO] [stderr]    Compiling libc v0.2.153
[INFO] [stderr]    Compiling proc-macro2 v1.0.79
[INFO] [stderr]    Compiling autocfg v1.2.0
[INFO] [stderr]    Compiling log v0.4.21
[INFO] [stderr]    Compiling pin-project-lite v0.2.14
[INFO] [stderr]    Compiling memchr v2.7.2
[INFO] [stderr]    Compiling futures-core v0.3.30
[INFO] [stderr]    Compiling bytes v1.6.0
[INFO] [stderr]    Compiling futures-sink v0.3.30
[INFO] [stderr]    Compiling parking_lot_core v0.9.9
[INFO] [stderr]    Compiling futures-channel v0.3.30
[INFO] [stderr]    Compiling syn v1.0.109
[INFO] [stderr]    Compiling indexmap v2.2.6
[INFO] [stderr]    Compiling tracing-core v0.1.32
[INFO] [stderr]    Compiling lock_api v0.4.11
[INFO] [stderr]    Compiling slab v0.4.9
[INFO] [stderr]    Compiling typenum v1.17.0
[INFO] [stderr]    Compiling pin-utils v0.1.0
[INFO] [stderr]    Compiling quote v1.0.36
[INFO] [stderr]    Compiling futures-io v0.3.30
[INFO] [stderr]    Compiling futures-task v0.3.30
[INFO] [stderr]    Compiling generic-array v0.14.7
[INFO] [stderr]    Compiling regex-syntax v0.8.3
[INFO] [stderr]    Compiling miniz_oxide v0.7.2
[INFO] [stderr]    Compiling syn v2.0.58
[INFO] [stderr]    Compiling http v0.2.12
[INFO] [stderr]    Compiling serde v1.0.197
[INFO] [stderr]    Compiling jobserver v0.1.28
[INFO] [stderr]    Compiling num_cpus v1.16.0
[INFO] [stderr]    Compiling signal-hook-registry v1.4.1
[INFO] [stderr]    Compiling cc v1.0.92
[INFO] [stderr]    Compiling socket2 v0.5.6
[INFO] [stderr]    Compiling parking_lot v0.12.1
[INFO] [stderr]    Compiling mio v0.8.11
[INFO] [stderr]    Compiling getrandom v0.2.14
[INFO] [stderr]    Compiling rand_core v0.6.4
[INFO] [stderr]    Compiling paste v1.0.14
[INFO] [stderr]    Compiling bytestring v1.3.1
[INFO] [stderr]    Compiling proc-macro2 v0.4.30
[INFO] [stderr]    Compiling strsim v0.10.0
[INFO] [stderr]    Compiling aho-corasick v1.1.3
[INFO] [stderr]    Compiling local-waker v0.1.4
[INFO] [stderr]    Compiling winnow v0.5.40
[INFO] [stderr]    Compiling toml_datetime v0.6.5
[INFO] [stderr]    Compiling zstd-sys v2.0.10+zstd.1.5.6
[INFO] [stderr]    Compiling crc32fast v1.4.0
[INFO] [stderr]    Compiling zstd-safe v7.1.0
[INFO] [stderr]    Compiling convert_case v0.4.0
[INFO] [stderr]    Compiling alloc-no-stdlib v2.0.4
[INFO] [stderr]    Compiling lazy_static v1.4.0
[INFO] [stderr]    Compiling ident_case v1.0.1
[INFO] [stderr]    Compiling tinyvec v1.6.0
[INFO] [stderr]    Compiling alloc-stdlib v0.2.2
[INFO] [stderr]    Compiling regex-automata v0.4.6
[INFO] [stderr]    Compiling crypto-common v0.1.6
[INFO] [stderr]    Compiling block-buffer v0.10.4
[INFO] [stderr]    Compiling rand_chacha v0.3.1
[INFO] [stderr]    Compiling darling_core v0.20.8
[INFO] [stderr]    Compiling toml_edit v0.19.15
[INFO] [stderr]    Compiling ahash v0.8.11
[INFO] [stderr]    Compiling num-conv v0.1.0
[INFO] [stderr]    Compiling httparse v1.8.0
[INFO] [stderr]    Compiling powerfmt v0.2.0
[INFO] [stderr]    Compiling time-core v0.1.2
[INFO] [stderr]    Compiling unicode-xid v0.1.0
[INFO] [stderr]    Compiling derive_more v0.99.17
[INFO] [stderr]    Compiling tokio-macros v2.2.0
[INFO] [stderr]    Compiling tokio v1.37.0
[INFO] [stderr]    Compiling tracing-attributes v0.1.27
[INFO] [stderr]    Compiling futures-macro v0.3.30
[INFO] [stderr]    Compiling serde_derive v1.0.197
[INFO] [stderr]    Compiling darling_macro v0.20.8
[INFO] [stderr]    Compiling futures-util v0.3.30
[INFO] [stderr]    Compiling regex v1.10.4
[INFO] [stderr]    Compiling tracing v0.1.40
[INFO] [stderr]    Compiling proc-macro-crate v1.3.1
[INFO] [stderr]    Compiling time-macros v0.2.18
[INFO] [stderr]    Compiling deranged v0.3.11
[INFO] [stderr]    Compiling net2 v0.2.39
[INFO] [stderr]    Compiling actix-service v2.0.2
[INFO] [stderr]    Compiling rand v0.8.5
[INFO] [stderr]    Compiling digest v0.10.7
[INFO] [stderr]    Compiling unicode-normalization v0.1.23
[INFO] [stderr]    Compiling brotli-decompressor v2.5.1
[INFO] [stderr]    Compiling backtrace v0.3.71
[INFO] [stderr]    Compiling actix-utils v3.0.1
[INFO] [stderr]    Compiling form_urlencoded v1.2.1
[INFO] [stderr]    Compiling iovec v0.1.4
[INFO] [stderr]    Compiling num-traits v0.2.18
[INFO] [stderr]    Compiling cookie v0.16.2
[INFO] [stderr]    Compiling instant v0.1.12
[INFO] [stderr]    Compiling unicode-bidi v0.3.15
[INFO] [stderr]    Compiling cpufeatures v0.2.12
[INFO] [stderr]    Compiling bitflags v2.5.0
[INFO] [stderr]    Compiling tokio-util v0.7.10
[INFO] [stderr]    Compiling actix-rt v2.9.0
[INFO] [stderr]    Compiling zerocopy v0.7.32
[INFO] [stderr]    Compiling gimli v0.28.1
[INFO] [stderr]    Compiling serde_json v1.0.115
[INFO] [stderr]    Compiling thiserror v1.0.58
[INFO] [stderr]    Compiling rustversion v1.0.15
[INFO] [stderr]    Compiling async-trait v0.1.79
[INFO] [stderr]    Compiling snap v1.1.1
[INFO] [stderr]    Compiling ryu v1.0.17
[INFO] [stderr]    Compiling twox-hash v1.6.3
[INFO] [stderr]    Compiling h2 v0.3.26
[INFO] [stderr]    Compiling actix-codec v0.5.2
[INFO] [stderr]    Compiling idna v0.5.0
[INFO] [stderr]    Compiling actix-router v0.5.2
[INFO] [stderr]    Compiling sha1 v0.10.6
[INFO] [stderr]    Compiling addr2line v0.21.0
[INFO] [stderr]    Compiling parking_lot_core v0.8.6
[INFO] [stderr]    Compiling brotli v3.5.0
[INFO] [stderr]    Compiling mio v0.6.23
[INFO] [stderr]    Compiling flate2 v1.0.28
[INFO] [stderr]    Compiling time v0.3.35
[INFO] [stderr]    Compiling num_enum_derive v0.6.1
[INFO] [stderr]    Compiling darling v0.20.8
[INFO] [stderr]    Compiling quote v0.6.13
[INFO] [stderr]    Compiling thiserror-impl v1.0.58
[INFO] [stderr]    Compiling local-channel v0.1.5
[INFO] [stderr]    Compiling object v0.32.2
[INFO] [stderr]    Compiling encoding_rs v0.8.34
[INFO] [stderr]    Compiling rustc-demangle v0.1.23
[INFO] [stderr]    Compiling zstd v0.13.1
[INFO] [stderr]    Compiling mime v0.3.17
[INFO] [stderr]    Compiling ucd-util v0.1.10
[INFO] [stderr]    Compiling httpdate v1.0.3
[INFO] [stderr]    Compiling regex v0.2.11
[INFO] [stderr]    Compiling unicode-segmentation v1.11.0
[INFO] [stderr]    Compiling base64 v0.21.7
[INFO] [stderr]    Compiling unicode-xid v0.2.4
[INFO] [stderr]    Compiling language-tags v0.3.2
[INFO] [stderr]    Compiling syntex_fmt_macros v0.5.0
[INFO] [stderr]    Compiling heck v0.3.3
[INFO] [stderr]    Compiling regex-syntax v0.5.6
[INFO] [stderr]    Compiling num_enum v0.6.1
[INFO] [stderr]    Compiling syn v0.14.9
[INFO] [stderr]    Compiling scylla-macros v0.4.0
[INFO] [stderr]    Compiling mio-uds v0.6.8
[INFO] [stderr]    Compiling actix-web-codegen v4.2.2
[INFO] [stderr]    Compiling parking_lot v0.11.2
[INFO] [stderr]    Compiling actix-http v3.6.0
[INFO] [stderr]    Compiling url v2.5.0
[INFO] [stderr]    Compiling serde_urlencoded v0.7.1
[INFO] [stderr]    Compiling lz4_flex v0.11.3
[INFO] [stderr]    Compiling actix-server v2.3.0
[INFO] [stderr]    Compiling futures-executor v0.3.30
[INFO] [stderr]    Compiling actix-macros v0.2.4
[INFO] [stderr]    Compiling thread_local v0.3.6
[INFO] [stderr]    Compiling uuid v1.8.0
[INFO] [stderr]    Compiling threadpool v1.8.1
[INFO] [stderr]    Compiling aho-corasick v0.6.10
[INFO] [stderr]    Compiling iana-time-zone v0.1.60
[INFO] [stderr]    Compiling utf8-ranges v1.0.5
[INFO] [stderr]    Compiling either v1.10.0
[INFO] [stderr]    Compiling bytes v0.5.6
[INFO] [stderr]    Compiling pin-project-lite v0.1.12
[INFO] [stderr]    Compiling chrono v0.4.37
[INFO] [stderr]    Compiling itertools v0.11.0
[INFO] [stderr]    Compiling scylla-cql v0.1.0
[INFO] [stderr]    Compiling tokio v0.2.25
[INFO] [stderr]    Compiling actix-threadpool v0.3.3
[INFO] [stderr]    Compiling actix-web v4.5.1
[INFO] [stderr]    Compiling derive-error-chain v0.11.2
[INFO] [stderr]    Compiling futures v0.3.30
[INFO] [stderr]    Compiling strum_macros v0.23.1
[INFO] [stderr]    Compiling error-chain v0.11.0
[INFO] [stderr]    Compiling actix-macros v0.1.3
[INFO] [stderr]    Compiling rand_pcg v0.3.1
[INFO] [stderr]    Compiling dashmap v5.5.3
[INFO] [stderr]    Compiling arc-swap v1.7.1
[INFO] [stderr]    Compiling strum v0.23.0
[INFO] [stderr]    Compiling histogram v0.6.9
[INFO] [stderr]    Compiling copyless v0.1.5
[INFO] [stderr]    Compiling dotenv v0.11.0
[INFO] [stderr]    Compiling scylla v0.12.0
[INFO] [stderr]    Compiling actix-rt v1.1.1
[INFO] [stderr]    Compiling listenfd v0.3.5
[INFO] [stderr]    Compiling actix-cors v0.7.0
[INFO] [stderr]    Compiling context_analyzer v0.1.0 (/opt/rustwide/workdir)
[INFO] [stderr]     Finished `dev` profile [unoptimized + debuginfo] target(s) in 3m 16s
[INFO] [stderr] warning: the following packages contain code that will be rejected by a future version of Rust: syn v0.14.9
[INFO] [stderr] note: to see what the problems were, use the option `--future-incompat-report`, or run `cargo report future-incompatibilities --id 1`
[INFO] running `Command { std: "docker" "inspect" "aca6e988759ef72ad25c4da69a2790c434c31699d68c5cba067ff4beb8fe01a6", kill_on_drop: false }`
[INFO] running `Command { std: "docker" "rm" "-f" "aca6e988759ef72ad25c4da69a2790c434c31699d68c5cba067ff4beb8fe01a6", kill_on_drop: false }`
[INFO] [stdout] aca6e988759ef72ad25c4da69a2790c434c31699d68c5cba067ff4beb8fe01a6
[INFO] running `Command { std: "docker" "create" "-v" "/var/lib/crater-agent-workspace/builds/worker-6-tc1/target:/opt/rustwide/target:rw,Z" "-v" "/var/lib/crater-agent-workspace/builds/worker-6-tc1/source:/opt/rustwide/workdir:ro,Z" "-v" "/var/lib/crater-agent-workspace/cargo-home:/opt/rustwide/cargo-home:ro,Z" "-v" "/var/lib/crater-agent-workspace/rustup-home:/opt/rustwide/rustup-home:ro,Z" "-e" "SOURCE_DIR=/opt/rustwide/workdir" "-e" "CARGO_TARGET_DIR=/opt/rustwide/target" "-e" "CARGO_INCREMENTAL=0" "-e" "RUST_BACKTRACE=full" "-e" "RUSTFLAGS=--cap-lints=forbid" "-e" "RUSTDOCFLAGS=--cap-lints=forbid" "-e" "CARGO_HOME=/opt/rustwide/cargo-home" "-e" "RUSTUP_HOME=/opt/rustwide/rustup-home" "-w" "/opt/rustwide/workdir" "-m" "1610612736" "--user" "0:0" "--network" "none" "ghcr.io/rust-lang/crates-build-env/linux@sha256:819108c5571ea2e421544af4d832f968d213c87fbe3707a016657f43d2f853bc" "/opt/rustwide/cargo-home/bin/cargo" "+nightly-2025-01-18" "test" "--frozen" "--no-run" "--message-format=json", kill_on_drop: false }`
[INFO] [stdout] 3f23845d5f5d5bc61d8ea28c1b30dd6f3ea9f9d0a53f24701851a90c78202149
[INFO] running `Command { std: "docker" "start" "-a" "3f23845d5f5d5bc61d8ea28c1b30dd6f3ea9f9d0a53f24701851a90c78202149", kill_on_drop: false }`
[INFO] [stderr]    Compiling context_analyzer v0.1.0 (/opt/rustwide/workdir)
[INFO] [stderr]     Finished `test` profile [unoptimized + debuginfo] target(s) in 8.71s
[INFO] [stderr] warning: the following packages contain code that will be rejected by a future version of Rust: syn v0.14.9
[INFO] [stderr] note: to see what the problems were, use the option `--future-incompat-report`, or run `cargo report future-incompatibilities --id 1`
[INFO] running `Command { std: "docker" "inspect" "3f23845d5f5d5bc61d8ea28c1b30dd6f3ea9f9d0a53f24701851a90c78202149", kill_on_drop: false }`
[INFO] running `Command { std: "docker" "rm" "-f" "3f23845d5f5d5bc61d8ea28c1b30dd6f3ea9f9d0a53f24701851a90c78202149", kill_on_drop: false }`
[INFO] [stdout] 3f23845d5f5d5bc61d8ea28c1b30dd6f3ea9f9d0a53f24701851a90c78202149
[INFO] running `Command { std: "docker" "create" "-v" "/var/lib/crater-agent-workspace/builds/worker-6-tc1/target:/opt/rustwide/target:rw,Z" "-v" "/var/lib/crater-agent-workspace/builds/worker-6-tc1/source:/opt/rustwide/workdir:ro,Z" "-v" "/var/lib/crater-agent-workspace/cargo-home:/opt/rustwide/cargo-home:ro,Z" "-v" "/var/lib/crater-agent-workspace/rustup-home:/opt/rustwide/rustup-home:ro,Z" "-e" "SOURCE_DIR=/opt/rustwide/workdir" "-e" "CARGO_TARGET_DIR=/opt/rustwide/target" "-e" "CARGO_INCREMENTAL=0" "-e" "RUST_BACKTRACE=full" "-e" "RUSTFLAGS=--cap-lints=forbid" "-e" "RUSTDOCFLAGS=--cap-lints=forbid" "-e" "CARGO_HOME=/opt/rustwide/cargo-home" "-e" "RUSTUP_HOME=/opt/rustwide/rustup-home" "-w" "/opt/rustwide/workdir" "-m" "1610612736" "--user" "0:0" "--network" "none" "ghcr.io/rust-lang/crates-build-env/linux@sha256:819108c5571ea2e421544af4d832f968d213c87fbe3707a016657f43d2f853bc" "/opt/rustwide/cargo-home/bin/cargo" "+nightly-2025-01-18" "test" "--frozen", kill_on_drop: false }`
[INFO] [stdout] ed2237dd467f376eab624f31495eee0076621459b4a2258eab4473b92622e98a
[INFO] running `Command { std: "docker" "start" "-a" "ed2237dd467f376eab624f31495eee0076621459b4a2258eab4473b92622e98a", kill_on_drop: false }`
[INFO] [stderr]     Finished `test` profile [unoptimized + debuginfo] target(s) in 0.33s
[INFO] [stderr] warning: the following packages contain code that will be rejected by a future version of Rust: syn v0.14.9
[INFO] [stderr] note: to see what the problems were, use the option `--future-incompat-report`, or run `cargo report future-incompatibilities --id 1`
[INFO] [stderr]      Running unittests src/lib.rs (/opt/rustwide/target/debug/deps/context_analyzer-1ef01c9b844844db)
[INFO] [stdout] 
[INFO] [stdout] running 38 tests
[INFO] [stdout] test n_grams::model::tests::test_creating_three_gram_query_params ... ok
[INFO] [stdout] test n_grams::model::tests::test_creating_three_gram_query_params_without_amount ... ok
[INFO] [stdout] test n_grams::three_grams::model::tests::test_creating_three_gram_input ... ok
[INFO] [stdout] test n_grams::model::tests::test_creating_three_gram_query_params_fail ... ok
[INFO] [stdout] test n_grams::solver::model::tests::test_extract_context ... ok
[INFO] [stdout] test n_grams::model::tests::test_creating_two_gram_query_params ... ok
[INFO] [stdout] test n_grams::three_grams::model::tests::test_three_gram_get_input ... ok
[INFO] [stdout] test n_grams::three_grams::model::tests::test_three_gram_get_query_freq ... ok
[INFO] [stdout] test n_grams::three_grams::model::tests::test_three_gram_get_query ... ok
[INFO] [stdout] test n_grams::model::tests::test_creating_two_gram_query_params_fail ... ok
[INFO] [stdout] test n_grams::three_grams::model::tests::test_validate ... ok
[INFO] [stdout] test n_grams::three_grams::model::tests::test_validate_fail_index_duplicate ... ok
[INFO] [stdout] test n_grams::three_grams::model::tests::test_three_gram_get_word ... ok
[INFO] [stdout] test n_grams::three_grams::model::tests::test_creating_three_gram_input_fail ... ok
[INFO] [stdout] test n_grams::three_grams::model::tests::test_three_gram_to_vec ... ok
[INFO] [stdout] test n_grams::three_grams::model::tests::test_three_gram_print ... ok
[INFO] [stdout] test n_grams::solver::tests::test_parse_text_to_sentences ... ok
[INFO] [stdout] test n_grams::three_grams::model::tests::test_validate_fail_index_out_of_bounds ... ok
[INFO] [stdout] test n_grams::two_grams::model::tests::test_two_gram_get_input ... ok
[INFO] [stdout] test n_grams::two_grams::model::tests::test_two_gram_get_query ... ok
[INFO] [stdout] test n_grams::two_grams::model::tests::test_two_gram_get_query_freq ... ok
[INFO] [stdout] test n_grams::two_grams::model::tests::test_two_gram_get_word ... ok
[INFO] [stdout] test n_grams::two_grams::model::tests::test_two_gram_input_from_missing_word1 ... ok
[INFO] [stdout] test n_grams::two_grams::model::tests::test_two_gram_input_from ... ok
[INFO] [stdout] test n_grams::two_grams::model::tests::test_validate ... ok
[INFO] [stdout] test n_grams::two_grams::model::tests::test_validate_fail_index_duplicate ... ok
[INFO] [stdout] test n_grams::two_grams::model::tests::test_two_gram_print ... ok
[INFO] [stdout] test n_grams::two_grams::model::tests::test_two_gram_to_vec ... ok
[INFO] [stdout] test n_grams::two_grams::model::tests::test_validate_fail_index_out_of_bounds ... ok
[INFO] [stdout] test n_grams::vary_n_gram::tests::test_find_freq ... ok
[INFO] [stdout] test n_grams::vary_n_gram::tests::test_find_freq_fail ... ok
[INFO] [stdout] test n_grams::word_freq_pair::tests::test_find ... ok
[INFO] [stdout] test n_grams::word_freq_pair::tests::test_new ... ok
[INFO] [stdout] test tests::test_parse_amount ... ok
[INFO] [stdout] test tests::test_parse_amount_invalid_amount ... ok
[INFO] [stdout] test tests::test_parse_varying_indexes ... ok
[INFO] [stdout] test tests::test_parse_varying_indexes_invalid_index ... ok
[INFO] [stdout] test n_grams::word_freq_pair::tests::test_from ... FAILED
[INFO] [stdout] 
[INFO] [stdout] failures:
[INFO] [stdout] 
[INFO] [stdout] ---- n_grams::word_freq_pair::tests::test_from stdout ----
[INFO] [stdout] 
[INFO] [stdout] thread 'n_grams::word_freq_pair::tests::test_from' panicked at src/n_grams/word_freq_pair.rs:143:36:
[INFO] [stdout] called `Result::unwrap()` on an `Err` value: "Failed to connect to ScyllaDB"
[INFO] [stdout] stack backtrace:
[INFO] [stdout]    0:     0x62c3be70da1a - std::backtrace_rs::backtrace::libunwind::trace::hb059275cfc8d6126
[INFO] [stdout]                                at /rustc/6067b36314ab5eb2eb47cecc464545ba58e1ad24/library/std/src/../../backtrace/src/backtrace/libunwind.rs:116:5
[INFO] [stdout]    1:     0x62c3be70da1a - std::backtrace_rs::backtrace::trace_unsynchronized::h2da071e4327ce3ee
[INFO] [stdout]                                at /rustc/6067b36314ab5eb2eb47cecc464545ba58e1ad24/library/std/src/../../backtrace/src/backtrace/mod.rs:66:5
[INFO] [stdout]    2:     0x62c3be70da1a - std::sys::backtrace::_print_fmt::h842a1474e6f8d23f
[INFO] [stdout]                                at /rustc/6067b36314ab5eb2eb47cecc464545ba58e1ad24/library/std/src/sys/backtrace.rs:66:9
[INFO] [stdout]    3:     0x62c3be70da1a - <std::sys::backtrace::BacktraceLock::print::DisplayBacktrace as core::fmt::Display>::fmt::h71a62eb3b9696b12
[INFO] [stdout]                                at /rustc/6067b36314ab5eb2eb47cecc464545ba58e1ad24/library/std/src/sys/backtrace.rs:39:26
[INFO] [stdout]    4:     0x62c3be73a803 - core::fmt::rt::Argument::fmt::hdb6b616786b41dc1
[INFO] [stdout]                                at /rustc/6067b36314ab5eb2eb47cecc464545ba58e1ad24/library/core/src/fmt/rt.rs:177:76
[INFO] [stdout]    5:     0x62c3be73a803 - core::fmt::write::h2cc1698af7e2d686
[INFO] [stdout]                                at /rustc/6067b36314ab5eb2eb47cecc464545ba58e1ad24/library/core/src/fmt/mod.rs:1440:21
[INFO] [stdout]    6:     0x62c3be7098e3 - std::io::Write::write_fmt::hab1b4cd059a79022
[INFO] [stdout]                                at /rustc/6067b36314ab5eb2eb47cecc464545ba58e1ad24/library/std/src/io/mod.rs:1887:15
[INFO] [stdout]    7:     0x62c3be70d862 - std::sys::backtrace::BacktraceLock::print::h147fe35b4ea13b08
[INFO] [stdout]                                at /rustc/6067b36314ab5eb2eb47cecc464545ba58e1ad24/library/std/src/sys/backtrace.rs:42:9
[INFO] [stdout]    8:     0x62c3be70ee3f - std::panicking::default_hook::{{closure}}::hbd44223dbdc0d208
[INFO] [stdout]                                at /rustc/6067b36314ab5eb2eb47cecc464545ba58e1ad24/library/std/src/panicking.rs:298:22
[INFO] [stdout]    9:     0x62c3be70ec58 - std::panicking::default_hook::h20f81eb0576efcec
[INFO] [stdout]                                at /rustc/6067b36314ab5eb2eb47cecc464545ba58e1ad24/library/std/src/panicking.rs:322:9
[INFO] [stdout]   10:     0x62c3be3d5203 - <alloc::boxed::Box<F,A> as core::ops::function::Fn<Args>>::call::hdb53814c496a4d34
[INFO] [stdout]                                at /rustc/6067b36314ab5eb2eb47cecc464545ba58e1ad24/library/alloc/src/boxed.rs:2027:9
[INFO] [stdout]   11:     0x62c3be3d5203 - test::test_main::{{closure}}::hc0a4963c59427c24
[INFO] [stdout]                                at /rustc/6067b36314ab5eb2eb47cecc464545ba58e1ad24/library/test/src/lib.rs:134:21
[INFO] [stdout]   12:     0x62c3be70f933 - <alloc::boxed::Box<F,A> as core::ops::function::Fn<Args>>::call::h591b2225413a77e9
[INFO] [stdout]                                at /rustc/6067b36314ab5eb2eb47cecc464545ba58e1ad24/library/alloc/src/boxed.rs:2027:9
[INFO] [stdout]   13:     0x62c3be70f933 - std::panicking::rust_panic_with_hook::h625eea43051b2edc
[INFO] [stdout]                                at /rustc/6067b36314ab5eb2eb47cecc464545ba58e1ad24/library/std/src/panicking.rs:839:13
[INFO] [stdout]   14:     0x62c3be70f5ea - std::panicking::begin_panic_handler::{{closure}}::h4f9159cfbc3f6bd3
[INFO] [stdout]                                at /rustc/6067b36314ab5eb2eb47cecc464545ba58e1ad24/library/std/src/panicking.rs:704:13
[INFO] [stdout]   15:     0x62c3be70df19 - std::sys::backtrace::__rust_end_short_backtrace::h0390abce48353151
[INFO] [stdout]                                at /rustc/6067b36314ab5eb2eb47cecc464545ba58e1ad24/library/std/src/sys/backtrace.rs:168:18
[INFO] [stdout]   16:     0x62c3be70f27d - rust_begin_unwind
[INFO] [stdout]                                at /rustc/6067b36314ab5eb2eb47cecc464545ba58e1ad24/library/std/src/panicking.rs:695:5
[INFO] [stdout]   17:     0x62c3be737650 - core::panicking::panic_fmt::h9e7c637e9e5f29c9
[INFO] [stdout]                                at /rustc/6067b36314ab5eb2eb47cecc464545ba58e1ad24/library/core/src/panicking.rs:75:14
[INFO] [stdout]   18:     0x62c3be737b26 - core::result::unwrap_failed::h7979f09313fe1849
[INFO] [stdout]                                at /rustc/6067b36314ab5eb2eb47cecc464545ba58e1ad24/library/core/src/result.rs:1704:5
[INFO] [stdout]   19:     0x62c3be2fcf2d - core::result::Result<T,E>::unwrap::h6e8aa6b5bcf5bc29
[INFO] [stdout]                                at /rustc/6067b36314ab5eb2eb47cecc464545ba58e1ad24/library/core/src/result.rs:1109:23
[INFO] [stdout]   20:     0x62c3be2fcf2d - context_analyzer::n_grams::word_freq_pair::tests::test_from::{{closure}}::he94570d4b63eeb24
[INFO] [stdout]                                at /opt/rustwide/workdir/src/n_grams/word_freq_pair.rs:143:23
[INFO] [stdout]   21:     0x62c3be3966e2 - <core::pin::Pin<P> as core::future::future::Future>::poll::hfda9e4f0fbcf6846
[INFO] [stdout]                                at /rustc/6067b36314ab5eb2eb47cecc464545ba58e1ad24/library/core/src/future/future.rs:124:9
[INFO] [stdout]   22:     0x62c3be39659d - <core::pin::Pin<P> as core::future::future::Future>::poll::h8a14388f80a4a4eb
[INFO] [stdout]                                at /rustc/6067b36314ab5eb2eb47cecc464545ba58e1ad24/library/core/src/future/future.rs:124:9
[INFO] [stdout]   23:     0x62c3be28b40f - tokio::runtime::scheduler::current_thread::CoreGuard::block_on::{{closure}}::{{closure}}::{{closure}}::h04c1878373a2003f
[INFO] [stdout]                                at /opt/rustwide/cargo-home/registry/src/index.crates.io-1949cf8c6b5b557f/tokio-1.37.0/src/runtime/scheduler/current_thread/mod.rs:659:57
[INFO] [stdout]   24:     0x62c3be28b345 - tokio::runtime::coop::with_budget::hb39ff85e6a486fe4
[INFO] [stdout]                                at /opt/rustwide/cargo-home/registry/src/index.crates.io-1949cf8c6b5b557f/tokio-1.37.0/src/runtime/coop.rs:107:5
[INFO] [stdout]   25:     0x62c3be28b345 - tokio::runtime::coop::budget::h7986f2dcd838db1c
[INFO] [stdout]                                at /opt/rustwide/cargo-home/registry/src/index.crates.io-1949cf8c6b5b557f/tokio-1.37.0/src/runtime/coop.rs:73:5
[INFO] [stdout]   26:     0x62c3be28b345 - tokio::runtime::scheduler::current_thread::CoreGuard::block_on::{{closure}}::{{closure}}::h11481d3822934c82
[INFO] [stdout]                                at /opt/rustwide/cargo-home/registry/src/index.crates.io-1949cf8c6b5b557f/tokio-1.37.0/src/runtime/scheduler/current_thread/mod.rs:659:25
[INFO] [stdout]   27:     0x62c3be289e00 - tokio::runtime::scheduler::current_thread::Context::enter::hadf6f8197e961764
[INFO] [stdout]                                at /opt/rustwide/cargo-home/registry/src/index.crates.io-1949cf8c6b5b557f/tokio-1.37.0/src/runtime/scheduler/current_thread/mod.rs:404:19
[INFO] [stdout]   28:     0x62c3be28abae - tokio::runtime::scheduler::current_thread::CoreGuard::block_on::{{closure}}::h410e916b04c42053
[INFO] [stdout]                                at /opt/rustwide/cargo-home/registry/src/index.crates.io-1949cf8c6b5b557f/tokio-1.37.0/src/runtime/scheduler/current_thread/mod.rs:658:36
[INFO] [stdout]   29:     0x62c3be28a924 - tokio::runtime::scheduler::current_thread::CoreGuard::enter::{{closure}}::hd3b8e5c5aea21d69
[INFO] [stdout]                                at /opt/rustwide/cargo-home/registry/src/index.crates.io-1949cf8c6b5b557f/tokio-1.37.0/src/runtime/scheduler/current_thread/mod.rs:737:68
[INFO] [stdout]   30:     0x62c3be2cceab - tokio::runtime::context::scoped::Scoped<T>::set::h7423b74f6050c40b
[INFO] [stdout]                                at /opt/rustwide/cargo-home/registry/src/index.crates.io-1949cf8c6b5b557f/tokio-1.37.0/src/runtime/context/scoped.rs:40:9
[INFO] [stdout]   31:     0x62c3be3461f9 - tokio::runtime::context::set_scheduler::{{closure}}::h3082eb9199fe6a86
[INFO] [stdout]                                at /opt/rustwide/cargo-home/registry/src/index.crates.io-1949cf8c6b5b557f/tokio-1.37.0/src/runtime/context.rs:176:26
[INFO] [stdout]   32:     0x62c3be38d692 - std::thread::local::LocalKey<T>::try_with::h562e5374a4382cdf
[INFO] [stdout]                                at /rustc/6067b36314ab5eb2eb47cecc464545ba58e1ad24/library/std/src/thread/local.rs:308:12
[INFO] [stdout]   33:     0x62c3be38cd6a - std::thread::local::LocalKey<T>::with::hcc58f4bf2966dbf6
[INFO] [stdout]                                at /rustc/6067b36314ab5eb2eb47cecc464545ba58e1ad24/library/std/src/thread/local.rs:272:9
[INFO] [stdout]   34:     0x62c3be3461ad - tokio::runtime::context::set_scheduler::h5efc50da30ae098e
[INFO] [stdout]                                at /opt/rustwide/cargo-home/registry/src/index.crates.io-1949cf8c6b5b557f/tokio-1.37.0/src/runtime/context.rs:176:9
[INFO] [stdout]   35:     0x62c3be28a6d0 - tokio::runtime::scheduler::current_thread::CoreGuard::enter::h95bf76edb25db9e8
[INFO] [stdout]                                at /opt/rustwide/cargo-home/registry/src/index.crates.io-1949cf8c6b5b557f/tokio-1.37.0/src/runtime/scheduler/current_thread/mod.rs:737:27
[INFO] [stdout]   36:     0x62c3be28a943 - tokio::runtime::scheduler::current_thread::CoreGuard::block_on::h3aa0161259bc79cb
[INFO] [stdout]                                at /opt/rustwide/cargo-home/registry/src/index.crates.io-1949cf8c6b5b557f/tokio-1.37.0/src/runtime/scheduler/current_thread/mod.rs:646:19
[INFO] [stdout]   37:     0x62c3be287fbd - tokio::runtime::scheduler::current_thread::CurrentThread::block_on::{{closure}}::h67d2abd1215bb69d
[INFO] [stdout]                                at /opt/rustwide/cargo-home/registry/src/index.crates.io-1949cf8c6b5b557f/tokio-1.37.0/src/runtime/scheduler/current_thread/mod.rs:175:28
[INFO] [stdout]   38:     0x62c3be281216 - tokio::runtime::context::runtime::enter_runtime::hb2c6b55c64c8ee8c
[INFO] [stdout]                                at /opt/rustwide/cargo-home/registry/src/index.crates.io-1949cf8c6b5b557f/tokio-1.37.0/src/runtime/context/runtime.rs:65:16
[INFO] [stdout]   39:     0x62c3be287ed1 - tokio::runtime::scheduler::current_thread::CurrentThread::block_on::hd5f5e110c078e900
[INFO] [stdout]                                at /opt/rustwide/cargo-home/registry/src/index.crates.io-1949cf8c6b5b557f/tokio-1.37.0/src/runtime/scheduler/current_thread/mod.rs:167:9
[INFO] [stdout]   40:     0x62c3be2b965d - tokio::runtime::runtime::Runtime::block_on::h5014943db9475980
[INFO] [stdout]                                at /opt/rustwide/cargo-home/registry/src/index.crates.io-1949cf8c6b5b557f/tokio-1.37.0/src/runtime/runtime.rs:349:47
[INFO] [stdout]   41:     0x62c3be2fcbe0 - context_analyzer::n_grams::word_freq_pair::tests::test_from::h68129002e05e24f8
[INFO] [stdout]                                at /opt/rustwide/workdir/src/n_grams/word_freq_pair.rs:160:9
[INFO] [stdout]   42:     0x62c3be2fca67 - context_analyzer::n_grams::word_freq_pair::tests::test_from::{{closure}}::he96b1f6dc5742f6c
[INFO] [stdout]                                at /opt/rustwide/workdir/src/n_grams/word_freq_pair.rs:142:25
[INFO] [stdout]   43:     0x62c3be25d4e6 - core::ops::function::FnOnce::call_once::hf6b1dc6616872c92
[INFO] [stdout]                                at /rustc/6067b36314ab5eb2eb47cecc464545ba58e1ad24/library/core/src/ops/function.rs:250:5
[INFO] [stdout]   44:     0x62c3be3da95b - core::ops::function::FnOnce::call_once::he27718dfdd183f43
[INFO] [stdout]                                at /rustc/6067b36314ab5eb2eb47cecc464545ba58e1ad24/library/core/src/ops/function.rs:250:5
[INFO] [stdout]   45:     0x62c3be3da95b - test::__rust_begin_short_backtrace::h4e84902998457a5d
[INFO] [stdout]                                at /rustc/6067b36314ab5eb2eb47cecc464545ba58e1ad24/library/test/src/lib.rs:632:18
[INFO] [stdout]   46:     0x62c3be3d9893 - test::run_test_in_process::{{closure}}::h7176fd18fc1feca0
[INFO] [stdout]                                at /rustc/6067b36314ab5eb2eb47cecc464545ba58e1ad24/library/test/src/lib.rs:655:60
[INFO] [stdout]   47:     0x62c3be3d9893 - <core::panic::unwind_safe::AssertUnwindSafe<F> as core::ops::function::FnOnce<()>>::call_once::hf79cff2a624d8cf7
[INFO] [stdout]                                at /rustc/6067b36314ab5eb2eb47cecc464545ba58e1ad24/library/core/src/panic/unwind_safe.rs:272:9
[INFO] [stdout]   48:     0x62c3be3d9893 - std::panicking::try::do_call::h3da0561d9ab99c25
[INFO] [stdout]                                at /rustc/6067b36314ab5eb2eb47cecc464545ba58e1ad24/library/std/src/panicking.rs:587:40
[INFO] [stdout]   49:     0x62c3be3d9893 - std::panicking::try::h41c9fa508bc61df6
[INFO] [stdout]                                at /rustc/6067b36314ab5eb2eb47cecc464545ba58e1ad24/library/std/src/panicking.rs:550:19
[INFO] [stdout]   50:     0x62c3be3d9893 - std::panic::catch_unwind::h6b3ff07bb5afad93
[INFO] [stdout]                                at /rustc/6067b36314ab5eb2eb47cecc464545ba58e1ad24/library/std/src/panic.rs:358:14
[INFO] [stdout]   51:     0x62c3be3d9893 - test::run_test_in_process::hc7253dd11b39b9f4
[INFO] [stdout]                                at /rustc/6067b36314ab5eb2eb47cecc464545ba58e1ad24/library/test/src/lib.rs:655:27
[INFO] [stdout]   52:     0x62c3be3d9893 - test::run_test::{{closure}}::hfb2007f8649c30bb
[INFO] [stdout]                                at /rustc/6067b36314ab5eb2eb47cecc464545ba58e1ad24/library/test/src/lib.rs:576:43
[INFO] [stdout]   53:     0x62c3be39c975 - test::run_test::{{closure}}::h56a17aa7a282a9f4
[INFO] [stdout]                                at /rustc/6067b36314ab5eb2eb47cecc464545ba58e1ad24/library/test/src/lib.rs:606:41
[INFO] [stdout]   54:     0x62c3be39c975 - std::sys::backtrace::__rust_begin_short_backtrace::hd2d2d2fb8e8c6aac
[INFO] [stdout]                                at /rustc/6067b36314ab5eb2eb47cecc464545ba58e1ad24/library/std/src/sys/backtrace.rs:152:18
[INFO] [stdout]   55:     0x62c3be3a025a - std::thread::Builder::spawn_unchecked_::{{closure}}::{{closure}}::h4faa3f9db6133423
[INFO] [stdout]                                at /rustc/6067b36314ab5eb2eb47cecc464545ba58e1ad24/library/std/src/thread/mod.rs:559:17
[INFO] [stdout]   56:     0x62c3be3a025a - <core::panic::unwind_safe::AssertUnwindSafe<F> as core::ops::function::FnOnce<()>>::call_once::hf2e855a36a4ea846
[INFO] [stdout]                                at /rustc/6067b36314ab5eb2eb47cecc464545ba58e1ad24/library/core/src/panic/unwind_safe.rs:272:9
[INFO] [stdout]   57:     0x62c3be3a025a - std::panicking::try::do_call::h2f73af3616c35465
[INFO] [stdout]                                at /rustc/6067b36314ab5eb2eb47cecc464545ba58e1ad24/library/std/src/panicking.rs:587:40
[INFO] [stdout]   58:     0x62c3be3a025a - std::panicking::try::hd1660ce9efadef5a
[INFO] [stdout]                                at /rustc/6067b36314ab5eb2eb47cecc464545ba58e1ad24/library/std/src/panicking.rs:550:19
[INFO] [stdout]   59:     0x62c3be3a025a - std::panic::catch_unwind::h5ee8d7823b8ca744
[INFO] [stdout]                                at /rustc/6067b36314ab5eb2eb47cecc464545ba58e1ad24/library/std/src/panic.rs:358:14
[INFO] [stdout]   60:     0x62c3be3a025a - std::thread::Builder::spawn_unchecked_::{{closure}}::h53c3a1894dce8407
[INFO] [stdout]                                at /rustc/6067b36314ab5eb2eb47cecc464545ba58e1ad24/library/std/src/thread/mod.rs:557:30
[INFO] [stdout]   61:     0x62c3be3a025a - core::ops::function::FnOnce::call_once{{vtable.shim}}::h048ce291ad4f62bf
[INFO] [stdout]                                at /rustc/6067b36314ab5eb2eb47cecc464545ba58e1ad24/library/core/src/ops/function.rs:250:5
[INFO] [stdout]   62:     0x62c3be713afb - <alloc::boxed::Box<F,A> as core::ops::function::FnOnce<Args>>::call_once::ha52bedf99a3b4981
[INFO] [stdout]                                at /rustc/6067b36314ab5eb2eb47cecc464545ba58e1ad24/library/alloc/src/boxed.rs:2013:9
[INFO] [stdout]   63:     0x62c3be713afb - <alloc::boxed::Box<F,A> as core::ops::function::FnOnce<Args>>::call_once::h567748934d80ccf8
[INFO] [stdout]                                at /rustc/6067b36314ab5eb2eb47cecc464545ba58e1ad24/library/alloc/src/boxed.rs:2013:9
[INFO] [stdout]   64:     0x62c3be713afb - std::sys::pal::unix::thread::Thread::new::thread_start::h2d970728ae887adc
[INFO] [stdout]                                at /rustc/6067b36314ab5eb2eb47cecc464545ba58e1ad24/library/std/src/sys/pal/unix/thread.rs:106:17
[INFO] [stdout]   65:     0x791ac2168ac3 - <unknown>
[INFO] [stdout]   66:     0x791ac21f9a04 - clone
[INFO] [stdout]   67:                0x0 - <unknown>
[INFO] [stdout] 
[INFO] [stdout] 
[INFO] [stdout] failures:
[INFO] [stdout]     n_grams::word_freq_pair::tests::test_from
[INFO] [stdout] 
[INFO] [stdout] test result: FAILED. 37 passed; 1 failed; 0 ignored; 0 measured; 0 filtered out; finished in 0.21s
[INFO] [stdout] 
[INFO] [stderr] error: test failed, to rerun pass `--lib`
[INFO] running `Command { std: "docker" "inspect" "ed2237dd467f376eab624f31495eee0076621459b4a2258eab4473b92622e98a", kill_on_drop: false }`
[INFO] running `Command { std: "docker" "rm" "-f" "ed2237dd467f376eab624f31495eee0076621459b4a2258eab4473b92622e98a", kill_on_drop: false }`
[INFO] [stdout] ed2237dd467f376eab624f31495eee0076621459b4a2258eab4473b92622e98a
