[INFO] cloning repository https://github.com/Taxel/everybody-codes-2024
[INFO] running `Command { std: "git" "-c" "credential.helper=" "-c" "credential.helper=/workspace/cargo-home/bin/git-credential-null" "clone" "--bare" "https://github.com/Taxel/everybody-codes-2024" "/workspace/cache/git-repos/https%3A%2F%2Fgithub.com%2FTaxel%2Feverybody-codes-2024", kill_on_drop: false }`
[INFO] [stderr] Cloning into bare repository '/workspace/cache/git-repos/https%3A%2F%2Fgithub.com%2FTaxel%2Feverybody-codes-2024'...
[INFO] running `Command { std: "git" "rev-parse" "HEAD", kill_on_drop: false }`
[INFO] [stdout] d47e51e31feaf384489f030b55ee10c72198448a
[INFO] testing Taxel/everybody-codes-2024 against nightly-2025-01-18 for randomize-layout-2
[INFO] running `Command { std: "git" "clone" "/workspace/cache/git-repos/https%3A%2F%2Fgithub.com%2FTaxel%2Feverybody-codes-2024" "/workspace/builds/worker-6-tc1/source", kill_on_drop: false }`
[INFO] [stderr] Cloning into '/workspace/builds/worker-6-tc1/source'...
[INFO] [stderr] done.
[INFO] validating manifest of git repo https://github.com/Taxel/everybody-codes-2024 on toolchain nightly-2025-01-18
[INFO] running `Command { std: CARGO_HOME="/workspace/cargo-home" RUSTUP_HOME="/workspace/rustup-home" "/workspace/cargo-home/bin/cargo" "+nightly-2025-01-18" "metadata" "--manifest-path" "Cargo.toml" "--no-deps", kill_on_drop: false }`
[INFO] started tweaking git repo https://github.com/Taxel/everybody-codes-2024
[INFO] finished tweaking git repo https://github.com/Taxel/everybody-codes-2024
[INFO] tweaked toml for git repo https://github.com/Taxel/everybody-codes-2024 written to /workspace/builds/worker-6-tc1/source/Cargo.toml
[INFO] crate git repo https://github.com/Taxel/everybody-codes-2024 already has a lockfile, it will not be regenerated
[INFO] running `Command { std: CARGO_HOME="/workspace/cargo-home" RUSTUP_HOME="/workspace/rustup-home" "/workspace/cargo-home/bin/cargo" "+nightly-2025-01-18" "fetch" "--manifest-path" "Cargo.toml", kill_on_drop: false }`
[INFO] [stderr]     Blocking waiting for file lock on package cache
[INFO] running `Command { std: "docker" "create" "-v" "/var/lib/crater-agent-workspace/builds/worker-6-tc1/target:/opt/rustwide/target:rw,Z" "-v" "/var/lib/crater-agent-workspace/builds/worker-6-tc1/source:/opt/rustwide/workdir:ro,Z" "-v" "/var/lib/crater-agent-workspace/cargo-home:/opt/rustwide/cargo-home:ro,Z" "-v" "/var/lib/crater-agent-workspace/rustup-home:/opt/rustwide/rustup-home:ro,Z" "-e" "SOURCE_DIR=/opt/rustwide/workdir" "-e" "CARGO_TARGET_DIR=/opt/rustwide/target" "-e" "CARGO_HOME=/opt/rustwide/cargo-home" "-e" "RUSTUP_HOME=/opt/rustwide/rustup-home" "-w" "/opt/rustwide/workdir" "-m" "1610612736" "--user" "0:0" "--network" "none" "ghcr.io/rust-lang/crates-build-env/linux@sha256:819108c5571ea2e421544af4d832f968d213c87fbe3707a016657f43d2f853bc" "/opt/rustwide/cargo-home/bin/cargo" "+nightly-2025-01-18" "metadata" "--no-deps" "--format-version=1", kill_on_drop: false }`
[INFO] [stdout] 14429ed7260a4c76324bd5cf88dd222b0d460cbf0b279975c764a42b55219399
[INFO] running `Command { std: "docker" "start" "-a" "14429ed7260a4c76324bd5cf88dd222b0d460cbf0b279975c764a42b55219399", kill_on_drop: false }`
[INFO] running `Command { std: "docker" "inspect" "14429ed7260a4c76324bd5cf88dd222b0d460cbf0b279975c764a42b55219399", kill_on_drop: false }`
[INFO] running `Command { std: "docker" "rm" "-f" "14429ed7260a4c76324bd5cf88dd222b0d460cbf0b279975c764a42b55219399", kill_on_drop: false }`
[INFO] [stdout] 14429ed7260a4c76324bd5cf88dd222b0d460cbf0b279975c764a42b55219399
[INFO] running `Command { std: "docker" "create" "-v" "/var/lib/crater-agent-workspace/builds/worker-6-tc1/target:/opt/rustwide/target:rw,Z" "-v" "/var/lib/crater-agent-workspace/builds/worker-6-tc1/source:/opt/rustwide/workdir:ro,Z" "-v" "/var/lib/crater-agent-workspace/cargo-home:/opt/rustwide/cargo-home:ro,Z" "-v" "/var/lib/crater-agent-workspace/rustup-home:/opt/rustwide/rustup-home:ro,Z" "-e" "SOURCE_DIR=/opt/rustwide/workdir" "-e" "CARGO_TARGET_DIR=/opt/rustwide/target" "-e" "CARGO_INCREMENTAL=0" "-e" "RUST_BACKTRACE=full" "-e" "RUSTFLAGS=--cap-lints=forbid" "-e" "RUSTDOCFLAGS=--cap-lints=forbid" "-e" "CARGO_HOME=/opt/rustwide/cargo-home" "-e" "RUSTUP_HOME=/opt/rustwide/rustup-home" "-w" "/opt/rustwide/workdir" "-m" "1610612736" "--user" "0:0" "--network" "none" "ghcr.io/rust-lang/crates-build-env/linux@sha256:819108c5571ea2e421544af4d832f968d213c87fbe3707a016657f43d2f853bc" "/opt/rustwide/cargo-home/bin/cargo" "+nightly-2025-01-18" "build" "--frozen" "--message-format=json", kill_on_drop: false }`
[INFO] [stdout] 57ce2d6f03079e55ff620aa586d3ddd83dfe9437c70cebdf5c20f0903e76bca0
[INFO] running `Command { std: "docker" "start" "-a" "57ce2d6f03079e55ff620aa586d3ddd83dfe9437c70cebdf5c20f0903e76bca0", kill_on_drop: false }`
[INFO] [stderr]    Compiling either v1.13.0
[INFO] [stderr]    Compiling itertools v0.13.0
[INFO] [stderr]    Compiling everybody-codes v0.1.0 (/opt/rustwide/workdir)
[INFO] [stdout] warning: unused import: `BinaryHeap`
[INFO] [stdout]  --> src/utils/bfs.rs:2:19
[INFO] [stdout]   |
[INFO] [stdout] 2 |     collections::{BinaryHeap, HashMap, HashSet, VecDeque},
[INFO] [stdout]   |                   ^^^^^^^^^^
[INFO] [stdout]   |
[INFO] [stdout]   = note: `#[warn(unused_imports)]` on by default
[INFO] [stdout] 
[INFO] [stdout] 
[INFO] [stdout] warning: unused variable: `d`
[INFO] [stdout]   --> src/utils/bfs.rs:79:50
[INFO] [stdout]    |
[INFO] [stdout] 79 |         self.neighbors_with_distance(n).map(|(n, d)| n)
[INFO] [stdout]    |                                                  ^ help: if this is intentional, prefix it with an underscore: `_d`
[INFO] [stdout]    |
[INFO] [stdout]    = note: `#[warn(unused_variables)]` on by default
[INFO] [stdout] 
[INFO] [stdout] 
[INFO] [stdout] warning: unused import: `itertools::Itertools`
[INFO] [stdout]  --> src/day10.rs:1:5
[INFO] [stdout]   |
[INFO] [stdout] 1 | use itertools::Itertools;
[INFO] [stdout]   |     ^^^^^^^^^^^^^^^^^^^^
[INFO] [stdout] 
[INFO] [stdout] 
[INFO] [stdout] warning: function `build_path_from_precursors` is never used
[INFO] [stdout]  --> src/utils/bfs.rs:6:4
[INFO] [stdout]   |
[INFO] [stdout] 6 | fn build_path_from_precursors<G: Graph>(
[INFO] [stdout]   |    ^^^^^^^^^^^^^^^^^^^^^^^^^^
[INFO] [stdout]   |
[INFO] [stdout]   = note: `#[warn(dead_code)]` on by default
[INFO] [stdout] 
[INFO] [stdout] 
[INFO] [stdout] warning: function `bfs` is never used
[INFO] [stdout]   --> src/utils/bfs.rs:20:8
[INFO] [stdout]    |
[INFO] [stdout] 20 | pub fn bfs<G: Graph>(
[INFO] [stdout]    |        ^^^
[INFO] [stdout] 
[INFO] [stdout] 
[INFO] [stdout] warning: method `neighbors` is never used
[INFO] [stdout]   --> src/utils/bfs.rs:60:8
[INFO] [stdout]    |
[INFO] [stdout] 56 | pub trait Graph {
[INFO] [stdout]    |           ----- method in this trait
[INFO] [stdout] ...
[INFO] [stdout] 60 |     fn neighbors(&mut self, n: &Self::Node) -> impl Iterator<Item = Self::Node>;
[INFO] [stdout]    |        ^^^^^^^^^
[INFO] [stdout] 
[INFO] [stdout] 
[INFO] [stdout] warning: trait `CycleFinderExt` is never used
[INFO] [stdout]   --> src/utils/cycle_finder.rs:32:11
[INFO] [stdout]    |
[INFO] [stdout] 32 | pub trait CycleFinderExt: Iterator {
[INFO] [stdout]    |           ^^^^^^^^^^^^^^
[INFO] [stdout] 
[INFO] [stdout] 
[INFO] [stderr]     Finished `dev` profile [unoptimized + debuginfo] target(s) in 2.46s
[INFO] running `Command { std: "docker" "inspect" "57ce2d6f03079e55ff620aa586d3ddd83dfe9437c70cebdf5c20f0903e76bca0", kill_on_drop: false }`
[INFO] running `Command { std: "docker" "rm" "-f" "57ce2d6f03079e55ff620aa586d3ddd83dfe9437c70cebdf5c20f0903e76bca0", kill_on_drop: false }`
[INFO] [stdout] 57ce2d6f03079e55ff620aa586d3ddd83dfe9437c70cebdf5c20f0903e76bca0
[INFO] running `Command { std: "docker" "create" "-v" "/var/lib/crater-agent-workspace/builds/worker-6-tc1/target:/opt/rustwide/target:rw,Z" "-v" "/var/lib/crater-agent-workspace/builds/worker-6-tc1/source:/opt/rustwide/workdir:ro,Z" "-v" "/var/lib/crater-agent-workspace/cargo-home:/opt/rustwide/cargo-home:ro,Z" "-v" "/var/lib/crater-agent-workspace/rustup-home:/opt/rustwide/rustup-home:ro,Z" "-e" "SOURCE_DIR=/opt/rustwide/workdir" "-e" "CARGO_TARGET_DIR=/opt/rustwide/target" "-e" "CARGO_INCREMENTAL=0" "-e" "RUST_BACKTRACE=full" "-e" "RUSTFLAGS=--cap-lints=forbid" "-e" "RUSTDOCFLAGS=--cap-lints=forbid" "-e" "CARGO_HOME=/opt/rustwide/cargo-home" "-e" "RUSTUP_HOME=/opt/rustwide/rustup-home" "-w" "/opt/rustwide/workdir" "-m" "1610612736" "--user" "0:0" "--network" "none" "ghcr.io/rust-lang/crates-build-env/linux@sha256:819108c5571ea2e421544af4d832f968d213c87fbe3707a016657f43d2f853bc" "/opt/rustwide/cargo-home/bin/cargo" "+nightly-2025-01-18" "test" "--frozen" "--no-run" "--message-format=json", kill_on_drop: false }`
[INFO] [stdout] 514977ea27664297a643e73b0409610be324cef60671f2bb6bdb11fc631ea891
[INFO] running `Command { std: "docker" "start" "-a" "514977ea27664297a643e73b0409610be324cef60671f2bb6bdb11fc631ea891", kill_on_drop: false }`
[INFO] [stderr]    Compiling everybody-codes v0.1.0 (/opt/rustwide/workdir)
[INFO] [stdout] warning: unused import: `BinaryHeap`
[INFO] [stdout]  --> src/utils/bfs.rs:2:19
[INFO] [stdout]   |
[INFO] [stdout] 2 |     collections::{BinaryHeap, HashMap, HashSet, VecDeque},
[INFO] [stdout]   |                   ^^^^^^^^^^
[INFO] [stdout]   |
[INFO] [stdout]   = note: `#[warn(unused_imports)]` on by default
[INFO] [stdout] 
[INFO] [stdout] 
[INFO] [stdout] warning: unused variable: `d`
[INFO] [stdout]   --> src/utils/bfs.rs:79:50
[INFO] [stdout]    |
[INFO] [stdout] 79 |         self.neighbors_with_distance(n).map(|(n, d)| n)
[INFO] [stdout]    |                                                  ^ help: if this is intentional, prefix it with an underscore: `_d`
[INFO] [stdout]    |
[INFO] [stdout]    = note: `#[warn(unused_variables)]` on by default
[INFO] [stdout] 
[INFO] [stdout] 
[INFO] [stdout] warning: unused import: `itertools::Itertools`
[INFO] [stdout]  --> src/day10.rs:1:5
[INFO] [stdout]   |
[INFO] [stdout] 1 | use itertools::Itertools;
[INFO] [stdout]   |     ^^^^^^^^^^^^^^^^^^^^
[INFO] [stdout] 
[INFO] [stdout] 
[INFO] [stdout] warning: function `build_path_from_precursors` is never used
[INFO] [stdout]  --> src/utils/bfs.rs:6:4
[INFO] [stdout]   |
[INFO] [stdout] 6 | fn build_path_from_precursors<G: Graph>(
[INFO] [stdout]   |    ^^^^^^^^^^^^^^^^^^^^^^^^^^
[INFO] [stdout]   |
[INFO] [stdout]   = note: `#[warn(dead_code)]` on by default
[INFO] [stdout] 
[INFO] [stdout] 
[INFO] [stdout] warning: function `bfs` is never used
[INFO] [stdout]   --> src/utils/bfs.rs:20:8
[INFO] [stdout]    |
[INFO] [stdout] 20 | pub fn bfs<G: Graph>(
[INFO] [stdout]    |        ^^^
[INFO] [stdout] 
[INFO] [stdout] 
[INFO] [stdout] warning: method `neighbors` is never used
[INFO] [stdout]   --> src/utils/bfs.rs:60:8
[INFO] [stdout]    |
[INFO] [stdout] 56 | pub trait Graph {
[INFO] [stdout]    |           ----- method in this trait
[INFO] [stdout] ...
[INFO] [stdout] 60 |     fn neighbors(&mut self, n: &Self::Node) -> impl Iterator<Item = Self::Node>;
[INFO] [stdout]    |        ^^^^^^^^^
[INFO] [stdout] 
[INFO] [stdout] 
[INFO] [stderr]     Finished `test` profile [unoptimized + debuginfo] target(s) in 0.64s
[INFO] running `Command { std: "docker" "inspect" "514977ea27664297a643e73b0409610be324cef60671f2bb6bdb11fc631ea891", kill_on_drop: false }`
[INFO] running `Command { std: "docker" "rm" "-f" "514977ea27664297a643e73b0409610be324cef60671f2bb6bdb11fc631ea891", kill_on_drop: false }`
[INFO] [stdout] 514977ea27664297a643e73b0409610be324cef60671f2bb6bdb11fc631ea891
[INFO] running `Command { std: "docker" "create" "-v" "/var/lib/crater-agent-workspace/builds/worker-6-tc1/target:/opt/rustwide/target:rw,Z" "-v" "/var/lib/crater-agent-workspace/builds/worker-6-tc1/source:/opt/rustwide/workdir:ro,Z" "-v" "/var/lib/crater-agent-workspace/cargo-home:/opt/rustwide/cargo-home:ro,Z" "-v" "/var/lib/crater-agent-workspace/rustup-home:/opt/rustwide/rustup-home:ro,Z" "-e" "SOURCE_DIR=/opt/rustwide/workdir" "-e" "CARGO_TARGET_DIR=/opt/rustwide/target" "-e" "CARGO_INCREMENTAL=0" "-e" "RUST_BACKTRACE=full" "-e" "RUSTFLAGS=--cap-lints=forbid" "-e" "RUSTDOCFLAGS=--cap-lints=forbid" "-e" "CARGO_HOME=/opt/rustwide/cargo-home" "-e" "RUSTUP_HOME=/opt/rustwide/rustup-home" "-w" "/opt/rustwide/workdir" "-m" "1610612736" "--user" "0:0" "--network" "none" "ghcr.io/rust-lang/crates-build-env/linux@sha256:819108c5571ea2e421544af4d832f968d213c87fbe3707a016657f43d2f853bc" "/opt/rustwide/cargo-home/bin/cargo" "+nightly-2025-01-18" "test" "--frozen", kill_on_drop: false }`
[INFO] [stdout] bf3885222bd7d8111cae35e3d8872848f42208fca08b42ac3d6203ce31356f6e
[INFO] running `Command { std: "docker" "start" "-a" "bf3885222bd7d8111cae35e3d8872848f42208fca08b42ac3d6203ce31356f6e", kill_on_drop: false }`
[INFO] [stderr] warning: unused import: `BinaryHeap`
[INFO] [stderr]  --> src/utils/bfs.rs:2:19
[INFO] [stderr]   |
[INFO] [stderr] 2 |     collections::{BinaryHeap, HashMap, HashSet, VecDeque},
[INFO] [stderr]   |                   ^^^^^^^^^^
[INFO] [stderr]   |
[INFO] [stderr]   = note: `#[warn(unused_imports)]` on by default
[INFO] [stderr] 
[INFO] [stderr] warning: unused variable: `d`
[INFO] [stderr]   --> src/utils/bfs.rs:79:50
[INFO] [stderr]    |
[INFO] [stderr] 79 |         self.neighbors_with_distance(n).map(|(n, d)| n)
[INFO] [stderr]    |                                                  ^ help: if this is intentional, prefix it with an underscore: `_d`
[INFO] [stderr]    |
[INFO] [stderr]    = note: `#[warn(unused_variables)]` on by default
[INFO] [stderr] 
[INFO] [stderr] warning: unused import: `itertools::Itertools`
[INFO] [stderr]  --> src/day10.rs:1:5
[INFO] [stderr]   |
[INFO] [stderr] 1 | use itertools::Itertools;
[INFO] [stderr]   |     ^^^^^^^^^^^^^^^^^^^^
[INFO] [stderr] 
[INFO] [stderr] warning: function `build_path_from_precursors` is never used
[INFO] [stderr]  --> src/utils/bfs.rs:6:4
[INFO] [stderr]   |
[INFO] [stderr] 6 | fn build_path_from_precursors<G: Graph>(
[INFO] [stderr]   |    ^^^^^^^^^^^^^^^^^^^^^^^^^^
[INFO] [stderr]   |
[INFO] [stderr]   = note: `#[warn(dead_code)]` on by default
[INFO] [stderr] 
[INFO] [stderr] warning: function `bfs` is never used
[INFO] [stderr]   --> src/utils/bfs.rs:20:8
[INFO] [stderr]    |
[INFO] [stderr] 20 | pub fn bfs<G: Graph>(
[INFO] [stderr]    |        ^^^
[INFO] [stderr] 
[INFO] [stderr] warning: method `neighbors` is never used
[INFO] [stderr]   --> src/utils/bfs.rs:60:8
[INFO] [stderr]    |
[INFO] [stderr] 56 | pub trait Graph {
[INFO] [stderr]    |           ----- method in this trait
[INFO] [stderr] ...
[INFO] [stderr] 60 |     fn neighbors(&mut self, n: &Self::Node) -> impl Iterator<Item = Self::Node>;
[INFO] [stderr]    |        ^^^^^^^^^
[INFO] [stderr] 
[INFO] [stderr] warning: `everybody-codes` (bin "everybody-codes" test) generated 6 warnings (run `cargo fix --bin "everybody-codes" --tests` to apply 1 suggestion)
[INFO] [stderr]     Finished `test` profile [unoptimized + debuginfo] target(s) in 0.02s
[INFO] [stderr]      Running unittests src/main.rs (/opt/rustwide/target/debug/deps/everybody_codes-da251b5192288fb0)
[INFO] [stdout] 
[INFO] [stdout] running 4 tests
[INFO] [stdout] test utils::cycle_finder::test::test_cycle_finder ... ok
[INFO] [stdout] test day10::test::test_part2 ... ok
[INFO] [stdout] test day10::test::test_part1 ... ok
[INFO] [stdout] test day10::test::test_part3 ... FAILED
[INFO] [stdout] 
[INFO] [stdout] failures:
[INFO] [stdout] 
[INFO] [stdout] ---- day10::test::test_part3 stdout ----
[INFO] [stdout] [['X', 'L', 'N', 'P'], ['F', 'W', 'S', 'J'], ['Z', 'Q', 'H', 'G'], ['B', 'K', 'M', 'V']] [['?', 'G', 'W', 'L', 'D', 'Q'], ['B', 'S', 'H', '?', 'C', 'N'], ['P', '?', 'K', 'J', 'T', 'V'], ['N', 'M', 'Z', '?', 'S', 'G']]
[INFO] [stdout] [['D', 'G', 'V', 'X'], ['C', 'Q', 'K', 'F'], ['S', 'J', 'W', 'N'], ['T', 'H', 'Z', 'L']] [['W', 'L', 'D', 'Q'], ['H', '?', 'C', 'N'], ['K', 'J', 'T', 'V'], ['Z', '?', 'S', 'G']]
[INFO] [stdout] [['N', 'P', 'X', 'D'], ['S', 'J', 'R', 'W'], ['H', 'G', 'T', 'Z'], ['M', 'V', 'K', 'N']] [['W', 'Q', '?', 'L', 'Y', 'S'], ['F', 'X', 'D', 'J', 'H', 'V'], ['?', 'Y', 'W', 'M', '?', 'J'], ['T', 'J', 'Y', 'K', 'L', 'P']]
[INFO] [stdout] [['V', 'X', 'B', 'G'], ['K', 'F', 'M', 'C'], ['W', 'N', 'S', 'J'], ['Z', 'L', 'P', 'V']] [['?', 'L', 'Y', 'S'], ['D', 'J', 'H', 'V'], ['W', 'M', '?', 'J'], ['Y', 'K', 'L', 'P']]
[INFO] [stdout] words: ["LWG?NSHBPJ?KNSZM", "DQWL?CNHVKJTG?SZ", "?W??XJHV?W?MPJTK", "??SLV?JV?MW??K?L"]
[INFO] [stdout] 
[INFO] [stdout] thread 'day10::test::test_part3' panicked at src/day10.rs:54:30:
[INFO] [stdout] attempt to subtract with overflow
[INFO] [stdout] stack backtrace:
[INFO] [stdout]    0:     0x5f0cbb587f6a - std::backtrace_rs::backtrace::libunwind::trace::hb059275cfc8d6126
[INFO] [stdout]                                at /rustc/6067b36314ab5eb2eb47cecc464545ba58e1ad24/library/std/src/../../backtrace/src/backtrace/libunwind.rs:116:5
[INFO] [stdout]    1:     0x5f0cbb587f6a - std::backtrace_rs::backtrace::trace_unsynchronized::h2da071e4327ce3ee
[INFO] [stdout]                                at /rustc/6067b36314ab5eb2eb47cecc464545ba58e1ad24/library/std/src/../../backtrace/src/backtrace/mod.rs:66:5
[INFO] [stdout]    2:     0x5f0cbb587f6a - std::sys::backtrace::_print_fmt::h842a1474e6f8d23f
[INFO] [stdout]                                at /rustc/6067b36314ab5eb2eb47cecc464545ba58e1ad24/library/std/src/sys/backtrace.rs:66:9
[INFO] [stdout]    3:     0x5f0cbb587f6a - <std::sys::backtrace::BacktraceLock::print::DisplayBacktrace as core::fmt::Display>::fmt::h71a62eb3b9696b12
[INFO] [stdout]                                at /rustc/6067b36314ab5eb2eb47cecc464545ba58e1ad24/library/std/src/sys/backtrace.rs:39:26
[INFO] [stdout]    4:     0x5f0cbb5af6b3 - core::fmt::rt::Argument::fmt::hdb6b616786b41dc1
[INFO] [stdout]                                at /rustc/6067b36314ab5eb2eb47cecc464545ba58e1ad24/library/core/src/fmt/rt.rs:177:76
[INFO] [stdout]    5:     0x5f0cbb5af6b3 - core::fmt::write::h2cc1698af7e2d686
[INFO] [stdout]                                at /rustc/6067b36314ab5eb2eb47cecc464545ba58e1ad24/library/core/src/fmt/mod.rs:1440:21
[INFO] [stdout]    6:     0x5f0cbb584ac3 - std::io::Write::write_fmt::hab1b4cd059a79022
[INFO] [stdout]                                at /rustc/6067b36314ab5eb2eb47cecc464545ba58e1ad24/library/std/src/io/mod.rs:1887:15
[INFO] [stdout]    7:     0x5f0cbb587db2 - std::sys::backtrace::BacktraceLock::print::h147fe35b4ea13b08
[INFO] [stdout]                                at /rustc/6067b36314ab5eb2eb47cecc464545ba58e1ad24/library/std/src/sys/backtrace.rs:42:9
[INFO] [stdout]    8:     0x5f0cbb58938f - std::panicking::default_hook::{{closure}}::hbd44223dbdc0d208
[INFO] [stdout]                                at /rustc/6067b36314ab5eb2eb47cecc464545ba58e1ad24/library/std/src/panicking.rs:298:22
[INFO] [stdout]    9:     0x5f0cbb5891a8 - std::panicking::default_hook::h20f81eb0576efcec
[INFO] [stdout]                                at /rustc/6067b36314ab5eb2eb47cecc464545ba58e1ad24/library/std/src/panicking.rs:322:9
[INFO] [stdout]   10:     0x5f0cbb551ed3 - <alloc::boxed::Box<F,A> as core::ops::function::Fn<Args>>::call::hdb53814c496a4d34
[INFO] [stdout]                                at /rustc/6067b36314ab5eb2eb47cecc464545ba58e1ad24/library/alloc/src/boxed.rs:2027:9
[INFO] [stdout]   11:     0x5f0cbb551ed3 - test::test_main::{{closure}}::hc0a4963c59427c24
[INFO] [stdout]                                at /rustc/6067b36314ab5eb2eb47cecc464545ba58e1ad24/library/test/src/lib.rs:134:21
[INFO] [stdout]   12:     0x5f0cbb589e83 - <alloc::boxed::Box<F,A> as core::ops::function::Fn<Args>>::call::h591b2225413a77e9
[INFO] [stdout]                                at /rustc/6067b36314ab5eb2eb47cecc464545ba58e1ad24/library/alloc/src/boxed.rs:2027:9
[INFO] [stdout]   13:     0x5f0cbb589e83 - std::panicking::rust_panic_with_hook::h625eea43051b2edc
[INFO] [stdout]                                at /rustc/6067b36314ab5eb2eb47cecc464545ba58e1ad24/library/std/src/panicking.rs:839:13
[INFO] [stdout]   14:     0x5f0cbb589b06 - std::panicking::begin_panic_handler::{{closure}}::h4f9159cfbc3f6bd3
[INFO] [stdout]                                at /rustc/6067b36314ab5eb2eb47cecc464545ba58e1ad24/library/std/src/panicking.rs:697:13
[INFO] [stdout]   15:     0x5f0cbb588469 - std::sys::backtrace::__rust_end_short_backtrace::h0390abce48353151
[INFO] [stdout]                                at /rustc/6067b36314ab5eb2eb47cecc464545ba58e1ad24/library/std/src/sys/backtrace.rs:168:18
[INFO] [stdout]   16:     0x5f0cbb5897cd - rust_begin_unwind
[INFO] [stdout]                                at /rustc/6067b36314ab5eb2eb47cecc464545ba58e1ad24/library/std/src/panicking.rs:695:5
[INFO] [stdout]   17:     0x5f0cbb5ae090 - core::panicking::panic_fmt::h9e7c637e9e5f29c9
[INFO] [stdout]                                at /rustc/6067b36314ab5eb2eb47cecc464545ba58e1ad24/library/core/src/panicking.rs:75:14
[INFO] [stdout]   18:     0x5f0cbb5b43a7 - core::panicking::panic_const::panic_const_sub_overflow::hc936e676af9fcd5b
[INFO] [stdout]                                at /rustc/6067b36314ab5eb2eb47cecc464545ba58e1ad24/library/core/src/panicking.rs:178:21
[INFO] [stdout]   19:     0x5f0cbb50fd7a - everybody_codes::day10::runic_word_power::{{closure}}::h17be428e402114f2
[INFO] [stdout]                                at /opt/rustwide/workdir/src/day10.rs:54:30
[INFO] [stdout]   20:     0x5f0cbb5165f3 - core::iter::adapters::map::map_fold::{{closure}}::hb9b665695fb5aab2
[INFO] [stdout]                                at /rustc/6067b36314ab5eb2eb47cecc464545ba58e1ad24/library/core/src/iter/adapters/map.rs:88:28
[INFO] [stdout]   21:     0x5f0cbb514f95 - <core::iter::adapters::enumerate::Enumerate<I> as core::iter::traits::iterator::Iterator>::fold::enumerate::{{closure}}::hac0d3e73636be6e6
[INFO] [stdout]                                at /rustc/6067b36314ab5eb2eb47cecc464545ba58e1ad24/library/core/src/iter/adapters/enumerate.rs:107:27
[INFO] [stdout]   22:     0x5f0cbb50a578 - core::iter::traits::iterator::Iterator::fold::h9f167136ce8bcb53
[INFO] [stdout]                                at /rustc/6067b36314ab5eb2eb47cecc464545ba58e1ad24/library/core/src/iter/traits/iterator.rs:2546:21
[INFO] [stdout]   23:     0x5f0cbb514f43 - <core::iter::adapters::enumerate::Enumerate<I> as core::iter::traits::iterator::Iterator>::fold::h2dac34c85c0f4e8f
[INFO] [stdout]                                at /rustc/6067b36314ab5eb2eb47cecc464545ba58e1ad24/library/core/src/iter/adapters/enumerate.rs:113:9
[INFO] [stdout]   24:     0x5f0cbb514a5a - <core::iter::adapters::map::Map<I,F> as core::iter::traits::iterator::Iterator>::fold::h55dd95f8e34eecb1
[INFO] [stdout]                                at /rustc/6067b36314ab5eb2eb47cecc464545ba58e1ad24/library/core/src/iter/adapters/map.rs:128:9
[INFO] [stdout]   25:     0x5f0cbb51709a - <usize as core::iter::traits::accum::Sum>::sum::h308c7211f81041cb
[INFO] [stdout]                                at /rustc/6067b36314ab5eb2eb47cecc464545ba58e1ad24/library/core/src/iter/traits/accum.rs:50:17
[INFO] [stdout]   26:     0x5f0cbb5162d6 - core::iter::traits::iterator::Iterator::sum::h30e9efd165ebfb38
[INFO] [stdout]                                at /rustc/6067b36314ab5eb2eb47cecc464545ba58e1ad24/library/core/src/iter/traits/iterator.rs:3521:9
[INFO] [stdout]   27:     0x5f0cbb50fd19 - everybody_codes::day10::runic_word_power::hbe51ed233bbbce0d
[INFO] [stdout]                                at /opt/rustwide/workdir/src/day10.rs:50:5
[INFO] [stdout]   28:     0x5f0cbb510f37 - <everybody_codes::day10::Day10 as everybody_codes::solution::Solution<alloc::string::String>>::part3::{{closure}}::h69b0725408209e51
[INFO] [stdout]                                at /opt/rustwide/workdir/src/day10.rs:111:22
[INFO] [stdout]   29:     0x5f0cbb516558 - core::iter::adapters::map::map_fold::{{closure}}::h9c9074b63fe32bdc
[INFO] [stdout]                                at /rustc/6067b36314ab5eb2eb47cecc464545ba58e1ad24/library/core/src/iter/adapters/map.rs:88:28
[INFO] [stdout]   30:     0x5f0cbb514dd2 - <alloc::vec::into_iter::IntoIter<T,A> as core::iter::traits::iterator::Iterator>::fold::hf02d789aa5e064ca
[INFO] [stdout]                                at /rustc/6067b36314ab5eb2eb47cecc464545ba58e1ad24/library/alloc/src/vec/into_iter.rs:318:25
[INFO] [stdout]   31:     0x5f0cbb514a96 - <core::iter::adapters::map::Map<I,F> as core::iter::traits::iterator::Iterator>::fold::h60680239df15f64d
[INFO] [stdout]                                at /rustc/6067b36314ab5eb2eb47cecc464545ba58e1ad24/library/core/src/iter/adapters/map.rs:128:9
[INFO] [stdout]   32:     0x5f0cbb51708a - <usize as core::iter::traits::accum::Sum>::sum::h01a55e0968b085a9
[INFO] [stdout]                                at /rustc/6067b36314ab5eb2eb47cecc464545ba58e1ad24/library/core/src/iter/traits/accum.rs:50:17
[INFO] [stdout]   33:     0x5f0cbb5162c6 - core::iter::traits::iterator::Iterator::sum::h1cc62a7e31635833
[INFO] [stdout]                                at /rustc/6067b36314ab5eb2eb47cecc464545ba58e1ad24/library/core/src/iter/traits/iterator.rs:3521:9
[INFO] [stdout]   34:     0x5f0cbb510b47 - <everybody_codes::day10::Day10 as everybody_codes::solution::Solution<alloc::string::String>>::part3::h2b64b6d1f2c2807e
[INFO] [stdout]                                at /opt/rustwide/workdir/src/day10.rs:109:22
[INFO] [stdout]   35:     0x5f0cbb511395 - everybody_codes::day10::test::test_part3::h5908732207038c4f
[INFO] [stdout]                                at /opt/rustwide/workdir/src/day10.rs:176:20
[INFO] [stdout]   36:     0x5f0cbb511337 - everybody_codes::day10::test::test_part3::{{closure}}::hf7819d4eded21a04
[INFO] [stdout]                                at /opt/rustwide/workdir/src/day10.rs:160:20
[INFO] [stdout]   37:     0x5f0cbb5124c6 - core::ops::function::FnOnce::call_once::hec5ca5e333aea25e
[INFO] [stdout]                                at /rustc/6067b36314ab5eb2eb47cecc464545ba58e1ad24/library/core/src/ops/function.rs:250:5
[INFO] [stdout]   38:     0x5f0cbb55762b - core::ops::function::FnOnce::call_once::he27718dfdd183f43
[INFO] [stdout]                                at /rustc/6067b36314ab5eb2eb47cecc464545ba58e1ad24/library/core/src/ops/function.rs:250:5
[INFO] [stdout]   39:     0x5f0cbb55762b - test::__rust_begin_short_backtrace::h4e84902998457a5d
[INFO] [stdout]                                at /rustc/6067b36314ab5eb2eb47cecc464545ba58e1ad24/library/test/src/lib.rs:632:18
[INFO] [stdout]   40:     0x5f0cbb556563 - test::run_test_in_process::{{closure}}::h7176fd18fc1feca0
[INFO] [stdout]                                at /rustc/6067b36314ab5eb2eb47cecc464545ba58e1ad24/library/test/src/lib.rs:655:60
[INFO] [stdout]   41:     0x5f0cbb556563 - <core::panic::unwind_safe::AssertUnwindSafe<F> as core::ops::function::FnOnce<()>>::call_once::hf79cff2a624d8cf7
[INFO] [stdout]                                at /rustc/6067b36314ab5eb2eb47cecc464545ba58e1ad24/library/core/src/panic/unwind_safe.rs:272:9
[INFO] [stdout]   42:     0x5f0cbb556563 - std::panicking::try::do_call::h3da0561d9ab99c25
[INFO] [stdout]                                at /rustc/6067b36314ab5eb2eb47cecc464545ba58e1ad24/library/std/src/panicking.rs:587:40
[INFO] [stdout]   43:     0x5f0cbb556563 - std::panicking::try::h41c9fa508bc61df6
[INFO] [stdout]                                at /rustc/6067b36314ab5eb2eb47cecc464545ba58e1ad24/library/std/src/panicking.rs:550:19
[INFO] [stdout]   44:     0x5f0cbb556563 - std::panic::catch_unwind::h6b3ff07bb5afad93
[INFO] [stdout]                                at /rustc/6067b36314ab5eb2eb47cecc464545ba58e1ad24/library/std/src/panic.rs:358:14
[INFO] [stdout]   45:     0x5f0cbb556563 - test::run_test_in_process::hc7253dd11b39b9f4
[INFO] [stdout]                                at /rustc/6067b36314ab5eb2eb47cecc464545ba58e1ad24/library/test/src/lib.rs:655:27
[INFO] [stdout]   46:     0x5f0cbb556563 - test::run_test::{{closure}}::hfb2007f8649c30bb
[INFO] [stdout]                                at /rustc/6067b36314ab5eb2eb47cecc464545ba58e1ad24/library/test/src/lib.rs:576:43
[INFO] [stdout]   47:     0x5f0cbb519645 - test::run_test::{{closure}}::h56a17aa7a282a9f4
[INFO] [stdout]                                at /rustc/6067b36314ab5eb2eb47cecc464545ba58e1ad24/library/test/src/lib.rs:606:41
[INFO] [stdout]   48:     0x5f0cbb519645 - std::sys::backtrace::__rust_begin_short_backtrace::hd2d2d2fb8e8c6aac
[INFO] [stdout]                                at /rustc/6067b36314ab5eb2eb47cecc464545ba58e1ad24/library/std/src/sys/backtrace.rs:152:18
[INFO] [stdout]   49:     0x5f0cbb51cf2a - std::thread::Builder::spawn_unchecked_::{{closure}}::{{closure}}::h4faa3f9db6133423
[INFO] [stdout]                                at /rustc/6067b36314ab5eb2eb47cecc464545ba58e1ad24/library/std/src/thread/mod.rs:559:17
[INFO] [stdout]   50:     0x5f0cbb51cf2a - <core::panic::unwind_safe::AssertUnwindSafe<F> as core::ops::function::FnOnce<()>>::call_once::hf2e855a36a4ea846
[INFO] [stdout]                                at /rustc/6067b36314ab5eb2eb47cecc464545ba58e1ad24/library/core/src/panic/unwind_safe.rs:272:9
[INFO] [stdout]   51:     0x5f0cbb51cf2a - std::panicking::try::do_call::h2f73af3616c35465
[INFO] [stdout]                                at /rustc/6067b36314ab5eb2eb47cecc464545ba58e1ad24/library/std/src/panicking.rs:587:40
[INFO] [stdout]   52:     0x5f0cbb51cf2a - std::panicking::try::hd1660ce9efadef5a
[INFO] [stdout]                                at /rustc/6067b36314ab5eb2eb47cecc464545ba58e1ad24/library/std/src/panicking.rs:550:19
[INFO] [stdout]   53:     0x5f0cbb51cf2a - std::panic::catch_unwind::h5ee8d7823b8ca744
[INFO] [stdout]                                at /rustc/6067b36314ab5eb2eb47cecc464545ba58e1ad24/library/std/src/panic.rs:358:14
[INFO] [stdout]   54:     0x5f0cbb51cf2a - std::thread::Builder::spawn_unchecked_::{{closure}}::h53c3a1894dce8407
[INFO] [stdout]                                at /rustc/6067b36314ab5eb2eb47cecc464545ba58e1ad24/library/std/src/thread/mod.rs:557:30
[INFO] [stdout]   55:     0x5f0cbb51cf2a - core::ops::function::FnOnce::call_once{{vtable.shim}}::h048ce291ad4f62bf
[INFO] [stdout]                                at /rustc/6067b36314ab5eb2eb47cecc464545ba58e1ad24/library/core/src/ops/function.rs:250:5
[INFO] [stdout]   56:     0x5f0cbb58ddbb - <alloc::boxed::Box<F,A> as core::ops::function::FnOnce<Args>>::call_once::ha52bedf99a3b4981
[INFO] [stdout]                                at /rustc/6067b36314ab5eb2eb47cecc464545ba58e1ad24/library/alloc/src/boxed.rs:2013:9
[INFO] [stdout]   57:     0x5f0cbb58ddbb - <alloc::boxed::Box<F,A> as core::ops::function::FnOnce<Args>>::call_once::h567748934d80ccf8
[INFO] [stdout]                                at /rustc/6067b36314ab5eb2eb47cecc464545ba58e1ad24/library/alloc/src/boxed.rs:2013:9
[INFO] [stdout]   58:     0x5f0cbb58ddbb - std::sys::pal::unix::thread::Thread::new::thread_start::h2d970728ae887adc
[INFO] [stdout]                                at /rustc/6067b36314ab5eb2eb47cecc464545ba58e1ad24/library/std/src/sys/pal/unix/thread.rs:106:17
[INFO] [stdout]   59:     0x7ded6c5afac3 - <unknown>
[INFO] [stdout]   60:     0x7ded6c640a04 - clone
[INFO] [stdout]   61:                0x0 - <unknown>
[INFO] [stdout] 
[INFO] [stdout] 
[INFO] [stdout] failures:
[INFO] [stdout]     day10::test::test_part3
[INFO] [stdout] 
[INFO] [stdout] test result: FAILED. 3 passed; 1 failed; 0 ignored; 0 measured; 0 filtered out; finished in 0.05s
[INFO] [stdout] 
[INFO] [stderr] error: test failed, to rerun pass `--bin everybody-codes`
[INFO] running `Command { std: "docker" "inspect" "bf3885222bd7d8111cae35e3d8872848f42208fca08b42ac3d6203ce31356f6e", kill_on_drop: false }`
[INFO] running `Command { std: "docker" "rm" "-f" "bf3885222bd7d8111cae35e3d8872848f42208fca08b42ac3d6203ce31356f6e", kill_on_drop: false }`
[INFO] [stdout] bf3885222bd7d8111cae35e3d8872848f42208fca08b42ac3d6203ce31356f6e
