[INFO] cloning repository https://github.com/TanixLu/rpoly
[INFO] running `Command { std: "git" "-c" "credential.helper=" "-c" "credential.helper=/workspace/cargo-home/bin/git-credential-null" "clone" "--bare" "https://github.com/TanixLu/rpoly" "/workspace/cache/git-repos/https%3A%2F%2Fgithub.com%2FTanixLu%2Frpoly", kill_on_drop: false }`
[INFO] [stderr] Cloning into bare repository '/workspace/cache/git-repos/https%3A%2F%2Fgithub.com%2FTanixLu%2Frpoly'...
[INFO] running `Command { std: "git" "rev-parse" "HEAD", kill_on_drop: false }`
[INFO] [stdout] dd749c225c3134ffd31f066d93ea3eb554585406
[INFO] testing TanixLu/rpoly against nightly-2025-01-18+rustflags=-Zrandomize-layout for randomize-layout-2
[INFO] running `Command { std: "git" "clone" "/workspace/cache/git-repos/https%3A%2F%2Fgithub.com%2FTanixLu%2Frpoly" "/workspace/builds/worker-1-tc2/source", kill_on_drop: false }`
[INFO] [stderr] Cloning into '/workspace/builds/worker-1-tc2/source'...
[INFO] [stderr] done.
[INFO] validating manifest of git repo https://github.com/TanixLu/rpoly on toolchain nightly-2025-01-18
[INFO] running `Command { std: CARGO_HOME="/workspace/cargo-home" RUSTUP_HOME="/workspace/rustup-home" "/workspace/cargo-home/bin/cargo" "+nightly-2025-01-18" "metadata" "--manifest-path" "Cargo.toml" "--no-deps", kill_on_drop: false }`
[INFO] started tweaking git repo https://github.com/TanixLu/rpoly
[INFO] finished tweaking git repo https://github.com/TanixLu/rpoly
[INFO] tweaked toml for git repo https://github.com/TanixLu/rpoly written to /workspace/builds/worker-1-tc2/source/Cargo.toml
[INFO] crate git repo https://github.com/TanixLu/rpoly already has a lockfile, it will not be regenerated
[INFO] running `Command { std: CARGO_HOME="/workspace/cargo-home" RUSTUP_HOME="/workspace/rustup-home" "/workspace/cargo-home/bin/cargo" "+nightly-2025-01-18" "fetch" "--manifest-path" "Cargo.toml", kill_on_drop: false }`
[INFO] running `Command { std: "docker" "create" "-v" "/var/lib/crater-agent-workspace/builds/worker-1-tc2/target:/opt/rustwide/target:rw,Z" "-v" "/var/lib/crater-agent-workspace/builds/worker-1-tc2/source:/opt/rustwide/workdir:ro,Z" "-v" "/var/lib/crater-agent-workspace/cargo-home:/opt/rustwide/cargo-home:ro,Z" "-v" "/var/lib/crater-agent-workspace/rustup-home:/opt/rustwide/rustup-home:ro,Z" "-e" "SOURCE_DIR=/opt/rustwide/workdir" "-e" "CARGO_TARGET_DIR=/opt/rustwide/target" "-e" "CARGO_HOME=/opt/rustwide/cargo-home" "-e" "RUSTUP_HOME=/opt/rustwide/rustup-home" "-w" "/opt/rustwide/workdir" "-m" "1610612736" "--user" "0:0" "--network" "none" "ghcr.io/rust-lang/crates-build-env/linux@sha256:819108c5571ea2e421544af4d832f968d213c87fbe3707a016657f43d2f853bc" "/opt/rustwide/cargo-home/bin/cargo" "+nightly-2025-01-18" "metadata" "--no-deps" "--format-version=1", kill_on_drop: false }`
[INFO] [stdout] a29b63b7ce3bae58a51831d92c4911ae9d606d11b54201975f4aa4e33231fcda
[INFO] running `Command { std: "docker" "start" "-a" "a29b63b7ce3bae58a51831d92c4911ae9d606d11b54201975f4aa4e33231fcda", kill_on_drop: false }`
[INFO] running `Command { std: "docker" "inspect" "a29b63b7ce3bae58a51831d92c4911ae9d606d11b54201975f4aa4e33231fcda", kill_on_drop: false }`
[INFO] running `Command { std: "docker" "rm" "-f" "a29b63b7ce3bae58a51831d92c4911ae9d606d11b54201975f4aa4e33231fcda", kill_on_drop: false }`
[INFO] [stdout] a29b63b7ce3bae58a51831d92c4911ae9d606d11b54201975f4aa4e33231fcda
[INFO] running `Command { std: "docker" "create" "-v" "/var/lib/crater-agent-workspace/builds/worker-1-tc2/target:/opt/rustwide/target:rw,Z" "-v" "/var/lib/crater-agent-workspace/builds/worker-1-tc2/source:/opt/rustwide/workdir:ro,Z" "-v" "/var/lib/crater-agent-workspace/cargo-home:/opt/rustwide/cargo-home:ro,Z" "-v" "/var/lib/crater-agent-workspace/rustup-home:/opt/rustwide/rustup-home:ro,Z" "-e" "SOURCE_DIR=/opt/rustwide/workdir" "-e" "CARGO_TARGET_DIR=/opt/rustwide/target" "-e" "CARGO_INCREMENTAL=0" "-e" "RUST_BACKTRACE=full" "-e" "RUSTFLAGS=--cap-lints=forbid -Zrandomize-layout" "-e" "RUSTDOCFLAGS=--cap-lints=forbid" "-e" "CARGO_HOME=/opt/rustwide/cargo-home" "-e" "RUSTUP_HOME=/opt/rustwide/rustup-home" "-w" "/opt/rustwide/workdir" "-m" "1610612736" "--user" "0:0" "--network" "none" "ghcr.io/rust-lang/crates-build-env/linux@sha256:819108c5571ea2e421544af4d832f968d213c87fbe3707a016657f43d2f853bc" "/opt/rustwide/cargo-home/bin/cargo" "+nightly-2025-01-18" "build" "--frozen" "--message-format=json", kill_on_drop: false }`
[INFO] [stdout] 07234c67b489f31220c0bbab49c68bbeb89e07350f794320cf23aceab17fe2df
[INFO] running `Command { std: "docker" "start" "-a" "07234c67b489f31220c0bbab49c68bbeb89e07350f794320cf23aceab17fe2df", kill_on_drop: false }`
[INFO] [stderr]    Compiling rpoly v0.2.8 (/opt/rustwide/workdir)
[INFO] [stderr]     Finished `dev` profile [unoptimized + debuginfo] target(s) in 0.26s
[INFO] running `Command { std: "docker" "inspect" "07234c67b489f31220c0bbab49c68bbeb89e07350f794320cf23aceab17fe2df", kill_on_drop: false }`
[INFO] running `Command { std: "docker" "rm" "-f" "07234c67b489f31220c0bbab49c68bbeb89e07350f794320cf23aceab17fe2df", kill_on_drop: false }`
[INFO] [stdout] 07234c67b489f31220c0bbab49c68bbeb89e07350f794320cf23aceab17fe2df
[INFO] running `Command { std: "docker" "create" "-v" "/var/lib/crater-agent-workspace/builds/worker-1-tc2/target:/opt/rustwide/target:rw,Z" "-v" "/var/lib/crater-agent-workspace/builds/worker-1-tc2/source:/opt/rustwide/workdir:ro,Z" "-v" "/var/lib/crater-agent-workspace/cargo-home:/opt/rustwide/cargo-home:ro,Z" "-v" "/var/lib/crater-agent-workspace/rustup-home:/opt/rustwide/rustup-home:ro,Z" "-e" "SOURCE_DIR=/opt/rustwide/workdir" "-e" "CARGO_TARGET_DIR=/opt/rustwide/target" "-e" "CARGO_INCREMENTAL=0" "-e" "RUST_BACKTRACE=full" "-e" "RUSTFLAGS=--cap-lints=forbid -Zrandomize-layout" "-e" "RUSTDOCFLAGS=--cap-lints=forbid" "-e" "CARGO_HOME=/opt/rustwide/cargo-home" "-e" "RUSTUP_HOME=/opt/rustwide/rustup-home" "-w" "/opt/rustwide/workdir" "-m" "1610612736" "--user" "0:0" "--network" "none" "ghcr.io/rust-lang/crates-build-env/linux@sha256:819108c5571ea2e421544af4d832f968d213c87fbe3707a016657f43d2f853bc" "/opt/rustwide/cargo-home/bin/cargo" "+nightly-2025-01-18" "test" "--frozen" "--no-run" "--message-format=json", kill_on_drop: false }`
[INFO] [stdout] e95ab273fbf03c6c1f1a36f98ce090ae25efe2beb4aba3d979791cc5316fc427
[INFO] running `Command { std: "docker" "start" "-a" "e95ab273fbf03c6c1f1a36f98ce090ae25efe2beb4aba3d979791cc5316fc427", kill_on_drop: false }`
[INFO] [stderr]    Compiling syn v2.0.96
[INFO] [stderr]    Compiling zerocopy-derive v0.7.35
[INFO] [stderr]    Compiling zerocopy v0.7.35
[INFO] [stderr]    Compiling ppv-lite86 v0.2.20
[INFO] [stderr]    Compiling rand_chacha v0.3.1
[INFO] [stderr]    Compiling rand v0.8.5
[INFO] [stderr]    Compiling rpoly v0.2.8 (/opt/rustwide/workdir)
[INFO] [stderr]     Finished `test` profile [unoptimized + debuginfo] target(s) in 6.26s
[INFO] running `Command { std: "docker" "inspect" "e95ab273fbf03c6c1f1a36f98ce090ae25efe2beb4aba3d979791cc5316fc427", kill_on_drop: false }`
[INFO] running `Command { std: "docker" "rm" "-f" "e95ab273fbf03c6c1f1a36f98ce090ae25efe2beb4aba3d979791cc5316fc427", kill_on_drop: false }`
[INFO] [stdout] e95ab273fbf03c6c1f1a36f98ce090ae25efe2beb4aba3d979791cc5316fc427
[INFO] running `Command { std: "docker" "create" "-v" "/var/lib/crater-agent-workspace/builds/worker-1-tc2/target:/opt/rustwide/target:rw,Z" "-v" "/var/lib/crater-agent-workspace/builds/worker-1-tc2/source:/opt/rustwide/workdir:ro,Z" "-v" "/var/lib/crater-agent-workspace/cargo-home:/opt/rustwide/cargo-home:ro,Z" "-v" "/var/lib/crater-agent-workspace/rustup-home:/opt/rustwide/rustup-home:ro,Z" "-e" "SOURCE_DIR=/opt/rustwide/workdir" "-e" "CARGO_TARGET_DIR=/opt/rustwide/target" "-e" "CARGO_INCREMENTAL=0" "-e" "RUST_BACKTRACE=full" "-e" "RUSTFLAGS=--cap-lints=forbid -Zrandomize-layout" "-e" "RUSTDOCFLAGS=--cap-lints=forbid" "-e" "CARGO_HOME=/opt/rustwide/cargo-home" "-e" "RUSTUP_HOME=/opt/rustwide/rustup-home" "-w" "/opt/rustwide/workdir" "-m" "1610612736" "--user" "0:0" "--network" "none" "ghcr.io/rust-lang/crates-build-env/linux@sha256:819108c5571ea2e421544af4d832f968d213c87fbe3707a016657f43d2f853bc" "/opt/rustwide/cargo-home/bin/cargo" "+nightly-2025-01-18" "test" "--frozen", kill_on_drop: false }`
[INFO] [stdout] 1c50e2b19576c2a651ce169b7cfb36073b1a3e4026c5af83c5ae99ffaba06a60
[INFO] running `Command { std: "docker" "start" "-a" "1c50e2b19576c2a651ce169b7cfb36073b1a3e4026c5af83c5ae99ffaba06a60", kill_on_drop: false }`
[INFO] [stderr]     Finished `test` profile [unoptimized + debuginfo] target(s) in 0.05s
[INFO] [stderr]      Running unittests src/lib.rs (/opt/rustwide/target/debug/deps/rpoly-0d3676edcd7d9ab1)
[INFO] [stdout] 
[INFO] [stdout] running 2 tests
[INFO] [stdout] test test_rpoly ... ok
[INFO] [stdout] test rpoly_ak1::test_real_roots ... ok
[INFO] [stdout] 
[INFO] [stdout] test result: ok. 2 passed; 0 failed; 0 ignored; 0 measured; 0 filtered out; finished in 12.06s
[INFO] [stdout] 
[INFO] [stderr]    Doc-tests rpoly
[INFO] [stdout] 
[INFO] [stdout] running 5 tests
[INFO] [stdout] test src/lib.rs - (line 49) ... FAILED
[INFO] [stdout] test src/lib.rs - (line 63) ... FAILED
[INFO] [stdout] test src/lib.rs - (line 34) ... ok
[INFO] [stdout] test src/lib.rs - rpoly (line 26) ... ok
[INFO] [stdout] test src/lib.rs - (line 98) ... ok
[INFO] [stdout] 
[INFO] [stdout] failures:
[INFO] [stdout] 
[INFO] [stdout] ---- src/lib.rs - (line 49) stdout ----
[INFO] [stdout] error: expected one of `!`, `.`, `::`, `;`, `?`, `{`, `}`, or an operator, found `of`
[INFO] [stdout]  --> src/lib.rs:50:8
[INFO] [stdout]   |
[INFO] [stdout] 3 | Number of roots: 2
[INFO] [stdout]   |        ^^ expected one of 8 possible tokens
[INFO] [stdout] 
[INFO] [stdout] error: aborting due to 1 previous error
[INFO] [stdout] 
[INFO] [stdout] Couldn't compile the test.
[INFO] [stdout] ---- src/lib.rs - (line 63) stdout ----
[INFO] [stdout] error: expected one of `!`, `+`, `::`, `where`, or `{`, found `}`
[INFO] [stdout]  --> src/lib.rs:68:1
[INFO] [stdout]   |
[INFO] [stdout] 5 | pub fn rpoly<const MDP1: usize>(
[INFO] [stdout]   |        ----- while parsing this `fn`
[INFO] [stdout] 6 |     a: &[f64; MDP1],
[INFO] [stdout] 7 | ) -> Result<RpolyRoots<MDP1>, RpolyError>
[INFO] [stdout]   |                                          - expected one of `!`, `+`, `::`, `where`, or `{`
[INFO] [stdout] 8 | } _doctest_main_src_lib_rs_63_0() }
[INFO] [stdout]   | ^ unexpected token
[INFO] [stdout] 
[INFO] [stdout] error: free function without a body
[INFO] [stdout]  --> src/lib.rs:65:1
[INFO] [stdout]   |
[INFO] [stdout] 5 | / pub fn rpoly<const MDP1: usize>(
[INFO] [stdout] 6 | |     a: &[f64; MDP1],
[INFO] [stdout] 7 | | ) -> Result<RpolyRoots<MDP1>, RpolyError>
[INFO] [stdout]   | |                                         ^- help: provide a definition for the function: `{ <body> }`
[INFO] [stdout]   | |_________________________________________|
[INFO] [stdout]   |
[INFO] [stdout] 
[INFO] [stdout] error[E0412]: cannot find type `RpolyRoots` in this scope
[INFO] [stdout]  --> src/lib.rs:67:13
[INFO] [stdout]   |
[INFO] [stdout] 7 | ) -> Result<RpolyRoots<MDP1>, RpolyError>
[INFO] [stdout]   |             ^^^^^^^^^^ not found in this scope
[INFO] [stdout]   |
[INFO] [stdout] help: consider importing this struct
[INFO] [stdout]   |
[INFO] [stdout] 2 + use rpoly::RpolyRoots;
[INFO] [stdout]   |
[INFO] [stdout] 
[INFO] [stdout] error[E0412]: cannot find type `RpolyError` in this scope
[INFO] [stdout]  --> src/lib.rs:67:31
[INFO] [stdout]   |
[INFO] [stdout] 7 | ) -> Result<RpolyRoots<MDP1>, RpolyError>
[INFO] [stdout]   |                               ^^^^^^^^^^ not found in this scope
[INFO] [stdout]   |
[INFO] [stdout] help: consider importing this enum
[INFO] [stdout]   |
[INFO] [stdout] 2 + use rpoly::RpolyError;
[INFO] [stdout]   |
[INFO] [stdout] 
[INFO] [stdout] error: aborting due to 4 previous errors
[INFO] [stdout] 
[INFO] [stdout] For more information about this error, try `rustc --explain E0412`.
[INFO] [stdout] Couldn't compile the test.
[INFO] [stdout] 
[INFO] [stdout] failures:
[INFO] [stdout]     src/lib.rs - (line 49)
[INFO] [stdout]     src/lib.rs - (line 63)
[INFO] [stdout] 
[INFO] [stdout] test result: FAILED. 3 passed; 2 failed; 0 ignored; 0 measured; 0 filtered out; finished in 0.42s
[INFO] [stdout] 
[INFO] [stderr] error: doctest failed, to rerun pass `--doc`
[INFO] running `Command { std: "docker" "inspect" "1c50e2b19576c2a651ce169b7cfb36073b1a3e4026c5af83c5ae99ffaba06a60", kill_on_drop: false }`
[INFO] running `Command { std: "docker" "rm" "-f" "1c50e2b19576c2a651ce169b7cfb36073b1a3e4026c5af83c5ae99ffaba06a60", kill_on_drop: false }`
[INFO] [stdout] 1c50e2b19576c2a651ce169b7cfb36073b1a3e4026c5af83c5ae99ffaba06a60
