[INFO] cloning repository https://github.com/TakiMoysha/advent_of_code_2023
[INFO] running `Command { std: "git" "-c" "credential.helper=" "-c" "credential.helper=/workspace/cargo-home/bin/git-credential-null" "clone" "--bare" "https://github.com/TakiMoysha/advent_of_code_2023" "/workspace/cache/git-repos/https%3A%2F%2Fgithub.com%2FTakiMoysha%2Fadvent_of_code_2023", kill_on_drop: false }`
[INFO] [stderr] Cloning into bare repository '/workspace/cache/git-repos/https%3A%2F%2Fgithub.com%2FTakiMoysha%2Fadvent_of_code_2023'...
[INFO] running `Command { std: "git" "rev-parse" "HEAD", kill_on_drop: false }`
[INFO] [stdout] 8a0dadc366eace864cf201e548080f983a70be48
[INFO] testing TakiMoysha/advent_of_code_2023 against nightly-2025-01-18+rustflags=-Zrandomize-layout for randomize-layout-2
[INFO] running `Command { std: "git" "clone" "/workspace/cache/git-repos/https%3A%2F%2Fgithub.com%2FTakiMoysha%2Fadvent_of_code_2023" "/workspace/builds/worker-2-tc2/source", kill_on_drop: false }`
[INFO] [stderr] Cloning into '/workspace/builds/worker-2-tc2/source'...
[INFO] [stderr] done.
[INFO] validating manifest of git repo https://github.com/TakiMoysha/advent_of_code_2023 on toolchain nightly-2025-01-18
[INFO] running `Command { std: CARGO_HOME="/workspace/cargo-home" RUSTUP_HOME="/workspace/rustup-home" "/workspace/cargo-home/bin/cargo" "+nightly-2025-01-18" "metadata" "--manifest-path" "Cargo.toml" "--no-deps", kill_on_drop: false }`
[INFO] started tweaking git repo https://github.com/TakiMoysha/advent_of_code_2023
[INFO] finished tweaking git repo https://github.com/TakiMoysha/advent_of_code_2023
[INFO] tweaked toml for git repo https://github.com/TakiMoysha/advent_of_code_2023 written to /workspace/builds/worker-2-tc2/source/Cargo.toml
[INFO] crate git repo https://github.com/TakiMoysha/advent_of_code_2023 already has a lockfile, it will not be regenerated
[INFO] running `Command { std: CARGO_HOME="/workspace/cargo-home" RUSTUP_HOME="/workspace/rustup-home" "/workspace/cargo-home/bin/cargo" "+nightly-2025-01-18" "fetch" "--manifest-path" "Cargo.toml", kill_on_drop: false }`
[INFO] running `Command { std: "docker" "create" "-v" "/var/lib/crater-agent-workspace/builds/worker-2-tc2/target:/opt/rustwide/target:rw,Z" "-v" "/var/lib/crater-agent-workspace/builds/worker-2-tc2/source:/opt/rustwide/workdir:ro,Z" "-v" "/var/lib/crater-agent-workspace/cargo-home:/opt/rustwide/cargo-home:ro,Z" "-v" "/var/lib/crater-agent-workspace/rustup-home:/opt/rustwide/rustup-home:ro,Z" "-e" "SOURCE_DIR=/opt/rustwide/workdir" "-e" "CARGO_TARGET_DIR=/opt/rustwide/target" "-e" "CARGO_HOME=/opt/rustwide/cargo-home" "-e" "RUSTUP_HOME=/opt/rustwide/rustup-home" "-w" "/opt/rustwide/workdir" "-m" "1610612736" "--user" "0:0" "--network" "none" "ghcr.io/rust-lang/crates-build-env/linux@sha256:819108c5571ea2e421544af4d832f968d213c87fbe3707a016657f43d2f853bc" "/opt/rustwide/cargo-home/bin/cargo" "+nightly-2025-01-18" "metadata" "--no-deps" "--format-version=1", kill_on_drop: false }`
[INFO] [stdout] 82da5274cbc48e67ea84021977c6ddbb8f18119b10781d6d77e88198b35f6a52
[INFO] running `Command { std: "docker" "start" "-a" "82da5274cbc48e67ea84021977c6ddbb8f18119b10781d6d77e88198b35f6a52", kill_on_drop: false }`
[INFO] running `Command { std: "docker" "inspect" "82da5274cbc48e67ea84021977c6ddbb8f18119b10781d6d77e88198b35f6a52", kill_on_drop: false }`
[INFO] running `Command { std: "docker" "rm" "-f" "82da5274cbc48e67ea84021977c6ddbb8f18119b10781d6d77e88198b35f6a52", kill_on_drop: false }`
[INFO] [stdout] 82da5274cbc48e67ea84021977c6ddbb8f18119b10781d6d77e88198b35f6a52
[INFO] running `Command { std: "docker" "create" "-v" "/var/lib/crater-agent-workspace/builds/worker-2-tc2/target:/opt/rustwide/target:rw,Z" "-v" "/var/lib/crater-agent-workspace/builds/worker-2-tc2/source:/opt/rustwide/workdir:ro,Z" "-v" "/var/lib/crater-agent-workspace/cargo-home:/opt/rustwide/cargo-home:ro,Z" "-v" "/var/lib/crater-agent-workspace/rustup-home:/opt/rustwide/rustup-home:ro,Z" "-e" "SOURCE_DIR=/opt/rustwide/workdir" "-e" "CARGO_TARGET_DIR=/opt/rustwide/target" "-e" "CARGO_INCREMENTAL=0" "-e" "RUST_BACKTRACE=full" "-e" "RUSTFLAGS=--cap-lints=forbid -Zrandomize-layout" "-e" "RUSTDOCFLAGS=--cap-lints=forbid" "-e" "CARGO_HOME=/opt/rustwide/cargo-home" "-e" "RUSTUP_HOME=/opt/rustwide/rustup-home" "-w" "/opt/rustwide/workdir" "-m" "1610612736" "--user" "0:0" "--network" "none" "ghcr.io/rust-lang/crates-build-env/linux@sha256:819108c5571ea2e421544af4d832f968d213c87fbe3707a016657f43d2f853bc" "/opt/rustwide/cargo-home/bin/cargo" "+nightly-2025-01-18" "build" "--frozen" "--message-format=json", kill_on_drop: false }`
[INFO] [stdout] 9accce6cbab572645bde21cce5cd2f8065bac02b73cb5568ec9036a4b93013b8
[INFO] running `Command { std: "docker" "start" "-a" "9accce6cbab572645bde21cce5cd2f8065bac02b73cb5568ec9036a4b93013b8", kill_on_drop: false }`
[INFO] [stderr]    Compiling proc-macro2 v1.0.92
[INFO] [stderr]    Compiling unicode-ident v1.0.14
[INFO] [stderr]    Compiling semver v1.0.20
[INFO] [stderr]    Compiling autocfg v1.1.0
[INFO] [stderr]    Compiling memchr v2.6.4
[INFO] [stderr]    Compiling regex-syntax v0.8.5
[INFO] [stderr]    Compiling hashbrown v0.15.2
[INFO] [stderr]    Compiling futures-sink v0.3.31
[INFO] [stderr]    Compiling futures-core v0.3.31
[INFO] [stderr]    Compiling equivalent v1.0.1
[INFO] [stderr]    Compiling pin-project-lite v0.2.13
[INFO] [stderr]    Compiling pin-utils v0.1.0
[INFO] [stderr]    Compiling toml_datetime v0.6.8
[INFO] [stderr]    Compiling futures-io v0.3.31
[INFO] [stderr]    Compiling winnow v0.6.20
[INFO] [stderr]    Compiling futures-task v0.3.31
[INFO] [stderr]    Compiling relative-path v1.9.3
[INFO] [stderr]    Compiling glob v0.3.1
[INFO] [stderr]    Compiling cfg-if v1.0.0
[INFO] [stderr]    Compiling futures-timer v3.0.3
[INFO] [stderr]    Compiling futures-channel v0.3.31
[INFO] [stderr]    Compiling slab v0.4.9
[INFO] [stderr]    Compiling indexmap v2.7.0
[INFO] [stderr]    Compiling rustc_version v0.4.1
[INFO] [stderr]    Compiling aho-corasick v1.1.2
[INFO] [stderr]    Compiling rstest_macros v0.23.0
[INFO] [stderr]    Compiling quote v1.0.37
[INFO] [stderr]    Compiling syn v2.0.90
[INFO] [stderr]    Compiling regex-automata v0.4.9
[INFO] [stderr]    Compiling toml_edit v0.22.22
[INFO] [stderr]    Compiling proc-macro-crate v3.2.0
[INFO] [stderr]    Compiling regex v1.11.1
[INFO] [stderr]    Compiling futures-macro v0.3.31
[INFO] [stderr]    Compiling futures-util v0.3.31
[INFO] [stderr]    Compiling futures-executor v0.3.31
[INFO] [stderr]    Compiling futures v0.3.31
[INFO] [stderr]    Compiling rstest v0.23.0
[INFO] [stderr]    Compiling advent_of_code v0.1.0 (/opt/rustwide/workdir)
[INFO] [stdout] warning: variants `Leaf` and `Children` are never constructed
[INFO] [stdout]   --> src/lib.rs:43:5
[INFO] [stdout]    |
[INFO] [stdout] 42 | enum Node<Item> {
[INFO] [stdout]    |      ---- variants in this enum
[INFO] [stdout] 43 |     Leaf(Item),
[INFO] [stdout]    |     ^^^^
[INFO] [stdout] 44 |     Children(Vec<Node<Item>>),
[INFO] [stdout]    |     ^^^^^^^^
[INFO] [stdout]    |
[INFO] [stdout]    = note: `Node` has a derived impl for the trait `Debug`, but this is intentionally ignored during dead code analysis
[INFO] [stdout]    = note: `#[warn(dead_code)]` on by default
[INFO] [stdout] 
[INFO] [stdout] 
[INFO] [stdout] warning: methods `traverse` and `iter` are never used
[INFO] [stdout]   --> src/lib.rs:48:8
[INFO] [stdout]    |
[INFO] [stdout] 47 | impl<It> Node<It> {
[INFO] [stdout]    | ----------------- methods in this implementation
[INFO] [stdout] 48 |     fn traverse(&self, f: impl Fn(&It)) {
[INFO] [stdout]    |        ^^^^^^^^
[INFO] [stdout] ...
[INFO] [stdout] 57 |     fn iter(&self) -> NodeIter<'_, It> {
[INFO] [stdout]    |        ^^^^
[INFO] [stdout] 
[INFO] [stdout] 
[INFO] [stdout] warning: unused import: `ops::IndexMut`
[INFO] [stdout]  --> src/bin/6_guard_gallivant.rs:1:33
[INFO] [stdout]   |
[INFO] [stdout] 1 | use std::{collections::HashSet, ops::IndexMut};
[INFO] [stdout]   |                                 ^^^^^^^^^^^^^
[INFO] [stdout]   |
[INFO] [stdout]   = note: `#[warn(unused_imports)]` on by default
[INFO] [stdout] 
[INFO] [stdout] 
[INFO] [stdout] warning: unused variable: `indx`
[INFO] [stdout]   --> src/bin/3_mull_it_over.rs:81:14
[INFO] [stdout]    |
[INFO] [stdout] 81 |         for (indx, char) in memory_dump[4..].chars().enumerate() {
[INFO] [stdout]    |              ^^^^ help: if this is intentional, prefix it with an underscore: `_indx`
[INFO] [stdout]    |
[INFO] [stdout]    = note: `#[warn(unused_variables)]` on by default
[INFO] [stdout] 
[INFO] [stdout] 
[INFO] [stdout] warning: unused import: `std::collections::HashMap`
[INFO] [stdout]  --> src/bin/4_ceres_search.rs:1:5
[INFO] [stdout]   |
[INFO] [stdout] 1 | use std::collections::HashMap;
[INFO] [stdout]   |     ^^^^^^^^^^^^^^^^^^^^^^^^^
[INFO] [stdout]   |
[INFO] [stdout]   = note: `#[warn(unused_imports)]` on by default
[INFO] [stdout] 
[INFO] [stdout] 
[INFO] [stdout] warning: constant `FOOTPRINT` is never used
[INFO] [stdout]  --> src/bin/6_guard_gallivant.rs:7:7
[INFO] [stdout]   |
[INFO] [stdout] 7 | const FOOTPRINT: char = 'X';
[INFO] [stdout]   |       ^^^^^^^^^
[INFO] [stdout]   |
[INFO] [stdout]   = note: `#[warn(dead_code)]` on by default
[INFO] [stdout] 
[INFO] [stdout] 
[INFO] [stdout] warning: comparison is useless due to type limits
[INFO] [stdout]   --> src/bin/6_guard_gallivant.rs:97:65
[INFO] [stdout]    |
[INFO] [stdout] 97 |         if new_pos.0 > self.width || new_pos.1 > self.height || new_pos.0 < 0 || new_pos.1 < 0 {
[INFO] [stdout]    |                                                                 ^^^^^^^^^^^^^
[INFO] [stdout]    |
[INFO] [stdout]    = note: `#[warn(unused_comparisons)]` on by default
[INFO] [stdout] 
[INFO] [stdout] 
[INFO] [stdout] warning: comparison is useless due to type limits
[INFO] [stdout]   --> src/bin/6_guard_gallivant.rs:97:82
[INFO] [stdout]    |
[INFO] [stdout] 97 |         if new_pos.0 > self.width || new_pos.1 > self.height || new_pos.0 < 0 || new_pos.1 < 0 {
[INFO] [stdout]    |                                                                                  ^^^^^^^^^^^^^
[INFO] [stdout] 
[INFO] [stdout] 
[INFO] [stdout] warning: constant `SECOND_DATASET_PATH` is never used
[INFO] [stdout]  --> src/bin/5_print_queue.rs:6:7
[INFO] [stdout]   |
[INFO] [stdout] 6 | const SECOND_DATASET_PATH: &str = "./data/5_print_queue_2.txt";
[INFO] [stdout]   |       ^^^^^^^^^^^^^^^^^^^
[INFO] [stdout]   |
[INFO] [stdout]   = note: `#[warn(dead_code)]` on by default
[INFO] [stdout] 
[INFO] [stdout] 
[INFO] [stdout] warning: function `fix_produce_update_schema` is never used
[INFO] [stdout]   --> src/bin/5_print_queue.rs:72:4
[INFO] [stdout]    |
[INFO] [stdout] 72 | fn fix_produce_update_schema(rules: &Vec<OrderingRule>, schema: &UpdateSchema) -> UpdateSchema {
[INFO] [stdout]    |    ^^^^^^^^^^^^^^^^^^^^^^^^^
[INFO] [stdout] 
[INFO] [stdout] 
[INFO] [stdout] warning: fields `line_len` and `starts` are never read
[INFO] [stdout]   --> src/bin/4_ceres_search.rs:15:5
[INFO] [stdout]    |
[INFO] [stdout] 13 | struct CeresListVec {
[INFO] [stdout]    |        ------------ fields in this struct
[INFO] [stdout] 14 |     data: Vec<Vec<char>>,
[INFO] [stdout] 15 |     line_len: usize,
[INFO] [stdout]    |     ^^^^^^^^
[INFO] [stdout] 16 |     starts: Vec<(usize, usize)>,
[INFO] [stdout]    |     ^^^^^^
[INFO] [stdout]    |
[INFO] [stdout]    = note: `CeresListVec` has a derived impl for the trait `Debug`, but this is intentionally ignored during dead code analysis
[INFO] [stdout]    = note: `#[warn(dead_code)]` on by default
[INFO] [stdout] 
[INFO] [stdout] 
[INFO] [stderr]     Finished `dev` profile [unoptimized + debuginfo] target(s) in 26.66s
[INFO] running `Command { std: "docker" "inspect" "9accce6cbab572645bde21cce5cd2f8065bac02b73cb5568ec9036a4b93013b8", kill_on_drop: false }`
[INFO] running `Command { std: "docker" "rm" "-f" "9accce6cbab572645bde21cce5cd2f8065bac02b73cb5568ec9036a4b93013b8", kill_on_drop: false }`
[INFO] [stdout] 9accce6cbab572645bde21cce5cd2f8065bac02b73cb5568ec9036a4b93013b8
[INFO] running `Command { std: "docker" "create" "-v" "/var/lib/crater-agent-workspace/builds/worker-2-tc2/target:/opt/rustwide/target:rw,Z" "-v" "/var/lib/crater-agent-workspace/builds/worker-2-tc2/source:/opt/rustwide/workdir:ro,Z" "-v" "/var/lib/crater-agent-workspace/cargo-home:/opt/rustwide/cargo-home:ro,Z" "-v" "/var/lib/crater-agent-workspace/rustup-home:/opt/rustwide/rustup-home:ro,Z" "-e" "SOURCE_DIR=/opt/rustwide/workdir" "-e" "CARGO_TARGET_DIR=/opt/rustwide/target" "-e" "CARGO_INCREMENTAL=0" "-e" "RUST_BACKTRACE=full" "-e" "RUSTFLAGS=--cap-lints=forbid -Zrandomize-layout" "-e" "RUSTDOCFLAGS=--cap-lints=forbid" "-e" "CARGO_HOME=/opt/rustwide/cargo-home" "-e" "RUSTUP_HOME=/opt/rustwide/rustup-home" "-w" "/opt/rustwide/workdir" "-m" "1610612736" "--user" "0:0" "--network" "none" "ghcr.io/rust-lang/crates-build-env/linux@sha256:819108c5571ea2e421544af4d832f968d213c87fbe3707a016657f43d2f853bc" "/opt/rustwide/cargo-home/bin/cargo" "+nightly-2025-01-18" "test" "--frozen" "--no-run" "--message-format=json", kill_on_drop: false }`
[INFO] [stdout] c45d65c144897e1027862fe1ebb6beae8f3e9e563143358bde0d307229f25ff1
[INFO] running `Command { std: "docker" "start" "-a" "c45d65c144897e1027862fe1ebb6beae8f3e9e563143358bde0d307229f25ff1", kill_on_drop: false }`
[INFO] [stderr]    Compiling rustix v0.38.26
[INFO] [stderr]    Compiling linux-raw-sys v0.4.12
[INFO] [stderr]    Compiling bitflags v2.4.1
[INFO] [stderr]    Compiling clap_lex v0.6.0
[INFO] [stderr]    Compiling anstyle v1.0.4
[INFO] [stderr]    Compiling divan-macros v0.1.4
[INFO] [stderr]    Compiling regex-lite v0.1.5
[INFO] [stderr]    Compiling condtype v1.3.0
[INFO] [stdout] warning: variants `Leaf` and `Children` are never constructed
[INFO] [stdout]   --> src/lib.rs:43:5
[INFO] [stdout]    |
[INFO] [stdout] 42 | enum Node<Item> {
[INFO] [stdout]    |      ---- variants in this enum
[INFO] [stdout] 43 |     Leaf(Item),
[INFO] [stdout]    |     ^^^^
[INFO] [stdout] 44 |     Children(Vec<Node<Item>>),
[INFO] [stdout]    |     ^^^^^^^^
[INFO] [stdout]    |
[INFO] [stdout]    = note: `Node` has a derived impl for the trait `Debug`, but this is intentionally ignored during dead code analysis
[INFO] [stdout]    = note: `#[warn(dead_code)]` on by default
[INFO] [stdout] 
[INFO] [stdout] 
[INFO] [stdout] warning: methods `traverse` and `iter` are never used
[INFO] [stdout]   --> src/lib.rs:48:8
[INFO] [stdout]    |
[INFO] [stdout] 47 | impl<It> Node<It> {
[INFO] [stdout]    | ----------------- methods in this implementation
[INFO] [stdout] 48 |     fn traverse(&self, f: impl Fn(&It)) {
[INFO] [stdout]    |        ^^^^^^^^
[INFO] [stdout] ...
[INFO] [stdout] 57 |     fn iter(&self) -> NodeIter<'_, It> {
[INFO] [stdout]    |        ^^^^
[INFO] [stdout] 
[INFO] [stdout] 
[INFO] [stderr]    Compiling terminal_size v0.3.0
[INFO] [stderr]    Compiling clap_builder v4.4.9
[INFO] [stderr]    Compiling clap v4.4.10
[INFO] [stderr]    Compiling divan v0.1.4
[INFO] [stderr]    Compiling advent_of_code v0.1.0 (/opt/rustwide/workdir)
[INFO] [stdout] warning: unused import: `ops::IndexMut`
[INFO] [stdout]  --> src/bin/6_guard_gallivant.rs:1:33
[INFO] [stdout]   |
[INFO] [stdout] 1 | use std::{collections::HashSet, ops::IndexMut};
[INFO] [stdout]   |                                 ^^^^^^^^^^^^^
[INFO] [stdout]   |
[INFO] [stdout]   = note: `#[warn(unused_imports)]` on by default
[INFO] [stdout] 
[INFO] [stdout] 
[INFO] [stdout] warning: unused variable: `c_field`
[INFO] [stdout]    --> src/bin/6_guard_gallivant.rs:149:13
[INFO] [stdout]     |
[INFO] [stdout] 149 |         let c_field = field.clone();
[INFO] [stdout]     |             ^^^^^^^ help: if this is intentional, prefix it with an underscore: `_c_field`
[INFO] [stdout]     |
[INFO] [stdout]     = note: `#[warn(unused_variables)]` on by default
[INFO] [stdout] 
[INFO] [stdout] 
[INFO] [stdout] warning: unused variable: `res`
[INFO] [stdout]    --> src/bin/6_guard_gallivant.rs:147:51
[INFO] [stdout]     |
[INFO] [stdout] 147 |     fn test_part_one(#[case] input: &str, #[case] res: u32) {
[INFO] [stdout]     |                                                   ^^^ help: if this is intentional, prefix it with an underscore: `_res`
[INFO] [stdout] 
[INFO] [stdout] 
[INFO] [stdout] warning: variable does not need to be mutable
[INFO] [stdout]    --> src/bin/6_guard_gallivant.rs:148:13
[INFO] [stdout]     |
[INFO] [stdout] 148 |         let mut field = Laboratory::from(input);
[INFO] [stdout]     |             ----^^^^^
[INFO] [stdout]     |             |
[INFO] [stdout]     |             help: remove this `mut`
[INFO] [stdout]     |
[INFO] [stdout]     = note: `#[warn(unused_mut)]` on by default
[INFO] [stdout] 
[INFO] [stdout] 
[INFO] [stdout] warning: constant `FOOTPRINT` is never used
[INFO] [stdout]  --> src/bin/6_guard_gallivant.rs:7:7
[INFO] [stdout]   |
[INFO] [stdout] 7 | const FOOTPRINT: char = 'X';
[INFO] [stdout]   |       ^^^^^^^^^
[INFO] [stdout]   |
[INFO] [stdout]   = note: `#[warn(dead_code)]` on by default
[INFO] [stdout] 
[INFO] [stdout] 
[INFO] [stdout] warning: comparison is useless due to type limits
[INFO] [stdout]   --> src/bin/6_guard_gallivant.rs:97:65
[INFO] [stdout]    |
[INFO] [stdout] 97 |         if new_pos.0 > self.width || new_pos.1 > self.height || new_pos.0 < 0 || new_pos.1 < 0 {
[INFO] [stdout]    |                                                                 ^^^^^^^^^^^^^
[INFO] [stdout]    |
[INFO] [stdout]    = note: `#[warn(unused_comparisons)]` on by default
[INFO] [stdout] 
[INFO] [stdout] 
[INFO] [stdout] warning: comparison is useless due to type limits
[INFO] [stdout]   --> src/bin/6_guard_gallivant.rs:97:82
[INFO] [stdout]    |
[INFO] [stdout] 97 |         if new_pos.0 > self.width || new_pos.1 > self.height || new_pos.0 < 0 || new_pos.1 < 0 {
[INFO] [stdout]    |                                                                                  ^^^^^^^^^^^^^
[INFO] [stdout] 
[INFO] [stdout] 
[INFO] [stdout] warning: unused import: `std::collections::HashMap`
[INFO] [stdout]  --> src/bin/4_ceres_search.rs:1:5
[INFO] [stdout]   |
[INFO] [stdout] 1 | use std::collections::HashMap;
[INFO] [stdout]   |     ^^^^^^^^^^^^^^^^^^^^^^^^^
[INFO] [stdout]   |
[INFO] [stdout]   = note: `#[warn(unused_imports)]` on by default
[INFO] [stdout] 
[INFO] [stdout] 
[INFO] [stdout] warning: unused variable: `indx`
[INFO] [stdout]   --> src/bin/3_mull_it_over.rs:81:14
[INFO] [stdout]    |
[INFO] [stdout] 81 |         for (indx, char) in memory_dump[4..].chars().enumerate() {
[INFO] [stdout]    |              ^^^^ help: if this is intentional, prefix it with an underscore: `_indx`
[INFO] [stdout]    |
[INFO] [stdout]    = note: `#[warn(unused_variables)]` on by default
[INFO] [stdout] 
[INFO] [stdout] 
[INFO] [stdout] warning: method `traverse` is never used
[INFO] [stdout]   --> src/lib.rs:48:8
[INFO] [stdout]    |
[INFO] [stdout] 47 | impl<It> Node<It> {
[INFO] [stdout]    | ----------------- method in this implementation
[INFO] [stdout] 48 |     fn traverse(&self, f: impl Fn(&It)) {
[INFO] [stdout]    |        ^^^^^^^^
[INFO] [stdout]    |
[INFO] [stdout]    = note: `#[warn(dead_code)]` on by default
[INFO] [stdout] 
[INFO] [stdout] 
[INFO] [stdout] warning: unused variable: `res`
[INFO] [stdout]    --> src/bin/5_print_queue.rs:167:57
[INFO] [stdout]     |
[INFO] [stdout] 167 |     fn test_loading_content(#[case] path: &str, #[case] res: i32) {
[INFO] [stdout]     |                                                         ^^^ help: if this is intentional, prefix it with an underscore: `_res`
[INFO] [stdout]     |
[INFO] [stdout]     = note: `#[warn(unused_variables)]` on by default
[INFO] [stdout] 
[INFO] [stdout] 
[INFO] [stdout] warning: unused variable: `res`
[INFO] [stdout]    --> src/bin/5_print_queue.rs:189:17
[INFO] [stdout]     |
[INFO] [stdout] 189 |         #[case] res: u32,
[INFO] [stdout]     |                 ^^^ help: if this is intentional, prefix it with an underscore: `_res`
[INFO] [stdout] 
[INFO] [stdout] 
[INFO] [stdout] warning: constant `SECOND_DATASET_PATH` is never used
[INFO] [stdout]  --> src/bin/5_print_queue.rs:6:7
[INFO] [stdout]   |
[INFO] [stdout] 6 | const SECOND_DATASET_PATH: &str = "./data/5_print_queue_2.txt";
[INFO] [stdout]   |       ^^^^^^^^^^^^^^^^^^^
[INFO] [stdout]   |
[INFO] [stdout]   = note: `#[warn(dead_code)]` on by default
[INFO] [stdout] 
[INFO] [stdout] 
[INFO] [stdout] warning: fields `line_len` and `starts` are never read
[INFO] [stdout]   --> src/bin/4_ceres_search.rs:15:5
[INFO] [stdout]    |
[INFO] [stdout] 13 | struct CeresListVec {
[INFO] [stdout]    |        ------------ fields in this struct
[INFO] [stdout] 14 |     data: Vec<Vec<char>>,
[INFO] [stdout] 15 |     line_len: usize,
[INFO] [stdout]    |     ^^^^^^^^
[INFO] [stdout] 16 |     starts: Vec<(usize, usize)>,
[INFO] [stdout]    |     ^^^^^^
[INFO] [stdout]    |
[INFO] [stdout]    = note: `CeresListVec` has a derived impl for the trait `Debug`, but this is intentionally ignored during dead code analysis
[INFO] [stdout]    = note: `#[warn(dead_code)]` on by default
[INFO] [stdout] 
[INFO] [stdout] 
[INFO] [stderr]     Finished `test` profile [unoptimized + debuginfo] target(s) in 8.73s
[INFO] running `Command { std: "docker" "inspect" "c45d65c144897e1027862fe1ebb6beae8f3e9e563143358bde0d307229f25ff1", kill_on_drop: false }`
[INFO] running `Command { std: "docker" "rm" "-f" "c45d65c144897e1027862fe1ebb6beae8f3e9e563143358bde0d307229f25ff1", kill_on_drop: false }`
[INFO] [stdout] c45d65c144897e1027862fe1ebb6beae8f3e9e563143358bde0d307229f25ff1
[INFO] running `Command { std: "docker" "create" "-v" "/var/lib/crater-agent-workspace/builds/worker-2-tc2/target:/opt/rustwide/target:rw,Z" "-v" "/var/lib/crater-agent-workspace/builds/worker-2-tc2/source:/opt/rustwide/workdir:ro,Z" "-v" "/var/lib/crater-agent-workspace/cargo-home:/opt/rustwide/cargo-home:ro,Z" "-v" "/var/lib/crater-agent-workspace/rustup-home:/opt/rustwide/rustup-home:ro,Z" "-e" "SOURCE_DIR=/opt/rustwide/workdir" "-e" "CARGO_TARGET_DIR=/opt/rustwide/target" "-e" "CARGO_INCREMENTAL=0" "-e" "RUST_BACKTRACE=full" "-e" "RUSTFLAGS=--cap-lints=forbid -Zrandomize-layout" "-e" "RUSTDOCFLAGS=--cap-lints=forbid" "-e" "CARGO_HOME=/opt/rustwide/cargo-home" "-e" "RUSTUP_HOME=/opt/rustwide/rustup-home" "-w" "/opt/rustwide/workdir" "-m" "1610612736" "--user" "0:0" "--network" "none" "ghcr.io/rust-lang/crates-build-env/linux@sha256:819108c5571ea2e421544af4d832f968d213c87fbe3707a016657f43d2f853bc" "/opt/rustwide/cargo-home/bin/cargo" "+nightly-2025-01-18" "test" "--frozen", kill_on_drop: false }`
[INFO] [stdout] 4e70d4fd157caa20c58128e4ad884c374a872a94e94a29bc1bf8d4d2195c3616
[INFO] running `Command { std: "docker" "start" "-a" "4e70d4fd157caa20c58128e4ad884c374a872a94e94a29bc1bf8d4d2195c3616", kill_on_drop: false }`
[INFO] [stderr] warning: variants `Leaf` and `Children` are never constructed
[INFO] [stderr]   --> src/lib.rs:43:5
[INFO] [stderr]    |
[INFO] [stderr] 42 | enum Node<Item> {
[INFO] [stderr]    |      ---- variants in this enum
[INFO] [stderr] 43 |     Leaf(Item),
[INFO] [stderr]    |     ^^^^
[INFO] [stderr] 44 |     Children(Vec<Node<Item>>),
[INFO] [stderr]    |     ^^^^^^^^
[INFO] [stderr]    |
[INFO] [stderr]    = note: `Node` has a derived impl for the trait `Debug`, but this is intentionally ignored during dead code analysis
[INFO] [stderr]    = note: `#[warn(dead_code)]` on by default
[INFO] [stderr] 
[INFO] [stderr] warning: methods `traverse` and `iter` are never used
[INFO] [stderr]   --> src/lib.rs:48:8
[INFO] [stderr]    |
[INFO] [stderr] 47 | impl<It> Node<It> {
[INFO] [stderr]    | ----------------- methods in this implementation
[INFO] [stderr] 48 |     fn traverse(&self, f: impl Fn(&It)) {
[INFO] [stderr]    |        ^^^^^^^^
[INFO] [stderr] ...
[INFO] [stderr] 57 |     fn iter(&self) -> NodeIter<'_, It> {
[INFO] [stderr]    |        ^^^^
[INFO] [stderr] 
[INFO] [stderr] warning: method `traverse` is never used
[INFO] [stderr]   --> src/lib.rs:48:8
[INFO] [stderr]    |
[INFO] [stderr] 47 | impl<It> Node<It> {
[INFO] [stderr]    | ----------------- method in this implementation
[INFO] [stderr] 48 |     fn traverse(&self, f: impl Fn(&It)) {
[INFO] [stderr]    |        ^^^^^^^^
[INFO] [stderr]    |
[INFO] [stderr]    = note: `#[warn(dead_code)]` on by default
[INFO] [stderr] 
[INFO] [stderr] warning: `advent_of_code` (lib) generated 2 warnings
[INFO] [stderr] warning: `advent_of_code` (lib test) generated 1 warning
[INFO] [stderr] warning: unused import: `std::collections::HashMap`
[INFO] [stderr]  --> src/bin/4_ceres_search.rs:1:5
[INFO] [stderr]   |
[INFO] [stderr] 1 | use std::collections::HashMap;
[INFO] [stderr]   |     ^^^^^^^^^^^^^^^^^^^^^^^^^
[INFO] [stderr]   |
[INFO] [stderr]   = note: `#[warn(unused_imports)]` on by default
[INFO] [stderr] 
[INFO] [stderr] warning: fields `line_len` and `starts` are never read
[INFO] [stderr]   --> src/bin/4_ceres_search.rs:15:5
[INFO] [stderr]    |
[INFO] [stderr] 13 | struct CeresListVec {
[INFO] [stderr]    |        ------------ fields in this struct
[INFO] [stderr] 14 |     data: Vec<Vec<char>>,
[INFO] [stderr] 15 |     line_len: usize,
[INFO] [stderr]    |     ^^^^^^^^
[INFO] [stderr] 16 |     starts: Vec<(usize, usize)>,
[INFO] [stderr]    |     ^^^^^^
[INFO] [stderr]    |
[INFO] [stderr]    = note: `CeresListVec` has a derived impl for the trait `Debug`, but this is intentionally ignored during dead code analysis
[INFO] [stderr]    = note: `#[warn(dead_code)]` on by default
[INFO] [stderr] 
[INFO] [stderr] warning: unused variable: `res`
[INFO] [stderr]    --> src/bin/5_print_queue.rs:167:57
[INFO] [stderr]     |
[INFO] [stderr] 167 |     fn test_loading_content(#[case] path: &str, #[case] res: i32) {
[INFO] [stderr]     |                                                         ^^^ help: if this is intentional, prefix it with an underscore: `_res`
[INFO] [stderr]     |
[INFO] [stderr]     = note: `#[warn(unused_variables)]` on by default
[INFO] [stderr] 
[INFO] [stderr] warning: unused variable: `res`
[INFO] [stderr]    --> src/bin/5_print_queue.rs:189:17
[INFO] [stderr]     |
[INFO] [stderr] 189 |         #[case] res: u32,
[INFO] [stderr]     |                 ^^^ help: if this is intentional, prefix it with an underscore: `_res`
[INFO] [stderr] 
[INFO] [stderr] warning: constant `SECOND_DATASET_PATH` is never used
[INFO] [stderr]  --> src/bin/5_print_queue.rs:6:7
[INFO] [stderr]   |
[INFO] [stderr] 6 | const SECOND_DATASET_PATH: &str = "./data/5_print_queue_2.txt";
[INFO] [stderr]   |       ^^^^^^^^^^^^^^^^^^^
[INFO] [stderr]   |
[INFO] [stderr]   = note: `#[warn(dead_code)]` on by default
[INFO] [stderr] 
[INFO] [stderr] warning: unused variable: `indx`
[INFO] [stderr]   --> src/bin/3_mull_it_over.rs:81:14
[INFO] [stderr]    |
[INFO] [stderr] 81 |         for (indx, char) in memory_dump[4..].chars().enumerate() {
[INFO] [stderr]    |              ^^^^ help: if this is intentional, prefix it with an underscore: `_indx`
[INFO] [stderr]    |
[INFO] [stderr]    = note: `#[warn(unused_variables)]` on by default
[INFO] [stderr] 
[INFO] [stderr] warning: unused import: `ops::IndexMut`
[INFO] [stderr]  --> src/bin/6_guard_gallivant.rs:1:33
[INFO] [stderr]   |
[INFO] [stderr] 1 | use std::{collections::HashSet, ops::IndexMut};
[INFO] [stderr]   |                                 ^^^^^^^^^^^^^
[INFO] [stderr]   |
[INFO] [stderr]   = note: `#[warn(unused_imports)]` on by default
[INFO] [stderr] 
[INFO] [stderr] warning: unused variable: `c_field`
[INFO] [stderr]    --> src/bin/6_guard_gallivant.rs:149:13
[INFO] [stderr]     |
[INFO] [stderr] 149 |         let c_field = field.clone();
[INFO] [stderr]     |             ^^^^^^^ help: if this is intentional, prefix it with an underscore: `_c_field`
[INFO] [stderr]     |
[INFO] [stderr]     = note: `#[warn(unused_variables)]` on by default
[INFO] [stderr] 
[INFO] [stderr] warning: unused variable: `res`
[INFO] [stderr]    --> src/bin/6_guard_gallivant.rs:147:51
[INFO] [stderr]     |
[INFO] [stderr] 147 |     fn test_part_one(#[case] input: &str, #[case] res: u32) {
[INFO] [stderr]     |                                                   ^^^ help: if this is intentional, prefix it with an underscore: `_res`
[INFO] [stderr] 
[INFO] [stderr] warning: variable does not need to be mutable
[INFO] [stderr]    --> src/bin/6_guard_gallivant.rs:148:13
[INFO] [stderr]     |
[INFO] [stderr] 148 |         let mut field = Laboratory::from(input);
[INFO] [stderr]     |             ----^^^^^
[INFO] [stderr]     |             |
[INFO] [stderr]     |             help: remove this `mut`
[INFO] [stderr]     |
[INFO] [stderr]     = note: `#[warn(unused_mut)]` on by default
[INFO] [stderr] 
[INFO] [stderr] warning: constant `FOOTPRINT` is never used
[INFO] [stderr]  --> src/bin/6_guard_gallivant.rs:7:7
[INFO] [stderr]   |
[INFO] [stderr] 7 | const FOOTPRINT: char = 'X';
[INFO] [stderr]   |       ^^^^^^^^^
[INFO] [stderr]   |
[INFO] [stderr]   = note: `#[warn(dead_code)]` on by default
[INFO] [stderr] 
[INFO] [stderr] warning: comparison is useless due to type limits
[INFO] [stderr]   --> src/bin/6_guard_gallivant.rs:97:65
[INFO] [stderr]    |
[INFO] [stderr] 97 |         if new_pos.0 > self.width || new_pos.1 > self.height || new_pos.0 < 0 || new_pos.1 < 0 {
[INFO] [stderr]    |                                                                 ^^^^^^^^^^^^^
[INFO] [stderr]    |
[INFO] [stderr]    = note: `#[warn(unused_comparisons)]` on by default
[INFO] [stderr] 
[INFO] [stderr] warning: comparison is useless due to type limits
[INFO] [stderr]   --> src/bin/6_guard_gallivant.rs:97:82
[INFO] [stderr]    |
[INFO] [stderr] 97 |         if new_pos.0 > self.width || new_pos.1 > self.height || new_pos.0 < 0 || new_pos.1 < 0 {
[INFO] [stderr]    |                                                                                  ^^^^^^^^^^^^^
[INFO] [stderr] 
[INFO] [stderr] warning: `advent_of_code` (bin "4_ceres_search" test) generated 2 warnings (run `cargo fix --bin "4_ceres_search" --tests` to apply 1 suggestion)
[INFO] [stderr] warning: `advent_of_code` (bin "5_print_queue" test) generated 3 warnings
[INFO] [stderr] warning: `advent_of_code` (bin "3_mull_it_over" test) generated 1 warning
[INFO] [stderr] warning: `advent_of_code` (bin "6_guard_gallivant" test) generated 7 warnings (run `cargo fix --bin "6_guard_gallivant" --tests` to apply 2 suggestions)
[INFO] [stderr]     Finished `test` profile [unoptimized + debuginfo] target(s) in 0.09s
[INFO] [stderr]      Running unittests src/lib.rs (/opt/rustwide/target/debug/deps/advent_of_code-fd2c9b2351dfb3e5)
[INFO] [stderr]      Running unittests src/bin/1_historian_hysteria.rs (/opt/rustwide/target/debug/deps/1_historian_hysteria-12841870f8dd921c)
[INFO] [stdout] 
[INFO] [stdout] running 1 test
[INFO] [stdout] test lib_tests::test_tree_struct ... ok
[INFO] [stdout] 
[INFO] [stdout] test result: ok. 1 passed; 0 failed; 0 ignored; 0 measured; 0 filtered out; finished in 0.00s
[INFO] [stdout] 
[INFO] [stdout] 
[INFO] [stdout] running 8 tests
[INFO] [stdout] test tests::test_cleaning_dataset::case_1 ... ok
[INFO] [stdout] test tests::tdd::case_1 ... ok
[INFO] [stdout] test tests::test_line_parsing::case_3 ... ok
[INFO] [stdout] test tests::test_line_parsing::case_4 ... ok
[INFO] [stdout] test tests::test_part_two::case_1 ... ok
[INFO] [stdout] test tests::test_line_parsing::case_2 ... ok
[INFO] [stdout] test tests::test_line_parsing::case_1 ... ok
[INFO] [stdout] test tests::test_part_one ... ok
[INFO] [stdout] 
[INFO] [stdout] test result: ok. 8 passed; 0 failed; 0 ignored; 0 measured; 0 filtered out; finished in 0.02s
[INFO] [stdout] 
[INFO] [stderr]      Running unittests src/bin/2_rednosed_reports.rs (/opt/rustwide/target/debug/deps/2_rednosed_reports-000231c73360ad8f)
[INFO] [stdout] 
[INFO] [stdout] running 17 tests
[INFO] [stdout] test tests::tdd::case_01 ... ok
[INFO] [stdout] test tests::tdd::case_04 ... ok
[INFO] [stdout] test tests::tdd::case_05 ... ok
[INFO] [stdout] test tests::tdd::case_02 ... ok
[INFO] [stdout] test tests::tdd::case_08 ... ok
[INFO] [stdout] test tests::tdd::case_09 ... ok
[INFO] [stdout] test tests::tdd::case_10 ... ok
[INFO] [stdout] test tests::test_contains::case_2 ... ok
[INFO] [stdout] test tests::tdd::case_06 ... ok
[INFO] [stdout] test tests::tdd::case_07 ... ok
[INFO] [stdout] test tests::test_contains::case_4 ... ok
[INFO] [stdout] test tests::test_contains::case_3 ... ok
[INFO] [stdout] test tests::tdd::case_11 ... ok
[INFO] [stdout] test tests::test_contains::case_1 ... ok
[INFO] [stdout] test tests::tdd::case_03 ... ok
[INFO] [stdout] test tests::test_answer_part_one ... ok
[INFO] [stdout] test tests::test_answer_part_two ... ok
[INFO] [stdout] 
[INFO] [stdout] test result: ok. 17 passed; 0 failed; 0 ignored; 0 measured; 0 filtered out; finished in 0.04s
[INFO] [stdout] 
[INFO] [stderr]      Running unittests src/bin/3_mull_it_over.rs (/opt/rustwide/target/debug/deps/3_mull_it_over-3fd234f68b3b3430)
[INFO] [stdout] 
[INFO] [stdout] running 4 tests
[INFO] [stdout] test tests::tdd_part_one::case_1 ... ok
[INFO] [stdout] test tests::tdd_part_two::case_1 ... ok
[INFO] [stdout] test tests::test_part_one::case_1 ... ok
[INFO] [stdout] test tests::test_part_two::case_1 ... ok
[INFO] [stdout] 
[INFO] [stdout] test result: ok. 4 passed; 0 failed; 0 ignored; 0 measured; 0 filtered out; finished in 0.03s
[INFO] [stdout] 
[INFO] [stderr]      Running unittests src/bin/4_ceres_search.rs (/opt/rustwide/target/debug/deps/4_ceres_search-38317ae616c6125d)
[INFO] [stdout] 
[INFO] [stdout] running 2 tests
[INFO] [stdout] test tests::test_part_one::case_1 ... ok
[INFO] [stdout] test tests::test_part_two::case_1 ... FAILED
[INFO] [stdout] 
[INFO] [stdout] failures:
[INFO] [stdout] 
[INFO] [stdout] ---- tests::test_part_two::case_1 stdout ----
[INFO] [stdout] P: (0, 7)
[INFO] [stdout] Out of range: -1, 6
[INFO] [stdout] P: (1, 2)
[INFO] [stdout] P: (1, 9)
[INFO] [stdout] P: (2, 0)
[INFO] [stdout] Out of range: 1, -1
[INFO] [stdout] P: (2, 6)
[INFO] [stdout] P: (2, 7)
[INFO] [stdout] P: (3, 2)
[INFO] [stdout] P: (3, 4)
[INFO] [stdout] P: (4, 2)
[INFO] [stdout] P: (4, 4)
[INFO] [stdout] P: (4, 7)
[INFO] [stdout] P: (5, 2)
[INFO] [stdout] P: (5, 7)
[INFO] [stdout] P: (5, 9)
[INFO] [stdout] P: (6, 5)
[INFO] [stdout] P: (7, 1)
[INFO] [stdout] P: (7, 3)
[INFO] [stdout] P: (7, 5)
[INFO] [stdout] P: (7, 7)
[INFO] [stdout] P: (7, 8)
[INFO] [stdout] P: (7, 9)
[INFO] [stdout] P: (8, 1)
[INFO] [stdout] P: (9, 4)
[INFO] [stdout] Out of range: 10, 3
[INFO] [stdout] P: (9, 7)
[INFO] [stdout] Out of range: 10, 6
[INFO] [stdout] res: [1, 1, 1, 1, 1, 1, 1, 1, 1, 1, 1, 1, 1, 1, 1, 1, 1, 1, 1, 1, 1, 1, 1, 1]
[INFO] [stdout] res: 0
[INFO] [stdout] 
[INFO] [stdout] thread 'tests::test_part_two::case_1' panicked at src/bin/4_ceres_search.rs:209:9:
[INFO] [stdout] assertion `left == right` failed
[INFO] [stdout]   left: 0
[INFO] [stdout]  right: 9
[INFO] [stdout] stack backtrace:
[INFO] [stdout]    0:     0x59bb032b851a - std::backtrace_rs::backtrace::libunwind::trace::hb059275cfc8d6126
[INFO] [stdout]                                at /rustc/6067b36314ab5eb2eb47cecc464545ba58e1ad24/library/std/src/../../backtrace/src/backtrace/libunwind.rs:116:5
[INFO] [stdout]    1:     0x59bb032b851a - std::backtrace_rs::backtrace::trace_unsynchronized::h2da071e4327ce3ee
[INFO] [stdout]                                at /rustc/6067b36314ab5eb2eb47cecc464545ba58e1ad24/library/std/src/../../backtrace/src/backtrace/mod.rs:66:5
[INFO] [stdout]    2:     0x59bb032b851a - std::sys::backtrace::_print_fmt::h842a1474e6f8d23f
[INFO] [stdout]                                at /rustc/6067b36314ab5eb2eb47cecc464545ba58e1ad24/library/std/src/sys/backtrace.rs:66:9
[INFO] [stdout]    3:     0x59bb032b851a - <std::sys::backtrace::BacktraceLock::print::DisplayBacktrace as core::fmt::Display>::fmt::h71a62eb3b9696b12
[INFO] [stdout]                                at /rustc/6067b36314ab5eb2eb47cecc464545ba58e1ad24/library/std/src/sys/backtrace.rs:39:26
[INFO] [stdout]    4:     0x59bb032dfbe3 - core::fmt::rt::Argument::fmt::hdb6b616786b41dc1
[INFO] [stdout]                                at /rustc/6067b36314ab5eb2eb47cecc464545ba58e1ad24/library/core/src/fmt/rt.rs:177:76
[INFO] [stdout]    5:     0x59bb032dfbe3 - core::fmt::write::h2cc1698af7e2d686
[INFO] [stdout]                                at /rustc/6067b36314ab5eb2eb47cecc464545ba58e1ad24/library/core/src/fmt/mod.rs:1440:21
[INFO] [stdout]    6:     0x59bb032b5073 - std::io::Write::write_fmt::hab1b4cd059a79022
[INFO] [stdout]                                at /rustc/6067b36314ab5eb2eb47cecc464545ba58e1ad24/library/std/src/io/mod.rs:1887:15
[INFO] [stdout]    7:     0x59bb032b8362 - std::sys::backtrace::BacktraceLock::print::h147fe35b4ea13b08
[INFO] [stdout]                                at /rustc/6067b36314ab5eb2eb47cecc464545ba58e1ad24/library/std/src/sys/backtrace.rs:42:9
[INFO] [stdout]    8:     0x59bb032b993f - std::panicking::default_hook::{{closure}}::hbd44223dbdc0d208
[INFO] [stdout]                                at /rustc/6067b36314ab5eb2eb47cecc464545ba58e1ad24/library/std/src/panicking.rs:298:22
[INFO] [stdout]    9:     0x59bb032b9758 - std::panicking::default_hook::h20f81eb0576efcec
[INFO] [stdout]                                at /rustc/6067b36314ab5eb2eb47cecc464545ba58e1ad24/library/std/src/panicking.rs:322:9
[INFO] [stdout]   10:     0x59bb03281b33 - <alloc::boxed::Box<F,A> as core::ops::function::Fn<Args>>::call::hdb53814c496a4d34
[INFO] [stdout]                                at /rustc/6067b36314ab5eb2eb47cecc464545ba58e1ad24/library/alloc/src/boxed.rs:2027:9
[INFO] [stdout]   11:     0x59bb03281b33 - test::test_main::{{closure}}::hc0a4963c59427c24
[INFO] [stdout]                                at /rustc/6067b36314ab5eb2eb47cecc464545ba58e1ad24/library/test/src/lib.rs:134:21
[INFO] [stdout]   12:     0x59bb032ba433 - <alloc::boxed::Box<F,A> as core::ops::function::Fn<Args>>::call::h591b2225413a77e9
[INFO] [stdout]                                at /rustc/6067b36314ab5eb2eb47cecc464545ba58e1ad24/library/alloc/src/boxed.rs:2027:9
[INFO] [stdout]   13:     0x59bb032ba433 - std::panicking::rust_panic_with_hook::h625eea43051b2edc
[INFO] [stdout]                                at /rustc/6067b36314ab5eb2eb47cecc464545ba58e1ad24/library/std/src/panicking.rs:839:13
[INFO] [stdout]   14:     0x59bb032ba0ea - std::panicking::begin_panic_handler::{{closure}}::h4f9159cfbc3f6bd3
[INFO] [stdout]                                at /rustc/6067b36314ab5eb2eb47cecc464545ba58e1ad24/library/std/src/panicking.rs:704:13
[INFO] [stdout]   15:     0x59bb032b8a19 - std::sys::backtrace::__rust_end_short_backtrace::h0390abce48353151
[INFO] [stdout]                                at /rustc/6067b36314ab5eb2eb47cecc464545ba58e1ad24/library/std/src/sys/backtrace.rs:168:18
[INFO] [stdout]   16:     0x59bb032b9d7d - rust_begin_unwind
[INFO] [stdout]                                at /rustc/6067b36314ab5eb2eb47cecc464545ba58e1ad24/library/std/src/panicking.rs:695:5
[INFO] [stdout]   17:     0x59bb032de5f0 - core::panicking::panic_fmt::h9e7c637e9e5f29c9
[INFO] [stdout]                                at /rustc/6067b36314ab5eb2eb47cecc464545ba58e1ad24/library/core/src/panicking.rs:75:14
[INFO] [stdout]   18:     0x59bb032de9b2 - core::panicking::assert_failed_inner::h538bec7c1374cd9c
[INFO] [stdout]   19:     0x59bb032982dc - core::panicking::assert_failed::hd02c0d569d89af5b
[INFO] [stdout]                                at /rustc/6067b36314ab5eb2eb47cecc464545ba58e1ad24/library/core/src/panicking.rs:364:5
[INFO] [stdout]   20:     0x59bb03241951 - _4_ceres_search::tests::test_part_two::haad9581448bcaaf0
[INFO] [stdout]                                at /opt/rustwide/workdir/src/bin/4_ceres_search.rs:209:9
[INFO] [stdout]   21:     0x59bb03241aa8 - _4_ceres_search::tests::test_part_two::case_1::h7fd89e8e7d6d2d44
[INFO] [stdout]                                at /opt/rustwide/workdir/src/bin/4_ceres_search.rs:192:5
[INFO] [stdout]   22:     0x59bb03241977 - _4_ceres_search::tests::test_part_two::case_1::{{closure}}::h380e91f7c5f81afc
[INFO] [stdout]                                at /opt/rustwide/workdir/src/bin/4_ceres_search.rs:192:14
[INFO] [stdout]   23:     0x59bb0323f406 - core::ops::function::FnOnce::call_once::hc87df336ad9458d5
[INFO] [stdout]                                at /rustc/6067b36314ab5eb2eb47cecc464545ba58e1ad24/library/core/src/ops/function.rs:250:5
[INFO] [stdout]   24:     0x59bb0328728b - core::ops::function::FnOnce::call_once::he27718dfdd183f43
[INFO] [stdout]                                at /rustc/6067b36314ab5eb2eb47cecc464545ba58e1ad24/library/core/src/ops/function.rs:250:5
[INFO] [stdout]   25:     0x59bb0328728b - test::__rust_begin_short_backtrace::h4e84902998457a5d
[INFO] [stdout]                                at /rustc/6067b36314ab5eb2eb47cecc464545ba58e1ad24/library/test/src/lib.rs:632:18
[INFO] [stdout]   26:     0x59bb032861c3 - test::run_test_in_process::{{closure}}::h7176fd18fc1feca0
[INFO] [stdout]                                at /rustc/6067b36314ab5eb2eb47cecc464545ba58e1ad24/library/test/src/lib.rs:655:60
[INFO] [stdout]   27:     0x59bb032861c3 - <core::panic::unwind_safe::AssertUnwindSafe<F> as core::ops::function::FnOnce<()>>::call_once::hf79cff2a624d8cf7
[INFO] [stdout]                                at /rustc/6067b36314ab5eb2eb47cecc464545ba58e1ad24/library/core/src/panic/unwind_safe.rs:272:9
[INFO] [stdout]   28:     0x59bb032861c3 - std::panicking::try::do_call::h3da0561d9ab99c25
[INFO] [stdout]                                at /rustc/6067b36314ab5eb2eb47cecc464545ba58e1ad24/library/std/src/panicking.rs:587:40
[INFO] [stdout]   29:     0x59bb032861c3 - std::panicking::try::h41c9fa508bc61df6
[INFO] [stdout]                                at /rustc/6067b36314ab5eb2eb47cecc464545ba58e1ad24/library/std/src/panicking.rs:550:19
[INFO] [stdout]   30:     0x59bb032861c3 - std::panic::catch_unwind::h6b3ff07bb5afad93
[INFO] [stdout]                                at /rustc/6067b36314ab5eb2eb47cecc464545ba58e1ad24/library/std/src/panic.rs:358:14
[INFO] [stdout]   31:     0x59bb032861c3 - test::run_test_in_process::hc7253dd11b39b9f4
[INFO] [stdout]                                at /rustc/6067b36314ab5eb2eb47cecc464545ba58e1ad24/library/test/src/lib.rs:655:27
[INFO] [stdout]   32:     0x59bb032861c3 - test::run_test::{{closure}}::hfb2007f8649c30bb
[INFO] [stdout]                                at /rustc/6067b36314ab5eb2eb47cecc464545ba58e1ad24/library/test/src/lib.rs:576:43
[INFO] [stdout]   33:     0x59bb032492a5 - test::run_test::{{closure}}::h56a17aa7a282a9f4
[INFO] [stdout]                                at /rustc/6067b36314ab5eb2eb47cecc464545ba58e1ad24/library/test/src/lib.rs:606:41
[INFO] [stdout]   34:     0x59bb032492a5 - std::sys::backtrace::__rust_begin_short_backtrace::hd2d2d2fb8e8c6aac
[INFO] [stdout]                                at /rustc/6067b36314ab5eb2eb47cecc464545ba58e1ad24/library/std/src/sys/backtrace.rs:152:18
[INFO] [stdout]   35:     0x59bb0324cb8a - std::thread::Builder::spawn_unchecked_::{{closure}}::{{closure}}::h4faa3f9db6133423
[INFO] [stdout]                                at /rustc/6067b36314ab5eb2eb47cecc464545ba58e1ad24/library/std/src/thread/mod.rs:559:17
[INFO] [stdout]   36:     0x59bb0324cb8a - <core::panic::unwind_safe::AssertUnwindSafe<F> as core::ops::function::FnOnce<()>>::call_once::hf2e855a36a4ea846
[INFO] [stdout]                                at /rustc/6067b36314ab5eb2eb47cecc464545ba58e1ad24/library/core/src/panic/unwind_safe.rs:272:9
[INFO] [stdout]   37:     0x59bb0324cb8a - std::panicking::try::do_call::h2f73af3616c35465
[INFO] [stdout]                                at /rustc/6067b36314ab5eb2eb47cecc464545ba58e1ad24/library/std/src/panicking.rs:587:40
[INFO] [stdout]   38:     0x59bb0324cb8a - std::panicking::try::hd1660ce9efadef5a
[INFO] [stdout]                                at /rustc/6067b36314ab5eb2eb47cecc464545ba58e1ad24/library/std/src/panicking.rs:550:19
[INFO] [stdout]   39:     0x59bb0324cb8a - std::panic::catch_unwind::h5ee8d7823b8ca744
[INFO] [stdout]                                at /rustc/6067b36314ab5eb2eb47cecc464545ba58e1ad24/library/std/src/panic.rs:358:14
[INFO] [stdout]   40:     0x59bb0324cb8a - std::thread::Builder::spawn_unchecked_::{{closure}}::h53c3a1894dce8407
[INFO] [stdout]                                at /rustc/6067b36314ab5eb2eb47cecc464545ba58e1ad24/library/std/src/thread/mod.rs:557:30
[INFO] [stdout]   41:     0x59bb0324cb8a - core::ops::function::FnOnce::call_once{{vtable.shim}}::h048ce291ad4f62bf
[INFO] [stdout]                                at /rustc/6067b36314ab5eb2eb47cecc464545ba58e1ad24/library/core/src/ops/function.rs:250:5
[INFO] [stdout]   42:     0x59bb032be36b - <alloc::boxed::Box<F,A> as core::ops::function::FnOnce<Args>>::call_once::ha52bedf99a3b4981
[INFO] [stdout]                                at /rustc/6067b36314ab5eb2eb47cecc464545ba58e1ad24/library/alloc/src/boxed.rs:2013:9
[INFO] [stdout]   43:     0x59bb032be36b - <alloc::boxed::Box<F,A> as core::ops::function::FnOnce<Args>>::call_once::h567748934d80ccf8
[INFO] [stdout]                                at /rustc/6067b36314ab5eb2eb47cecc464545ba58e1ad24/library/alloc/src/boxed.rs:2013:9
[INFO] [stdout]   44:     0x59bb032be36b - std::sys::pal::unix::thread::Thread::new::thread_start::h2d970728ae887adc
[INFO] [stdout]                                at /rustc/6067b36314ab5eb2eb47cecc464545ba58e1ad24/library/std/src/sys/pal/unix/thread.rs:106:17
[INFO] [stdout]   45:     0x7f8013c6eac3 - <unknown>
[INFO] [stdout]   46:     0x7f8013cffa04 - clone
[INFO] [stdout]   47:                0x0 - <unknown>
[INFO] [stdout] 
[INFO] [stdout] 
[INFO] [stdout] failures:
[INFO] [stdout]     tests::test_part_two::case_1
[INFO] [stdout] 
[INFO] [stdout] test result: FAILED. 1 passed; 1 failed; 0 ignored; 0 measured; 0 filtered out; finished in 0.02s
[INFO] [stdout] 
[INFO] [stderr] error: test failed, to rerun pass `--bin 4_ceres_search`
[INFO] running `Command { std: "docker" "inspect" "4e70d4fd157caa20c58128e4ad884c374a872a94e94a29bc1bf8d4d2195c3616", kill_on_drop: false }`
[INFO] running `Command { std: "docker" "rm" "-f" "4e70d4fd157caa20c58128e4ad884c374a872a94e94a29bc1bf8d4d2195c3616", kill_on_drop: false }`
[INFO] [stdout] 4e70d4fd157caa20c58128e4ad884c374a872a94e94a29bc1bf8d4d2195c3616
