[INFO] cloning repository https://github.com/Takashiidobe/crypto
[INFO] running `Command { std: "git" "-c" "credential.helper=" "-c" "credential.helper=/workspace/cargo-home/bin/git-credential-null" "clone" "--bare" "https://github.com/Takashiidobe/crypto" "/workspace/cache/git-repos/https%3A%2F%2Fgithub.com%2FTakashiidobe%2Fcrypto", kill_on_drop: false }`
[INFO] [stderr] Cloning into bare repository '/workspace/cache/git-repos/https%3A%2F%2Fgithub.com%2FTakashiidobe%2Fcrypto'...
[INFO] running `Command { std: "git" "rev-parse" "HEAD", kill_on_drop: false }`
[INFO] [stdout] 34f0544edcedb5e3a33a3c5315f59a04cdd2b8e8
[INFO] testing Takashiidobe/crypto against nightly-2025-01-18+rustflags=-Zrandomize-layout for randomize-layout-2
[INFO] running `Command { std: "git" "clone" "/workspace/cache/git-repos/https%3A%2F%2Fgithub.com%2FTakashiidobe%2Fcrypto" "/workspace/builds/worker-3-tc2/source", kill_on_drop: false }`
[INFO] [stderr] Cloning into '/workspace/builds/worker-3-tc2/source'...
[INFO] [stderr] done.
[INFO] validating manifest of git repo https://github.com/Takashiidobe/crypto on toolchain nightly-2025-01-18
[INFO] running `Command { std: CARGO_HOME="/workspace/cargo-home" RUSTUP_HOME="/workspace/rustup-home" "/workspace/cargo-home/bin/cargo" "+nightly-2025-01-18" "metadata" "--manifest-path" "Cargo.toml" "--no-deps", kill_on_drop: false }`
[INFO] removed /workspace/builds/worker-3-tc2/source/.cargo/config.toml
[INFO] started tweaking git repo https://github.com/Takashiidobe/crypto
[INFO] finished tweaking git repo https://github.com/Takashiidobe/crypto
[INFO] tweaked toml for git repo https://github.com/Takashiidobe/crypto written to /workspace/builds/worker-3-tc2/source/Cargo.toml
[INFO] crate git repo https://github.com/Takashiidobe/crypto already has a lockfile, it will not be regenerated
[INFO] running `Command { std: CARGO_HOME="/workspace/cargo-home" RUSTUP_HOME="/workspace/rustup-home" "/workspace/cargo-home/bin/cargo" "+nightly-2025-01-18" "fetch" "--manifest-path" "Cargo.toml", kill_on_drop: false }`
[INFO] running `Command { std: "docker" "create" "-v" "/var/lib/crater-agent-workspace/builds/worker-3-tc2/target:/opt/rustwide/target:rw,Z" "-v" "/var/lib/crater-agent-workspace/builds/worker-3-tc2/source:/opt/rustwide/workdir:ro,Z" "-v" "/var/lib/crater-agent-workspace/cargo-home:/opt/rustwide/cargo-home:ro,Z" "-v" "/var/lib/crater-agent-workspace/rustup-home:/opt/rustwide/rustup-home:ro,Z" "-e" "SOURCE_DIR=/opt/rustwide/workdir" "-e" "CARGO_TARGET_DIR=/opt/rustwide/target" "-e" "CARGO_HOME=/opt/rustwide/cargo-home" "-e" "RUSTUP_HOME=/opt/rustwide/rustup-home" "-w" "/opt/rustwide/workdir" "-m" "1610612736" "--user" "0:0" "--network" "none" "ghcr.io/rust-lang/crates-build-env/linux@sha256:819108c5571ea2e421544af4d832f968d213c87fbe3707a016657f43d2f853bc" "/opt/rustwide/cargo-home/bin/cargo" "+nightly-2025-01-18" "metadata" "--no-deps" "--format-version=1", kill_on_drop: false }`
[INFO] [stdout] 6f7207c427618dbdc27f1fb9028cf29ef46cbc88b42a819db09763add00d4072
[INFO] running `Command { std: "docker" "start" "-a" "6f7207c427618dbdc27f1fb9028cf29ef46cbc88b42a819db09763add00d4072", kill_on_drop: false }`
[INFO] running `Command { std: "docker" "inspect" "6f7207c427618dbdc27f1fb9028cf29ef46cbc88b42a819db09763add00d4072", kill_on_drop: false }`
[INFO] running `Command { std: "docker" "rm" "-f" "6f7207c427618dbdc27f1fb9028cf29ef46cbc88b42a819db09763add00d4072", kill_on_drop: false }`
[INFO] [stdout] 6f7207c427618dbdc27f1fb9028cf29ef46cbc88b42a819db09763add00d4072
[INFO] running `Command { std: "docker" "create" "-v" "/var/lib/crater-agent-workspace/builds/worker-3-tc2/target:/opt/rustwide/target:rw,Z" "-v" "/var/lib/crater-agent-workspace/builds/worker-3-tc2/source:/opt/rustwide/workdir:ro,Z" "-v" "/var/lib/crater-agent-workspace/cargo-home:/opt/rustwide/cargo-home:ro,Z" "-v" "/var/lib/crater-agent-workspace/rustup-home:/opt/rustwide/rustup-home:ro,Z" "-e" "SOURCE_DIR=/opt/rustwide/workdir" "-e" "CARGO_TARGET_DIR=/opt/rustwide/target" "-e" "CARGO_INCREMENTAL=0" "-e" "RUST_BACKTRACE=full" "-e" "RUSTFLAGS=--cap-lints=forbid -Zrandomize-layout" "-e" "RUSTDOCFLAGS=--cap-lints=forbid" "-e" "CARGO_HOME=/opt/rustwide/cargo-home" "-e" "RUSTUP_HOME=/opt/rustwide/rustup-home" "-w" "/opt/rustwide/workdir" "-m" "1610612736" "--user" "0:0" "--network" "none" "ghcr.io/rust-lang/crates-build-env/linux@sha256:819108c5571ea2e421544af4d832f968d213c87fbe3707a016657f43d2f853bc" "/opt/rustwide/cargo-home/bin/cargo" "+nightly-2025-01-18" "build" "--frozen" "--message-format=json", kill_on_drop: false }`
[INFO] [stdout] b0a636c6de3f841897fcdbfde18be1d00807a74ebebaf1db7559f5a921fbf2d9
[INFO] running `Command { std: "docker" "start" "-a" "b0a636c6de3f841897fcdbfde18be1d00807a74ebebaf1db7559f5a921fbf2d9", kill_on_drop: false }`
[INFO] [stderr]    Compiling proc-macro2 v1.0.86
[INFO] [stderr]    Compiling unicode-ident v1.0.12
[INFO] [stderr]    Compiling syn v1.0.109
[INFO] [stderr]    Compiling ident_case v1.0.1
[INFO] [stderr]    Compiling strsim v0.10.0
[INFO] [stderr]    Compiling fnv v1.0.7
[INFO] [stderr]    Compiling libc v0.2.155
[INFO] [stderr]    Compiling cfg-if v1.0.0
[INFO] [stderr]    Compiling evalexpr v6.6.0
[INFO] [stderr]    Compiling base64 v0.13.1
[INFO] [stderr]    Compiling const_for v0.1.4
[INFO] [stderr]    Compiling either v1.13.0
[INFO] [stderr]    Compiling oorandom v11.1.3
[INFO] [stderr]    Compiling quote v1.0.36
[INFO] [stderr]    Compiling getrandom v0.2.15
[INFO] [stderr]    Compiling darling_core v0.12.4
[INFO] [stderr]    Compiling embed-doc-image v0.1.4
[INFO] [stderr]    Compiling darling_macro v0.12.4
[INFO] [stderr]    Compiling darling v0.12.4
[INFO] [stderr]    Compiling gf256-macros v0.3.0
[INFO] [stderr]    Compiling gf256 v0.3.0
[INFO] [stderr]    Compiling crypto v0.1.0 (/opt/rustwide/workdir)
[INFO] [stdout] warning: variable `S` should have a snake case name
[INFO] [stdout]    --> src/reed_solomon.rs:218:13
[INFO] [stdout]     |
[INFO] [stdout] 218 |     let mut S = vec![];
[INFO] [stdout]     |             ^ help: convert the identifier to snake case (notice the capitalization): `s`
[INFO] [stdout]     |
[INFO] [stdout]     = note: `#[warn(non_snake_case)]` on by default
[INFO] [stdout] 
[INFO] [stdout] 
[INFO] [stdout] warning: variable `S` should have a snake case name
[INFO] [stdout]    --> src/reed_solomon.rs:225:46
[INFO] [stdout]     |
[INFO] [stdout] 225 | fn find_forney_syndromes(codeword: &[gf256], S: &[gf256], erasures: &[usize]) -> Vec<gf256> {
[INFO] [stdout]     |                                              ^ help: convert the identifier to snake case (notice the capitalization): `s`
[INFO] [stdout] 
[INFO] [stdout] 
[INFO] [stdout] warning: variable `S` should have a snake case name
[INFO] [stdout]    --> src/reed_solomon.rs:226:13
[INFO] [stdout]     |
[INFO] [stdout] 226 |     let mut S = S.to_vec();
[INFO] [stdout]     |             ^ help: convert the identifier to snake case (notice the capitalization): `s`
[INFO] [stdout] 
[INFO] [stdout] 
[INFO] [stdout] warning: variable `Xj` should have a snake case name
[INFO] [stdout]    --> src/reed_solomon.rs:228:13
[INFO] [stdout]     |
[INFO] [stdout] 228 |         let Xj = gf256::GENERATOR.pow(u8::try_from(codeword.len() - 1 - j).unwrap());
[INFO] [stdout]     |             ^^ help: convert the identifier to snake case (notice the capitalization): `xj`
[INFO] [stdout] 
[INFO] [stdout] 
[INFO] [stdout] warning: variable `Λ` should have a snake case name
[INFO] [stdout]    --> src/reed_solomon.rs:240:13
[INFO] [stdout]     |
[INFO] [stdout] 240 |     let mut Λ = vec![gf256::new(0); erasures.len() + 1];
[INFO] [stdout]     |             ^ help: convert the identifier to snake case: `λ`
[INFO] [stdout] 
[INFO] [stdout] 
[INFO] [stdout] warning: variable `Λ_len` should have a snake case name
[INFO] [stdout]    --> src/reed_solomon.rs:241:9
[INFO] [stdout]     |
[INFO] [stdout] 241 |     let Λ_len = Λ.len();
[INFO] [stdout]     |         ^^^^^ help: convert the identifier to snake case: `λ_len`
[INFO] [stdout] 
[INFO] [stdout] 
[INFO] [stdout] warning: variable `S` should have a snake case name
[INFO] [stdout]    --> src/reed_solomon.rs:257:23
[INFO] [stdout]     |
[INFO] [stdout] 257 | fn find_error_locator(S: &[gf256]) -> Vec<gf256> {
[INFO] [stdout]     |                       ^ help: convert the identifier to snake case (notice the capitalization): `s`
[INFO] [stdout] 
[INFO] [stdout] 
[INFO] [stdout] warning: variable `Λ` should have a snake case name
[INFO] [stdout]    --> src/reed_solomon.rs:259:13
[INFO] [stdout]     |
[INFO] [stdout] 259 |     let mut Λ = vec![gf256::new(0); S.len() + 1];
[INFO] [stdout]     |             ^ help: convert the identifier to snake case: `λ`
[INFO] [stdout] 
[INFO] [stdout] 
[INFO] [stdout] warning: variable `Λ_len` should have a snake case name
[INFO] [stdout]    --> src/reed_solomon.rs:260:9
[INFO] [stdout]     |
[INFO] [stdout] 260 |     let Λ_len = Λ.len();
[INFO] [stdout]     |         ^^^^^ help: convert the identifier to snake case: `λ_len`
[INFO] [stdout] 
[INFO] [stdout] 
[INFO] [stdout] warning: variable `prev_Λ` should have a snake case name
[INFO] [stdout]    --> src/reed_solomon.rs:263:13
[INFO] [stdout]     |
[INFO] [stdout] 263 |     let mut prev_Λ = Λ.clone();
[INFO] [stdout]     |             ^^^^^^ help: convert the identifier to snake case: `prev_λ`
[INFO] [stdout] 
[INFO] [stdout] 
[INFO] [stdout] warning: variable `delta_Λ` should have a snake case name
[INFO] [stdout]    --> src/reed_solomon.rs:264:13
[INFO] [stdout]     |
[INFO] [stdout] 264 |     let mut delta_Λ = Λ.clone();
[INFO] [stdout]     |             ^^^^^^^ help: convert the identifier to snake case: `delta_λ`
[INFO] [stdout] 
[INFO] [stdout] 
[INFO] [stdout] warning: variable `Λ` should have a snake case name
[INFO] [stdout]    --> src/reed_solomon.rs:298:45
[INFO] [stdout]     |
[INFO] [stdout] 298 | fn find_error_locations(codeword: &[gf256], Λ: &[gf256]) -> Vec<usize> {
[INFO] [stdout]     |                                             ^ help: convert the identifier to snake case: `λ`
[INFO] [stdout] 
[INFO] [stdout] 
[INFO] [stdout] warning: variable `Xj` should have a snake case name
[INFO] [stdout]    --> src/reed_solomon.rs:301:13
[INFO] [stdout]     |
[INFO] [stdout] 301 |         let Xj = gf256::GENERATOR.pow(u8::try_from(codeword.len() - 1 - j).unwrap());
[INFO] [stdout]     |             ^^ help: convert the identifier to snake case (notice the capitalization): `xj`
[INFO] [stdout] 
[INFO] [stdout] 
[INFO] [stdout] warning: variable `S` should have a snake case name
[INFO] [stdout]    --> src/reed_solomon.rs:314:5
[INFO] [stdout]     |
[INFO] [stdout] 314 |     S: &[gf256],
[INFO] [stdout]     |     ^ help: convert the identifier to snake case (notice the capitalization): `s`
[INFO] [stdout] 
[INFO] [stdout] 
[INFO] [stdout] warning: variable `Λ` should have a snake case name
[INFO] [stdout]    --> src/reed_solomon.rs:315:5
[INFO] [stdout]     |
[INFO] [stdout] 315 |     Λ: &[gf256],
[INFO] [stdout]     |     ^ help: convert the identifier to snake case: `λ`
[INFO] [stdout] 
[INFO] [stdout] 
[INFO] [stdout] warning: variable `Ω` should have a snake case name
[INFO] [stdout]    --> src/reed_solomon.rs:322:13
[INFO] [stdout]     |
[INFO] [stdout] 322 |     let mut Ω = vec![gf256::new(0); S.len() + Λ.len() - 1];
[INFO] [stdout]     |             ^ help: convert the identifier to snake case: `ω`
[INFO] [stdout] 
[INFO] [stdout] 
[INFO] [stdout] warning: variable `Ω_len` should have a snake case name
[INFO] [stdout]    --> src/reed_solomon.rs:323:9
[INFO] [stdout]     |
[INFO] [stdout] 323 |     let Ω_len = Ω.len();
[INFO] [stdout]     |         ^^^^^ help: convert the identifier to snake case: `ω_len`
[INFO] [stdout] 
[INFO] [stdout] 
[INFO] [stdout] warning: variable `Λ_prime` should have a snake case name
[INFO] [stdout]    --> src/reed_solomon.rs:334:13
[INFO] [stdout]     |
[INFO] [stdout] 334 |     let mut Λ_prime = vec![gf256::new(0); Λ.len() - 1];
[INFO] [stdout]     |             ^^^^^^^ help: convert the identifier to snake case: `λ_prime`
[INFO] [stdout] 
[INFO] [stdout] 
[INFO] [stdout] warning: variable `Λ_prime_len` should have a snake case name
[INFO] [stdout]    --> src/reed_solomon.rs:340:13
[INFO] [stdout]     |
[INFO] [stdout] 340 |         let Λ_prime_len = Λ_prime.len();
[INFO] [stdout]     |             ^^^^^^^^^^^ help: convert the identifier to snake case: `λ_prime_len`
[INFO] [stdout] 
[INFO] [stdout] 
[INFO] [stdout] warning: variable `Xj` should have a snake case name
[INFO] [stdout]    --> src/reed_solomon.rs:355:13
[INFO] [stdout]     |
[INFO] [stdout] 355 |         let Xj = gf256::GENERATOR.pow(u8::try_from(codeword.len() - 1 - j).unwrap());
[INFO] [stdout]     |             ^^ help: convert the identifier to snake case (notice the capitalization): `xj`
[INFO] [stdout] 
[INFO] [stdout] 
[INFO] [stdout] warning: variable `Yj` should have a snake case name
[INFO] [stdout]    --> src/reed_solomon.rs:356:13
[INFO] [stdout]     |
[INFO] [stdout] 356 |         let Yj = (-Xj * poly_eval(&Ω, Xj.recip()))
[INFO] [stdout]     |             ^^ help: convert the identifier to snake case (notice the capitalization): `yj`
[INFO] [stdout] 
[INFO] [stdout] 
[INFO] [stdout] warning: variable `S` should have a snake case name
[INFO] [stdout]    --> src/reed_solomon.rs:382:9
[INFO] [stdout]     |
[INFO] [stdout] 382 |     let S = find_syndromes(codeword);
[INFO] [stdout]     |         ^ help: convert the identifier to snake case (notice the capitalization): `s`
[INFO] [stdout] 
[INFO] [stdout] 
[INFO] [stdout] warning: variable `Λ` should have a snake case name
[INFO] [stdout]    --> src/reed_solomon.rs:388:9
[INFO] [stdout]     |
[INFO] [stdout] 388 |     let Λ = find_erasure_locator(codeword, &erasures);
[INFO] [stdout]     |         ^ help: convert the identifier to snake case: `λ`
[INFO] [stdout] 
[INFO] [stdout] 
[INFO] [stdout] warning: variable `Xj` should have a snake case name
[INFO] [stdout]    --> src/reed_solomon.rs:394:11
[INFO] [stdout]     |
[INFO] [stdout] 394 |     for (&Xj, Yj) in erasures.iter().zip(erasure_magnitudes) {
[INFO] [stdout]     |           ^^ help: convert the identifier to snake case (notice the capitalization): `xj`
[INFO] [stdout] 
[INFO] [stdout] 
[INFO] [stdout] warning: variable `Yj` should have a snake case name
[INFO] [stdout]    --> src/reed_solomon.rs:394:15
[INFO] [stdout]     |
[INFO] [stdout] 394 |     for (&Xj, Yj) in erasures.iter().zip(erasure_magnitudes) {
[INFO] [stdout]     |               ^^ help: convert the identifier to snake case (notice the capitalization): `yj`
[INFO] [stdout] 
[INFO] [stdout] 
[INFO] [stdout] warning: variable `S` should have a snake case name
[INFO] [stdout]    --> src/reed_solomon.rs:399:9
[INFO] [stdout]     |
[INFO] [stdout] 399 |     let S = find_syndromes(codeword);
[INFO] [stdout]     |         ^ help: convert the identifier to snake case (notice the capitalization): `s`
[INFO] [stdout] 
[INFO] [stdout] 
[INFO] [stdout] warning: variable `S` should have a snake case name
[INFO] [stdout]    --> src/reed_solomon.rs:411:9
[INFO] [stdout]     |
[INFO] [stdout] 411 |     let S = find_syndromes(codeword);
[INFO] [stdout]     |         ^ help: convert the identifier to snake case (notice the capitalization): `s`
[INFO] [stdout] 
[INFO] [stdout] 
[INFO] [stdout] warning: variable `Λ` should have a snake case name
[INFO] [stdout]    --> src/reed_solomon.rs:417:9
[INFO] [stdout]     |
[INFO] [stdout] 417 |     let Λ = find_error_locator(&S);
[INFO] [stdout]     |         ^ help: convert the identifier to snake case: `λ`
[INFO] [stdout] 
[INFO] [stdout] 
[INFO] [stdout] warning: variable `Xj` should have a snake case name
[INFO] [stdout]    --> src/reed_solomon.rs:432:11
[INFO] [stdout]     |
[INFO] [stdout] 432 |     for (&Xj, Yj) in error_locations.iter().zip(error_magnitudes) {
[INFO] [stdout]     |           ^^ help: convert the identifier to snake case (notice the capitalization): `xj`
[INFO] [stdout] 
[INFO] [stdout] 
[INFO] [stdout] warning: variable `Yj` should have a snake case name
[INFO] [stdout]    --> src/reed_solomon.rs:432:15
[INFO] [stdout]     |
[INFO] [stdout] 432 |     for (&Xj, Yj) in error_locations.iter().zip(error_magnitudes) {
[INFO] [stdout]     |               ^^ help: convert the identifier to snake case (notice the capitalization): `yj`
[INFO] [stdout] 
[INFO] [stdout] 
[INFO] [stdout] warning: variable `S` should have a snake case name
[INFO] [stdout]    --> src/reed_solomon.rs:437:9
[INFO] [stdout]     |
[INFO] [stdout] 437 |     let S = find_syndromes(codeword);
[INFO] [stdout]     |         ^ help: convert the identifier to snake case (notice the capitalization): `s`
[INFO] [stdout] 
[INFO] [stdout] 
[INFO] [stdout] warning: variable `S` should have a snake case name
[INFO] [stdout]    --> src/reed_solomon.rs:454:9
[INFO] [stdout]     |
[INFO] [stdout] 454 |     let S = find_syndromes(codeword);
[INFO] [stdout]     |         ^ help: convert the identifier to snake case (notice the capitalization): `s`
[INFO] [stdout] 
[INFO] [stdout] 
[INFO] [stdout] warning: variable `forney_S` should have a snake case name
[INFO] [stdout]    --> src/reed_solomon.rs:460:9
[INFO] [stdout]     |
[INFO] [stdout] 460 |     let forney_S = find_forney_syndromes(codeword, &S, &erasures);
[INFO] [stdout]     |         ^^^^^^^^ help: convert the identifier to snake case (notice the capitalization): `forney_s`
[INFO] [stdout] 
[INFO] [stdout] 
[INFO] [stdout] warning: variable `Λ` should have a snake case name
[INFO] [stdout]    --> src/reed_solomon.rs:463:9
[INFO] [stdout]     |
[INFO] [stdout] 463 |     let Λ = find_error_locator(&forney_S);
[INFO] [stdout]     |         ^ help: convert the identifier to snake case: `λ`
[INFO] [stdout] 
[INFO] [stdout] 
[INFO] [stdout] warning: variable `Λ` should have a snake case name
[INFO] [stdout]    --> src/reed_solomon.rs:478:9
[INFO] [stdout]     |
[INFO] [stdout] 478 |     let Λ = find_erasure_locator(codeword, &error_locations);
[INFO] [stdout]     |         ^ help: convert the identifier to snake case: `λ`
[INFO] [stdout] 
[INFO] [stdout] 
[INFO] [stdout] warning: variable `Xj` should have a snake case name
[INFO] [stdout]    --> src/reed_solomon.rs:484:11
[INFO] [stdout]     |
[INFO] [stdout] 484 |     for (&Xj, Yj) in error_locations.iter().zip(error_magnitudes) {
[INFO] [stdout]     |           ^^ help: convert the identifier to snake case (notice the capitalization): `xj`
[INFO] [stdout] 
[INFO] [stdout] 
[INFO] [stdout] warning: variable `Yj` should have a snake case name
[INFO] [stdout]    --> src/reed_solomon.rs:484:15
[INFO] [stdout]     |
[INFO] [stdout] 484 |     for (&Xj, Yj) in error_locations.iter().zip(error_magnitudes) {
[INFO] [stdout]     |               ^^ help: convert the identifier to snake case (notice the capitalization): `yj`
[INFO] [stdout] 
[INFO] [stdout] 
[INFO] [stdout] warning: variable `S` should have a snake case name
[INFO] [stdout]    --> src/reed_solomon.rs:489:9
[INFO] [stdout]     |
[INFO] [stdout] 489 |     let S = find_syndromes(codeword);
[INFO] [stdout]     |         ^ help: convert the identifier to snake case (notice the capitalization): `s`
[INFO] [stdout] 
[INFO] [stdout] 
[INFO] [stderr]     Finished `dev` profile [unoptimized + debuginfo] target(s) in 19.60s
[INFO] running `Command { std: "docker" "inspect" "b0a636c6de3f841897fcdbfde18be1d00807a74ebebaf1db7559f5a921fbf2d9", kill_on_drop: false }`
[INFO] running `Command { std: "docker" "rm" "-f" "b0a636c6de3f841897fcdbfde18be1d00807a74ebebaf1db7559f5a921fbf2d9", kill_on_drop: false }`
[INFO] [stdout] b0a636c6de3f841897fcdbfde18be1d00807a74ebebaf1db7559f5a921fbf2d9
[INFO] running `Command { std: "docker" "create" "-v" "/var/lib/crater-agent-workspace/builds/worker-3-tc2/target:/opt/rustwide/target:rw,Z" "-v" "/var/lib/crater-agent-workspace/builds/worker-3-tc2/source:/opt/rustwide/workdir:ro,Z" "-v" "/var/lib/crater-agent-workspace/cargo-home:/opt/rustwide/cargo-home:ro,Z" "-v" "/var/lib/crater-agent-workspace/rustup-home:/opt/rustwide/rustup-home:ro,Z" "-e" "SOURCE_DIR=/opt/rustwide/workdir" "-e" "CARGO_TARGET_DIR=/opt/rustwide/target" "-e" "CARGO_INCREMENTAL=0" "-e" "RUST_BACKTRACE=full" "-e" "RUSTFLAGS=--cap-lints=forbid -Zrandomize-layout" "-e" "RUSTDOCFLAGS=--cap-lints=forbid" "-e" "CARGO_HOME=/opt/rustwide/cargo-home" "-e" "RUSTUP_HOME=/opt/rustwide/rustup-home" "-w" "/opt/rustwide/workdir" "-m" "1610612736" "--user" "0:0" "--network" "none" "ghcr.io/rust-lang/crates-build-env/linux@sha256:819108c5571ea2e421544af4d832f968d213c87fbe3707a016657f43d2f853bc" "/opt/rustwide/cargo-home/bin/cargo" "+nightly-2025-01-18" "test" "--frozen" "--no-run" "--message-format=json", kill_on_drop: false }`
[INFO] [stdout] 0c7927c63095fd0733464f792e4baa5a0dc7c31293c42268a0264dcb90140445
[INFO] running `Command { std: "docker" "start" "-a" "0c7927c63095fd0733464f792e4baa5a0dc7c31293c42268a0264dcb90140445", kill_on_drop: false }`
[INFO] [stderr]    Compiling memchr v2.7.4
[INFO] [stderr]    Compiling regex-syntax v0.8.4
[INFO] [stderr]    Compiling log v0.4.21
[INFO] [stderr]    Compiling rand_core v0.6.4
[INFO] [stderr]    Compiling quickcheck_macros v1.0.0
[INFO] [stdout] warning: variable `S` should have a snake case name
[INFO] [stdout]    --> src/reed_solomon.rs:218:13
[INFO] [stdout]     |
[INFO] [stdout] 218 |     let mut S = vec![];
[INFO] [stdout]     |             ^ help: convert the identifier to snake case (notice the capitalization): `s`
[INFO] [stdout]     |
[INFO] [stdout]     = note: `#[warn(non_snake_case)]` on by default
[INFO] [stdout] 
[INFO] [stdout] 
[INFO] [stdout] warning: variable `S` should have a snake case name
[INFO] [stdout]    --> src/reed_solomon.rs:225:46
[INFO] [stdout]     |
[INFO] [stdout] 225 | fn find_forney_syndromes(codeword: &[gf256], S: &[gf256], erasures: &[usize]) -> Vec<gf256> {
[INFO] [stdout]     |                                              ^ help: convert the identifier to snake case (notice the capitalization): `s`
[INFO] [stdout] 
[INFO] [stdout] 
[INFO] [stdout] warning: variable `S` should have a snake case name
[INFO] [stdout]    --> src/reed_solomon.rs:226:13
[INFO] [stdout]     |
[INFO] [stdout] 226 |     let mut S = S.to_vec();
[INFO] [stdout]     |             ^ help: convert the identifier to snake case (notice the capitalization): `s`
[INFO] [stdout] 
[INFO] [stdout] 
[INFO] [stdout] warning: variable `Xj` should have a snake case name
[INFO] [stdout]    --> src/reed_solomon.rs:228:13
[INFO] [stdout]     |
[INFO] [stdout] 228 |         let Xj = gf256::GENERATOR.pow(u8::try_from(codeword.len() - 1 - j).unwrap());
[INFO] [stdout]     |             ^^ help: convert the identifier to snake case (notice the capitalization): `xj`
[INFO] [stdout] 
[INFO] [stdout] 
[INFO] [stdout] warning: variable `Λ` should have a snake case name
[INFO] [stdout]    --> src/reed_solomon.rs:240:13
[INFO] [stdout]     |
[INFO] [stdout] 240 |     let mut Λ = vec![gf256::new(0); erasures.len() + 1];
[INFO] [stdout]     |             ^ help: convert the identifier to snake case: `λ`
[INFO] [stdout] 
[INFO] [stdout] 
[INFO] [stdout] warning: variable `Λ_len` should have a snake case name
[INFO] [stdout]    --> src/reed_solomon.rs:241:9
[INFO] [stdout]     |
[INFO] [stdout] 241 |     let Λ_len = Λ.len();
[INFO] [stdout]     |         ^^^^^ help: convert the identifier to snake case: `λ_len`
[INFO] [stdout] 
[INFO] [stdout] 
[INFO] [stdout] warning: variable `S` should have a snake case name
[INFO] [stdout]    --> src/reed_solomon.rs:257:23
[INFO] [stdout]     |
[INFO] [stdout] 257 | fn find_error_locator(S: &[gf256]) -> Vec<gf256> {
[INFO] [stdout]     |                       ^ help: convert the identifier to snake case (notice the capitalization): `s`
[INFO] [stdout] 
[INFO] [stdout] 
[INFO] [stdout] warning: variable `Λ` should have a snake case name
[INFO] [stdout]    --> src/reed_solomon.rs:259:13
[INFO] [stdout]     |
[INFO] [stdout] 259 |     let mut Λ = vec![gf256::new(0); S.len() + 1];
[INFO] [stdout]     |             ^ help: convert the identifier to snake case: `λ`
[INFO] [stdout] 
[INFO] [stdout] 
[INFO] [stdout] warning: variable `Λ_len` should have a snake case name
[INFO] [stdout]    --> src/reed_solomon.rs:260:9
[INFO] [stdout]     |
[INFO] [stdout] 260 |     let Λ_len = Λ.len();
[INFO] [stdout]     |         ^^^^^ help: convert the identifier to snake case: `λ_len`
[INFO] [stdout] 
[INFO] [stdout] 
[INFO] [stdout] warning: variable `prev_Λ` should have a snake case name
[INFO] [stdout]    --> src/reed_solomon.rs:263:13
[INFO] [stdout]     |
[INFO] [stdout] 263 |     let mut prev_Λ = Λ.clone();
[INFO] [stdout]     |             ^^^^^^ help: convert the identifier to snake case: `prev_λ`
[INFO] [stdout] 
[INFO] [stdout] 
[INFO] [stdout] warning: variable `delta_Λ` should have a snake case name
[INFO] [stdout]    --> src/reed_solomon.rs:264:13
[INFO] [stdout]     |
[INFO] [stdout] 264 |     let mut delta_Λ = Λ.clone();
[INFO] [stdout]     |             ^^^^^^^ help: convert the identifier to snake case: `delta_λ`
[INFO] [stdout] 
[INFO] [stdout] 
[INFO] [stdout] warning: variable `Λ` should have a snake case name
[INFO] [stdout]    --> src/reed_solomon.rs:298:45
[INFO] [stdout]     |
[INFO] [stdout] 298 | fn find_error_locations(codeword: &[gf256], Λ: &[gf256]) -> Vec<usize> {
[INFO] [stdout]     |                                             ^ help: convert the identifier to snake case: `λ`
[INFO] [stdout] 
[INFO] [stdout] 
[INFO] [stdout] warning: variable `Xj` should have a snake case name
[INFO] [stdout]    --> src/reed_solomon.rs:301:13
[INFO] [stdout]     |
[INFO] [stdout] 301 |         let Xj = gf256::GENERATOR.pow(u8::try_from(codeword.len() - 1 - j).unwrap());
[INFO] [stdout]     |             ^^ help: convert the identifier to snake case (notice the capitalization): `xj`
[INFO] [stdout] 
[INFO] [stdout] 
[INFO] [stdout] warning: variable `S` should have a snake case name
[INFO] [stdout]    --> src/reed_solomon.rs:314:5
[INFO] [stdout]     |
[INFO] [stdout] 314 |     S: &[gf256],
[INFO] [stdout]     |     ^ help: convert the identifier to snake case (notice the capitalization): `s`
[INFO] [stdout] 
[INFO] [stdout] 
[INFO] [stdout] warning: variable `Λ` should have a snake case name
[INFO] [stdout]    --> src/reed_solomon.rs:315:5
[INFO] [stdout]     |
[INFO] [stdout] 315 |     Λ: &[gf256],
[INFO] [stdout]     |     ^ help: convert the identifier to snake case: `λ`
[INFO] [stdout] 
[INFO] [stdout] 
[INFO] [stdout] warning: variable `Ω` should have a snake case name
[INFO] [stdout]    --> src/reed_solomon.rs:322:13
[INFO] [stdout]     |
[INFO] [stdout] 322 |     let mut Ω = vec![gf256::new(0); S.len() + Λ.len() - 1];
[INFO] [stdout]     |             ^ help: convert the identifier to snake case: `ω`
[INFO] [stdout] 
[INFO] [stdout] 
[INFO] [stdout] warning: variable `Ω_len` should have a snake case name
[INFO] [stdout]    --> src/reed_solomon.rs:323:9
[INFO] [stdout]     |
[INFO] [stdout] 323 |     let Ω_len = Ω.len();
[INFO] [stdout]     |         ^^^^^ help: convert the identifier to snake case: `ω_len`
[INFO] [stdout] 
[INFO] [stdout] 
[INFO] [stdout] warning: variable `Λ_prime` should have a snake case name
[INFO] [stdout]    --> src/reed_solomon.rs:334:13
[INFO] [stdout]     |
[INFO] [stdout] 334 |     let mut Λ_prime = vec![gf256::new(0); Λ.len() - 1];
[INFO] [stdout]     |             ^^^^^^^ help: convert the identifier to snake case: `λ_prime`
[INFO] [stdout] 
[INFO] [stdout] 
[INFO] [stdout] warning: variable `Λ_prime_len` should have a snake case name
[INFO] [stdout]    --> src/reed_solomon.rs:340:13
[INFO] [stdout]     |
[INFO] [stdout] 340 |         let Λ_prime_len = Λ_prime.len();
[INFO] [stdout]     |             ^^^^^^^^^^^ help: convert the identifier to snake case: `λ_prime_len`
[INFO] [stdout] 
[INFO] [stdout] 
[INFO] [stdout] warning: variable `Xj` should have a snake case name
[INFO] [stdout]    --> src/reed_solomon.rs:355:13
[INFO] [stdout]     |
[INFO] [stdout] 355 |         let Xj = gf256::GENERATOR.pow(u8::try_from(codeword.len() - 1 - j).unwrap());
[INFO] [stdout]     |             ^^ help: convert the identifier to snake case (notice the capitalization): `xj`
[INFO] [stdout] 
[INFO] [stdout] 
[INFO] [stdout] warning: variable `Yj` should have a snake case name
[INFO] [stdout]    --> src/reed_solomon.rs:356:13
[INFO] [stdout]     |
[INFO] [stdout] 356 |         let Yj = (-Xj * poly_eval(&Ω, Xj.recip()))
[INFO] [stdout]     |             ^^ help: convert the identifier to snake case (notice the capitalization): `yj`
[INFO] [stdout] 
[INFO] [stdout] 
[INFO] [stdout] warning: variable `S` should have a snake case name
[INFO] [stdout]    --> src/reed_solomon.rs:382:9
[INFO] [stdout]     |
[INFO] [stdout] 382 |     let S = find_syndromes(codeword);
[INFO] [stdout]     |         ^ help: convert the identifier to snake case (notice the capitalization): `s`
[INFO] [stdout] 
[INFO] [stdout] 
[INFO] [stdout] warning: variable `Λ` should have a snake case name
[INFO] [stdout]    --> src/reed_solomon.rs:388:9
[INFO] [stdout]     |
[INFO] [stdout] 388 |     let Λ = find_erasure_locator(codeword, &erasures);
[INFO] [stdout]     |         ^ help: convert the identifier to snake case: `λ`
[INFO] [stdout] 
[INFO] [stdout] 
[INFO] [stdout] warning: variable `Xj` should have a snake case name
[INFO] [stdout]    --> src/reed_solomon.rs:394:11
[INFO] [stdout]     |
[INFO] [stdout] 394 |     for (&Xj, Yj) in erasures.iter().zip(erasure_magnitudes) {
[INFO] [stdout]     |           ^^ help: convert the identifier to snake case (notice the capitalization): `xj`
[INFO] [stdout] 
[INFO] [stdout] 
[INFO] [stdout] warning: variable `Yj` should have a snake case name
[INFO] [stdout]    --> src/reed_solomon.rs:394:15
[INFO] [stdout]     |
[INFO] [stdout] 394 |     for (&Xj, Yj) in erasures.iter().zip(erasure_magnitudes) {
[INFO] [stdout]     |               ^^ help: convert the identifier to snake case (notice the capitalization): `yj`
[INFO] [stdout] 
[INFO] [stdout] 
[INFO] [stdout] warning: variable `S` should have a snake case name
[INFO] [stdout]    --> src/reed_solomon.rs:399:9
[INFO] [stdout]     |
[INFO] [stdout] 399 |     let S = find_syndromes(codeword);
[INFO] [stdout]     |         ^ help: convert the identifier to snake case (notice the capitalization): `s`
[INFO] [stdout] 
[INFO] [stdout] 
[INFO] [stdout] warning: variable `S` should have a snake case name
[INFO] [stdout]    --> src/reed_solomon.rs:411:9
[INFO] [stdout]     |
[INFO] [stdout] 411 |     let S = find_syndromes(codeword);
[INFO] [stdout]     |         ^ help: convert the identifier to snake case (notice the capitalization): `s`
[INFO] [stdout] 
[INFO] [stdout] 
[INFO] [stdout] warning: variable `Λ` should have a snake case name
[INFO] [stdout]    --> src/reed_solomon.rs:417:9
[INFO] [stdout]     |
[INFO] [stdout] 417 |     let Λ = find_error_locator(&S);
[INFO] [stdout]     |         ^ help: convert the identifier to snake case: `λ`
[INFO] [stdout] 
[INFO] [stdout] 
[INFO] [stdout] warning: variable `Xj` should have a snake case name
[INFO] [stdout]    --> src/reed_solomon.rs:432:11
[INFO] [stdout]     |
[INFO] [stdout] 432 |     for (&Xj, Yj) in error_locations.iter().zip(error_magnitudes) {
[INFO] [stdout]     |           ^^ help: convert the identifier to snake case (notice the capitalization): `xj`
[INFO] [stdout] 
[INFO] [stdout] 
[INFO] [stdout] warning: variable `Yj` should have a snake case name
[INFO] [stdout]    --> src/reed_solomon.rs:432:15
[INFO] [stdout]     |
[INFO] [stdout] 432 |     for (&Xj, Yj) in error_locations.iter().zip(error_magnitudes) {
[INFO] [stdout]     |               ^^ help: convert the identifier to snake case (notice the capitalization): `yj`
[INFO] [stdout] 
[INFO] [stdout] 
[INFO] [stdout] warning: variable `S` should have a snake case name
[INFO] [stdout]    --> src/reed_solomon.rs:437:9
[INFO] [stdout]     |
[INFO] [stdout] 437 |     let S = find_syndromes(codeword);
[INFO] [stdout]     |         ^ help: convert the identifier to snake case (notice the capitalization): `s`
[INFO] [stdout] 
[INFO] [stdout] 
[INFO] [stdout] warning: variable `S` should have a snake case name
[INFO] [stdout]    --> src/reed_solomon.rs:454:9
[INFO] [stdout]     |
[INFO] [stdout] 454 |     let S = find_syndromes(codeword);
[INFO] [stdout]     |         ^ help: convert the identifier to snake case (notice the capitalization): `s`
[INFO] [stdout] 
[INFO] [stdout] 
[INFO] [stdout] warning: variable `forney_S` should have a snake case name
[INFO] [stdout]    --> src/reed_solomon.rs:460:9
[INFO] [stdout]     |
[INFO] [stdout] 460 |     let forney_S = find_forney_syndromes(codeword, &S, &erasures);
[INFO] [stdout]     |         ^^^^^^^^ help: convert the identifier to snake case (notice the capitalization): `forney_s`
[INFO] [stdout] 
[INFO] [stdout] 
[INFO] [stdout] warning: variable `Λ` should have a snake case name
[INFO] [stdout]    --> src/reed_solomon.rs:463:9
[INFO] [stdout]     |
[INFO] [stdout] 463 |     let Λ = find_error_locator(&forney_S);
[INFO] [stdout]     |         ^ help: convert the identifier to snake case: `λ`
[INFO] [stdout] 
[INFO] [stdout] 
[INFO] [stdout] warning: variable `Λ` should have a snake case name
[INFO] [stdout]    --> src/reed_solomon.rs:478:9
[INFO] [stdout]     |
[INFO] [stdout] 478 |     let Λ = find_erasure_locator(codeword, &error_locations);
[INFO] [stdout]     |         ^ help: convert the identifier to snake case: `λ`
[INFO] [stdout] 
[INFO] [stdout] 
[INFO] [stdout] warning: variable `Xj` should have a snake case name
[INFO] [stdout]    --> src/reed_solomon.rs:484:11
[INFO] [stdout]     |
[INFO] [stdout] 484 |     for (&Xj, Yj) in error_locations.iter().zip(error_magnitudes) {
[INFO] [stdout]     |           ^^ help: convert the identifier to snake case (notice the capitalization): `xj`
[INFO] [stdout] 
[INFO] [stdout] 
[INFO] [stdout] warning: variable `Yj` should have a snake case name
[INFO] [stdout]    --> src/reed_solomon.rs:484:15
[INFO] [stdout]     |
[INFO] [stdout] 484 |     for (&Xj, Yj) in error_locations.iter().zip(error_magnitudes) {
[INFO] [stdout]     |               ^^ help: convert the identifier to snake case (notice the capitalization): `yj`
[INFO] [stdout] 
[INFO] [stdout] 
[INFO] [stdout] warning: variable `S` should have a snake case name
[INFO] [stdout]    --> src/reed_solomon.rs:489:9
[INFO] [stdout]     |
[INFO] [stdout] 489 |     let S = find_syndromes(codeword);
[INFO] [stdout]     |         ^ help: convert the identifier to snake case (notice the capitalization): `s`
[INFO] [stdout] 
[INFO] [stdout] 
[INFO] [stderr]    Compiling rand v0.8.5
[INFO] [stderr]    Compiling aho-corasick v1.1.3
[INFO] [stderr]    Compiling regex-automata v0.4.7
[INFO] [stderr]    Compiling regex v1.10.5
[INFO] [stderr]    Compiling env_logger v0.8.4
[INFO] [stderr]    Compiling quickcheck v1.0.3
[INFO] [stderr]    Compiling crypto v0.1.0 (/opt/rustwide/workdir)
[INFO] [stdout] warning: variable `S` should have a snake case name
[INFO] [stdout]    --> src/reed_solomon.rs:218:13
[INFO] [stdout]     |
[INFO] [stdout] 218 |     let mut S = vec![];
[INFO] [stdout]     |             ^ help: convert the identifier to snake case (notice the capitalization): `s`
[INFO] [stdout]     |
[INFO] [stdout]     = note: `#[warn(non_snake_case)]` on by default
[INFO] [stdout] 
[INFO] [stdout] 
[INFO] [stdout] warning: variable `S` should have a snake case name
[INFO] [stdout]    --> src/reed_solomon.rs:225:46
[INFO] [stdout]     |
[INFO] [stdout] 225 | fn find_forney_syndromes(codeword: &[gf256], S: &[gf256], erasures: &[usize]) -> Vec<gf256> {
[INFO] [stdout]     |                                              ^ help: convert the identifier to snake case (notice the capitalization): `s`
[INFO] [stdout] 
[INFO] [stdout] 
[INFO] [stdout] warning: variable `S` should have a snake case name
[INFO] [stdout]    --> src/reed_solomon.rs:226:13
[INFO] [stdout]     |
[INFO] [stdout] 226 |     let mut S = S.to_vec();
[INFO] [stdout]     |             ^ help: convert the identifier to snake case (notice the capitalization): `s`
[INFO] [stdout] 
[INFO] [stdout] 
[INFO] [stdout] warning: variable `Xj` should have a snake case name
[INFO] [stdout]    --> src/reed_solomon.rs:228:13
[INFO] [stdout]     |
[INFO] [stdout] 228 |         let Xj = gf256::GENERATOR.pow(u8::try_from(codeword.len() - 1 - j).unwrap());
[INFO] [stdout]     |             ^^ help: convert the identifier to snake case (notice the capitalization): `xj`
[INFO] [stdout] 
[INFO] [stdout] 
[INFO] [stdout] warning: variable `Λ` should have a snake case name
[INFO] [stdout]    --> src/reed_solomon.rs:240:13
[INFO] [stdout]     |
[INFO] [stdout] 240 |     let mut Λ = vec![gf256::new(0); erasures.len() + 1];
[INFO] [stdout]     |             ^ help: convert the identifier to snake case: `λ`
[INFO] [stdout] 
[INFO] [stdout] 
[INFO] [stdout] warning: variable `Λ_len` should have a snake case name
[INFO] [stdout]    --> src/reed_solomon.rs:241:9
[INFO] [stdout]     |
[INFO] [stdout] 241 |     let Λ_len = Λ.len();
[INFO] [stdout]     |         ^^^^^ help: convert the identifier to snake case: `λ_len`
[INFO] [stdout] 
[INFO] [stdout] 
[INFO] [stdout] warning: variable `S` should have a snake case name
[INFO] [stdout]    --> src/reed_solomon.rs:257:23
[INFO] [stdout]     |
[INFO] [stdout] 257 | fn find_error_locator(S: &[gf256]) -> Vec<gf256> {
[INFO] [stdout]     |                       ^ help: convert the identifier to snake case (notice the capitalization): `s`
[INFO] [stdout] 
[INFO] [stdout] 
[INFO] [stdout] warning: variable `Λ` should have a snake case name
[INFO] [stdout]    --> src/reed_solomon.rs:259:13
[INFO] [stdout]     |
[INFO] [stdout] 259 |     let mut Λ = vec![gf256::new(0); S.len() + 1];
[INFO] [stdout]     |             ^ help: convert the identifier to snake case: `λ`
[INFO] [stdout] 
[INFO] [stdout] 
[INFO] [stdout] warning: variable `Λ_len` should have a snake case name
[INFO] [stdout]    --> src/reed_solomon.rs:260:9
[INFO] [stdout]     |
[INFO] [stdout] 260 |     let Λ_len = Λ.len();
[INFO] [stdout]     |         ^^^^^ help: convert the identifier to snake case: `λ_len`
[INFO] [stdout] 
[INFO] [stdout] 
[INFO] [stdout] warning: variable `prev_Λ` should have a snake case name
[INFO] [stdout]    --> src/reed_solomon.rs:263:13
[INFO] [stdout]     |
[INFO] [stdout] 263 |     let mut prev_Λ = Λ.clone();
[INFO] [stdout]     |             ^^^^^^ help: convert the identifier to snake case: `prev_λ`
[INFO] [stdout] 
[INFO] [stdout] 
[INFO] [stdout] warning: variable `delta_Λ` should have a snake case name
[INFO] [stdout]    --> src/reed_solomon.rs:264:13
[INFO] [stdout]     |
[INFO] [stdout] 264 |     let mut delta_Λ = Λ.clone();
[INFO] [stdout]     |             ^^^^^^^ help: convert the identifier to snake case: `delta_λ`
[INFO] [stdout] 
[INFO] [stdout] 
[INFO] [stdout] warning: variable `Λ` should have a snake case name
[INFO] [stdout]    --> src/reed_solomon.rs:298:45
[INFO] [stdout]     |
[INFO] [stdout] 298 | fn find_error_locations(codeword: &[gf256], Λ: &[gf256]) -> Vec<usize> {
[INFO] [stdout]     |                                             ^ help: convert the identifier to snake case: `λ`
[INFO] [stdout] 
[INFO] [stdout] 
[INFO] [stdout] warning: variable `Xj` should have a snake case name
[INFO] [stdout]    --> src/reed_solomon.rs:301:13
[INFO] [stdout]     |
[INFO] [stdout] 301 |         let Xj = gf256::GENERATOR.pow(u8::try_from(codeword.len() - 1 - j).unwrap());
[INFO] [stdout]     |             ^^ help: convert the identifier to snake case (notice the capitalization): `xj`
[INFO] [stdout] 
[INFO] [stdout] 
[INFO] [stdout] warning: variable `S` should have a snake case name
[INFO] [stdout]    --> src/reed_solomon.rs:314:5
[INFO] [stdout]     |
[INFO] [stdout] 314 |     S: &[gf256],
[INFO] [stdout]     |     ^ help: convert the identifier to snake case (notice the capitalization): `s`
[INFO] [stdout] 
[INFO] [stdout] 
[INFO] [stdout] warning: variable `Λ` should have a snake case name
[INFO] [stdout]    --> src/reed_solomon.rs:315:5
[INFO] [stdout]     |
[INFO] [stdout] 315 |     Λ: &[gf256],
[INFO] [stdout]     |     ^ help: convert the identifier to snake case: `λ`
[INFO] [stdout] 
[INFO] [stdout] 
[INFO] [stdout] warning: variable `Ω` should have a snake case name
[INFO] [stdout]    --> src/reed_solomon.rs:322:13
[INFO] [stdout]     |
[INFO] [stdout] 322 |     let mut Ω = vec![gf256::new(0); S.len() + Λ.len() - 1];
[INFO] [stdout]     |             ^ help: convert the identifier to snake case: `ω`
[INFO] [stdout] 
[INFO] [stdout] 
[INFO] [stdout] warning: variable `Ω_len` should have a snake case name
[INFO] [stdout]    --> src/reed_solomon.rs:323:9
[INFO] [stdout]     |
[INFO] [stdout] 323 |     let Ω_len = Ω.len();
[INFO] [stdout]     |         ^^^^^ help: convert the identifier to snake case: `ω_len`
[INFO] [stdout] 
[INFO] [stdout] 
[INFO] [stdout] warning: variable `Λ_prime` should have a snake case name
[INFO] [stdout]    --> src/reed_solomon.rs:334:13
[INFO] [stdout]     |
[INFO] [stdout] 334 |     let mut Λ_prime = vec![gf256::new(0); Λ.len() - 1];
[INFO] [stdout]     |             ^^^^^^^ help: convert the identifier to snake case: `λ_prime`
[INFO] [stdout] 
[INFO] [stdout] 
[INFO] [stdout] warning: variable `Λ_prime_len` should have a snake case name
[INFO] [stdout]    --> src/reed_solomon.rs:340:13
[INFO] [stdout]     |
[INFO] [stdout] 340 |         let Λ_prime_len = Λ_prime.len();
[INFO] [stdout]     |             ^^^^^^^^^^^ help: convert the identifier to snake case: `λ_prime_len`
[INFO] [stdout] 
[INFO] [stdout] 
[INFO] [stdout] warning: variable `Xj` should have a snake case name
[INFO] [stdout]    --> src/reed_solomon.rs:355:13
[INFO] [stdout]     |
[INFO] [stdout] 355 |         let Xj = gf256::GENERATOR.pow(u8::try_from(codeword.len() - 1 - j).unwrap());
[INFO] [stdout]     |             ^^ help: convert the identifier to snake case (notice the capitalization): `xj`
[INFO] [stdout] 
[INFO] [stdout] 
[INFO] [stdout] warning: variable `Yj` should have a snake case name
[INFO] [stdout]    --> src/reed_solomon.rs:356:13
[INFO] [stdout]     |
[INFO] [stdout] 356 |         let Yj = (-Xj * poly_eval(&Ω, Xj.recip()))
[INFO] [stdout]     |             ^^ help: convert the identifier to snake case (notice the capitalization): `yj`
[INFO] [stdout] 
[INFO] [stdout] 
[INFO] [stdout] warning: variable `S` should have a snake case name
[INFO] [stdout]    --> src/reed_solomon.rs:382:9
[INFO] [stdout]     |
[INFO] [stdout] 382 |     let S = find_syndromes(codeword);
[INFO] [stdout]     |         ^ help: convert the identifier to snake case (notice the capitalization): `s`
[INFO] [stdout] 
[INFO] [stdout] 
[INFO] [stdout] warning: variable `Λ` should have a snake case name
[INFO] [stdout]    --> src/reed_solomon.rs:388:9
[INFO] [stdout]     |
[INFO] [stdout] 388 |     let Λ = find_erasure_locator(codeword, &erasures);
[INFO] [stdout]     |         ^ help: convert the identifier to snake case: `λ`
[INFO] [stdout] 
[INFO] [stdout] 
[INFO] [stdout] warning: variable `Xj` should have a snake case name
[INFO] [stdout]    --> src/reed_solomon.rs:394:11
[INFO] [stdout]     |
[INFO] [stdout] 394 |     for (&Xj, Yj) in erasures.iter().zip(erasure_magnitudes) {
[INFO] [stdout]     |           ^^ help: convert the identifier to snake case (notice the capitalization): `xj`
[INFO] [stdout] 
[INFO] [stdout] 
[INFO] [stdout] warning: variable `Yj` should have a snake case name
[INFO] [stdout]    --> src/reed_solomon.rs:394:15
[INFO] [stdout]     |
[INFO] [stdout] 394 |     for (&Xj, Yj) in erasures.iter().zip(erasure_magnitudes) {
[INFO] [stdout]     |               ^^ help: convert the identifier to snake case (notice the capitalization): `yj`
[INFO] [stdout] 
[INFO] [stdout] 
[INFO] [stdout] warning: variable `S` should have a snake case name
[INFO] [stdout]    --> src/reed_solomon.rs:399:9
[INFO] [stdout]     |
[INFO] [stdout] 399 |     let S = find_syndromes(codeword);
[INFO] [stdout]     |         ^ help: convert the identifier to snake case (notice the capitalization): `s`
[INFO] [stdout] 
[INFO] [stdout] 
[INFO] [stdout] warning: variable `S` should have a snake case name
[INFO] [stdout]    --> src/reed_solomon.rs:411:9
[INFO] [stdout]     |
[INFO] [stdout] 411 |     let S = find_syndromes(codeword);
[INFO] [stdout]     |         ^ help: convert the identifier to snake case (notice the capitalization): `s`
[INFO] [stdout] 
[INFO] [stdout] 
[INFO] [stdout] warning: variable `Λ` should have a snake case name
[INFO] [stdout]    --> src/reed_solomon.rs:417:9
[INFO] [stdout]     |
[INFO] [stdout] 417 |     let Λ = find_error_locator(&S);
[INFO] [stdout]     |         ^ help: convert the identifier to snake case: `λ`
[INFO] [stdout] 
[INFO] [stdout] 
[INFO] [stdout] warning: variable `Xj` should have a snake case name
[INFO] [stdout]    --> src/reed_solomon.rs:432:11
[INFO] [stdout]     |
[INFO] [stdout] 432 |     for (&Xj, Yj) in error_locations.iter().zip(error_magnitudes) {
[INFO] [stdout]     |           ^^ help: convert the identifier to snake case (notice the capitalization): `xj`
[INFO] [stdout] 
[INFO] [stdout] 
[INFO] [stdout] warning: variable `Yj` should have a snake case name
[INFO] [stdout]    --> src/reed_solomon.rs:432:15
[INFO] [stdout]     |
[INFO] [stdout] 432 |     for (&Xj, Yj) in error_locations.iter().zip(error_magnitudes) {
[INFO] [stdout]     |               ^^ help: convert the identifier to snake case (notice the capitalization): `yj`
[INFO] [stdout] 
[INFO] [stdout] 
[INFO] [stdout] warning: variable `S` should have a snake case name
[INFO] [stdout]    --> src/reed_solomon.rs:437:9
[INFO] [stdout]     |
[INFO] [stdout] 437 |     let S = find_syndromes(codeword);
[INFO] [stdout]     |         ^ help: convert the identifier to snake case (notice the capitalization): `s`
[INFO] [stdout] 
[INFO] [stdout] 
[INFO] [stdout] warning: variable `S` should have a snake case name
[INFO] [stdout]    --> src/reed_solomon.rs:454:9
[INFO] [stdout]     |
[INFO] [stdout] 454 |     let S = find_syndromes(codeword);
[INFO] [stdout]     |         ^ help: convert the identifier to snake case (notice the capitalization): `s`
[INFO] [stdout] 
[INFO] [stdout] 
[INFO] [stdout] warning: variable `forney_S` should have a snake case name
[INFO] [stdout]    --> src/reed_solomon.rs:460:9
[INFO] [stdout]     |
[INFO] [stdout] 460 |     let forney_S = find_forney_syndromes(codeword, &S, &erasures);
[INFO] [stdout]     |         ^^^^^^^^ help: convert the identifier to snake case (notice the capitalization): `forney_s`
[INFO] [stdout] 
[INFO] [stdout] 
[INFO] [stdout] warning: variable `Λ` should have a snake case name
[INFO] [stdout]    --> src/reed_solomon.rs:463:9
[INFO] [stdout]     |
[INFO] [stdout] 463 |     let Λ = find_error_locator(&forney_S);
[INFO] [stdout]     |         ^ help: convert the identifier to snake case: `λ`
[INFO] [stdout] 
[INFO] [stdout] 
[INFO] [stdout] warning: variable `Λ` should have a snake case name
[INFO] [stdout]    --> src/reed_solomon.rs:478:9
[INFO] [stdout]     |
[INFO] [stdout] 478 |     let Λ = find_erasure_locator(codeword, &error_locations);
[INFO] [stdout]     |         ^ help: convert the identifier to snake case: `λ`
[INFO] [stdout] 
[INFO] [stdout] 
[INFO] [stdout] warning: variable `Xj` should have a snake case name
[INFO] [stdout]    --> src/reed_solomon.rs:484:11
[INFO] [stdout]     |
[INFO] [stdout] 484 |     for (&Xj, Yj) in error_locations.iter().zip(error_magnitudes) {
[INFO] [stdout]     |           ^^ help: convert the identifier to snake case (notice the capitalization): `xj`
[INFO] [stdout] 
[INFO] [stdout] 
[INFO] [stdout] warning: variable `Yj` should have a snake case name
[INFO] [stdout]    --> src/reed_solomon.rs:484:15
[INFO] [stdout]     |
[INFO] [stdout] 484 |     for (&Xj, Yj) in error_locations.iter().zip(error_magnitudes) {
[INFO] [stdout]     |               ^^ help: convert the identifier to snake case (notice the capitalization): `yj`
[INFO] [stdout] 
[INFO] [stdout] 
[INFO] [stdout] warning: variable `S` should have a snake case name
[INFO] [stdout]    --> src/reed_solomon.rs:489:9
[INFO] [stdout]     |
[INFO] [stdout] 489 |     let S = find_syndromes(codeword);
[INFO] [stdout]     |         ^ help: convert the identifier to snake case (notice the capitalization): `s`
[INFO] [stdout] 
[INFO] [stdout] 
[INFO] [stderr]     Finished `test` profile [unoptimized + debuginfo] target(s) in 17.64s
[INFO] running `Command { std: "docker" "inspect" "0c7927c63095fd0733464f792e4baa5a0dc7c31293c42268a0264dcb90140445", kill_on_drop: false }`
[INFO] running `Command { std: "docker" "rm" "-f" "0c7927c63095fd0733464f792e4baa5a0dc7c31293c42268a0264dcb90140445", kill_on_drop: false }`
[INFO] [stdout] 0c7927c63095fd0733464f792e4baa5a0dc7c31293c42268a0264dcb90140445
[INFO] running `Command { std: "docker" "create" "-v" "/var/lib/crater-agent-workspace/builds/worker-3-tc2/target:/opt/rustwide/target:rw,Z" "-v" "/var/lib/crater-agent-workspace/builds/worker-3-tc2/source:/opt/rustwide/workdir:ro,Z" "-v" "/var/lib/crater-agent-workspace/cargo-home:/opt/rustwide/cargo-home:ro,Z" "-v" "/var/lib/crater-agent-workspace/rustup-home:/opt/rustwide/rustup-home:ro,Z" "-e" "SOURCE_DIR=/opt/rustwide/workdir" "-e" "CARGO_TARGET_DIR=/opt/rustwide/target" "-e" "CARGO_INCREMENTAL=0" "-e" "RUST_BACKTRACE=full" "-e" "RUSTFLAGS=--cap-lints=forbid -Zrandomize-layout" "-e" "RUSTDOCFLAGS=--cap-lints=forbid" "-e" "CARGO_HOME=/opt/rustwide/cargo-home" "-e" "RUSTUP_HOME=/opt/rustwide/rustup-home" "-w" "/opt/rustwide/workdir" "-m" "1610612736" "--user" "0:0" "--network" "none" "ghcr.io/rust-lang/crates-build-env/linux@sha256:819108c5571ea2e421544af4d832f968d213c87fbe3707a016657f43d2f853bc" "/opt/rustwide/cargo-home/bin/cargo" "+nightly-2025-01-18" "test" "--frozen", kill_on_drop: false }`
[INFO] [stdout] 19aaaf65404e12f862e76a7b440c838c94951d7fe0c0e494e9fa811a0afc81e8
[INFO] running `Command { std: "docker" "start" "-a" "19aaaf65404e12f862e76a7b440c838c94951d7fe0c0e494e9fa811a0afc81e8", kill_on_drop: false }`
[INFO] [stderr] warning: variable `S` should have a snake case name
[INFO] [stderr]    --> src/reed_solomon.rs:218:13
[INFO] [stderr]     |
[INFO] [stderr] 218 |     let mut S = vec![];
[INFO] [stderr]     |             ^ help: convert the identifier to snake case (notice the capitalization): `s`
[INFO] [stderr]     |
[INFO] [stderr]     = note: `#[warn(non_snake_case)]` on by default
[INFO] [stderr] 
[INFO] [stderr] warning: variable `S` should have a snake case name
[INFO] [stderr]    --> src/reed_solomon.rs:225:46
[INFO] [stderr]     |
[INFO] [stderr] 225 | fn find_forney_syndromes(codeword: &[gf256], S: &[gf256], erasures: &[usize]) -> Vec<gf256> {
[INFO] [stderr]     |                                              ^ help: convert the identifier to snake case (notice the capitalization): `s`
[INFO] [stderr] 
[INFO] [stderr] warning: variable `S` should have a snake case name
[INFO] [stderr]    --> src/reed_solomon.rs:226:13
[INFO] [stderr]     |
[INFO] [stderr] 226 |     let mut S = S.to_vec();
[INFO] [stderr]     |             ^ help: convert the identifier to snake case (notice the capitalization): `s`
[INFO] [stderr] 
[INFO] [stderr] warning: variable `Xj` should have a snake case name
[INFO] [stderr]    --> src/reed_solomon.rs:228:13
[INFO] [stderr]     |
[INFO] [stderr] 228 |         let Xj = gf256::GENERATOR.pow(u8::try_from(codeword.len() - 1 - j).unwrap());
[INFO] [stderr]     |             ^^ help: convert the identifier to snake case (notice the capitalization): `xj`
[INFO] [stderr] 
[INFO] [stderr] warning: variable `Λ` should have a snake case name
[INFO] [stderr]    --> src/reed_solomon.rs:240:13
[INFO] [stderr]     |
[INFO] [stderr] 240 |     let mut Λ = vec![gf256::new(0); erasures.len() + 1];
[INFO] [stderr]     |             ^ help: convert the identifier to snake case: `λ`
[INFO] [stderr] 
[INFO] [stderr] warning: variable `Λ_len` should have a snake case name
[INFO] [stderr]    --> src/reed_solomon.rs:241:9
[INFO] [stderr]     |
[INFO] [stderr] 241 |     let Λ_len = Λ.len();
[INFO] [stderr]     |         ^^^^^ help: convert the identifier to snake case: `λ_len`
[INFO] [stderr] 
[INFO] [stderr] warning: variable `S` should have a snake case name
[INFO] [stderr]    --> src/reed_solomon.rs:257:23
[INFO] [stderr]     |
[INFO] [stderr] 257 | fn find_error_locator(S: &[gf256]) -> Vec<gf256> {
[INFO] [stderr]     |                       ^ help: convert the identifier to snake case (notice the capitalization): `s`
[INFO] [stderr] 
[INFO] [stderr] warning: variable `Λ` should have a snake case name
[INFO] [stderr]    --> src/reed_solomon.rs:259:13
[INFO] [stderr]     |
[INFO] [stderr] 259 |     let mut Λ = vec![gf256::new(0); S.len() + 1];
[INFO] [stderr]     |             ^ help: convert the identifier to snake case: `λ`
[INFO] [stderr] 
[INFO] [stderr] warning: variable `Λ_len` should have a snake case name
[INFO] [stderr]    --> src/reed_solomon.rs:260:9
[INFO] [stderr]     |
[INFO] [stderr] 260 |     let Λ_len = Λ.len();
[INFO] [stderr]     |         ^^^^^ help: convert the identifier to snake case: `λ_len`
[INFO] [stderr] 
[INFO] [stderr] warning: variable `prev_Λ` should have a snake case name
[INFO] [stderr]    --> src/reed_solomon.rs:263:13
[INFO] [stderr]     |
[INFO] [stderr] 263 |     let mut prev_Λ = Λ.clone();
[INFO] [stderr]     |             ^^^^^^ help: convert the identifier to snake case: `prev_λ`
[INFO] [stderr] 
[INFO] [stderr] warning: variable `delta_Λ` should have a snake case name
[INFO] [stderr]    --> src/reed_solomon.rs:264:13
[INFO] [stderr]     |
[INFO] [stderr] 264 |     let mut delta_Λ = Λ.clone();
[INFO] [stderr]     |             ^^^^^^^ help: convert the identifier to snake case: `delta_λ`
[INFO] [stderr] 
[INFO] [stderr] warning: variable `Λ` should have a snake case name
[INFO] [stderr]    --> src/reed_solomon.rs:298:45
[INFO] [stderr]     |
[INFO] [stderr] 298 | fn find_error_locations(codeword: &[gf256], Λ: &[gf256]) -> Vec<usize> {
[INFO] [stderr]     |                                             ^ help: convert the identifier to snake case: `λ`
[INFO] [stderr] 
[INFO] [stderr] warning: variable `Xj` should have a snake case name
[INFO] [stderr]    --> src/reed_solomon.rs:301:13
[INFO] [stderr]     |
[INFO] [stderr] 301 |         let Xj = gf256::GENERATOR.pow(u8::try_from(codeword.len() - 1 - j).unwrap());
[INFO] [stderr]     |             ^^ help: convert the identifier to snake case (notice the capitalization): `xj`
[INFO] [stderr] 
[INFO] [stderr] warning: variable `S` should have a snake case name
[INFO] [stderr]    --> src/reed_solomon.rs:314:5
[INFO] [stderr]     |
[INFO] [stderr] 314 |     S: &[gf256],
[INFO] [stderr]     |     ^ help: convert the identifier to snake case (notice the capitalization): `s`
[INFO] [stderr] 
[INFO] [stderr] warning: variable `Λ` should have a snake case name
[INFO] [stderr]    --> src/reed_solomon.rs:315:5
[INFO] [stderr]     |
[INFO] [stderr] 315 |     Λ: &[gf256],
[INFO] [stderr]     |     ^ help: convert the identifier to snake case: `λ`
[INFO] [stderr] 
[INFO] [stderr] warning: variable `Ω` should have a snake case name
[INFO] [stderr]    --> src/reed_solomon.rs:322:13
[INFO] [stderr]     |
[INFO] [stderr] 322 |     let mut Ω = vec![gf256::new(0); S.len() + Λ.len() - 1];
[INFO] [stderr]     |             ^ help: convert the identifier to snake case: `ω`
[INFO] [stderr] 
[INFO] [stderr] warning: variable `Ω_len` should have a snake case name
[INFO] [stderr]    --> src/reed_solomon.rs:323:9
[INFO] [stderr]     |
[INFO] [stderr] 323 |     let Ω_len = Ω.len();
[INFO] [stderr]     |         ^^^^^ help: convert the identifier to snake case: `ω_len`
[INFO] [stderr] 
[INFO] [stderr] warning: variable `Λ_prime` should have a snake case name
[INFO] [stderr]    --> src/reed_solomon.rs:334:13
[INFO] [stderr]     |
[INFO] [stderr] 334 |     let mut Λ_prime = vec![gf256::new(0); Λ.len() - 1];
[INFO] [stderr]     |             ^^^^^^^ help: convert the identifier to snake case: `λ_prime`
[INFO] [stderr] 
[INFO] [stderr] warning: variable `Λ_prime_len` should have a snake case name
[INFO] [stderr]    --> src/reed_solomon.rs:340:13
[INFO] [stderr]     |
[INFO] [stderr] 340 |         let Λ_prime_len = Λ_prime.len();
[INFO] [stderr]     |             ^^^^^^^^^^^ help: convert the identifier to snake case: `λ_prime_len`
[INFO] [stderr] 
[INFO] [stderr] warning: variable `Xj` should have a snake case name
[INFO] [stderr]    --> src/reed_solomon.rs:355:13
[INFO] [stderr]     |
[INFO] [stderr] 355 |         let Xj = gf256::GENERATOR.pow(u8::try_from(codeword.len() - 1 - j).unwrap());
[INFO] [stderr]     |             ^^ help: convert the identifier to snake case (notice the capitalization): `xj`
[INFO] [stderr] 
[INFO] [stderr] warning: variable `Yj` should have a snake case name
[INFO] [stderr]    --> src/reed_solomon.rs:356:13
[INFO] [stderr]     |
[INFO] [stderr] 356 |         let Yj = (-Xj * poly_eval(&Ω, Xj.recip()))
[INFO] [stderr]     |             ^^ help: convert the identifier to snake case (notice the capitalization): `yj`
[INFO] [stderr] 
[INFO] [stderr] warning: variable `S` should have a snake case name
[INFO] [stderr]    --> src/reed_solomon.rs:382:9
[INFO] [stderr]     |
[INFO] [stderr] 382 |     let S = find_syndromes(codeword);
[INFO] [stderr]     |         ^ help: convert the identifier to snake case (notice the capitalization): `s`
[INFO] [stderr] 
[INFO] [stderr] warning: variable `Λ` should have a snake case name
[INFO] [stderr]    --> src/reed_solomon.rs:388:9
[INFO] [stderr]     |
[INFO] [stderr] 388 |     let Λ = find_erasure_locator(codeword, &erasures);
[INFO] [stderr]     |         ^ help: convert the identifier to snake case: `λ`
[INFO] [stderr] 
[INFO] [stderr] warning: variable `Xj` should have a snake case name
[INFO] [stderr]    --> src/reed_solomon.rs:394:11
[INFO] [stderr]     |
[INFO] [stderr] 394 |     for (&Xj, Yj) in erasures.iter().zip(erasure_magnitudes) {
[INFO] [stderr]     |           ^^ help: convert the identifier to snake case (notice the capitalization): `xj`
[INFO] [stderr] 
[INFO] [stderr] warning: variable `Yj` should have a snake case name
[INFO] [stderr]    --> src/reed_solomon.rs:394:15
[INFO] [stderr]     |
[INFO] [stderr] 394 |     for (&Xj, Yj) in erasures.iter().zip(erasure_magnitudes) {
[INFO] [stderr]     |               ^^ help: convert the identifier to snake case (notice the capitalization): `yj`
[INFO] [stderr] 
[INFO] [stderr] warning: variable `S` should have a snake case name
[INFO] [stderr]    --> src/reed_solomon.rs:399:9
[INFO] [stderr]     |
[INFO] [stderr] 399 |     let S = find_syndromes(codeword);
[INFO] [stderr]     |         ^ help: convert the identifier to snake case (notice the capitalization): `s`
[INFO] [stderr] 
[INFO] [stderr] warning: variable `S` should have a snake case name
[INFO] [stderr]    --> src/reed_solomon.rs:411:9
[INFO] [stderr]     |
[INFO] [stderr] 411 |     let S = find_syndromes(codeword);
[INFO] [stderr]     |         ^ help: convert the identifier to snake case (notice the capitalization): `s`
[INFO] [stderr] 
[INFO] [stderr] warning: variable `Λ` should have a snake case name
[INFO] [stderr]    --> src/reed_solomon.rs:417:9
[INFO] [stderr]     |
[INFO] [stderr] 417 |     let Λ = find_error_locator(&S);
[INFO] [stderr]     |         ^ help: convert the identifier to snake case: `λ`
[INFO] [stderr] 
[INFO] [stderr] warning: variable `Xj` should have a snake case name
[INFO] [stderr]    --> src/reed_solomon.rs:432:11
[INFO] [stderr]     |
[INFO] [stderr] 432 |     for (&Xj, Yj) in error_locations.iter().zip(error_magnitudes) {
[INFO] [stderr]     |           ^^ help: convert the identifier to snake case (notice the capitalization): `xj`
[INFO] [stderr] 
[INFO] [stderr] warning: variable `Yj` should have a snake case name
[INFO] [stderr]    --> src/reed_solomon.rs:432:15
[INFO] [stderr]     |
[INFO] [stderr] 432 |     for (&Xj, Yj) in error_locations.iter().zip(error_magnitudes) {
[INFO] [stderr]     |               ^^ help: convert the identifier to snake case (notice the capitalization): `yj`
[INFO] [stderr] 
[INFO] [stderr] warning: variable `S` should have a snake case name
[INFO] [stderr]    --> src/reed_solomon.rs:437:9
[INFO] [stderr]     |
[INFO] [stderr] 437 |     let S = find_syndromes(codeword);
[INFO] [stderr]     |         ^ help: convert the identifier to snake case (notice the capitalization): `s`
[INFO] [stderr] 
[INFO] [stderr] warning: variable `S` should have a snake case name
[INFO] [stderr]    --> src/reed_solomon.rs:454:9
[INFO] [stderr]     |
[INFO] [stderr] 454 |     let S = find_syndromes(codeword);
[INFO] [stderr]     |         ^ help: convert the identifier to snake case (notice the capitalization): `s`
[INFO] [stderr] 
[INFO] [stderr] warning: variable `forney_S` should have a snake case name
[INFO] [stderr]    --> src/reed_solomon.rs:460:9
[INFO] [stderr]     |
[INFO] [stderr] 460 |     let forney_S = find_forney_syndromes(codeword, &S, &erasures);
[INFO] [stderr]     |         ^^^^^^^^ help: convert the identifier to snake case (notice the capitalization): `forney_s`
[INFO] [stderr] 
[INFO] [stderr] warning: variable `Λ` should have a snake case name
[INFO] [stderr]    --> src/reed_solomon.rs:463:9
[INFO] [stderr]     |
[INFO] [stderr] 463 |     let Λ = find_error_locator(&forney_S);
[INFO] [stderr]     |         ^ help: convert the identifier to snake case: `λ`
[INFO] [stderr] 
[INFO] [stderr] warning: variable `Λ` should have a snake case name
[INFO] [stderr]    --> src/reed_solomon.rs:478:9
[INFO] [stderr]     |
[INFO] [stderr] 478 |     let Λ = find_erasure_locator(codeword, &error_locations);
[INFO] [stderr]     |         ^ help: convert the identifier to snake case: `λ`
[INFO] [stderr] 
[INFO] [stderr] warning: variable `Xj` should have a snake case name
[INFO] [stderr]    --> src/reed_solomon.rs:484:11
[INFO] [stderr]     |
[INFO] [stderr] 484 |     for (&Xj, Yj) in error_locations.iter().zip(error_magnitudes) {
[INFO] [stderr]     |           ^^ help: convert the identifier to snake case (notice the capitalization): `xj`
[INFO] [stderr] 
[INFO] [stderr] warning: variable `Yj` should have a snake case name
[INFO] [stderr]    --> src/reed_solomon.rs:484:15
[INFO] [stderr]     |
[INFO] [stderr] 484 |     for (&Xj, Yj) in error_locations.iter().zip(error_magnitudes) {
[INFO] [stderr]     |               ^^ help: convert the identifier to snake case (notice the capitalization): `yj`
[INFO] [stderr] 
[INFO] [stderr] warning: variable `S` should have a snake case name
[INFO] [stderr]    --> src/reed_solomon.rs:489:9
[INFO] [stderr]     |
[INFO] [stderr] 489 |     let S = find_syndromes(codeword);
[INFO] [stderr]     |         ^ help: convert the identifier to snake case (notice the capitalization): `s`
[INFO] [stderr] 
[INFO] [stderr] warning: `crypto` (lib) generated 38 warnings
[INFO] [stderr] warning: `crypto` (lib test) generated 38 warnings (38 duplicates)
[INFO] [stderr]     Finished `test` profile [unoptimized + debuginfo] target(s) in 0.08s
[INFO] [stderr]      Running unittests src/lib.rs (/opt/rustwide/target/debug/deps/crypto-a1edab3f25863607)
[INFO] [stdout] 
[INFO] [stdout] running 31 tests
[INFO] [stdout] test chacha20::tests::tc1_cb1 ... ok
[INFO] [stdout] test aes::test::ex ... ok
[INFO] [stdout] test chacha20::tests::tc0_cb1 ... ok
[INFO] [stdout] test chacha20::tests::tc0_is ... ok
[INFO] [stdout] test crc::tests::hello_world ... ok
[INFO] [stdout] test diffie_hellman::tests::changed_secret_key ... ok
[INFO] [stdout] test diffie_hellman::tests::changed_secret_key_biggest_numbers ... ok
[INFO] [stdout] test diffie_hellman::tests::private_key_in_range_key ... ok
[INFO] [stdout] test diffie_hellman::tests::public_key_correct_big_numbers ... ok
[INFO] [stdout] test diffie_hellman::tests::public_key_correct_biggest_numbers ... ok
[INFO] [stdout] test diffie_hellman::tests::secret_key_correct_biggest_numbers ... ok
[INFO] [stdout] test md5::tests::abc ... ok
[INFO] [stdout] test diffie_hellman::tests::public_key_correct ... ok
[INFO] [stdout] test chacha20::tests::tc1_cb2 ... ok
[INFO] [stdout] test sha1::tests::empty ... ok
[INFO] [stdout] test sha1::tests::ex1 ... ok
[INFO] [stdout] test md5::tests::ex1 ... ok
[INFO] [stdout] test shamir::tests::ex ... ok
[INFO] [stdout] test hmac::tests::empty ... ok
[INFO] [stdout] test md5::tests::empty ... ok
[INFO] [stdout] test hamming::tests::encoding_and_decoding_recovers ... ok
[INFO] [stdout] test aes::test::enc_and_dec ... ok
[INFO] [stdout] test diffie_hellman::tests::secret_key_correct_big_numbers ... ok
[INFO] [stdout] test sha1::tests::abc ... ok
[INFO] [stdout] test diffie_hellman::tests::secret_key_correct ... ok
[INFO] [stdout] test lfsr::tests::lfsr_naive ... ok
[INFO] [stdout] test reed_solomon::tests::reed_solomon_shortened ... ok
[INFO] [stdout] test reed_solomon::tests::reed_solomon ... ok
[INFO] [stdout] test hamming::tests::can_correct_one_bit_flip ... FAILED
[INFO] [stdout] test reed_solomon::tests::reed_solomon_any ... ok
[INFO] [stdout] test reed_solomon::tests::reed_solomon_burst ... ok
[INFO] [stdout] 
[INFO] [stdout] failures:
[INFO] [stdout] 
[INFO] [stdout] ---- hamming::tests::can_correct_one_bit_flip stdout ----
[INFO] [stdout] 
[INFO] [stdout] thread 'hamming::tests::can_correct_one_bit_flip' panicked at src/hamming.rs:140:42:
[INFO] [stdout] index out of bounds: the len is 7 but the index is 7
[INFO] [stdout] stack backtrace:
[INFO] [stdout]    0:     0x5a614c9b7d8a - std::backtrace_rs::backtrace::libunwind::trace::hb059275cfc8d6126
[INFO] [stdout]                                at /rustc/6067b36314ab5eb2eb47cecc464545ba58e1ad24/library/std/src/../../backtrace/src/backtrace/libunwind.rs:116:5
[INFO] [stdout]    1:     0x5a614c9b7d8a - std::backtrace_rs::backtrace::trace_unsynchronized::h2da071e4327ce3ee
[INFO] [stdout]                                at /rustc/6067b36314ab5eb2eb47cecc464545ba58e1ad24/library/std/src/../../backtrace/src/backtrace/mod.rs:66:5
[INFO] [stdout]    2:     0x5a614c9b7d8a - std::sys::backtrace::_print_fmt::h842a1474e6f8d23f
[INFO] [stdout]                                at /rustc/6067b36314ab5eb2eb47cecc464545ba58e1ad24/library/std/src/sys/backtrace.rs:66:9
[INFO] [stdout]    3:     0x5a614c9b7d8a - <std::sys::backtrace::BacktraceLock::print::DisplayBacktrace as core::fmt::Display>::fmt::h71a62eb3b9696b12
[INFO] [stdout]                                at /rustc/6067b36314ab5eb2eb47cecc464545ba58e1ad24/library/std/src/sys/backtrace.rs:39:26
[INFO] [stdout]    4:     0x5a614c9e0023 - core::fmt::rt::Argument::fmt::hdb6b616786b41dc1
[INFO] [stdout]                                at /rustc/6067b36314ab5eb2eb47cecc464545ba58e1ad24/library/core/src/fmt/rt.rs:177:76
[INFO] [stdout]    5:     0x5a614c9e0023 - core::fmt::write::h2cc1698af7e2d686
[INFO] [stdout]                                at /rustc/6067b36314ab5eb2eb47cecc464545ba58e1ad24/library/core/src/fmt/mod.rs:1440:21
[INFO] [stdout]    6:     0x5a614c9b48e3 - std::io::Write::write_fmt::hab1b4cd059a79022
[INFO] [stdout]                                at /rustc/6067b36314ab5eb2eb47cecc464545ba58e1ad24/library/std/src/io/mod.rs:1887:15
[INFO] [stdout]    7:     0x5a614c9b7bd2 - std::sys::backtrace::BacktraceLock::print::h147fe35b4ea13b08
[INFO] [stdout]                                at /rustc/6067b36314ab5eb2eb47cecc464545ba58e1ad24/library/std/src/sys/backtrace.rs:42:9
[INFO] [stdout]    8:     0x5a614c9b91af - std::panicking::default_hook::{{closure}}::hbd44223dbdc0d208
[INFO] [stdout]                                at /rustc/6067b36314ab5eb2eb47cecc464545ba58e1ad24/library/std/src/panicking.rs:298:22
[INFO] [stdout]    9:     0x5a614c9b8fc8 - std::panicking::default_hook::h20f81eb0576efcec
[INFO] [stdout]                                at /rustc/6067b36314ab5eb2eb47cecc464545ba58e1ad24/library/std/src/panicking.rs:322:9
[INFO] [stdout]   10:     0x5a614c97eb93 - <alloc::boxed::Box<F,A> as core::ops::function::Fn<Args>>::call::hdb53814c496a4d34
[INFO] [stdout]                                at /rustc/6067b36314ab5eb2eb47cecc464545ba58e1ad24/library/alloc/src/boxed.rs:2027:9
[INFO] [stdout]   11:     0x5a614c97eb93 - test::test_main::{{closure}}::hc0a4963c59427c24
[INFO] [stdout]                                at /rustc/6067b36314ab5eb2eb47cecc464545ba58e1ad24/library/test/src/lib.rs:134:21
[INFO] [stdout]   12:     0x5a614c9b9ca3 - <alloc::boxed::Box<F,A> as core::ops::function::Fn<Args>>::call::h591b2225413a77e9
[INFO] [stdout]                                at /rustc/6067b36314ab5eb2eb47cecc464545ba58e1ad24/library/alloc/src/boxed.rs:2027:9
[INFO] [stdout]   13:     0x5a614c9b9ca3 - std::panicking::rust_panic_with_hook::h625eea43051b2edc
[INFO] [stdout]                                at /rustc/6067b36314ab5eb2eb47cecc464545ba58e1ad24/library/std/src/panicking.rs:839:13
[INFO] [stdout]   14:     0x5a614c9b995a - std::panicking::begin_panic_handler::{{closure}}::h4f9159cfbc3f6bd3
[INFO] [stdout]                                at /rustc/6067b36314ab5eb2eb47cecc464545ba58e1ad24/library/std/src/panicking.rs:704:13
[INFO] [stdout]   15:     0x5a614c9b8289 - std::sys::backtrace::__rust_end_short_backtrace::h0390abce48353151
[INFO] [stdout]                                at /rustc/6067b36314ab5eb2eb47cecc464545ba58e1ad24/library/std/src/sys/backtrace.rs:168:18
[INFO] [stdout]   16:     0x5a614c9b95ed - rust_begin_unwind
[INFO] [stdout]                                at /rustc/6067b36314ab5eb2eb47cecc464545ba58e1ad24/library/std/src/panicking.rs:695:5
[INFO] [stdout]   17:     0x5a614c9de6b0 - core::panicking::panic_fmt::h9e7c637e9e5f29c9
[INFO] [stdout]                                at /rustc/6067b36314ab5eb2eb47cecc464545ba58e1ad24/library/core/src/panicking.rs:75:14
[INFO] [stdout]   18:     0x5a614c9de831 - core::panicking::panic_bounds_check::hab62625bddb22ea0
[INFO] [stdout]                                at /rustc/6067b36314ab5eb2eb47cecc464545ba58e1ad24/library/core/src/panicking.rs:273:5
[INFO] [stdout]   19:     0x5a614c6a42b8 - crypto::hamming::decode::h8232e2a6743245c3
[INFO] [stdout]                                at /opt/rustwide/workdir/src/hamming.rs:140:42
[INFO] [stdout]   20:     0x5a614c6925f7 - crypto::hamming::tests::can_correct_one_bit_flip::can_correct_one_bit_flip::h719c64f73c7c5434
[INFO] [stdout]                                at /opt/rustwide/workdir/src/hamming.rs:192:15
[INFO] [stdout]   21:     0x5a614c6a3256 - <fn(A) .> T as quickcheck::tester::Testable>::result::{{closure}}::ha004c58cead72185
[INFO] [stdout]                                at /opt/rustwide/cargo-home/registry/src/index.crates.io-1949cf8c6b5b557f/quickcheck-1.0.3/src/tester.rs:371:35
[INFO] [stdout]   22:     0x5a614c68d481 - <core::panic::unwind_safe::AssertUnwindSafe<F> as core::ops::function::FnOnce<()>>::call_once::h7231ea059c9b55a1
[INFO] [stdout]                                at /rustc/6067b36314ab5eb2eb47cecc464545ba58e1ad24/library/core/src/panic/unwind_safe.rs:272:9
[INFO] [stdout]   23:     0x5a614c68d7a4 - std::panicking::try::do_call::h91fac98a9514ef24
[INFO] [stdout]                                at /rustc/6067b36314ab5eb2eb47cecc464545ba58e1ad24/library/std/src/panicking.rs:587:40
[INFO] [stdout]   24:     0x5a614c686efb - __rust_try
[INFO] [stdout]   25:     0x5a614c683e7b - std::panicking::try::h733a8e023d2bdc6c
[INFO] [stdout]                                at /rustc/6067b36314ab5eb2eb47cecc464545ba58e1ad24/library/std/src/panicking.rs:550:19
[INFO] [stdout]   26:     0x5a614c683e7b - std::panic::catch_unwind::ha488bc73199343d3
[INFO] [stdout]                                at /rustc/6067b36314ab5eb2eb47cecc464545ba58e1ad24/library/std/src/panic.rs:358:14
[INFO] [stdout]   27:     0x5a614c6a08f0 - quickcheck::tester::safe::h8d973233e8a1bd26
[INFO] [stdout]                                at /opt/rustwide/cargo-home/registry/src/index.crates.io-1949cf8c6b5b557f/quickcheck-1.0.3/src/tester.rs:402:5
[INFO] [stdout]   28:     0x5a614c6a2eef - <fn(A) .> T as quickcheck::tester::Testable>::result::h4629106e1b7a7136
[INFO] [stdout]                                at /opt/rustwide/cargo-home/registry/src/index.crates.io-1949cf8c6b5b557f/quickcheck-1.0.3/src/tester.rs:371:21
[INFO] [stdout]   29:     0x5a614c6a04a8 - quickcheck::tester::QuickCheck::quicktest::h7abd6222557958ca
[INFO] [stdout]                                at /opt/rustwide/cargo-home/registry/src/index.crates.io-1949cf8c6b5b557f/quickcheck-1.0.3/src/tester.rs:121:19
[INFO] [stdout]   30:     0x5a614c69fc61 - quickcheck::tester::QuickCheck::quickcheck::h9533e85abdd42cec
[INFO] [stdout]                                at /opt/rustwide/cargo-home/registry/src/index.crates.io-1949cf8c6b5b557f/quickcheck-1.0.3/src/tester.rs:163:36
[INFO] [stdout]   31:     0x5a614c6a0773 - quickcheck::tester::quickcheck::h4ce9685f6024ea13
[INFO] [stdout]                                at /opt/rustwide/cargo-home/registry/src/index.crates.io-1949cf8c6b5b557f/quickcheck-1.0.3/src/tester.rs:183:5
[INFO] [stdout]   32:     0x5a614c69226d - crypto::hamming::tests::can_correct_one_bit_flip::hc1c1bdc45db63ed2
[INFO] [stdout]                                at /opt/rustwide/workdir/src/hamming.rs:174:5
[INFO] [stdout]   33:     0x5a614c692247 - crypto::hamming::tests::can_correct_one_bit_flip::{{closure}}::h3439d394198b2a75
[INFO] [stdout]                                at /opt/rustwide/workdir/src/hamming.rs:174:18
[INFO] [stdout]   34:     0x5a614c699936 - core::ops::function::FnOnce::call_once::h1626a7cd3f266a0e
[INFO] [stdout]                                at /rustc/6067b36314ab5eb2eb47cecc464545ba58e1ad24/library/core/src/ops/function.rs:250:5
[INFO] [stdout]   35:     0x5a614c9842eb - core::ops::function::FnOnce::call_once::he27718dfdd183f43
[INFO] [stdout]                                at /rustc/6067b36314ab5eb2eb47cecc464545ba58e1ad24/library/core/src/ops/function.rs:250:5
[INFO] [stdout]   36:     0x5a614c9842eb - test::__rust_begin_short_backtrace::h4e84902998457a5d
[INFO] [stdout]                                at /rustc/6067b36314ab5eb2eb47cecc464545ba58e1ad24/library/test/src/lib.rs:632:18
[INFO] [stdout]   37:     0x5a614c983223 - test::run_test_in_process::{{closure}}::h7176fd18fc1feca0
[INFO] [stdout]                                at /rustc/6067b36314ab5eb2eb47cecc464545ba58e1ad24/library/test/src/lib.rs:655:60
[INFO] [stdout]   38:     0x5a614c983223 - <core::panic::unwind_safe::AssertUnwindSafe<F> as core::ops::function::FnOnce<()>>::call_once::hf79cff2a624d8cf7
[INFO] [stdout]                                at /rustc/6067b36314ab5eb2eb47cecc464545ba58e1ad24/library/core/src/panic/unwind_safe.rs:272:9
[INFO] [stdout]   39:     0x5a614c983223 - std::panicking::try::do_call::h3da0561d9ab99c25
[INFO] [stdout]                                at /rustc/6067b36314ab5eb2eb47cecc464545ba58e1ad24/library/std/src/panicking.rs:587:40
[INFO] [stdout]   40:     0x5a614c983223 - std::panicking::try::h41c9fa508bc61df6
[INFO] [stdout]                                at /rustc/6067b36314ab5eb2eb47cecc464545ba58e1ad24/library/std/src/panicking.rs:550:19
[INFO] [stdout]   41:     0x5a614c983223 - std::panic::catch_unwind::h6b3ff07bb5afad93
[INFO] [stdout]                                at /rustc/6067b36314ab5eb2eb47cecc464545ba58e1ad24/library/std/src/panic.rs:358:14
[INFO] [stdout]   42:     0x5a614c983223 - test::run_test_in_process::hc7253dd11b39b9f4
[INFO] [stdout]                                at /rustc/6067b36314ab5eb2eb47cecc464545ba58e1ad24/library/test/src/lib.rs:655:27
[INFO] [stdout]   43:     0x5a614c983223 - test::run_test::{{closure}}::hfb2007f8649c30bb
[INFO] [stdout]                                at /rustc/6067b36314ab5eb2eb47cecc464545ba58e1ad24/library/test/src/lib.rs:576:43
[INFO] [stdout]   44:     0x5a614c946305 - test::run_test::{{closure}}::h56a17aa7a282a9f4
[INFO] [stdout]                                at /rustc/6067b36314ab5eb2eb47cecc464545ba58e1ad24/library/test/src/lib.rs:606:41
[INFO] [stdout]   45:     0x5a614c946305 - std::sys::backtrace::__rust_begin_short_backtrace::hd2d2d2fb8e8c6aac
[INFO] [stdout]                                at /rustc/6067b36314ab5eb2eb47cecc464545ba58e1ad24/library/std/src/sys/backtrace.rs:152:18
[INFO] [stdout]   46:     0x5a614c949bea - std::thread::Builder::spawn_unchecked_::{{closure}}::{{closure}}::h4faa3f9db6133423
[INFO] [stdout]                                at /rustc/6067b36314ab5eb2eb47cecc464545ba58e1ad24/library/std/src/thread/mod.rs:559:17
[INFO] [stdout]   47:     0x5a614c949bea - <core::panic::unwind_safe::AssertUnwindSafe<F> as core::ops::function::FnOnce<()>>::call_once::hf2e855a36a4ea846
[INFO] [stdout]                                at /rustc/6067b36314ab5eb2eb47cecc464545ba58e1ad24/library/core/src/panic/unwind_safe.rs:272:9
[INFO] [stdout]   48:     0x5a614c949bea - std::panicking::try::do_call::h2f73af3616c35465
[INFO] [stdout]                                at /rustc/6067b36314ab5eb2eb47cecc464545ba58e1ad24/library/std/src/panicking.rs:587:40
[INFO] [stdout]   49:     0x5a614c949bea - std::panicking::try::hd1660ce9efadef5a
[INFO] [stdout]                                at /rustc/6067b36314ab5eb2eb47cecc464545ba58e1ad24/library/std/src/panicking.rs:550:19
[INFO] [stdout]   50:     0x5a614c949bea - std::panic::catch_unwind::h5ee8d7823b8ca744
[INFO] [stdout]                                at /rustc/6067b36314ab5eb2eb47cecc464545ba58e1ad24/library/std/src/panic.rs:358:14
[INFO] [stdout]   51:     0x5a614c949bea - std::thread::Builder::spawn_unchecked_::{{closure}}::h53c3a1894dce8407
[INFO] [stdout]                                at /rustc/6067b36314ab5eb2eb47cecc464545ba58e1ad24/library/std/src/thread/mod.rs:557:30
[INFO] [stdout]   52:     0x5a614c949bea - core::ops::function::FnOnce::call_once{{vtable.shim}}::h048ce291ad4f62bf
[INFO] [stdout]                                at /rustc/6067b36314ab5eb2eb47cecc464545ba58e1ad24/library/core/src/ops/function.rs:250:5
[INFO] [stdout]   53:     0x5a614c9bdbdb - <alloc::boxed::Box<F,A> as core::ops::function::FnOnce<Args>>::call_once::ha52bedf99a3b4981
[INFO] [stdout]                                at /rustc/6067b36314ab5eb2eb47cecc464545ba58e1ad24/library/alloc/src/boxed.rs:2013:9
[INFO] [stdout]   54:     0x5a614c9bdbdb - <alloc::boxed::Box<F,A> as core::ops::function::FnOnce<Args>>::call_once::h567748934d80ccf8
[INFO] [stdout]                                at /rustc/6067b36314ab5eb2eb47cecc464545ba58e1ad24/library/alloc/src/boxed.rs:2013:9
[INFO] [stdout]   55:     0x5a614c9bdbdb - std::sys::pal::unix::thread::Thread::new::thread_start::h2d970728ae887adc
[INFO] [stdout]                                at /rustc/6067b36314ab5eb2eb47cecc464545ba58e1ad24/library/std/src/sys/pal/unix/thread.rs:106:17
[INFO] [stdout]   56:     0x7fbc545e5ac3 - <unknown>
[INFO] [stdout]   57:     0x7fbc54676a04 - clone
[INFO] [stdout]   58:                0x0 - <unknown>
[INFO] [stdout] 
[INFO] [stdout] thread 'hamming::tests::can_correct_one_bit_flip' panicked at src/hamming.rs:140:42:
[INFO] [stdout] index out of bounds: the len is 7 but the index is 7
[INFO] [stdout] stack backtrace:
[INFO] [stdout]    0:     0x5a614c9b7d8a - std::backtrace_rs::backtrace::libunwind::trace::hb059275cfc8d6126
[INFO] [stdout]                                at /rustc/6067b36314ab5eb2eb47cecc464545ba58e1ad24/library/std/src/../../backtrace/src/backtrace/libunwind.rs:116:5
[INFO] [stdout]    1:     0x5a614c9b7d8a - std::backtrace_rs::backtrace::trace_unsynchronized::h2da071e4327ce3ee
[INFO] [stdout]                                at /rustc/6067b36314ab5eb2eb47cecc464545ba58e1ad24/library/std/src/../../backtrace/src/backtrace/mod.rs:66:5
[INFO] [stdout]    2:     0x5a614c9b7d8a - std::sys::backtrace::_print_fmt::h842a1474e6f8d23f
[INFO] [stdout]                                at /rustc/6067b36314ab5eb2eb47cecc464545ba58e1ad24/library/std/src/sys/backtrace.rs:66:9
[INFO] [stdout]    3:     0x5a614c9b7d8a - <std::sys::backtrace::BacktraceLock::print::DisplayBacktrace as core::fmt::Display>::fmt::h71a62eb3b9696b12
[INFO] [stdout]                                at /rustc/6067b36314ab5eb2eb47cecc464545ba58e1ad24/library/std/src/sys/backtrace.rs:39:26
[INFO] [stdout]    4:     0x5a614c9e0023 - core::fmt::rt::Argument::fmt::hdb6b616786b41dc1
[INFO] [stdout]                                at /rustc/6067b36314ab5eb2eb47cecc464545ba58e1ad24/library/core/src/fmt/rt.rs:177:76
[INFO] [stdout]    5:     0x5a614c9e0023 - core::fmt::write::h2cc1698af7e2d686
[INFO] [stdout]                                at /rustc/6067b36314ab5eb2eb47cecc464545ba58e1ad24/library/core/src/fmt/mod.rs:1440:21
[INFO] [stdout]    6:     0x5a614c9b48e3 - std::io::Write::write_fmt::hab1b4cd059a79022
[INFO] [stdout]                                at /rustc/6067b36314ab5eb2eb47cecc464545ba58e1ad24/library/std/src/io/mod.rs:1887:15
[INFO] [stdout]    7:     0x5a614c9b7bd2 - std::sys::backtrace::BacktraceLock::print::h147fe35b4ea13b08
[INFO] [stdout]                                at /rustc/6067b36314ab5eb2eb47cecc464545ba58e1ad24/library/std/src/sys/backtrace.rs:42:9
[INFO] [stdout]    8:     0x5a614c9b91af - std::panicking::default_hook::{{closure}}::hbd44223dbdc0d208
[INFO] [stdout]                                at /rustc/6067b36314ab5eb2eb47cecc464545ba58e1ad24/library/std/src/panicking.rs:298:22
[INFO] [stdout]    9:     0x5a614c9b8fc8 - std::panicking::default_hook::h20f81eb0576efcec
[INFO] [stdout]                                at /rustc/6067b36314ab5eb2eb47cecc464545ba58e1ad24/library/std/src/panicking.rs:322:9
[INFO] [stdout]   10:     0x5a614c97eb93 - <alloc::boxed::Box<F,A> as core::ops::function::Fn<Args>>::call::hdb53814c496a4d34
[INFO] [stdout]                                at /rustc/6067b36314ab5eb2eb47cecc464545ba58e1ad24/library/alloc/src/boxed.rs:2027:9
[INFO] [stdout]   11:     0x5a614c97eb93 - test::test_main::{{closure}}::hc0a4963c59427c24
[INFO] [stdout]                                at /rustc/6067b36314ab5eb2eb47cecc464545ba58e1ad24/library/test/src/lib.rs:134:21
[INFO] [stdout]   12:     0x5a614c9b9ca3 - <alloc::boxed::Box<F,A> as core::ops::function::Fn<Args>>::call::h591b2225413a77e9
[INFO] [stdout]                                at /rustc/6067b36314ab5eb2eb47cecc464545ba58e1ad24/library/alloc/src/boxed.rs:2027:9
[INFO] [stdout]   13:     0x5a614c9b9ca3 - std::panicking::rust_panic_with_hook::h625eea43051b2edc
[INFO] [stdout]                                at /rustc/6067b36314ab5eb2eb47cecc464545ba58e1ad24/library/std/src/panicking.rs:839:13
[INFO] [stdout]   14:     0x5a614c9b995a - std::panicking::begin_panic_handler::{{closure}}::h4f9159cfbc3f6bd3
[INFO] [stdout]                                at /rustc/6067b36314ab5eb2eb47cecc464545ba58e1ad24/library/std/src/panicking.rs:704:13
[INFO] [stdout]   15:     0x5a614c9b8289 - std::sys::backtrace::__rust_end_short_backtrace::h0390abce48353151
[INFO] [stdout]                                at /rustc/6067b36314ab5eb2eb47cecc464545ba58e1ad24/library/std/src/sys/backtrace.rs:168:18
[INFO] [stdout]   16:     0x5a614c9b95ed - rust_begin_unwind
[INFO] [stdout]                                at /rustc/6067b36314ab5eb2eb47cecc464545ba58e1ad24/library/std/src/panicking.rs:695:5
[INFO] [stdout]   17:     0x5a614c9de6b0 - core::panicking::panic_fmt::h9e7c637e9e5f29c9
[INFO] [stdout]                                at /rustc/6067b36314ab5eb2eb47cecc464545ba58e1ad24/library/core/src/panicking.rs:75:14
[INFO] [stdout]   18:     0x5a614c9de831 - core::panicking::panic_bounds_check::hab62625bddb22ea0
[INFO] [stdout]                                at /rustc/6067b36314ab5eb2eb47cecc464545ba58e1ad24/library/core/src/panicking.rs:273:5
[INFO] [stdout]   19:     0x5a614c6a42b8 - crypto::hamming::decode::h8232e2a6743245c3
[INFO] [stdout]                                at /opt/rustwide/workdir/src/hamming.rs:140:42
[INFO] [stdout]   20:     0x5a614c6925f7 - crypto::hamming::tests::can_correct_one_bit_flip::can_correct_one_bit_flip::h719c64f73c7c5434
[INFO] [stdout]                                at /opt/rustwide/workdir/src/hamming.rs:192:15
[INFO] [stdout]   21:     0x5a614c6a2dd6 - <fn(A) .> T as quickcheck::tester::Testable>::result::shrink_failure::{{closure}}::hc7aff3d95072146b
[INFO] [stdout]                                at /opt/rustwide/cargo-home/registry/src/index.crates.io-1949cf8c6b5b557f/quickcheck-1.0.3/src/tester.rs:349:47
[INFO] [stdout]   22:     0x5a614c68d4c1 - <core::panic::unwind_safe::AssertUnwindSafe<F> as core::ops::function::FnOnce<()>>::call_once::h74174760dc59bf52
[INFO] [stdout]                                at /rustc/6067b36314ab5eb2eb47cecc464545ba58e1ad24/library/core/src/panic/unwind_safe.rs:272:9
[INFO] [stdout]   23:     0x5a614c68d744 - std::panicking::try::do_call::h815163474da1400a
[INFO] [stdout]                                at /rustc/6067b36314ab5eb2eb47cecc464545ba58e1ad24/library/std/src/panicking.rs:587:40
[INFO] [stdout]   24:     0x5a614c686efb - __rust_try
[INFO] [stdout]   25:     0x5a614c683d9b - std::panicking::try::h288a7d2c4eb0af36
[INFO] [stdout]                                at /rustc/6067b36314ab5eb2eb47cecc464545ba58e1ad24/library/std/src/panicking.rs:550:19
[INFO] [stdout]   26:     0x5a614c683d9b - std::panic::catch_unwind::h3d42b77fe46c2062
[INFO] [stdout]                                at /rustc/6067b36314ab5eb2eb47cecc464545ba58e1ad24/library/std/src/panic.rs:358:14
[INFO] [stdout]   27:     0x5a614c6a0840 - quickcheck::tester::safe::h056801b7ee3a22b0
[INFO] [stdout]                                at /opt/rustwide/cargo-home/registry/src/index.crates.io-1949cf8c6b5b557f/quickcheck-1.0.3/src/tester.rs:402:5
[INFO] [stdout]   28:     0x5a614c6a2a19 - <fn(A) .> T as quickcheck::tester::Testable>::result::shrink_failure::h99ad059f98c1d776
[INFO] [stdout]                                at /opt/rustwide/cargo-home/registry/src/index.crates.io-1949cf8c6b5b557f/quickcheck-1.0.3/src/tester.rs:349:33
[INFO] [stdout]   29:     0x5a614c6a3107 - <fn(A) .> T as quickcheck::tester::Testable>::result::h4629106e1b7a7136
[INFO] [stdout]                                at /opt/rustwide/cargo-home/registry/src/index.crates.io-1949cf8c6b5b557f/quickcheck-1.0.3/src/tester.rs:380:17
[INFO] [stdout]   30:     0x5a614c6a04a8 - quickcheck::tester::QuickCheck::quicktest::h7abd6222557958ca
[INFO] [stdout]                                at /opt/rustwide/cargo-home/registry/src/index.crates.io-1949cf8c6b5b557f/quickcheck-1.0.3/src/tester.rs:121:19
[INFO] [stdout]   31:     0x5a614c69fc61 - quickcheck::tester::QuickCheck::quickcheck::h9533e85abdd42cec
[INFO] [stdout]                                at /opt/rustwide/cargo-home/registry/src/index.crates.io-1949cf8c6b5b557f/quickcheck-1.0.3/src/tester.rs:163:36
[INFO] [stdout]   32:     0x5a614c6a0773 - quickcheck::tester::quickcheck::h4ce9685f6024ea13
[INFO] [stdout]                                at /opt/rustwide/cargo-home/registry/src/index.crates.io-1949cf8c6b5b557f/quickcheck-1.0.3/src/tester.rs:183:5
[INFO] [stdout]   33:     0x5a614c69226d - crypto::hamming::tests::can_correct_one_bit_flip::hc1c1bdc45db63ed2
[INFO] [stdout]                                at /opt/rustwide/workdir/src/hamming.rs:174:5
[INFO] [stdout]   34:     0x5a614c692247 - crypto::hamming::tests::can_correct_one_bit_flip::{{closure}}::h3439d394198b2a75
[INFO] [stdout]                                at /opt/rustwide/workdir/src/hamming.rs:174:18
[INFO] [stdout]   35:     0x5a614c699936 - core::ops::function::FnOnce::call_once::h1626a7cd3f266a0e
[INFO] [stdout]                                at /rustc/6067b36314ab5eb2eb47cecc464545ba58e1ad24/library/core/src/ops/function.rs:250:5
[INFO] [stdout]   36:     0x5a614c9842eb - core::ops::function::FnOnce::call_once::he27718dfdd183f43
[INFO] [stdout]                                at /rustc/6067b36314ab5eb2eb47cecc464545ba58e1ad24/library/core/src/ops/function.rs:250:5
[INFO] [stdout]   37:     0x5a614c9842eb - test::__rust_begin_short_backtrace::h4e84902998457a5d
[INFO] [stdout]                                at /rustc/6067b36314ab5eb2eb47cecc464545ba58e1ad24/library/test/src/lib.rs:632:18
[INFO] [stdout]   38:     0x5a614c983223 - test::run_test_in_process::{{closure}}::h7176fd18fc1feca0
[INFO] [stdout]                                at /rustc/6067b36314ab5eb2eb47cecc464545ba58e1ad24/library/test/src/lib.rs:655:60
[INFO] [stdout]   39:     0x5a614c983223 - <core::panic::unwind_safe::AssertUnwindSafe<F> as core::ops::function::FnOnce<()>>::call_once::hf79cff2a624d8cf7
[INFO] [stdout]                                at /rustc/6067b36314ab5eb2eb47cecc464545ba58e1ad24/library/core/src/panic/unwind_safe.rs:272:9
[INFO] [stdout]   40:     0x5a614c983223 - std::panicking::try::do_call::h3da0561d9ab99c25
[INFO] [stdout]                                at /rustc/6067b36314ab5eb2eb47cecc464545ba58e1ad24/library/std/src/panicking.rs:587:40
[INFO] [stdout]   41:     0x5a614c983223 - std::panicking::try::h41c9fa508bc61df6
[INFO] [stdout]                                at /rustc/6067b36314ab5eb2eb47cecc464545ba58e1ad24/library/std/src/panicking.rs:550:19
[INFO] [stdout]   42:     0x5a614c983223 - std::panic::catch_unwind::h6b3ff07bb5afad93
[INFO] [stdout]                                at /rustc/6067b36314ab5eb2eb47cecc464545ba58e1ad24/library/std/src/panic.rs:358:14
[INFO] [stdout]   43:     0x5a614c983223 - test::run_test_in_process::hc7253dd11b39b9f4
[INFO] [stdout]                                at /rustc/6067b36314ab5eb2eb47cecc464545ba58e1ad24/library/test/src/lib.rs:655:27
[INFO] [stdout]   44:     0x5a614c983223 - test::run_test::{{closure}}::hfb2007f8649c30bb
[INFO] [stdout]                                at /rustc/6067b36314ab5eb2eb47cecc464545ba58e1ad24/library/test/src/lib.rs:576:43
[INFO] [stdout]   45:     0x5a614c946305 - test::run_test::{{closure}}::h56a17aa7a282a9f4
[INFO] [stdout]                                at /rustc/6067b36314ab5eb2eb47cecc464545ba58e1ad24/library/test/src/lib.rs:606:41
[INFO] [stdout]   46:     0x5a614c946305 - std::sys::backtrace::__rust_begin_short_backtrace::hd2d2d2fb8e8c6aac
[INFO] [stdout]                                at /rustc/6067b36314ab5eb2eb47cecc464545ba58e1ad24/library/std/src/sys/backtrace.rs:152:18
[INFO] [stdout]   47:     0x5a614c949bea - std::thread::Builder::spawn_unchecked_::{{closure}}::{{closure}}::h4faa3f9db6133423
[INFO] [stdout]                                at /rustc/6067b36314ab5eb2eb47cecc464545ba58e1ad24/library/std/src/thread/mod.rs:559:17
[INFO] [stdout]   48:     0x5a614c949bea - <core::panic::unwind_safe::AssertUnwindSafe<F> as core::ops::function::FnOnce<()>>::call_once::hf2e855a36a4ea846
[INFO] [stdout]                                at /rustc/6067b36314ab5eb2eb47cecc464545ba58e1ad24/library/core/src/panic/unwind_safe.rs:272:9
[INFO] [stdout]   49:     0x5a614c949bea - std::panicking::try::do_call::h2f73af3616c35465
[INFO] [stdout]                                at /rustc/6067b36314ab5eb2eb47cecc464545ba58e1ad24/library/std/src/panicking.rs:587:40
[INFO] [stdout]   50:     0x5a614c949bea - std::panicking::try::hd1660ce9efadef5a
[INFO] [stdout]                                at /rustc/6067b36314ab5eb2eb47cecc464545ba58e1ad24/library/std/src/panicking.rs:550:19
[INFO] [stdout]   51:     0x5a614c949bea - std::panic::catch_unwind::h5ee8d7823b8ca744
[INFO] [stdout]                                at /rustc/6067b36314ab5eb2eb47cecc464545ba58e1ad24/library/std/src/panic.rs:358:14
[INFO] [stdout]   52:     0x5a614c949bea - std::thread::Builder::spawn_unchecked_::{{closure}}::h53c3a1894dce8407
[INFO] [stdout]                                at /rustc/6067b36314ab5eb2eb47cecc464545ba58e1ad24/library/std/src/thread/mod.rs:557:30
[INFO] [stdout]   53:     0x5a614c949bea - core::ops::function::FnOnce::call_once{{vtable.shim}}::h048ce291ad4f62bf
[INFO] [stdout]                                at /rustc/6067b36314ab5eb2eb47cecc464545ba58e1ad24/library/core/src/ops/function.rs:250:5
[INFO] [stdout]   54:     0x5a614c9bdbdb - <alloc::boxed::Box<F,A> as core::ops::function::FnOnce<Args>>::call_once::ha52bedf99a3b4981
[INFO] [stdout]                                at /rustc/6067b36314ab5eb2eb47cecc464545ba58e1ad24/library/alloc/src/boxed.rs:2013:9
[INFO] [stdout]   55:     0x5a614c9bdbdb - <alloc::boxed::Box<F,A> as core::ops::function::FnOnce<Args>>::call_once::h567748934d80ccf8
[INFO] [stdout]                                at /rustc/6067b36314ab5eb2eb47cecc464545ba58e1ad24/library/alloc/src/boxed.rs:2013:9
[INFO] [stdout]   56:     0x5a614c9bdbdb - std::sys::pal::unix::thread::Thread::new::thread_start::h2d970728ae887adc
[INFO] [stdout]                                at /rustc/6067b36314ab5eb2eb47cecc464545ba58e1ad24/library/std/src/sys/pal/unix/thread.rs:106:17
[INFO] [stdout]   57:     0x7fbc545e5ac3 - <unknown>
[INFO] [stdout]   58:     0x7fbc54676a04 - clone
[INFO] [stdout]   59:                0x0 - <unknown>
[INFO] [stdout] 
[INFO] [stdout] thread 'hamming::tests::can_correct_one_bit_flip' panicked at src/hamming.rs:140:42:
[INFO] [stdout] index out of bounds: the len is 7 but the index is 7
[INFO] [stdout] stack backtrace:
[INFO] [stdout]    0:     0x5a614c9b7d8a - std::backtrace_rs::backtrace::libunwind::trace::hb059275cfc8d6126
[INFO] [stdout]                                at /rustc/6067b36314ab5eb2eb47cecc464545ba58e1ad24/library/std/src/../../backtrace/src/backtrace/libunwind.rs:116:5
[INFO] [stdout]    1:     0x5a614c9b7d8a - std::backtrace_rs::backtrace::trace_unsynchronized::h2da071e4327ce3ee
[INFO] [stdout]                                at /rustc/6067b36314ab5eb2eb47cecc464545ba58e1ad24/library/std/src/../../backtrace/src/backtrace/mod.rs:66:5
[INFO] [stdout]    2:     0x5a614c9b7d8a - std::sys::backtrace::_print_fmt::h842a1474e6f8d23f
[INFO] [stdout]                                at /rustc/6067b36314ab5eb2eb47cecc464545ba58e1ad24/library/std/src/sys/backtrace.rs:66:9
[INFO] [stdout]    3:     0x5a614c9b7d8a - <std::sys::backtrace::BacktraceLock::print::DisplayBacktrace as core::fmt::Display>::fmt::h71a62eb3b9696b12
[INFO] [stdout]                                at /rustc/6067b36314ab5eb2eb47cecc464545ba58e1ad24/library/std/src/sys/backtrace.rs:39:26
[INFO] [stdout]    4:     0x5a614c9e0023 - core::fmt::rt::Argument::fmt::hdb6b616786b41dc1
[INFO] [stdout]                                at /rustc/6067b36314ab5eb2eb47cecc464545ba58e1ad24/library/core/src/fmt/rt.rs:177:76
[INFO] [stdout]    5:     0x5a614c9e0023 - core::fmt::write::h2cc1698af7e2d686
[INFO] [stdout]                                at /rustc/6067b36314ab5eb2eb47cecc464545ba58e1ad24/library/core/src/fmt/mod.rs:1440:21
[INFO] [stdout]    6:     0x5a614c9b48e3 - std::io::Write::write_fmt::hab1b4cd059a79022
[INFO] [stdout]                                at /rustc/6067b36314ab5eb2eb47cecc464545ba58e1ad24/library/std/src/io/mod.rs:1887:15
[INFO] [stdout]    7:     0x5a614c9b7bd2 - std::sys::backtrace::BacktraceLock::print::h147fe35b4ea13b08
[INFO] [stdout]                                at /rustc/6067b36314ab5eb2eb47cecc464545ba58e1ad24/library/std/src/sys/backtrace.rs:42:9
[INFO] [stdout]    8:     0x5a614c9b91af - std::panicking::default_hook::{{closure}}::hbd44223dbdc0d208
[INFO] [stdout]                                at /rustc/6067b36314ab5eb2eb47cecc464545ba58e1ad24/library/std/src/panicking.rs:298:22
[INFO] [stdout]    9:     0x5a614c9b8fc8 - std::panicking::default_hook::h20f81eb0576efcec
[INFO] [stdout]                                at /rustc/6067b36314ab5eb2eb47cecc464545ba58e1ad24/library/std/src/panicking.rs:322:9
[INFO] [stdout]   10:     0x5a614c97eb93 - <alloc::boxed::Box<F,A> as core::ops::function::Fn<Args>>::call::hdb53814c496a4d34
[INFO] [stdout]                                at /rustc/6067b36314ab5eb2eb47cecc464545ba58e1ad24/library/alloc/src/boxed.rs:2027:9
[INFO] [stdout]   11:     0x5a614c97eb93 - test::test_main::{{closure}}::hc0a4963c59427c24
[INFO] [stdout]                                at /rustc/6067b36314ab5eb2eb47cecc464545ba58e1ad24/library/test/src/lib.rs:134:21
[INFO] [stdout]   12:     0x5a614c9b9ca3 - <alloc::boxed::Box<F,A> as core::ops::function::Fn<Args>>::call::h591b2225413a77e9
[INFO] [stdout]                                at /rustc/6067b36314ab5eb2eb47cecc464545ba58e1ad24/library/alloc/src/boxed.rs:2027:9
[INFO] [stdout]   13:     0x5a614c9b9ca3 - std::panicking::rust_panic_with_hook::h625eea43051b2edc
[INFO] [stdout]                                at /rustc/6067b36314ab5eb2eb47cecc464545ba58e1ad24/library/std/src/panicking.rs:839:13
[INFO] [stdout]   14:     0x5a614c9b995a - std::panicking::begin_panic_handler::{{closure}}::h4f9159cfbc3f6bd3
[INFO] [stdout]                                at /rustc/6067b36314ab5eb2eb47cecc464545ba58e1ad24/library/std/src/panicking.rs:704:13
[INFO] [stdout]   15:     0x5a614c9b8289 - std::sys::backtrace::__rust_end_short_backtrace::h0390abce48353151
[INFO] [stdout]                                at /rustc/6067b36314ab5eb2eb47cecc464545ba58e1ad24/library/std/src/sys/backtrace.rs:168:18
[INFO] [stdout]   16:     0x5a614c9b95ed - rust_begin_unwind
[INFO] [stdout]                                at /rustc/6067b36314ab5eb2eb47cecc464545ba58e1ad24/library/std/src/panicking.rs:695:5
[INFO] [stdout]   17:     0x5a614c9de6b0 - core::panicking::panic_fmt::h9e7c637e9e5f29c9
[INFO] [stdout]                                at /rustc/6067b36314ab5eb2eb47cecc464545ba58e1ad24/library/core/src/panicking.rs:75:14
[INFO] [stdout]   18:     0x5a614c9de831 - core::panicking::panic_bounds_check::hab62625bddb22ea0
[INFO] [stdout]                                at /rustc/6067b36314ab5eb2eb47cecc464545ba58e1ad24/library/core/src/panicking.rs:273:5
[INFO] [stdout]   19:     0x5a614c6a42b8 - crypto::hamming::decode::h8232e2a6743245c3
[INFO] [stdout]                                at /opt/rustwide/workdir/src/hamming.rs:140:42
[INFO] [stdout]   20:     0x5a614c6925f7 - crypto::hamming::tests::can_correct_one_bit_flip::can_correct_one_bit_flip::h719c64f73c7c5434
[INFO] [stdout]                                at /opt/rustwide/workdir/src/hamming.rs:192:15
[INFO] [stdout]   21:     0x5a614c6a2dd6 - <fn(A) .> T as quickcheck::tester::Testable>::result::shrink_failure::{{closure}}::hc7aff3d95072146b
[INFO] [stdout]                                at /opt/rustwide/cargo-home/registry/src/index.crates.io-1949cf8c6b5b557f/quickcheck-1.0.3/src/tester.rs:349:47
[INFO] [stdout]   22:     0x5a614c68d4c1 - <core::panic::unwind_safe::AssertUnwindSafe<F> as core::ops::function::FnOnce<()>>::call_once::h74174760dc59bf52
[INFO] [stdout]                                at /rustc/6067b36314ab5eb2eb47cecc464545ba58e1ad24/library/core/src/panic/unwind_safe.rs:272:9
[INFO] [stdout]   23:     0x5a614c68d744 - std::panicking::try::do_call::h815163474da1400a
[INFO] [stdout]                                at /rustc/6067b36314ab5eb2eb47cecc464545ba58e1ad24/library/std/src/panicking.rs:587:40
[INFO] [stdout]   24:     0x5a614c686efb - __rust_try
[INFO] [stdout]   25:     0x5a614c683d9b - std::panicking::try::h288a7d2c4eb0af36
[INFO] [stdout]                                at /rustc/6067b36314ab5eb2eb47cecc464545ba58e1ad24/library/std/src/panicking.rs:550:19
[INFO] [stdout]   26:     0x5a614c683d9b - std::panic::catch_unwind::h3d42b77fe46c2062
[INFO] [stdout]                                at /rustc/6067b36314ab5eb2eb47cecc464545ba58e1ad24/library/std/src/panic.rs:358:14
[INFO] [stdout]   27:     0x5a614c6a0840 - quickcheck::tester::safe::h056801b7ee3a22b0
[INFO] [stdout]                                at /opt/rustwide/cargo-home/registry/src/index.crates.io-1949cf8c6b5b557f/quickcheck-1.0.3/src/tester.rs:402:5
[INFO] [stdout]   28:     0x5a614c6a2a19 - <fn(A) .> T as quickcheck::tester::Testable>::result::shrink_failure::h99ad059f98c1d776
[INFO] [stdout]                                at /opt/rustwide/cargo-home/registry/src/index.crates.io-1949cf8c6b5b557f/quickcheck-1.0.3/src/tester.rs:349:33
[INFO] [stdout]   29:     0x5a614c6a2c4d - <fn(A) .> T as quickcheck::tester::Testable>::result::shrink_failure::h99ad059f98c1d776
[INFO] [stdout]                                at /opt/rustwide/cargo-home/registry/src/index.crates.io-1949cf8c6b5b557f/quickcheck-1.0.3/src/tester.rs:358:34
[INFO] [stdout]   30:     0x5a614c6a3107 - <fn(A) .> T as quickcheck::tester::Testable>::result::h4629106e1b7a7136
[INFO] [stdout]                                at /opt/rustwide/cargo-home/registry/src/index.crates.io-1949cf8c6b5b557f/quickcheck-1.0.3/src/tester.rs:380:17
[INFO] [stdout]   31:     0x5a614c6a04a8 - quickcheck::tester::QuickCheck::quicktest::h7abd6222557958ca
[INFO] [stdout]                                at /opt/rustwide/cargo-home/registry/src/index.crates.io-1949cf8c6b5b557f/quickcheck-1.0.3/src/tester.rs:121:19
[INFO] [stdout]   32:     0x5a614c69fc61 - quickcheck::tester::QuickCheck::quickcheck::h9533e85abdd42cec
[INFO] [stdout]                                at /opt/rustwide/cargo-home/registry/src/index.crates.io-1949cf8c6b5b557f/quickcheck-1.0.3/src/tester.rs:163:36
[INFO] [stdout]   33:     0x5a614c6a0773 - quickcheck::tester::quickcheck::h4ce9685f6024ea13
[INFO] [stdout]                                at /opt/rustwide/cargo-home/registry/src/index.crates.io-1949cf8c6b5b557f/quickcheck-1.0.3/src/tester.rs:183:5
[INFO] [stdout]   34:     0x5a614c69226d - crypto::hamming::tests::can_correct_one_bit_flip::hc1c1bdc45db63ed2
[INFO] [stdout]                                at /opt/rustwide/workdir/src/hamming.rs:174:5
[INFO] [stdout]   35:     0x5a614c692247 - crypto::hamming::tests::can_correct_one_bit_flip::{{closure}}::h3439d394198b2a75
[INFO] [stdout]                                at /opt/rustwide/workdir/src/hamming.rs:174:18
[INFO] [stdout]   36:     0x5a614c699936 - core::ops::function::FnOnce::call_once::h1626a7cd3f266a0e
[INFO] [stdout]                                at /rustc/6067b36314ab5eb2eb47cecc464545ba58e1ad24/library/core/src/ops/function.rs:250:5
[INFO] [stdout]   37:     0x5a614c9842eb - core::ops::function::FnOnce::call_once::he27718dfdd183f43
[INFO] [stdout]                                at /rustc/6067b36314ab5eb2eb47cecc464545ba58e1ad24/library/core/src/ops/function.rs:250:5
[INFO] [stdout]   38:     0x5a614c9842eb - test::__rust_begin_short_backtrace::h4e84902998457a5d
[INFO] [stdout]                                at /rustc/6067b36314ab5eb2eb47cecc464545ba58e1ad24/library/test/src/lib.rs:632:18
[INFO] [stdout]   39:     0x5a614c983223 - test::run_test_in_process::{{closure}}::h7176fd18fc1feca0
[INFO] [stdout]                                at /rustc/6067b36314ab5eb2eb47cecc464545ba58e1ad24/library/test/src/lib.rs:655:60
[INFO] [stdout]   40:     0x5a614c983223 - <core::panic::unwind_safe::AssertUnwindSafe<F> as core::ops::function::FnOnce<()>>::call_once::hf79cff2a624d8cf7
[INFO] [stdout]                                at /rustc/6067b36314ab5eb2eb47cecc464545ba58e1ad24/library/core/src/panic/unwind_safe.rs:272:9
[INFO] [stdout]   41:     0x5a614c983223 - std::panicking::try::do_call::h3da0561d9ab99c25
[INFO] [stdout]                                at /rustc/6067b36314ab5eb2eb47cecc464545ba58e1ad24/library/std/src/panicking.rs:587:40
[INFO] [stdout]   42:     0x5a614c983223 - std::panicking::try::h41c9fa508bc61df6
[INFO] [stdout]                                at /rustc/6067b36314ab5eb2eb47cecc464545ba58e1ad24/library/std/src/panicking.rs:550:19
[INFO] [stdout]   43:     0x5a614c983223 - std::panic::catch_unwind::h6b3ff07bb5afad93
[INFO] [stdout]                                at /rustc/6067b36314ab5eb2eb47cecc464545ba58e1ad24/library/std/src/panic.rs:358:14
[INFO] [stdout]   44:     0x5a614c983223 - test::run_test_in_process::hc7253dd11b39b9f4
[INFO] [stdout]                                at /rustc/6067b36314ab5eb2eb47cecc464545ba58e1ad24/library/test/src/lib.rs:655:27
[INFO] [stdout]   45:     0x5a614c983223 - test::run_test::{{closure}}::hfb2007f8649c30bb
[INFO] [stdout]                                at /rustc/6067b36314ab5eb2eb47cecc464545ba58e1ad24/library/test/src/lib.rs:576:43
[INFO] [stdout]   46:     0x5a614c946305 - test::run_test::{{closure}}::h56a17aa7a282a9f4
[INFO] [stdout]                                at /rustc/6067b36314ab5eb2eb47cecc464545ba58e1ad24/library/test/src/lib.rs:606:41
[INFO] [stdout]   47:     0x5a614c946305 - std::sys::backtrace::__rust_begin_short_backtrace::hd2d2d2fb8e8c6aac
[INFO] [stdout]                                at /rustc/6067b36314ab5eb2eb47cecc464545ba58e1ad24/library/std/src/sys/backtrace.rs:152:18
[INFO] [stdout]   48:     0x5a614c949bea - std::thread::Builder::spawn_unchecked_::{{closure}}::{{closure}}::h4faa3f9db6133423
[INFO] [stdout]                                at /rustc/6067b36314ab5eb2eb47cecc464545ba58e1ad24/library/std/src/thread/mod.rs:559:17
[INFO] [stdout]   49:     0x5a614c949bea - <core::panic::unwind_safe::AssertUnwindSafe<F> as core::ops::function::FnOnce<()>>::call_once::hf2e855a36a4ea846
[INFO] [stdout]                                at /rustc/6067b36314ab5eb2eb47cecc464545ba58e1ad24/library/core/src/panic/unwind_safe.rs:272:9
[INFO] [stdout]   50:     0x5a614c949bea - std::panicking::try::do_call::h2f73af3616c35465
[INFO] [stdout]                                at /rustc/6067b36314ab5eb2eb47cecc464545ba58e1ad24/library/std/src/panicking.rs:587:40
[INFO] [stdout]   51:     0x5a614c949bea - std::panicking::try::hd1660ce9efadef5a
[INFO] [stdout]                                at /rustc/6067b36314ab5eb2eb47cecc464545ba58e1ad24/library/std/src/panicking.rs:550:19
[INFO] [stdout]   52:     0x5a614c949bea - std::panic::catch_unwind::h5ee8d7823b8ca744
[INFO] [stdout]                                at /rustc/6067b36314ab5eb2eb47cecc464545ba58e1ad24/library/std/src/panic.rs:358:14
[INFO] [stdout]   53:     0x5a614c949bea - std::thread::Builder::spawn_unchecked_::{{closure}}::h53c3a1894dce8407
[INFO] [stdout]                                at /rustc/6067b36314ab5eb2eb47cecc464545ba58e1ad24/library/std/src/thread/mod.rs:557:30
[INFO] [stdout]   54:     0x5a614c949bea - core::ops::function::FnOnce::call_once{{vtable.shim}}::h048ce291ad4f62bf
[INFO] [stdout]                                at /rustc/6067b36314ab5eb2eb47cecc464545ba58e1ad24/library/core/src/ops/function.rs:250:5
[INFO] [stdout]   55:     0x5a614c9bdbdb - <alloc::boxed::Box<F,A> as core::ops::function::FnOnce<Args>>::call_once::ha52bedf99a3b4981
[INFO] [stdout]                                at /rustc/6067b36314ab5eb2eb47cecc464545ba58e1ad24/library/alloc/src/boxed.rs:2013:9
[INFO] [stdout]   56:     0x5a614c9bdbdb - <alloc::boxed::Box<F,A> as core::ops::function::FnOnce<Args>>::call_once::h567748934d80ccf8
[INFO] [stdout]                                at /rustc/6067b36314ab5eb2eb47cecc464545ba58e1ad24/library/alloc/src/boxed.rs:2013:9
[INFO] [stdout]   57:     0x5a614c9bdbdb - std::sys::pal::unix::thread::Thread::new::thread_start::h2d970728ae887adc
[INFO] [stdout]                                at /rustc/6067b36314ab5eb2eb47cecc464545ba58e1ad24/library/std/src/sys/pal/unix/thread.rs:106:17
[INFO] [stdout]   58:     0x7fbc545e5ac3 - <unknown>
[INFO] [stdout]   59:     0x7fbc54676a04 - clone
[INFO] [stdout]   60:                0x0 - <unknown>
[INFO] [stdout] 
[INFO] [stdout] thread 'hamming::tests::can_correct_one_bit_flip' panicked at /opt/rustwide/cargo-home/registry/src/index.crates.io-1949cf8c6b5b557f/quickcheck-1.0.3/src/tester.rs:165:28:
[INFO] [stdout] [quickcheck] TEST FAILED (runtime error). Arguments: ([false, false, false, false])
[INFO] [stdout] Error: "index out of bounds: the len is 7 but the index is 7"
[INFO] [stdout] stack backtrace:
[INFO] [stdout]    0:     0x5a614c9b7d8a - std::backtrace_rs::backtrace::libunwind::trace::hb059275cfc8d6126
[INFO] [stdout]                                at /rustc/6067b36314ab5eb2eb47cecc464545ba58e1ad24/library/std/src/../../backtrace/src/backtrace/libunwind.rs:116:5
[INFO] [stdout]    1:     0x5a614c9b7d8a - std::backtrace_rs::backtrace::trace_unsynchronized::h2da071e4327ce3ee
[INFO] [stdout]                                at /rustc/6067b36314ab5eb2eb47cecc464545ba58e1ad24/library/std/src/../../backtrace/src/backtrace/mod.rs:66:5
[INFO] [stdout]    2:     0x5a614c9b7d8a - std::sys::backtrace::_print_fmt::h842a1474e6f8d23f
[INFO] [stdout]                                at /rustc/6067b36314ab5eb2eb47cecc464545ba58e1ad24/library/std/src/sys/backtrace.rs:66:9
[INFO] [stdout]    3:     0x5a614c9b7d8a - <std::sys::backtrace::BacktraceLock::print::DisplayBacktrace as core::fmt::Display>::fmt::h71a62eb3b9696b12
[INFO] [stdout]                                at /rustc/6067b36314ab5eb2eb47cecc464545ba58e1ad24/library/std/src/sys/backtrace.rs:39:26
[INFO] [stdout]    4:     0x5a614c9e0023 - core::fmt::rt::Argument::fmt::hdb6b616786b41dc1
[INFO] [stdout]                                at /rustc/6067b36314ab5eb2eb47cecc464545ba58e1ad24/library/core/src/fmt/rt.rs:177:76
[INFO] [stdout]    5:     0x5a614c9e0023 - core::fmt::write::h2cc1698af7e2d686
[INFO] [stdout]                                at /rustc/6067b36314ab5eb2eb47cecc464545ba58e1ad24/library/core/src/fmt/mod.rs:1440:21
[INFO] [stdout]    6:     0x5a614c9b48e3 - std::io::Write::write_fmt::hab1b4cd059a79022
[INFO] [stdout]                                at /rustc/6067b36314ab5eb2eb47cecc464545ba58e1ad24/library/std/src/io/mod.rs:1887:15
[INFO] [stdout]    7:     0x5a614c9b7bd2 - std::sys::backtrace::BacktraceLock::print::h147fe35b4ea13b08
[INFO] [stdout]                                at /rustc/6067b36314ab5eb2eb47cecc464545ba58e1ad24/library/std/src/sys/backtrace.rs:42:9
[INFO] [stdout]    8:     0x5a614c9b91af - std::panicking::default_hook::{{closure}}::hbd44223dbdc0d208
[INFO] [stdout]                                at /rustc/6067b36314ab5eb2eb47cecc464545ba58e1ad24/library/std/src/panicking.rs:298:22
[INFO] [stdout]    9:     0x5a614c9b8fc8 - std::panicking::default_hook::h20f81eb0576efcec
[INFO] [stdout]                                at /rustc/6067b36314ab5eb2eb47cecc464545ba58e1ad24/library/std/src/panicking.rs:322:9
[INFO] [stdout]   10:     0x5a614c97eb93 - <alloc::boxed::Box<F,A> as core::ops::function::Fn<Args>>::call::hdb53814c496a4d34
[INFO] [stdout]                                at /rustc/6067b36314ab5eb2eb47cecc464545ba58e1ad24/library/alloc/src/boxed.rs:2027:9
[INFO] [stdout]   11:     0x5a614c97eb93 - test::test_main::{{closure}}::hc0a4963c59427c24
[INFO] [stdout]                                at /rustc/6067b36314ab5eb2eb47cecc464545ba58e1ad24/library/test/src/lib.rs:134:21
[INFO] [stdout]   12:     0x5a614c9b9ca3 - <alloc::boxed::Box<F,A> as core::ops::function::Fn<Args>>::call::h591b2225413a77e9
[INFO] [stdout]                                at /rustc/6067b36314ab5eb2eb47cecc464545ba58e1ad24/library/alloc/src/boxed.rs:2027:9
[INFO] [stdout]   13:     0x5a614c9b9ca3 - std::panicking::rust_panic_with_hook::h625eea43051b2edc
[INFO] [stdout]                                at /rustc/6067b36314ab5eb2eb47cecc464545ba58e1ad24/library/std/src/panicking.rs:839:13
[INFO] [stdout]   14:     0x5a614c68d62b - std::panicking::begin_panic::{{closure}}::hb31d70a4635d505b
[INFO] [stdout]                                at /rustc/6067b36314ab5eb2eb47cecc464545ba58e1ad24/library/std/src/panicking.rs:768:9
[INFO] [stdout]   15:     0x5a614c68d576 - std::sys::backtrace::__rust_end_short_backtrace::h4d51952b55712554
[INFO] [stdout]                                at /rustc/6067b36314ab5eb2eb47cecc464545ba58e1ad24/library/std/src/sys/backtrace.rs:168:18
[INFO] [stdout]   16:     0x5a614c68d5c3 - std::panicking::begin_panic::h65a9a655e13a21b3
[INFO] [stdout]                                at /rustc/6067b36314ab5eb2eb47cecc464545ba58e1ad24/library/std/src/panicking.rs:767:5
[INFO] [stdout]   17:     0x5a614c69fea7 - quickcheck::tester::QuickCheck::quickcheck::h9533e85abdd42cec
[INFO] [stdout]                                at /opt/rustwide/cargo-home/registry/src/index.crates.io-1949cf8c6b5b557f/quickcheck-1.0.3/src/tester.rs:165:28
[INFO] [stdout]   18:     0x5a614c6a0773 - quickcheck::tester::quickcheck::h4ce9685f6024ea13
[INFO] [stdout]                                at /opt/rustwide/cargo-home/registry/src/index.crates.io-1949cf8c6b5b557f/quickcheck-1.0.3/src/tester.rs:183:5
[INFO] [stdout]   19:     0x5a614c69226d - crypto::hamming::tests::can_correct_one_bit_flip::hc1c1bdc45db63ed2
[INFO] [stdout]                                at /opt/rustwide/workdir/src/hamming.rs:174:5
[INFO] [stdout]   20:     0x5a614c692247 - crypto::hamming::tests::can_correct_one_bit_flip::{{closure}}::h3439d394198b2a75
[INFO] [stdout]                                at /opt/rustwide/workdir/src/hamming.rs:174:18
[INFO] [stdout]   21:     0x5a614c699936 - core::ops::function::FnOnce::call_once::h1626a7cd3f266a0e
[INFO] [stdout]                                at /rustc/6067b36314ab5eb2eb47cecc464545ba58e1ad24/library/core/src/ops/function.rs:250:5
[INFO] [stdout]   22:     0x5a614c9842eb - core::ops::function::FnOnce::call_once::he27718dfdd183f43
[INFO] [stdout]                                at /rustc/6067b36314ab5eb2eb47cecc464545ba58e1ad24/library/core/src/ops/function.rs:250:5
[INFO] [stdout]   23:     0x5a614c9842eb - test::__rust_begin_short_backtrace::h4e84902998457a5d
[INFO] [stdout]                                at /rustc/6067b36314ab5eb2eb47cecc464545ba58e1ad24/library/test/src/lib.rs:632:18
[INFO] [stdout]   24:     0x5a614c983223 - test::run_test_in_process::{{closure}}::h7176fd18fc1feca0
[INFO] [stdout]                                at /rustc/6067b36314ab5eb2eb47cecc464545ba58e1ad24/library/test/src/lib.rs:655:60
[INFO] [stdout]   25:     0x5a614c983223 - <core::panic::unwind_safe::AssertUnwindSafe<F> as core::ops::function::FnOnce<()>>::call_once::hf79cff2a624d8cf7
[INFO] [stdout]                                at /rustc/6067b36314ab5eb2eb47cecc464545ba58e1ad24/library/core/src/panic/unwind_safe.rs:272:9
[INFO] [stdout]   26:     0x5a614c983223 - std::panicking::try::do_call::h3da0561d9ab99c25
[INFO] [stdout]                                at /rustc/6067b36314ab5eb2eb47cecc464545ba58e1ad24/library/std/src/panicking.rs:587:40
[INFO] [stdout]   27:     0x5a614c983223 - std::panicking::try::h41c9fa508bc61df6
[INFO] [stdout]                                at /rustc/6067b36314ab5eb2eb47cecc464545ba58e1ad24/library/std/src/panicking.rs:550:19
[INFO] [stdout]   28:     0x5a614c983223 - std::panic::catch_unwind::h6b3ff07bb5afad93
[INFO] [stdout]                                at /rustc/6067b36314ab5eb2eb47cecc464545ba58e1ad24/library/std/src/panic.rs:358:14
[INFO] [stdout]   29:     0x5a614c983223 - test::run_test_in_process::hc7253dd11b39b9f4
[INFO] [stdout]                                at /rustc/6067b36314ab5eb2eb47cecc464545ba58e1ad24/library/test/src/lib.rs:655:27
[INFO] [stdout]   30:     0x5a614c983223 - test::run_test::{{closure}}::hfb2007f8649c30bb
[INFO] [stdout]                                at /rustc/6067b36314ab5eb2eb47cecc464545ba58e1ad24/library/test/src/lib.rs:576:43
[INFO] [stdout]   31:     0x5a614c946305 - test::run_test::{{closure}}::h56a17aa7a282a9f4
[INFO] [stdout]                                at /rustc/6067b36314ab5eb2eb47cecc464545ba58e1ad24/library/test/src/lib.rs:606:41
[INFO] [stdout]   32:     0x5a614c946305 - std::sys::backtrace::__rust_begin_short_backtrace::hd2d2d2fb8e8c6aac
[INFO] [stdout]                                at /rustc/6067b36314ab5eb2eb47cecc464545ba58e1ad24/library/std/src/sys/backtrace.rs:152:18
[INFO] [stdout]   33:     0x5a614c949bea - std::thread::Builder::spawn_unchecked_::{{closure}}::{{closure}}::h4faa3f9db6133423
[INFO] [stdout]                                at /rustc/6067b36314ab5eb2eb47cecc464545ba58e1ad24/library/std/src/thread/mod.rs:559:17
[INFO] [stdout]   34:     0x5a614c949bea - <core::panic::unwind_safe::AssertUnwindSafe<F> as core::ops::function::FnOnce<()>>::call_once::hf2e855a36a4ea846
[INFO] [stdout]                                at /rustc/6067b36314ab5eb2eb47cecc464545ba58e1ad24/library/core/src/panic/unwind_safe.rs:272:9
[INFO] [stdout]   35:     0x5a614c949bea - std::panicking::try::do_call::h2f73af3616c35465
[INFO] [stdout]                                at /rustc/6067b36314ab5eb2eb47cecc464545ba58e1ad24/library/std/src/panicking.rs:587:40
[INFO] [stdout]   36:     0x5a614c949bea - std::panicking::try::hd1660ce9efadef5a
[INFO] [stdout]                                at /rustc/6067b36314ab5eb2eb47cecc464545ba58e1ad24/library/std/src/panicking.rs:550:19
[INFO] [stdout]   37:     0x5a614c949bea - std::panic::catch_unwind::h5ee8d7823b8ca744
[INFO] [stderr] error: test failed, to rerun pass `--lib`
[INFO] [stdout]                                at /rustc/6067b36314ab5eb2eb47cecc464545ba58e1ad24/library/std/src/panic.rs:358:14
[INFO] [stdout]   38:     0x5a614c949bea - std::thread::Builder::spawn_unchecked_::{{closure}}::h53c3a1894dce8407
[INFO] [stdout]                                at /rustc/6067b36314ab5eb2eb47cecc464545ba58e1ad24/library/std/src/thread/mod.rs:557:30
[INFO] [stdout]   39:     0x5a614c949bea - core::ops::function::FnOnce::call_once{{vtable.shim}}::h048ce291ad4f62bf
[INFO] [stdout]                                at /rustc/6067b36314ab5eb2eb47cecc464545ba58e1ad24/library/core/src/ops/function.rs:250:5
[INFO] [stdout]   40:     0x5a614c9bdbdb - <alloc::boxed::Box<F,A> as core::ops::function::FnOnce<Args>>::call_once::ha52bedf99a3b4981
[INFO] [stdout]                                at /rustc/6067b36314ab5eb2eb47cecc464545ba58e1ad24/library/alloc/src/boxed.rs:2013:9
[INFO] [stdout]   41:     0x5a614c9bdbdb - <alloc::boxed::Box<F,A> as core::ops::function::FnOnce<Args>>::call_once::h567748934d80ccf8
[INFO] [stdout]                                at /rustc/6067b36314ab5eb2eb47cecc464545ba58e1ad24/library/alloc/src/boxed.rs:2013:9
[INFO] [stdout]   42:     0x5a614c9bdbdb - std::sys::pal::unix::thread::Thread::new::thread_start::h2d970728ae887adc
[INFO] [stdout]                                at /rustc/6067b36314ab5eb2eb47cecc464545ba58e1ad24/library/std/src/sys/pal/unix/thread.rs:106:17
[INFO] [stdout]   43:     0x7fbc545e5ac3 - <unknown>
[INFO] [stdout]   44:     0x7fbc54676a04 - clone
[INFO] [stdout]   45:                0x0 - <unknown>
[INFO] [stdout] 
[INFO] [stdout] 
[INFO] [stdout] failures:
[INFO] [stdout]     hamming::tests::can_correct_one_bit_flip
[INFO] [stdout] 
[INFO] [stdout] test result: FAILED. 30 passed; 1 failed; 0 ignored; 0 measured; 0 filtered out; finished in 0.46s
[INFO] [stdout] 
[INFO] running `Command { std: "docker" "inspect" "19aaaf65404e12f862e76a7b440c838c94951d7fe0c0e494e9fa811a0afc81e8", kill_on_drop: false }`
[INFO] running `Command { std: "docker" "rm" "-f" "19aaaf65404e12f862e76a7b440c838c94951d7fe0c0e494e9fa811a0afc81e8", kill_on_drop: false }`
[INFO] [stdout] 19aaaf65404e12f862e76a7b440c838c94951d7fe0c0e494e9fa811a0afc81e8
