[INFO] cloning repository https://github.com/TRI99ERED/mini-stat
[INFO] running `Command { std: "git" "-c" "credential.helper=" "-c" "credential.helper=/workspace/cargo-home/bin/git-credential-null" "clone" "--bare" "https://github.com/TRI99ERED/mini-stat" "/workspace/cache/git-repos/https%3A%2F%2Fgithub.com%2FTRI99ERED%2Fmini-stat", kill_on_drop: false }`
[INFO] [stderr] Cloning into bare repository '/workspace/cache/git-repos/https%3A%2F%2Fgithub.com%2FTRI99ERED%2Fmini-stat'...
[INFO] running `Command { std: "git" "rev-parse" "HEAD", kill_on_drop: false }`
[INFO] [stdout] 40423595a1ead6d17e882068a73ff4a39705fbde
[INFO] testing TRI99ERED/mini-stat against nightly-2025-01-18 for randomize-layout-2
[INFO] running `Command { std: "git" "clone" "/workspace/cache/git-repos/https%3A%2F%2Fgithub.com%2FTRI99ERED%2Fmini-stat" "/workspace/builds/worker-0-tc1/source", kill_on_drop: false }`
[INFO] [stderr] Cloning into '/workspace/builds/worker-0-tc1/source'...
[INFO] [stderr] done.
[INFO] validating manifest of git repo https://github.com/TRI99ERED/mini-stat on toolchain nightly-2025-01-18
[INFO] running `Command { std: CARGO_HOME="/workspace/cargo-home" RUSTUP_HOME="/workspace/rustup-home" "/workspace/cargo-home/bin/cargo" "+nightly-2025-01-18" "metadata" "--manifest-path" "Cargo.toml" "--no-deps", kill_on_drop: false }`
[INFO] started tweaking git repo https://github.com/TRI99ERED/mini-stat
[INFO] finished tweaking git repo https://github.com/TRI99ERED/mini-stat
[INFO] tweaked toml for git repo https://github.com/TRI99ERED/mini-stat written to /workspace/builds/worker-0-tc1/source/Cargo.toml
[INFO] crate git repo https://github.com/TRI99ERED/mini-stat already has a lockfile, it will not be regenerated
[INFO] running `Command { std: CARGO_HOME="/workspace/cargo-home" RUSTUP_HOME="/workspace/rustup-home" "/workspace/cargo-home/bin/cargo" "+nightly-2025-01-18" "fetch" "--manifest-path" "Cargo.toml", kill_on_drop: false }`
[INFO] running `Command { std: "docker" "create" "-v" "/var/lib/crater-agent-workspace/builds/worker-0-tc1/target:/opt/rustwide/target:rw,Z" "-v" "/var/lib/crater-agent-workspace/builds/worker-0-tc1/source:/opt/rustwide/workdir:ro,Z" "-v" "/var/lib/crater-agent-workspace/cargo-home:/opt/rustwide/cargo-home:ro,Z" "-v" "/var/lib/crater-agent-workspace/rustup-home:/opt/rustwide/rustup-home:ro,Z" "-e" "SOURCE_DIR=/opt/rustwide/workdir" "-e" "CARGO_TARGET_DIR=/opt/rustwide/target" "-e" "CARGO_HOME=/opt/rustwide/cargo-home" "-e" "RUSTUP_HOME=/opt/rustwide/rustup-home" "-w" "/opt/rustwide/workdir" "-m" "1610612736" "--user" "0:0" "--network" "none" "ghcr.io/rust-lang/crates-build-env/linux@sha256:819108c5571ea2e421544af4d832f968d213c87fbe3707a016657f43d2f853bc" "/opt/rustwide/cargo-home/bin/cargo" "+nightly-2025-01-18" "metadata" "--no-deps" "--format-version=1", kill_on_drop: false }`
[INFO] [stdout] 6606f0e69bb9640e1c55b64cbfadc134b449ab5bd8d691f8154dadfa25810802
[INFO] running `Command { std: "docker" "start" "-a" "6606f0e69bb9640e1c55b64cbfadc134b449ab5bd8d691f8154dadfa25810802", kill_on_drop: false }`
[INFO] running `Command { std: "docker" "inspect" "6606f0e69bb9640e1c55b64cbfadc134b449ab5bd8d691f8154dadfa25810802", kill_on_drop: false }`
[INFO] running `Command { std: "docker" "rm" "-f" "6606f0e69bb9640e1c55b64cbfadc134b449ab5bd8d691f8154dadfa25810802", kill_on_drop: false }`
[INFO] [stdout] 6606f0e69bb9640e1c55b64cbfadc134b449ab5bd8d691f8154dadfa25810802
[INFO] running `Command { std: "docker" "create" "-v" "/var/lib/crater-agent-workspace/builds/worker-0-tc1/target:/opt/rustwide/target:rw,Z" "-v" "/var/lib/crater-agent-workspace/builds/worker-0-tc1/source:/opt/rustwide/workdir:ro,Z" "-v" "/var/lib/crater-agent-workspace/cargo-home:/opt/rustwide/cargo-home:ro,Z" "-v" "/var/lib/crater-agent-workspace/rustup-home:/opt/rustwide/rustup-home:ro,Z" "-e" "SOURCE_DIR=/opt/rustwide/workdir" "-e" "CARGO_TARGET_DIR=/opt/rustwide/target" "-e" "CARGO_INCREMENTAL=0" "-e" "RUST_BACKTRACE=full" "-e" "RUSTFLAGS=--cap-lints=forbid" "-e" "RUSTDOCFLAGS=--cap-lints=forbid" "-e" "CARGO_HOME=/opt/rustwide/cargo-home" "-e" "RUSTUP_HOME=/opt/rustwide/rustup-home" "-w" "/opt/rustwide/workdir" "-m" "1610612736" "--user" "0:0" "--network" "none" "ghcr.io/rust-lang/crates-build-env/linux@sha256:819108c5571ea2e421544af4d832f968d213c87fbe3707a016657f43d2f853bc" "/opt/rustwide/cargo-home/bin/cargo" "+nightly-2025-01-18" "build" "--frozen" "--message-format=json", kill_on_drop: false }`
[INFO] [stdout] 9a72c8c460b7e888ef3d453834109da9055ed7d0d844d8edaf586e1232687469
[INFO] running `Command { std: "docker" "start" "-a" "9a72c8c460b7e888ef3d453834109da9055ed7d0d844d8edaf586e1232687469", kill_on_drop: false }`
[INFO] [stderr]    Compiling smallvec v1.13.2
[INFO] [stderr]    Compiling mini-stat v0.4.0 (/opt/rustwide/workdir)
[INFO] [stderr]     Finished `dev` profile [unoptimized + debuginfo] target(s) in 0.29s
[INFO] running `Command { std: "docker" "inspect" "9a72c8c460b7e888ef3d453834109da9055ed7d0d844d8edaf586e1232687469", kill_on_drop: false }`
[INFO] running `Command { std: "docker" "rm" "-f" "9a72c8c460b7e888ef3d453834109da9055ed7d0d844d8edaf586e1232687469", kill_on_drop: false }`
[INFO] [stdout] 9a72c8c460b7e888ef3d453834109da9055ed7d0d844d8edaf586e1232687469
[INFO] running `Command { std: "docker" "create" "-v" "/var/lib/crater-agent-workspace/builds/worker-0-tc1/target:/opt/rustwide/target:rw,Z" "-v" "/var/lib/crater-agent-workspace/builds/worker-0-tc1/source:/opt/rustwide/workdir:ro,Z" "-v" "/var/lib/crater-agent-workspace/cargo-home:/opt/rustwide/cargo-home:ro,Z" "-v" "/var/lib/crater-agent-workspace/rustup-home:/opt/rustwide/rustup-home:ro,Z" "-e" "SOURCE_DIR=/opt/rustwide/workdir" "-e" "CARGO_TARGET_DIR=/opt/rustwide/target" "-e" "CARGO_INCREMENTAL=0" "-e" "RUST_BACKTRACE=full" "-e" "RUSTFLAGS=--cap-lints=forbid" "-e" "RUSTDOCFLAGS=--cap-lints=forbid" "-e" "CARGO_HOME=/opt/rustwide/cargo-home" "-e" "RUSTUP_HOME=/opt/rustwide/rustup-home" "-w" "/opt/rustwide/workdir" "-m" "1610612736" "--user" "0:0" "--network" "none" "ghcr.io/rust-lang/crates-build-env/linux@sha256:819108c5571ea2e421544af4d832f968d213c87fbe3707a016657f43d2f853bc" "/opt/rustwide/cargo-home/bin/cargo" "+nightly-2025-01-18" "test" "--frozen" "--no-run" "--message-format=json", kill_on_drop: false }`
[INFO] [stdout] 2db5d03d63dcaf3428924231761ab52a2aa836f90230ef99abe63f53306efe09
[INFO] running `Command { std: "docker" "start" "-a" "2db5d03d63dcaf3428924231761ab52a2aa836f90230ef99abe63f53306efe09", kill_on_drop: false }`
[INFO] [stderr]    Compiling mini-stat v0.4.0 (/opt/rustwide/workdir)
[INFO] [stderr]     Finished `test` profile [unoptimized + debuginfo] target(s) in 0.31s
[INFO] running `Command { std: "docker" "inspect" "2db5d03d63dcaf3428924231761ab52a2aa836f90230ef99abe63f53306efe09", kill_on_drop: false }`
[INFO] running `Command { std: "docker" "rm" "-f" "2db5d03d63dcaf3428924231761ab52a2aa836f90230ef99abe63f53306efe09", kill_on_drop: false }`
[INFO] [stdout] 2db5d03d63dcaf3428924231761ab52a2aa836f90230ef99abe63f53306efe09
[INFO] running `Command { std: "docker" "create" "-v" "/var/lib/crater-agent-workspace/builds/worker-0-tc1/target:/opt/rustwide/target:rw,Z" "-v" "/var/lib/crater-agent-workspace/builds/worker-0-tc1/source:/opt/rustwide/workdir:ro,Z" "-v" "/var/lib/crater-agent-workspace/cargo-home:/opt/rustwide/cargo-home:ro,Z" "-v" "/var/lib/crater-agent-workspace/rustup-home:/opt/rustwide/rustup-home:ro,Z" "-e" "SOURCE_DIR=/opt/rustwide/workdir" "-e" "CARGO_TARGET_DIR=/opt/rustwide/target" "-e" "CARGO_INCREMENTAL=0" "-e" "RUST_BACKTRACE=full" "-e" "RUSTFLAGS=--cap-lints=forbid" "-e" "RUSTDOCFLAGS=--cap-lints=forbid" "-e" "CARGO_HOME=/opt/rustwide/cargo-home" "-e" "RUSTUP_HOME=/opt/rustwide/rustup-home" "-w" "/opt/rustwide/workdir" "-m" "1610612736" "--user" "0:0" "--network" "none" "ghcr.io/rust-lang/crates-build-env/linux@sha256:819108c5571ea2e421544af4d832f968d213c87fbe3707a016657f43d2f853bc" "/opt/rustwide/cargo-home/bin/cargo" "+nightly-2025-01-18" "test" "--frozen", kill_on_drop: false }`
[INFO] [stdout] 253b7a03d7a92ebf45042a9aef7c686e68c5138725230f81466b28fbce9a4b02
[INFO] running `Command { std: "docker" "start" "-a" "253b7a03d7a92ebf45042a9aef7c686e68c5138725230f81466b28fbce9a4b02", kill_on_drop: false }`
[INFO] [stderr]     Finished `test` profile [unoptimized + debuginfo] target(s) in 0.01s
[INFO] [stderr]      Running unittests src/lib.rs (/opt/rustwide/target/debug/deps/mini_stat-52ebae91c551dbd4)
[INFO] [stderr]      Running tests/specs.rs (/opt/rustwide/target/debug/deps/specs-15f567d719e911c7)
[INFO] [stdout] 
[INFO] [stdout] running 0 tests
[INFO] [stdout] 
[INFO] [stdout] test result: ok. 0 passed; 0 failed; 0 ignored; 0 measured; 0 filtered out; finished in 0.00s
[INFO] [stdout] 
[INFO] [stdout] 
[INFO] [stdout] running 3 tests
[INFO] [stdout] test custom_group ... ok
[INFO] [stdout] test two_stats_shared_mod ... ok
[INFO] [stdout] test specs ... ok
[INFO] [stdout] 
[INFO] [stdout] test result: ok. 3 passed; 0 failed; 0 ignored; 0 measured; 0 filtered out; finished in 0.00s
[INFO] [stdout] 
[INFO] [stderr]      Running tests/specs_refcell.rs (/opt/rustwide/target/debug/deps/specs_refcell-3857824a217f7eb9)
[INFO] [stdout] 
[INFO] [stdout] running 1 test
[INFO] [stdout] test specs ... ok
[INFO] [stdout] 
[INFO] [stdout] test result: ok. 1 passed; 0 failed; 0 ignored; 0 measured; 0 filtered out; finished in 0.00s
[INFO] [stdout] 
[INFO] [stderr]      Running tests/specs_sync.rs (/opt/rustwide/target/debug/deps/specs_sync-97e2c380d1fbab7d)
[INFO] [stdout] 
[INFO] [stdout] running 1 test
[INFO] [stdout] test specs ... ok
[INFO] [stdout] 
[INFO] [stdout] test result: ok. 1 passed; 0 failed; 0 ignored; 0 measured; 0 filtered out; finished in 0.00s
[INFO] [stdout] 
[INFO] [stderr]    Doc-tests mini_stat
[INFO] [stdout] 
[INFO] [stdout] running 7 tests
[INFO] [stdout] test src/modifier/shared.rs - modifier::shared::Shared (line 43) ... FAILED
[INFO] [stdout] test src/modifier.rs - modifier::Multiplicative (line 338) ... ok
[INFO] [stdout] test src/modifier.rs - modifier::Flat (line 62) ... ok
[INFO] [stdout] test src/modifier.rs - modifier::Modifier::raw (line 44) ... ok
[INFO] [stdout] test src/modifier.rs - modifier::Modifier::from_raw (line 29) ... ok
[INFO] [stdout] test src/modifier.rs - modifier::Additive (line 200) ... ok
[INFO] [stdout] test src/modifier/shared.rs - modifier::shared::All (line 12) ... ok
[INFO] [stdout] 
[INFO] [stdout] failures:
[INFO] [stdout] 
[INFO] [stdout] ---- src/modifier/shared.rs - modifier::shared::Shared (line 43) stdout ----
[INFO] [stdout] error[E0774]: `derive` may only be applied to `struct`s, `enum`s and `union`s
[INFO] [stdout]  --> src/modifier/shared.rs:48:1
[INFO] [stdout]   |
[INFO] [stdout] 7 | #[derive(Debug, Default, Clone, PartialEq)]
[INFO] [stdout]   | ^^^^^^^^^^^^^^^^^^^^^^^^^^^^^^^^^^^^^^^^^^^ not applicable here
[INFO] [stdout] 8 | use mini_stat::{modifier::shared::Shared, prelude::*};
[INFO] [stdout]   | ------------------------------------------------------ not a `struct`, `enum` or `union`
[INFO] [stdout] 
[INFO] [stdout] error[E0412]: cannot find type `A` in this scope
[INFO] [stdout]   --> src/modifier/shared.rs:59:13
[INFO] [stdout]    |
[INFO] [stdout] 18 | impl Shared<A> for Flat<SomeGroup, f64, &'static str> {
[INFO] [stdout]    |             ^ not found in this scope
[INFO] [stdout]    |
[INFO] [stdout] help: you might be missing a type parameter
[INFO] [stdout]    |
[INFO] [stdout] 18 | impl<A> Shared<A> for Flat<SomeGroup, f64, &'static str> {
[INFO] [stdout]    |     +++
[INFO] [stdout] 
[INFO] [stdout] error[E0412]: cannot find type `A` in this scope
[INFO] [stdout]   --> src/modifier/shared.rs:60:32
[INFO] [stdout]    |
[INFO] [stdout] 19 |     type TargetModifier = Flat<A, f64, &'static str>;
[INFO] [stdout]    |                                ^ not found in this scope
[INFO] [stdout]    |
[INFO] [stdout] help: you might be missing a type parameter
[INFO] [stdout]    |
[INFO] [stdout] 18 | impl<A> Shared<A> for Flat<SomeGroup, f64, &'static str> {
[INFO] [stdout]    |     +++
[INFO] [stdout] 
[INFO] [stdout] error[E0412]: cannot find type `A` in this scope
[INFO] [stdout]   --> src/modifier/shared.rs:63:16
[INFO] [stdout]    |
[INFO] [stdout] 22 |         Flat::<A, f64, &'static str>::from_raw(self.raw())
[INFO] [stdout]    |                ^ not found in this scope
[INFO] [stdout]    |
[INFO] [stdout] help: you might be missing a type parameter
[INFO] [stdout]    |
[INFO] [stdout] 18 | impl<A> Shared<A> for Flat<SomeGroup, f64, &'static str> {
[INFO] [stdout]    |     +++
[INFO] [stdout] 
[INFO] [stdout] error[E0412]: cannot find type `B` in this scope
[INFO] [stdout]   --> src/modifier/shared.rs:67:13
[INFO] [stdout]    |
[INFO] [stdout] 26 | impl Shared<B> for Flat<SomeGroup, f64, &'static str> {
[INFO] [stdout]    |             ^ not found in this scope
[INFO] [stdout]    |
[INFO] [stdout] help: you might be missing a type parameter
[INFO] [stdout]    |
[INFO] [stdout] 26 | impl<B> Shared<B> for Flat<SomeGroup, f64, &'static str> {
[INFO] [stdout]    |     +++
[INFO] [stdout] 
[INFO] [stdout] error[E0412]: cannot find type `B` in this scope
[INFO] [stdout]   --> src/modifier/shared.rs:68:32
[INFO] [stdout]    |
[INFO] [stdout] 27 |     type TargetModifier = Flat<B, f64, &'static str>;
[INFO] [stdout]    |                                ^ not found in this scope
[INFO] [stdout]    |
[INFO] [stdout] help: you might be missing a type parameter
[INFO] [stdout]    |
[INFO] [stdout] 26 | impl<B> Shared<B> for Flat<SomeGroup, f64, &'static str> {
[INFO] [stdout]    |     +++
[INFO] [stdout] 
[INFO] [stdout] error[E0412]: cannot find type `B` in this scope
[INFO] [stdout]   --> src/modifier/shared.rs:71:16
[INFO] [stdout]    |
[INFO] [stdout] 30 |         Flat::<B, f64, &'static str>::from_raw(self.raw())
[INFO] [stdout]    |                ^ not found in this scope
[INFO] [stdout]    |
[INFO] [stdout] help: you might be missing a type parameter
[INFO] [stdout]    |
[INFO] [stdout] 26 | impl<B> Shared<B> for Flat<SomeGroup, f64, &'static str> {
[INFO] [stdout]    |     +++
[INFO] [stdout] 
[INFO] [stdout] error[E0412]: cannot find type `A` in this scope
[INFO] [stdout]   --> src/modifier/shared.rs:75:20
[INFO] [stdout]    |
[INFO] [stdout] 34 | let mut a = Stat::<A>::with_base(1.);
[INFO] [stdout]    |                    ^ not found in this scope
[INFO] [stdout] 
[INFO] [stdout] error[E0412]: cannot find type `B` in this scope
[INFO] [stdout]   --> src/modifier/shared.rs:76:20
[INFO] [stdout]    |
[INFO] [stdout] 35 | let mut b = Stat::<B>::with_base(3.);
[INFO] [stdout]    |                    ^ not found in this scope
[INFO] [stdout] 
[INFO] [stdout] error[E0412]: cannot find type `A` in this scope
[INFO] [stdout]   --> src/modifier/shared.rs:80:23
[INFO] [stdout]    |
[INFO] [stdout] 39 | a.apply_flat(Shared::<A>::share(modifier));
[INFO] [stdout]    |                       ^ not found in this scope
[INFO] [stdout] 
[INFO] [stdout] error[E0412]: cannot find type `B` in this scope
[INFO] [stdout]   --> src/modifier/shared.rs:84:23
[INFO] [stdout]    |
[INFO] [stdout] 43 | b.apply_flat(Shared::<B>::share(modifier));
[INFO] [stdout]    |                       ^ not found in this scope
[INFO] [stdout] 
[INFO] [stdout] error: aborting due to 11 previous errors
[INFO] [stdout] 
[INFO] [stdout] Some errors have detailed explanations: E0412, E0774.
[INFO] [stdout] For more information about an error, try `rustc --explain E0412`.
[INFO] [stdout] Couldn't compile the test.
[INFO] [stdout] 
[INFO] [stdout] failures:
[INFO] [stdout]     src/modifier/shared.rs - modifier::shared::Shared (line 43)
[INFO] [stdout] 
[INFO] [stdout] test result: FAILED. 6 passed; 1 failed; 0 ignored; 0 measured; 0 filtered out; finished in 0.13s
[INFO] [stdout] 
[INFO] [stderr] error: doctest failed, to rerun pass `--doc`
[INFO] running `Command { std: "docker" "inspect" "253b7a03d7a92ebf45042a9aef7c686e68c5138725230f81466b28fbce9a4b02", kill_on_drop: false }`
[INFO] running `Command { std: "docker" "rm" "-f" "253b7a03d7a92ebf45042a9aef7c686e68c5138725230f81466b28fbce9a4b02", kill_on_drop: false }`
[INFO] [stdout] 253b7a03d7a92ebf45042a9aef7c686e68c5138725230f81466b28fbce9a4b02
