[INFO] cloning repository https://github.com/TOwInOK/framigen
[INFO] running `Command { std: "git" "-c" "credential.helper=" "-c" "credential.helper=/workspace/cargo-home/bin/git-credential-null" "clone" "--bare" "https://github.com/TOwInOK/framigen" "/workspace/cache/git-repos/https%3A%2F%2Fgithub.com%2FTOwInOK%2Fframigen", kill_on_drop: false }`
[INFO] [stderr] Cloning into bare repository '/workspace/cache/git-repos/https%3A%2F%2Fgithub.com%2FTOwInOK%2Fframigen'...
[INFO] running `Command { std: "git" "rev-parse" "HEAD", kill_on_drop: false }`
[INFO] [stdout] 30c16a750f1bffa6fd1f018db0cf67e2489ebd3e
[INFO] testing TOwInOK/framigen against nightly-2025-01-18 for randomize-layout-2
[INFO] running `Command { std: "git" "clone" "/workspace/cache/git-repos/https%3A%2F%2Fgithub.com%2FTOwInOK%2Fframigen" "/workspace/builds/worker-3-tc1/source", kill_on_drop: false }`
[INFO] [stderr] Cloning into '/workspace/builds/worker-3-tc1/source'...
[INFO] [stderr] done.
[INFO] validating manifest of git repo https://github.com/TOwInOK/framigen on toolchain nightly-2025-01-18
[INFO] running `Command { std: CARGO_HOME="/workspace/cargo-home" RUSTUP_HOME="/workspace/rustup-home" "/workspace/cargo-home/bin/cargo" "+nightly-2025-01-18" "metadata" "--manifest-path" "Cargo.toml" "--no-deps", kill_on_drop: false }`
[INFO] started tweaking git repo https://github.com/TOwInOK/framigen
[INFO] finished tweaking git repo https://github.com/TOwInOK/framigen
[INFO] tweaked toml for git repo https://github.com/TOwInOK/framigen written to /workspace/builds/worker-3-tc1/source/Cargo.toml
[INFO] crate git repo https://github.com/TOwInOK/framigen already has a lockfile, it will not be regenerated
[INFO] running `Command { std: CARGO_HOME="/workspace/cargo-home" RUSTUP_HOME="/workspace/rustup-home" "/workspace/cargo-home/bin/cargo" "+nightly-2025-01-18" "fetch" "--manifest-path" "Cargo.toml", kill_on_drop: false }`
[INFO] [stderr]     Updating crates.io index
[INFO] [stderr]  Downloading crates ...
[INFO] [stderr]   Downloaded fast_image_resize v2.7.3
[INFO] [stderr]   Downloaded jpeg-encoder v0.5.1
[INFO] [stderr]   Downloaded ril v0.10.1
[INFO] running `Command { std: "docker" "create" "-v" "/var/lib/crater-agent-workspace/builds/worker-3-tc1/target:/opt/rustwide/target:rw,Z" "-v" "/var/lib/crater-agent-workspace/builds/worker-3-tc1/source:/opt/rustwide/workdir:ro,Z" "-v" "/var/lib/crater-agent-workspace/cargo-home:/opt/rustwide/cargo-home:ro,Z" "-v" "/var/lib/crater-agent-workspace/rustup-home:/opt/rustwide/rustup-home:ro,Z" "-e" "SOURCE_DIR=/opt/rustwide/workdir" "-e" "CARGO_TARGET_DIR=/opt/rustwide/target" "-e" "CARGO_HOME=/opt/rustwide/cargo-home" "-e" "RUSTUP_HOME=/opt/rustwide/rustup-home" "-w" "/opt/rustwide/workdir" "-m" "1610612736" "--user" "0:0" "--network" "none" "ghcr.io/rust-lang/crates-build-env/linux@sha256:819108c5571ea2e421544af4d832f968d213c87fbe3707a016657f43d2f853bc" "/opt/rustwide/cargo-home/bin/cargo" "+nightly-2025-01-18" "metadata" "--no-deps" "--format-version=1", kill_on_drop: false }`
[INFO] [stdout] 915b9f1fdf519de8867cd491d0eaaba6ddea70d6972067cf6931bf57f69167f9
[INFO] running `Command { std: "docker" "start" "-a" "915b9f1fdf519de8867cd491d0eaaba6ddea70d6972067cf6931bf57f69167f9", kill_on_drop: false }`
[INFO] running `Command { std: "docker" "inspect" "915b9f1fdf519de8867cd491d0eaaba6ddea70d6972067cf6931bf57f69167f9", kill_on_drop: false }`
[INFO] running `Command { std: "docker" "rm" "-f" "915b9f1fdf519de8867cd491d0eaaba6ddea70d6972067cf6931bf57f69167f9", kill_on_drop: false }`
[INFO] [stdout] 915b9f1fdf519de8867cd491d0eaaba6ddea70d6972067cf6931bf57f69167f9
[INFO] running `Command { std: "docker" "create" "-v" "/var/lib/crater-agent-workspace/builds/worker-3-tc1/target:/opt/rustwide/target:rw,Z" "-v" "/var/lib/crater-agent-workspace/builds/worker-3-tc1/source:/opt/rustwide/workdir:ro,Z" "-v" "/var/lib/crater-agent-workspace/cargo-home:/opt/rustwide/cargo-home:ro,Z" "-v" "/var/lib/crater-agent-workspace/rustup-home:/opt/rustwide/rustup-home:ro,Z" "-e" "SOURCE_DIR=/opt/rustwide/workdir" "-e" "CARGO_TARGET_DIR=/opt/rustwide/target" "-e" "CARGO_INCREMENTAL=0" "-e" "RUST_BACKTRACE=full" "-e" "RUSTFLAGS=--cap-lints=forbid" "-e" "RUSTDOCFLAGS=--cap-lints=forbid" "-e" "CARGO_HOME=/opt/rustwide/cargo-home" "-e" "RUSTUP_HOME=/opt/rustwide/rustup-home" "-w" "/opt/rustwide/workdir" "-m" "1610612736" "--user" "0:0" "--network" "none" "ghcr.io/rust-lang/crates-build-env/linux@sha256:819108c5571ea2e421544af4d832f968d213c87fbe3707a016657f43d2f853bc" "/opt/rustwide/cargo-home/bin/cargo" "+nightly-2025-01-18" "build" "--frozen" "--message-format=json", kill_on_drop: false }`
[INFO] [stdout] 1beb26d33136ee85fda0246333d81bbfc721f34348e6634e409561f3ad0fae17
[INFO] running `Command { std: "docker" "start" "-a" "1beb26d33136ee85fda0246333d81bbfc721f34348e6634e409561f3ad0fae17", kill_on_drop: false }`
[INFO] [stderr]    Compiling crossbeam-utils v0.8.20
[INFO] [stderr]    Compiling proc-macro2 v1.0.86
[INFO] [stderr]    Compiling unicode-ident v1.0.12
[INFO] [stderr]    Compiling version_check v0.9.4
[INFO] [stderr]    Compiling simd-adler32 v0.3.7
[INFO] [stderr]    Compiling rayon-core v1.12.1
[INFO] [stderr]    Compiling zerocopy v0.7.34
[INFO] [stderr]    Compiling thiserror v1.0.61
[INFO] [stderr]    Compiling once_cell v1.19.0
[INFO] [stderr]    Compiling adler v1.0.2
[INFO] [stderr]    Compiling either v1.13.0
[INFO] [stderr]    Compiling csscolorparser v0.6.2
[INFO] [stderr]    Compiling color_quant v1.1.0
[INFO] [stderr]    Compiling bitflags v1.3.2
[INFO] [stderr]    Compiling num-traits v0.2.19
[INFO] [stderr]    Compiling crc32fast v1.4.2
[INFO] [stderr]    Compiling weezl v0.1.8
[INFO] [stderr]    Compiling ttf-parser v0.15.2
[INFO] [stderr]    Compiling jpeg-encoder v0.5.1
[INFO] [stderr]    Compiling miniz_oxide v0.7.4
[INFO] [stderr]    Compiling fdeflate v0.3.4
[INFO] [stderr]    Compiling colorgrad v0.6.2
[INFO] [stderr]    Compiling ahash v0.8.11
[INFO] [stderr]    Compiling gif v0.12.0
[INFO] [stderr]    Compiling crossbeam-epoch v0.9.18
[INFO] [stderr]    Compiling flate2 v1.0.30
[INFO] [stderr]    Compiling quote v1.0.36
[INFO] [stderr]    Compiling crossbeam-deque v0.8.5
[INFO] [stderr]    Compiling hashbrown v0.13.2
[INFO] [stderr]    Compiling syn v2.0.68
[INFO] [stderr]    Compiling png v0.17.13
[INFO] [stderr]    Compiling fontdue v0.7.3
[INFO] [stderr]    Compiling rayon v1.10.0
[INFO] [stderr]    Compiling thiserror-impl v1.0.61
[INFO] [stderr]    Compiling jpeg-decoder v0.3.1
[INFO] [stderr]    Compiling fast_image_resize v2.7.3
[INFO] [stderr]    Compiling ril v0.10.1
[INFO] [stderr]    Compiling framigen v0.0.1 (/opt/rustwide/workdir)
[INFO] [stdout] warning: unused import: `objects::Object`
[INFO] [stdout]  --> src/objects/frame.rs:1:13
[INFO] [stdout]   |
[INFO] [stdout] 1 | use crate::{objects::Object, size::Size, style::Style};
[INFO] [stdout]   |             ^^^^^^^^^^^^^^^
[INFO] [stdout]   |
[INFO] [stdout]   = note: `#[warn(unused_imports)]` on by default
[INFO] [stdout] 
[INFO] [stdout] 
[INFO] [stdout] warning: unused import: `super::Object`
[INFO] [stdout]  --> src/objects/text.rs:3:5
[INFO] [stdout]   |
[INFO] [stdout] 3 | use super::Object;
[INFO] [stdout]   |     ^^^^^^^^^^^^^
[INFO] [stdout] 
[INFO] [stdout] 
[INFO] [stdout] warning: enum `Objectionable` is never used
[INFO] [stdout]  --> src/objects/mod.rs:4:6
[INFO] [stdout]   |
[INFO] [stdout] 4 | enum Objectionable
[INFO] [stdout]   |      ^^^^^^^^^^^^^
[INFO] [stdout]   |
[INFO] [stdout]   = note: `#[warn(dead_code)]` on by default
[INFO] [stdout] 
[INFO] [stdout] 
[INFO] [stdout] warning: trait `Object` is never used
[INFO] [stdout]   --> src/objects/mod.rs:17:11
[INFO] [stdout]    |
[INFO] [stdout] 17 | pub trait Object {
[INFO] [stdout]    |           ^^^^^^
[INFO] [stdout] 
[INFO] [stdout] 
[INFO] [stdout] warning: struct `Frame` is never constructed
[INFO] [stdout]  --> src/objects/frame.rs:5:12
[INFO] [stdout]   |
[INFO] [stdout] 5 | pub struct Frame {
[INFO] [stdout]   |            ^^^^^
[INFO] [stdout] 
[INFO] [stdout] 
[INFO] [stdout] warning: struct `Text` is never constructed
[INFO] [stdout]  --> src/objects/text.rs:5:12
[INFO] [stdout]   |
[INFO] [stdout] 5 | pub struct Text {
[INFO] [stdout]   |            ^^^^
[INFO] [stdout] 
[INFO] [stdout] 
[INFO] [stdout] warning: fields `width` and `height` are never read
[INFO] [stdout]  --> src/size.rs:3:5
[INFO] [stdout]   |
[INFO] [stdout] 2 | pub struct Size {
[INFO] [stdout]   |            ---- fields in this struct
[INFO] [stdout] 3 |     width: usize,
[INFO] [stdout]   |     ^^^^^
[INFO] [stdout] 4 |     height: usize,
[INFO] [stdout]   |     ^^^^^^
[INFO] [stdout] 
[INFO] [stdout] 
[INFO] [stdout] warning: multiple variants are never constructed
[INFO] [stdout]   --> src/style/mod.rs:11:5
[INFO] [stdout]    |
[INFO] [stdout] 8  | pub enum Style {
[INFO] [stdout]    |          ----- variants in this enum
[INFO] [stdout] ...
[INFO] [stdout] 11 |     Hidden,
[INFO] [stdout]    |     ^^^^^^
[INFO] [stdout] ...
[INFO] [stdout] 14 |     Alignment(Alignment),
[INFO] [stdout]    |     ^^^^^^^^^
[INFO] [stdout] 15 |     Soring(Sort),
[INFO] [stdout]    |     ^^^^^^
[INFO] [stdout] ...
[INFO] [stdout] 19 |     Border(usize),
[INFO] [stdout]    |     ^^^^^^
[INFO] [stdout] ...
[INFO] [stdout] 24 |     Bold(usize),
[INFO] [stdout]    |     ^^^^
[INFO] [stdout] 25 |     Thin(usize),
[INFO] [stdout]    |     ^^^^
[INFO] [stdout] ...
[INFO] [stdout] 28 |     Color(Rgba),
[INFO] [stdout]    |     ^^^^^
[INFO] [stdout] 29 |     Background(Background),
[INFO] [stdout]    |     ^^^^^^^^^^
[INFO] [stdout] ...
[INFO] [stdout] 33 |     Gap(usize),
[INFO] [stdout]    |     ^^^
[INFO] [stdout] 34 |     /// Outside indentation
[INFO] [stdout] 35 |     Indent(isize),
[INFO] [stdout]    |     ^^^^^^
[INFO] [stdout] 
[INFO] [stdout] 
[INFO] [stdout] warning: trait `Styling` is never used
[INFO] [stdout]   --> src/style/mod.rs:46:11
[INFO] [stdout]    |
[INFO] [stdout] 46 | pub trait Styling {}
[INFO] [stdout]    |           ^^^^^^^
[INFO] [stdout] 
[INFO] [stdout] 
[INFO] [stdout] warning: field `0` is never read
[INFO] [stdout]  --> src/style/background.rs:4:11
[INFO] [stdout]   |
[INFO] [stdout] 4 |     Color(Rgba),
[INFO] [stdout]   |     ----- ^^^^
[INFO] [stdout]   |     |
[INFO] [stdout]   |     field in this variant
[INFO] [stdout]   |
[INFO] [stdout] help: consider changing the field to be of unit type to suppress this warning while preserving the field numbering, or remove the field
[INFO] [stdout]   |
[INFO] [stdout] 4 |     Color(()),
[INFO] [stdout]   |           ~~
[INFO] [stdout] 
[INFO] [stdout] 
[INFO] [stdout] warning: variant `Horizontal` is never constructed
[INFO] [stdout]  --> src/style/sort.rs:3:5
[INFO] [stdout]   |
[INFO] [stdout] 2 | pub enum Sort {
[INFO] [stdout]   |          ---- variant in this enum
[INFO] [stdout] 3 |     Horizontal,
[INFO] [stdout]   |     ^^^^^^^^^^
[INFO] [stdout] 
[INFO] [stdout] 
[INFO] [stderr]     Finished `dev` profile [unoptimized + debuginfo] target(s) in 10.83s
[INFO] running `Command { std: "docker" "inspect" "1beb26d33136ee85fda0246333d81bbfc721f34348e6634e409561f3ad0fae17", kill_on_drop: false }`
[INFO] running `Command { std: "docker" "rm" "-f" "1beb26d33136ee85fda0246333d81bbfc721f34348e6634e409561f3ad0fae17", kill_on_drop: false }`
[INFO] [stdout] 1beb26d33136ee85fda0246333d81bbfc721f34348e6634e409561f3ad0fae17
[INFO] running `Command { std: "docker" "create" "-v" "/var/lib/crater-agent-workspace/builds/worker-3-tc1/target:/opt/rustwide/target:rw,Z" "-v" "/var/lib/crater-agent-workspace/builds/worker-3-tc1/source:/opt/rustwide/workdir:ro,Z" "-v" "/var/lib/crater-agent-workspace/cargo-home:/opt/rustwide/cargo-home:ro,Z" "-v" "/var/lib/crater-agent-workspace/rustup-home:/opt/rustwide/rustup-home:ro,Z" "-e" "SOURCE_DIR=/opt/rustwide/workdir" "-e" "CARGO_TARGET_DIR=/opt/rustwide/target" "-e" "CARGO_INCREMENTAL=0" "-e" "RUST_BACKTRACE=full" "-e" "RUSTFLAGS=--cap-lints=forbid" "-e" "RUSTDOCFLAGS=--cap-lints=forbid" "-e" "CARGO_HOME=/opt/rustwide/cargo-home" "-e" "RUSTUP_HOME=/opt/rustwide/rustup-home" "-w" "/opt/rustwide/workdir" "-m" "1610612736" "--user" "0:0" "--network" "none" "ghcr.io/rust-lang/crates-build-env/linux@sha256:819108c5571ea2e421544af4d832f968d213c87fbe3707a016657f43d2f853bc" "/opt/rustwide/cargo-home/bin/cargo" "+nightly-2025-01-18" "test" "--frozen" "--no-run" "--message-format=json", kill_on_drop: false }`
[INFO] [stdout] 8d8480933d3cceae5a9ce9bec123efe7e214989e1c83a4c7ea6355b3004cbcb3
[INFO] running `Command { std: "docker" "start" "-a" "8d8480933d3cceae5a9ce9bec123efe7e214989e1c83a4c7ea6355b3004cbcb3", kill_on_drop: false }`
[INFO] [stdout] warning: unused import: `objects::Object`
[INFO] [stdout]  --> src/objects/frame.rs:1:13
[INFO] [stdout]   |
[INFO] [stdout] 1 | use crate::{objects::Object, size::Size, style::Style};
[INFO] [stdout]   |             ^^^^^^^^^^^^^^^
[INFO] [stdout]   |
[INFO] [stdout]   = note: `#[warn(unused_imports)]` on by default
[INFO] [stdout] 
[INFO] [stdout] 
[INFO] [stdout] warning: unused import: `super::Object`
[INFO] [stdout]  --> src/objects/text.rs:3:5
[INFO] [stdout]   |
[INFO] [stdout] 3 | use super::Object;
[INFO] [stdout]   |     ^^^^^^^^^^^^^
[INFO] [stdout] 
[INFO] [stdout] 
[INFO] [stdout] warning: enum `Objectionable` is never used
[INFO] [stdout]  --> src/objects/mod.rs:4:6
[INFO] [stdout]   |
[INFO] [stdout] 4 | enum Objectionable
[INFO] [stdout]   |      ^^^^^^^^^^^^^
[INFO] [stdout]   |
[INFO] [stdout]   = note: `#[warn(dead_code)]` on by default
[INFO] [stdout] 
[INFO] [stdout] 
[INFO] [stdout] warning: trait `Object` is never used
[INFO] [stdout]   --> src/objects/mod.rs:17:11
[INFO] [stdout]    |
[INFO] [stdout] 17 | pub trait Object {
[INFO] [stdout]    |           ^^^^^^
[INFO] [stdout] 
[INFO] [stdout] 
[INFO] [stdout] warning: struct `Frame` is never constructed
[INFO] [stdout]  --> src/objects/frame.rs:5:12
[INFO] [stdout]   |
[INFO] [stdout] 5 | pub struct Frame {
[INFO] [stdout]   |            ^^^^^
[INFO] [stdout] 
[INFO] [stdout] 
[INFO] [stdout] warning: struct `Text` is never constructed
[INFO] [stdout]  --> src/objects/text.rs:5:12
[INFO] [stdout]   |
[INFO] [stdout] 5 | pub struct Text {
[INFO] [stdout]   |            ^^^^
[INFO] [stdout] 
[INFO] [stdout] 
[INFO] [stdout] warning: fields `width` and `height` are never read
[INFO] [stdout]  --> src/size.rs:3:5
[INFO] [stdout]   |
[INFO] [stdout] 2 | pub struct Size {
[INFO] [stdout]   |            ---- fields in this struct
[INFO] [stdout] 3 |     width: usize,
[INFO] [stdout]   |     ^^^^^
[INFO] [stdout] 4 |     height: usize,
[INFO] [stdout]   |     ^^^^^^
[INFO] [stdout] 
[INFO] [stdout] 
[INFO] [stdout] warning: multiple variants are never constructed
[INFO] [stdout]   --> src/style/mod.rs:11:5
[INFO] [stdout]    |
[INFO] [stdout] 8  | pub enum Style {
[INFO] [stdout]    |          ----- variants in this enum
[INFO] [stdout] ...
[INFO] [stdout] 11 |     Hidden,
[INFO] [stdout]    |     ^^^^^^
[INFO] [stdout] ...
[INFO] [stdout] 14 |     Alignment(Alignment),
[INFO] [stdout]    |     ^^^^^^^^^
[INFO] [stdout] 15 |     Soring(Sort),
[INFO] [stdout]    |     ^^^^^^
[INFO] [stdout] ...
[INFO] [stdout] 19 |     Border(usize),
[INFO] [stdout]    |     ^^^^^^
[INFO] [stdout] ...
[INFO] [stdout] 24 |     Bold(usize),
[INFO] [stdout]    |     ^^^^
[INFO] [stdout] 25 |     Thin(usize),
[INFO] [stdout]    |     ^^^^
[INFO] [stdout] ...
[INFO] [stdout] 28 |     Color(Rgba),
[INFO] [stdout]    |     ^^^^^
[INFO] [stdout] 29 |     Background(Background),
[INFO] [stdout]    |     ^^^^^^^^^^
[INFO] [stdout] ...
[INFO] [stdout] 33 |     Gap(usize),
[INFO] [stdout]    |     ^^^
[INFO] [stdout] 34 |     /// Outside indentation
[INFO] [stdout] 35 |     Indent(isize),
[INFO] [stdout]    |     ^^^^^^
[INFO] [stdout] 
[INFO] [stdout] 
[INFO] [stdout] warning: trait `Styling` is never used
[INFO] [stdout]   --> src/style/mod.rs:46:11
[INFO] [stdout]    |
[INFO] [stdout] 46 | pub trait Styling {}
[INFO] [stdout]    |           ^^^^^^^
[INFO] [stdout] 
[INFO] [stdout] 
[INFO] [stdout] warning: field `0` is never read
[INFO] [stdout]  --> src/style/background.rs:4:11
[INFO] [stdout]   |
[INFO] [stdout] 4 |     Color(Rgba),
[INFO] [stdout]   |     ----- ^^^^
[INFO] [stdout]   |     |
[INFO] [stdout]   |     field in this variant
[INFO] [stdout]   |
[INFO] [stdout] help: consider changing the field to be of unit type to suppress this warning while preserving the field numbering, or remove the field
[INFO] [stdout]   |
[INFO] [stdout] 4 |     Color(()),
[INFO] [stdout]   |           ~~
[INFO] [stdout] 
[INFO] [stdout] 
[INFO] [stdout] warning: variant `Horizontal` is never constructed
[INFO] [stdout]  --> src/style/sort.rs:3:5
[INFO] [stdout]   |
[INFO] [stdout] 2 | pub enum Sort {
[INFO] [stdout]   |          ---- variant in this enum
[INFO] [stdout] 3 |     Horizontal,
[INFO] [stdout]   |     ^^^^^^^^^^
[INFO] [stdout] 
[INFO] [stdout] 
[INFO] [stderr]    Compiling framigen v0.0.1 (/opt/rustwide/workdir)
[INFO] [stdout] warning: unused imports: `Ellipse`, `Line`, and `Paste`
[INFO] [stdout]  --> tests/main.rs:5:23
[INFO] [stdout]   |
[INFO] [stdout] 5 |     use ril::{Border, Ellipse, Image, Line, Paste, Rectangle, Rgb};
[INFO] [stdout]   |                       ^^^^^^^         ^^^^  ^^^^^
[INFO] [stdout]   |
[INFO] [stdout]   = note: `#[warn(unused_imports)]` on by default
[INFO] [stdout] 
[INFO] [stdout] 
[INFO] [stdout] warning: unused import: `objects::Object`
[INFO] [stdout]  --> src/objects/frame.rs:1:13
[INFO] [stdout]   |
[INFO] [stdout] 1 | use crate::{objects::Object, size::Size, style::Style};
[INFO] [stdout]   |             ^^^^^^^^^^^^^^^
[INFO] [stdout]   |
[INFO] [stdout]   = note: `#[warn(unused_imports)]` on by default
[INFO] [stdout] 
[INFO] [stdout] 
[INFO] [stdout] warning: unused import: `super::Object`
[INFO] [stdout]  --> src/objects/text.rs:3:5
[INFO] [stdout]   |
[INFO] [stdout] 3 | use super::Object;
[INFO] [stdout]   |     ^^^^^^^^^^^^^
[INFO] [stdout] 
[INFO] [stdout] 
[INFO] [stdout] warning: enum `Objectionable` is never used
[INFO] [stdout]  --> src/objects/mod.rs:4:6
[INFO] [stdout]   |
[INFO] [stdout] 4 | enum Objectionable
[INFO] [stdout]   |      ^^^^^^^^^^^^^
[INFO] [stdout]   |
[INFO] [stdout]   = note: `#[warn(dead_code)]` on by default
[INFO] [stdout] 
[INFO] [stdout] 
[INFO] [stdout] warning: trait `Object` is never used
[INFO] [stdout]   --> src/objects/mod.rs:17:11
[INFO] [stdout]    |
[INFO] [stdout] 17 | pub trait Object {
[INFO] [stdout]    |           ^^^^^^
[INFO] [stdout] 
[INFO] [stdout] 
[INFO] [stdout] warning: struct `Frame` is never constructed
[INFO] [stdout]  --> src/objects/frame.rs:5:12
[INFO] [stdout]   |
[INFO] [stdout] 5 | pub struct Frame {
[INFO] [stdout]   |            ^^^^^
[INFO] [stdout] 
[INFO] [stdout] 
[INFO] [stdout] warning: struct `Text` is never constructed
[INFO] [stdout]  --> src/objects/text.rs:5:12
[INFO] [stdout]   |
[INFO] [stdout] 5 | pub struct Text {
[INFO] [stdout]   |            ^^^^
[INFO] [stdout] 
[INFO] [stdout] 
[INFO] [stdout] warning: fields `width` and `height` are never read
[INFO] [stdout]  --> src/size.rs:3:5
[INFO] [stdout]   |
[INFO] [stdout] 2 | pub struct Size {
[INFO] [stdout]   |            ---- fields in this struct
[INFO] [stdout] 3 |     width: usize,
[INFO] [stdout]   |     ^^^^^
[INFO] [stdout] 4 |     height: usize,
[INFO] [stdout]   |     ^^^^^^
[INFO] [stdout] 
[INFO] [stdout] 
[INFO] [stdout] warning: multiple variants are never constructed
[INFO] [stdout]   --> src/style/mod.rs:11:5
[INFO] [stdout]    |
[INFO] [stdout] 8  | pub enum Style {
[INFO] [stdout]    |          ----- variants in this enum
[INFO] [stdout] ...
[INFO] [stdout] 11 |     Hidden,
[INFO] [stdout]    |     ^^^^^^
[INFO] [stdout] ...
[INFO] [stdout] 14 |     Alignment(Alignment),
[INFO] [stdout]    |     ^^^^^^^^^
[INFO] [stdout] 15 |     Soring(Sort),
[INFO] [stdout]    |     ^^^^^^
[INFO] [stdout] ...
[INFO] [stdout] 19 |     Border(usize),
[INFO] [stdout]    |     ^^^^^^
[INFO] [stdout] ...
[INFO] [stdout] 24 |     Bold(usize),
[INFO] [stdout]    |     ^^^^
[INFO] [stdout] 25 |     Thin(usize),
[INFO] [stdout]    |     ^^^^
[INFO] [stdout] ...
[INFO] [stdout] 28 |     Color(Rgba),
[INFO] [stdout]    |     ^^^^^
[INFO] [stdout] 29 |     Background(Background),
[INFO] [stdout]    |     ^^^^^^^^^^
[INFO] [stdout] ...
[INFO] [stdout] 33 |     Gap(usize),
[INFO] [stdout]    |     ^^^
[INFO] [stdout] 34 |     /// Outside indentation
[INFO] [stdout] 35 |     Indent(isize),
[INFO] [stdout]    |     ^^^^^^
[INFO] [stdout] 
[INFO] [stdout] 
[INFO] [stdout] warning: trait `Styling` is never used
[INFO] [stdout]   --> src/style/mod.rs:46:11
[INFO] [stdout]    |
[INFO] [stdout] 46 | pub trait Styling {}
[INFO] [stdout]    |           ^^^^^^^
[INFO] [stdout] 
[INFO] [stdout] 
[INFO] [stdout] warning: field `0` is never read
[INFO] [stdout]  --> src/style/background.rs:4:11
[INFO] [stdout]   |
[INFO] [stdout] 4 |     Color(Rgba),
[INFO] [stdout]   |     ----- ^^^^
[INFO] [stdout]   |     |
[INFO] [stdout]   |     field in this variant
[INFO] [stdout]   |
[INFO] [stdout] help: consider changing the field to be of unit type to suppress this warning while preserving the field numbering, or remove the field
[INFO] [stdout]   |
[INFO] [stdout] 4 |     Color(()),
[INFO] [stdout]   |           ~~
[INFO] [stdout] 
[INFO] [stdout] 
[INFO] [stdout] warning: variant `Horizontal` is never constructed
[INFO] [stdout]  --> src/style/sort.rs:3:5
[INFO] [stdout]   |
[INFO] [stdout] 2 | pub enum Sort {
[INFO] [stdout]   |          ---- variant in this enum
[INFO] [stdout] 3 |     Horizontal,
[INFO] [stdout]   |     ^^^^^^^^^^
[INFO] [stdout] 
[INFO] [stdout] 
[INFO] [stdout] warning: unused variable: `alignment`
[INFO] [stdout]   --> tests/main.rs:95:13
[INFO] [stdout]    |
[INFO] [stdout] 95 |         let alignment = Alignment::Top(Top::LeftTop).directional((512, 512));
[INFO] [stdout]    |             ^^^^^^^^^ help: if this is intentional, prefix it with an underscore: `_alignment`
[INFO] [stdout]    |
[INFO] [stdout]    = note: `#[warn(unused_variables)]` on by default
[INFO] [stdout] 
[INFO] [stdout] 
[INFO] [stderr]     Finished `test` profile [unoptimized + debuginfo] target(s) in 0.94s
[INFO] running `Command { std: "docker" "inspect" "8d8480933d3cceae5a9ce9bec123efe7e214989e1c83a4c7ea6355b3004cbcb3", kill_on_drop: false }`
[INFO] running `Command { std: "docker" "rm" "-f" "8d8480933d3cceae5a9ce9bec123efe7e214989e1c83a4c7ea6355b3004cbcb3", kill_on_drop: false }`
[INFO] [stdout] 8d8480933d3cceae5a9ce9bec123efe7e214989e1c83a4c7ea6355b3004cbcb3
[INFO] running `Command { std: "docker" "create" "-v" "/var/lib/crater-agent-workspace/builds/worker-3-tc1/target:/opt/rustwide/target:rw,Z" "-v" "/var/lib/crater-agent-workspace/builds/worker-3-tc1/source:/opt/rustwide/workdir:ro,Z" "-v" "/var/lib/crater-agent-workspace/cargo-home:/opt/rustwide/cargo-home:ro,Z" "-v" "/var/lib/crater-agent-workspace/rustup-home:/opt/rustwide/rustup-home:ro,Z" "-e" "SOURCE_DIR=/opt/rustwide/workdir" "-e" "CARGO_TARGET_DIR=/opt/rustwide/target" "-e" "CARGO_INCREMENTAL=0" "-e" "RUST_BACKTRACE=full" "-e" "RUSTFLAGS=--cap-lints=forbid" "-e" "RUSTDOCFLAGS=--cap-lints=forbid" "-e" "CARGO_HOME=/opt/rustwide/cargo-home" "-e" "RUSTUP_HOME=/opt/rustwide/rustup-home" "-w" "/opt/rustwide/workdir" "-m" "1610612736" "--user" "0:0" "--network" "none" "ghcr.io/rust-lang/crates-build-env/linux@sha256:819108c5571ea2e421544af4d832f968d213c87fbe3707a016657f43d2f853bc" "/opt/rustwide/cargo-home/bin/cargo" "+nightly-2025-01-18" "test" "--frozen", kill_on_drop: false }`
[INFO] [stdout] 4229117f0c8046810c181dd3dfb8cc4c28ebdfc6d1b8170b73f402939a6b2a8e
[INFO] running `Command { std: "docker" "start" "-a" "4229117f0c8046810c181dd3dfb8cc4c28ebdfc6d1b8170b73f402939a6b2a8e", kill_on_drop: false }`
[INFO] [stderr] warning: unused import: `objects::Object`
[INFO] [stderr]  --> src/objects/frame.rs:1:13
[INFO] [stderr]   |
[INFO] [stderr] 1 | use crate::{objects::Object, size::Size, style::Style};
[INFO] [stderr]   |             ^^^^^^^^^^^^^^^
[INFO] [stderr]   |
[INFO] [stderr]   = note: `#[warn(unused_imports)]` on by default
[INFO] [stderr] 
[INFO] [stderr] warning: unused import: `super::Object`
[INFO] [stderr]  --> src/objects/text.rs:3:5
[INFO] [stderr]   |
[INFO] [stderr] 3 | use super::Object;
[INFO] [stderr]   |     ^^^^^^^^^^^^^
[INFO] [stderr] 
[INFO] [stderr] warning: enum `Objectionable` is never used
[INFO] [stderr]  --> src/objects/mod.rs:4:6
[INFO] [stderr]   |
[INFO] [stderr] 4 | enum Objectionable
[INFO] [stderr]   |      ^^^^^^^^^^^^^
[INFO] [stderr]   |
[INFO] [stderr]   = note: `#[warn(dead_code)]` on by default
[INFO] [stderr] 
[INFO] [stderr] warning: trait `Object` is never used
[INFO] [stderr]   --> src/objects/mod.rs:17:11
[INFO] [stderr]    |
[INFO] [stderr] 17 | pub trait Object {
[INFO] [stderr]    |           ^^^^^^
[INFO] [stderr] 
[INFO] [stderr] warning: struct `Frame` is never constructed
[INFO] [stderr]  --> src/objects/frame.rs:5:12
[INFO] [stderr]   |
[INFO] [stderr] 5 | pub struct Frame {
[INFO] [stderr]   |            ^^^^^
[INFO] [stderr] 
[INFO] [stderr] warning: struct `Text` is never constructed
[INFO] [stderr]  --> src/objects/text.rs:5:12
[INFO] [stderr]   |
[INFO] [stderr] 5 | pub struct Text {
[INFO] [stderr]   |            ^^^^
[INFO] [stderr] 
[INFO] [stderr] warning: fields `width` and `height` are never read
[INFO] [stderr]  --> src/size.rs:3:5
[INFO] [stderr]   |
[INFO] [stderr] 2 | pub struct Size {
[INFO] [stderr]   |            ---- fields in this struct
[INFO] [stderr] 3 |     width: usize,
[INFO] [stderr]   |     ^^^^^
[INFO] [stderr] 4 |     height: usize,
[INFO] [stderr]   |     ^^^^^^
[INFO] [stderr] 
[INFO] [stderr] warning: multiple variants are never constructed
[INFO] [stderr]   --> src/style/mod.rs:11:5
[INFO] [stderr]    |
[INFO] [stderr] 8  | pub enum Style {
[INFO] [stderr]    |          ----- variants in this enum
[INFO] [stderr] ...
[INFO] [stderr] 11 |     Hidden,
[INFO] [stderr]    |     ^^^^^^
[INFO] [stderr] ...
[INFO] [stderr] 14 |     Alignment(Alignment),
[INFO] [stderr]    |     ^^^^^^^^^
[INFO] [stderr] 15 |     Soring(Sort),
[INFO] [stderr]    |     ^^^^^^
[INFO] [stderr] ...
[INFO] [stderr] 19 |     Border(usize),
[INFO] [stderr]    |     ^^^^^^
[INFO] [stderr] ...
[INFO] [stderr] 24 |     Bold(usize),
[INFO] [stderr]    |     ^^^^
[INFO] [stderr] 25 |     Thin(usize),
[INFO] [stderr]    |     ^^^^
[INFO] [stderr] ...
[INFO] [stderr] 28 |     Color(Rgba),
[INFO] [stderr]    |     ^^^^^
[INFO] [stderr] 29 |     Background(Background),
[INFO] [stderr]    |     ^^^^^^^^^^
[INFO] [stderr] ...
[INFO] [stderr] 33 |     Gap(usize),
[INFO] [stderr]    |     ^^^
[INFO] [stderr] 34 |     /// Outside indentation
[INFO] [stderr] 35 |     Indent(isize),
[INFO] [stderr]    |     ^^^^^^
[INFO] [stderr] 
[INFO] [stderr] warning: trait `Styling` is never used
[INFO] [stderr]   --> src/style/mod.rs:46:11
[INFO] [stderr]    |
[INFO] [stderr] 46 | pub trait Styling {}
[INFO] [stderr]    |           ^^^^^^^
[INFO] [stderr] 
[INFO] [stderr] warning: field `0` is never read
[INFO] [stderr]  --> src/style/background.rs:4:11
[INFO] [stderr]   |
[INFO] [stderr] 4 |     Color(Rgba),
[INFO] [stderr]   |     ----- ^^^^
[INFO] [stderr]   |     |
[INFO] [stderr]   |     field in this variant
[INFO] [stderr]   |
[INFO] [stderr] help: consider changing the field to be of unit type to suppress this warning while preserving the field numbering, or remove the field
[INFO] [stderr]   |
[INFO] [stderr] 4 |     Color(()),
[INFO] [stderr]   |           ~~
[INFO] [stderr] 
[INFO] [stderr] warning: variant `Horizontal` is never constructed
[INFO] [stderr]  --> src/style/sort.rs:3:5
[INFO] [stderr]   |
[INFO] [stderr] 2 | pub enum Sort {
[INFO] [stderr]   |          ---- variant in this enum
[INFO] [stderr] 3 |     Horizontal,
[INFO] [stderr]   |     ^^^^^^^^^^
[INFO] [stderr] 
[INFO] [stderr] warning: `framigen` (lib) generated 11 warnings (run `cargo fix --lib -p framigen` to apply 2 suggestions)
[INFO] [stderr] warning: `framigen` (lib test) generated 11 warnings (11 duplicates)
[INFO] [stderr] warning: unused imports: `Ellipse`, `Line`, and `Paste`
[INFO] [stderr]  --> tests/main.rs:5:23
[INFO] [stderr]   |
[INFO] [stderr] 5 |     use ril::{Border, Ellipse, Image, Line, Paste, Rectangle, Rgb};
[INFO] [stderr]   |                       ^^^^^^^         ^^^^  ^^^^^
[INFO] [stderr]   |
[INFO] [stderr]   = note: `#[warn(unused_imports)]` on by default
[INFO] [stderr] 
[INFO] [stderr] warning: unused variable: `alignment`
[INFO] [stderr]   --> tests/main.rs:95:13
[INFO] [stderr]    |
[INFO] [stderr] 95 |         let alignment = Alignment::Top(Top::LeftTop).directional((512, 512));
[INFO] [stderr]    |             ^^^^^^^^^ help: if this is intentional, prefix it with an underscore: `_alignment`
[INFO] [stderr]    |
[INFO] [stderr]    = note: `#[warn(unused_variables)]` on by default
[INFO] [stderr] 
[INFO] [stderr] warning: `framigen` (test "main") generated 2 warnings (run `cargo fix --test "main"` to apply 1 suggestion)
[INFO] [stderr]     Finished `test` profile [unoptimized + debuginfo] target(s) in 0.05s
[INFO] [stderr]      Running unittests src/lib.rs (/opt/rustwide/target/debug/deps/framigen-090f2571345dc8ea)
[INFO] [stdout] 
[INFO] [stdout] running 0 tests
[INFO] [stdout] 
[INFO] [stdout] test result: ok. 0 passed; 0 failed; 0 ignored; 0 measured; 0 filtered out; finished in 0.00s
[INFO] [stdout] 
[INFO] [stderr]      Running tests/main.rs (/opt/rustwide/target/debug/deps/main-03d3d657b2f1e518)
[INFO] [stdout] 
[INFO] [stdout] running 3 tests
[INFO] [stdout] test tests::it_works ... ok
[INFO] [stdout] test tests::black_image ... FAILED
[INFO] [stdout] test tests::test_top ... FAILED
[INFO] [stdout] 
[INFO] [stdout] failures:
[INFO] [stdout] 
[INFO] [stdout] ---- tests::black_image stdout ----
[INFO] [stdout] Error: IoError(Os { code: 30, kind: ReadOnlyFilesystem, message: "Read-only file system" })
[INFO] [stdout] 
[INFO] [stdout] ---- tests::test_top stdout ----
[INFO] [stdout] 
[INFO] [stdout] thread 'tests::test_top' panicked at tests/main.rs:111:57:
[INFO] [stdout] called `Result::unwrap()` on an `Err` value: IoError(Os { code: 30, kind: ReadOnlyFilesystem, message: "Read-only file system" })
[INFO] [stdout] stack backtrace:
[INFO] [stdout]    0:     0x58635f163e9a - std::backtrace_rs::backtrace::libunwind::trace::hb059275cfc8d6126
[INFO] [stdout]                                at /rustc/6067b36314ab5eb2eb47cecc464545ba58e1ad24/library/std/src/../../backtrace/src/backtrace/libunwind.rs:116:5
[INFO] [stdout]    1:     0x58635f163e9a - std::backtrace_rs::backtrace::trace_unsynchronized::h2da071e4327ce3ee
[INFO] [stdout]                                at /rustc/6067b36314ab5eb2eb47cecc464545ba58e1ad24/library/std/src/../../backtrace/src/backtrace/mod.rs:66:5
[INFO] [stdout]    2:     0x58635f163e9a - std::sys::backtrace::_print_fmt::h842a1474e6f8d23f
[INFO] [stdout]                                at /rustc/6067b36314ab5eb2eb47cecc464545ba58e1ad24/library/std/src/sys/backtrace.rs:66:9
[INFO] [stdout]    3:     0x58635f163e9a - <std::sys::backtrace::BacktraceLock::print::DisplayBacktrace as core::fmt::Display>::fmt::h71a62eb3b9696b12
[INFO] [stdout]                                at /rustc/6067b36314ab5eb2eb47cecc464545ba58e1ad24/library/std/src/sys/backtrace.rs:39:26
[INFO] [stdout]    4:     0x58635f18bbc3 - core::fmt::rt::Argument::fmt::hdb6b616786b41dc1
[INFO] [stdout]                                at /rustc/6067b36314ab5eb2eb47cecc464545ba58e1ad24/library/core/src/fmt/rt.rs:177:76
[INFO] [stdout]    5:     0x58635f18bbc3 - core::fmt::write::h2cc1698af7e2d686
[INFO] [stdout]                                at /rustc/6067b36314ab5eb2eb47cecc464545ba58e1ad24/library/core/src/fmt/mod.rs:1440:21
[INFO] [stdout]    6:     0x58635f1609f3 - std::io::Write::write_fmt::hab1b4cd059a79022
[INFO] [stdout]                                at /rustc/6067b36314ab5eb2eb47cecc464545ba58e1ad24/library/std/src/io/mod.rs:1887:15
[INFO] [stdout]    7:     0x58635f163ce2 - std::sys::backtrace::BacktraceLock::print::h147fe35b4ea13b08
[INFO] [stdout]                                at /rustc/6067b36314ab5eb2eb47cecc464545ba58e1ad24/library/std/src/sys/backtrace.rs:42:9
[INFO] [stdout]    8:     0x58635f1652bf - std::panicking::default_hook::{{closure}}::hbd44223dbdc0d208
[INFO] [stdout]                                at /rustc/6067b36314ab5eb2eb47cecc464545ba58e1ad24/library/std/src/panicking.rs:298:22
[INFO] [stdout]    9:     0x58635f1650d8 - std::panicking::default_hook::h20f81eb0576efcec
[INFO] [stdout]                                at /rustc/6067b36314ab5eb2eb47cecc464545ba58e1ad24/library/std/src/panicking.rs:322:9
[INFO] [stdout]   10:     0x58635f0abf33 - <alloc::boxed::Box<F,A> as core::ops::function::Fn<Args>>::call::hdb53814c496a4d34
[INFO] [stdout]                                at /rustc/6067b36314ab5eb2eb47cecc464545ba58e1ad24/library/alloc/src/boxed.rs:2027:9
[INFO] [stdout]   11:     0x58635f0abf33 - test::test_main::{{closure}}::hc0a4963c59427c24
[INFO] [stdout]                                at /rustc/6067b36314ab5eb2eb47cecc464545ba58e1ad24/library/test/src/lib.rs:134:21
[INFO] [stdout]   12:     0x58635f165db3 - <alloc::boxed::Box<F,A> as core::ops::function::Fn<Args>>::call::h591b2225413a77e9
[INFO] [stdout]                                at /rustc/6067b36314ab5eb2eb47cecc464545ba58e1ad24/library/alloc/src/boxed.rs:2027:9
[INFO] [stdout]   13:     0x58635f165db3 - std::panicking::rust_panic_with_hook::h625eea43051b2edc
[INFO] [stdout]                                at /rustc/6067b36314ab5eb2eb47cecc464545ba58e1ad24/library/std/src/panicking.rs:839:13
[INFO] [stdout]   14:     0x58635f165a6a - std::panicking::begin_panic_handler::{{closure}}::h4f9159cfbc3f6bd3
[INFO] [stdout]                                at /rustc/6067b36314ab5eb2eb47cecc464545ba58e1ad24/library/std/src/panicking.rs:704:13
[INFO] [stdout]   15:     0x58635f164399 - std::sys::backtrace::__rust_end_short_backtrace::h0390abce48353151
[INFO] [stdout]                                at /rustc/6067b36314ab5eb2eb47cecc464545ba58e1ad24/library/std/src/sys/backtrace.rs:168:18
[INFO] [stdout]   16:     0x58635f1656fd - rust_begin_unwind
[INFO] [stdout]                                at /rustc/6067b36314ab5eb2eb47cecc464545ba58e1ad24/library/std/src/panicking.rs:695:5
[INFO] [stdout]   17:     0x58635f18a5a0 - core::panicking::panic_fmt::h9e7c637e9e5f29c9
[INFO] [stdout]                                at /rustc/6067b36314ab5eb2eb47cecc464545ba58e1ad24/library/core/src/panicking.rs:75:14
[INFO] [stdout]   18:     0x58635f18aa16 - core::result::unwrap_failed::h7979f09313fe1849
[INFO] [stdout]                                at /rustc/6067b36314ab5eb2eb47cecc464545ba58e1ad24/library/core/src/result.rs:1704:5
[INFO] [stdout]   19:     0x58635f05c795 - core::result::Result<T,E>::unwrap::h5545a481b49f149b
[INFO] [stdout]                                at /rustc/6067b36314ab5eb2eb47cecc464545ba58e1ad24/library/core/src/result.rs:1109:23
[INFO] [stdout]   20:     0x58635f05c795 - main::tests::test_top::h9e4c1e15ae872845
[INFO] [stdout]                                at /opt/rustwide/workdir/tests/main.rs:111:9
[INFO] [stdout]   21:     0x58635f05c407 - main::tests::test_top::{{closure}}::h4166ecc1a9bc5b8d
[INFO] [stdout]                                at /opt/rustwide/workdir/tests/main.rs:92:18
[INFO] [stdout]   22:     0x58635f058ee6 - core::ops::function::FnOnce::call_once::h6903aeeb97620017
[INFO] [stdout]                                at /rustc/6067b36314ab5eb2eb47cecc464545ba58e1ad24/library/core/src/ops/function.rs:250:5
[INFO] [stdout]   23:     0x58635f0b168b - core::ops::function::FnOnce::call_once::he27718dfdd183f43
[INFO] [stdout]                                at /rustc/6067b36314ab5eb2eb47cecc464545ba58e1ad24/library/core/src/ops/function.rs:250:5
[INFO] [stdout]   24:     0x58635f0b168b - test::__rust_begin_short_backtrace::h4e84902998457a5d
[INFO] [stdout]                                at /rustc/6067b36314ab5eb2eb47cecc464545ba58e1ad24/library/test/src/lib.rs:632:18
[INFO] [stdout]   25:     0x58635f0b05c3 - test::run_test_in_process::{{closure}}::h7176fd18fc1feca0
[INFO] [stdout]                                at /rustc/6067b36314ab5eb2eb47cecc464545ba58e1ad24/library/test/src/lib.rs:655:60
[INFO] [stdout]   26:     0x58635f0b05c3 - <core::panic::unwind_safe::AssertUnwindSafe<F> as core::ops::function::FnOnce<()>>::call_once::hf79cff2a624d8cf7
[INFO] [stdout]                                at /rustc/6067b36314ab5eb2eb47cecc464545ba58e1ad24/library/core/src/panic/unwind_safe.rs:272:9
[INFO] [stdout]   27:     0x58635f0b05c3 - std::panicking::try::do_call::h3da0561d9ab99c25
[INFO] [stdout]                                at /rustc/6067b36314ab5eb2eb47cecc464545ba58e1ad24/library/std/src/panicking.rs:587:40
[INFO] [stdout]   28:     0x58635f0b05c3 - std::panicking::try::h41c9fa508bc61df6
[INFO] [stdout]                                at /rustc/6067b36314ab5eb2eb47cecc464545ba58e1ad24/library/std/src/panicking.rs:550:19
[INFO] [stdout]   29:     0x58635f0b05c3 - std::panic::catch_unwind::h6b3ff07bb5afad93
[INFO] [stdout]                                at /rustc/6067b36314ab5eb2eb47cecc464545ba58e1ad24/library/std/src/panic.rs:358:14
[INFO] [stdout]   30:     0x58635f0b05c3 - test::run_test_in_process::hc7253dd11b39b9f4
[INFO] [stdout]                                at /rustc/6067b36314ab5eb2eb47cecc464545ba58e1ad24/library/test/src/lib.rs:655:27
[INFO] [stdout]   31:     0x58635f0b05c3 - test::run_test::{{closure}}::hfb2007f8649c30bb
[INFO] [stdout]                                at /rustc/6067b36314ab5eb2eb47cecc464545ba58e1ad24/library/test/src/lib.rs:576:43
[INFO] [stdout]   32:     0x58635f0736a5 - test::run_test::{{closure}}::h56a17aa7a282a9f4
[INFO] [stdout]                                at /rustc/6067b36314ab5eb2eb47cecc464545ba58e1ad24/library/test/src/lib.rs:606:41
[INFO] [stdout]   33:     0x58635f0736a5 - std::sys::backtrace::__rust_begin_short_backtrace::hd2d2d2fb8e8c6aac
[INFO] [stdout]                                at /rustc/6067b36314ab5eb2eb47cecc464545ba58e1ad24/library/std/src/sys/backtrace.rs:152:18
[INFO] [stdout]   34:     0x58635f076f8a - std::thread::Builder::spawn_unchecked_::{{closure}}::{{closure}}::h4faa3f9db6133423
[INFO] [stdout]                                at /rustc/6067b36314ab5eb2eb47cecc464545ba58e1ad24/library/std/src/thread/mod.rs:559:17
[INFO] [stdout]   35:     0x58635f076f8a - <core::panic::unwind_safe::AssertUnwindSafe<F> as core::ops::function::FnOnce<()>>::call_once::hf2e855a36a4ea846
[INFO] [stdout]                                at /rustc/6067b36314ab5eb2eb47cecc464545ba58e1ad24/library/core/src/panic/unwind_safe.rs:272:9
[INFO] [stdout]   36:     0x58635f076f8a - std::panicking::try::do_call::h2f73af3616c35465
[INFO] [stdout]                                at /rustc/6067b36314ab5eb2eb47cecc464545ba58e1ad24/library/std/src/panicking.rs:587:40
[INFO] [stdout]   37:     0x58635f076f8a - std::panicking::try::hd1660ce9efadef5a
[INFO] [stdout]                                at /rustc/6067b36314ab5eb2eb47cecc464545ba58e1ad24/library/std/src/panicking.rs:550:19
[INFO] [stdout]   38:     0x58635f076f8a - std::panic::catch_unwind::h5ee8d7823b8ca744
[INFO] [stdout]                                at /rustc/6067b36314ab5eb2eb47cecc464545ba58e1ad24/library/std/src/panic.rs:358:14
[INFO] [stdout]   39:     0x58635f076f8a - std::thread::Builder::spawn_unchecked_::{{closure}}::h53c3a1894dce8407
[INFO] [stdout]                                at /rustc/6067b36314ab5eb2eb47cecc464545ba58e1ad24/library/std/src/thread/mod.rs:557:30
[INFO] [stdout]   40:     0x58635f076f8a - core::ops::function::FnOnce::call_once{{vtable.shim}}::h048ce291ad4f62bf
[INFO] [stdout]                                at /rustc/6067b36314ab5eb2eb47cecc464545ba58e1ad24/library/core/src/ops/function.rs:250:5
[INFO] [stdout]   41:     0x58635f169cfb - <alloc::boxed::Box<F,A> as core::ops::function::FnOnce<Args>>::call_once::ha52bedf99a3b4981
[INFO] [stdout]                                at /rustc/6067b36314ab5eb2eb47cecc464545ba58e1ad24/library/alloc/src/boxed.rs:2013:9
[INFO] [stdout]   42:     0x58635f169cfb - <alloc::boxed::Box<F,A> as core::ops::function::FnOnce<Args>>::call_once::h567748934d80ccf8
[INFO] [stdout]                                at /rustc/6067b36314ab5eb2eb47cecc464545ba58e1ad24/library/alloc/src/boxed.rs:2013:9
[INFO] [stdout]   43:     0x58635f169cfb - std::sys::pal::unix::thread::Thread::new::thread_start::h2d970728ae887adc
[INFO] [stdout]                                at /rustc/6067b36314ab5eb2eb47cecc464545ba58e1ad24/library/std/src/sys/pal/unix/thread.rs:106:17
[INFO] [stdout]   44:     0x70e1a4b6bac3 - <unknown>
[INFO] [stdout]   45:     0x70e1a4bfca04 - clone
[INFO] [stdout]   46:                0x0 - <unknown>
[INFO] [stdout] 
[INFO] [stdout] 
[INFO] [stdout] failures:
[INFO] [stdout]     tests::black_image
[INFO] [stdout]     tests::test_top
[INFO] [stdout] 
[INFO] [stdout] test result: FAILED. 1 passed; 2 failed; 0 ignored; 0 measured; 0 filtered out; finished in 0.04s
[INFO] [stdout] 
[INFO] [stderr] error: test failed, to rerun pass `--test main`
[INFO] running `Command { std: "docker" "inspect" "4229117f0c8046810c181dd3dfb8cc4c28ebdfc6d1b8170b73f402939a6b2a8e", kill_on_drop: false }`
[INFO] running `Command { std: "docker" "rm" "-f" "4229117f0c8046810c181dd3dfb8cc4c28ebdfc6d1b8170b73f402939a6b2a8e", kill_on_drop: false }`
[INFO] [stdout] 4229117f0c8046810c181dd3dfb8cc4c28ebdfc6d1b8170b73f402939a6b2a8e
