[INFO] cloning repository https://github.com/TNBruh/nes-emulator
[INFO] running `Command { std: "git" "-c" "credential.helper=" "-c" "credential.helper=/workspace/cargo-home/bin/git-credential-null" "clone" "--bare" "https://github.com/TNBruh/nes-emulator" "/workspace/cache/git-repos/https%3A%2F%2Fgithub.com%2FTNBruh%2Fnes-emulator", kill_on_drop: false }`
[INFO] [stderr] Cloning into bare repository '/workspace/cache/git-repos/https%3A%2F%2Fgithub.com%2FTNBruh%2Fnes-emulator'...
[INFO] running `Command { std: "git" "rev-parse" "HEAD", kill_on_drop: false }`
[INFO] [stdout] 3e8a8d5fb3fb71f0276f2606f9823cbd368cc3f0
[INFO] testing TNBruh/nes-emulator against nightly-2025-01-18+rustflags=-Zrandomize-layout for randomize-layout-2
[INFO] running `Command { std: "git" "clone" "/workspace/cache/git-repos/https%3A%2F%2Fgithub.com%2FTNBruh%2Fnes-emulator" "/workspace/builds/worker-3-tc2/source", kill_on_drop: false }`
[INFO] [stderr] Cloning into '/workspace/builds/worker-3-tc2/source'...
[INFO] [stderr] done.
[INFO] validating manifest of git repo https://github.com/TNBruh/nes-emulator on toolchain nightly-2025-01-18
[INFO] running `Command { std: CARGO_HOME="/workspace/cargo-home" RUSTUP_HOME="/workspace/rustup-home" "/workspace/cargo-home/bin/cargo" "+nightly-2025-01-18" "metadata" "--manifest-path" "Cargo.toml" "--no-deps", kill_on_drop: false }`
[INFO] started tweaking git repo https://github.com/TNBruh/nes-emulator
[INFO] finished tweaking git repo https://github.com/TNBruh/nes-emulator
[INFO] tweaked toml for git repo https://github.com/TNBruh/nes-emulator written to /workspace/builds/worker-3-tc2/source/Cargo.toml
[INFO] crate git repo https://github.com/TNBruh/nes-emulator already has a lockfile, it will not be regenerated
[INFO] running `Command { std: CARGO_HOME="/workspace/cargo-home" RUSTUP_HOME="/workspace/rustup-home" "/workspace/cargo-home/bin/cargo" "+nightly-2025-01-18" "fetch" "--manifest-path" "Cargo.toml", kill_on_drop: false }`
[INFO] running `Command { std: "docker" "create" "-v" "/var/lib/crater-agent-workspace/builds/worker-3-tc2/target:/opt/rustwide/target:rw,Z" "-v" "/var/lib/crater-agent-workspace/builds/worker-3-tc2/source:/opt/rustwide/workdir:ro,Z" "-v" "/var/lib/crater-agent-workspace/cargo-home:/opt/rustwide/cargo-home:ro,Z" "-v" "/var/lib/crater-agent-workspace/rustup-home:/opt/rustwide/rustup-home:ro,Z" "-e" "SOURCE_DIR=/opt/rustwide/workdir" "-e" "CARGO_TARGET_DIR=/opt/rustwide/target" "-e" "CARGO_HOME=/opt/rustwide/cargo-home" "-e" "RUSTUP_HOME=/opt/rustwide/rustup-home" "-w" "/opt/rustwide/workdir" "-m" "1610612736" "--user" "0:0" "--network" "none" "ghcr.io/rust-lang/crates-build-env/linux@sha256:819108c5571ea2e421544af4d832f968d213c87fbe3707a016657f43d2f853bc" "/opt/rustwide/cargo-home/bin/cargo" "+nightly-2025-01-18" "metadata" "--no-deps" "--format-version=1", kill_on_drop: false }`
[INFO] [stdout] 89eab22e1c6740ce625049eb56148bf836bef191a5053ac4bb64cdf876e3ee50
[INFO] running `Command { std: "docker" "start" "-a" "89eab22e1c6740ce625049eb56148bf836bef191a5053ac4bb64cdf876e3ee50", kill_on_drop: false }`
[INFO] running `Command { std: "docker" "inspect" "89eab22e1c6740ce625049eb56148bf836bef191a5053ac4bb64cdf876e3ee50", kill_on_drop: false }`
[INFO] running `Command { std: "docker" "rm" "-f" "89eab22e1c6740ce625049eb56148bf836bef191a5053ac4bb64cdf876e3ee50", kill_on_drop: false }`
[INFO] [stdout] 89eab22e1c6740ce625049eb56148bf836bef191a5053ac4bb64cdf876e3ee50
[INFO] running `Command { std: "docker" "create" "-v" "/var/lib/crater-agent-workspace/builds/worker-3-tc2/target:/opt/rustwide/target:rw,Z" "-v" "/var/lib/crater-agent-workspace/builds/worker-3-tc2/source:/opt/rustwide/workdir:ro,Z" "-v" "/var/lib/crater-agent-workspace/cargo-home:/opt/rustwide/cargo-home:ro,Z" "-v" "/var/lib/crater-agent-workspace/rustup-home:/opt/rustwide/rustup-home:ro,Z" "-e" "SOURCE_DIR=/opt/rustwide/workdir" "-e" "CARGO_TARGET_DIR=/opt/rustwide/target" "-e" "CARGO_INCREMENTAL=0" "-e" "RUST_BACKTRACE=full" "-e" "RUSTFLAGS=--cap-lints=forbid -Zrandomize-layout" "-e" "RUSTDOCFLAGS=--cap-lints=forbid" "-e" "CARGO_HOME=/opt/rustwide/cargo-home" "-e" "RUSTUP_HOME=/opt/rustwide/rustup-home" "-w" "/opt/rustwide/workdir" "-m" "1610612736" "--user" "0:0" "--network" "none" "ghcr.io/rust-lang/crates-build-env/linux@sha256:819108c5571ea2e421544af4d832f968d213c87fbe3707a016657f43d2f853bc" "/opt/rustwide/cargo-home/bin/cargo" "+nightly-2025-01-18" "build" "--frozen" "--message-format=json", kill_on_drop: false }`
[INFO] [stdout] 20ba2089822840fa6dadd2afb6a07333d0d3c9771478071c14a0257cc3af2b2c
[INFO] running `Command { std: "docker" "start" "-a" "20ba2089822840fa6dadd2afb6a07333d0d3c9771478071c14a0257cc3af2b2c", kill_on_drop: false }`
[INFO] [stderr]    Compiling bitflags v2.4.1
[INFO] [stderr]    Compiling lazy_static v1.4.0
[INFO] [stderr]    Compiling nes-emulator v0.1.0 (/opt/rustwide/workdir)
[INFO] [stdout] warning: multiple methods are never used
[INFO] [stdout]    --> src/cpu.rs:349:8
[INFO] [stdout]     |
[INFO] [stdout] 16  | impl CPU {
[INFO] [stdout]     | -------- methods in this implementation
[INFO] [stdout] ...
[INFO] [stdout] 349 |     fn bpl(&mut self, op: &OpCode) {
[INFO] [stdout]     |        ^^^
[INFO] [stdout] ...
[INFO] [stdout] 361 |     fn bvc(&mut self, op: &OpCode) {
[INFO] [stdout]     |        ^^^
[INFO] [stdout] ...
[INFO] [stdout] 367 |     fn bvs(&mut self, op: &OpCode) {
[INFO] [stdout]     |        ^^^
[INFO] [stdout] ...
[INFO] [stdout] 373 |     fn clc(&mut self) {
[INFO] [stdout]     |        ^^^
[INFO] [stdout] ...
[INFO] [stdout] 377 |     fn cld(&mut self) {
[INFO] [stdout]     |        ^^^
[INFO] [stdout] ...
[INFO] [stdout] 381 |     fn cli(&mut self) {
[INFO] [stdout]     |        ^^^
[INFO] [stdout] ...
[INFO] [stdout] 385 |     fn clv(&mut self) {
[INFO] [stdout]     |        ^^^
[INFO] [stdout] ...
[INFO] [stdout] 389 |     fn cmp(&mut self, op: &OpCode) {
[INFO] [stdout]     |        ^^^
[INFO] [stdout] ...
[INFO] [stdout] 405 |     fn cpx(&mut self, op: &OpCode) {
[INFO] [stdout]     |        ^^^
[INFO] [stdout]     |
[INFO] [stdout]     = note: `#[warn(dead_code)]` on by default
[INFO] [stdout] 
[INFO] [stdout] 
[INFO] [stderr]     Finished `dev` profile [unoptimized + debuginfo] target(s) in 0.87s
[INFO] running `Command { std: "docker" "inspect" "20ba2089822840fa6dadd2afb6a07333d0d3c9771478071c14a0257cc3af2b2c", kill_on_drop: false }`
[INFO] running `Command { std: "docker" "rm" "-f" "20ba2089822840fa6dadd2afb6a07333d0d3c9771478071c14a0257cc3af2b2c", kill_on_drop: false }`
[INFO] [stdout] 20ba2089822840fa6dadd2afb6a07333d0d3c9771478071c14a0257cc3af2b2c
[INFO] running `Command { std: "docker" "create" "-v" "/var/lib/crater-agent-workspace/builds/worker-3-tc2/target:/opt/rustwide/target:rw,Z" "-v" "/var/lib/crater-agent-workspace/builds/worker-3-tc2/source:/opt/rustwide/workdir:ro,Z" "-v" "/var/lib/crater-agent-workspace/cargo-home:/opt/rustwide/cargo-home:ro,Z" "-v" "/var/lib/crater-agent-workspace/rustup-home:/opt/rustwide/rustup-home:ro,Z" "-e" "SOURCE_DIR=/opt/rustwide/workdir" "-e" "CARGO_TARGET_DIR=/opt/rustwide/target" "-e" "CARGO_INCREMENTAL=0" "-e" "RUST_BACKTRACE=full" "-e" "RUSTFLAGS=--cap-lints=forbid -Zrandomize-layout" "-e" "RUSTDOCFLAGS=--cap-lints=forbid" "-e" "CARGO_HOME=/opt/rustwide/cargo-home" "-e" "RUSTUP_HOME=/opt/rustwide/rustup-home" "-w" "/opt/rustwide/workdir" "-m" "1610612736" "--user" "0:0" "--network" "none" "ghcr.io/rust-lang/crates-build-env/linux@sha256:819108c5571ea2e421544af4d832f968d213c87fbe3707a016657f43d2f853bc" "/opt/rustwide/cargo-home/bin/cargo" "+nightly-2025-01-18" "test" "--frozen" "--no-run" "--message-format=json", kill_on_drop: false }`
[INFO] [stdout] 9e0d50d10d11254f061399b182738c83cf50f650447c08b4e6f3449c9d58cbb5
[INFO] running `Command { std: "docker" "start" "-a" "9e0d50d10d11254f061399b182738c83cf50f650447c08b4e6f3449c9d58cbb5", kill_on_drop: false }`
[INFO] [stderr]    Compiling nes-emulator v0.1.0 (/opt/rustwide/workdir)
[INFO] [stdout] warning: multiple methods are never used
[INFO] [stdout]    --> src/cpu.rs:349:8
[INFO] [stdout]     |
[INFO] [stdout] 16  | impl CPU {
[INFO] [stdout]     | -------- methods in this implementation
[INFO] [stdout] ...
[INFO] [stdout] 349 |     fn bpl(&mut self, op: &OpCode) {
[INFO] [stdout]     |        ^^^
[INFO] [stdout] ...
[INFO] [stdout] 361 |     fn bvc(&mut self, op: &OpCode) {
[INFO] [stdout]     |        ^^^
[INFO] [stdout] ...
[INFO] [stdout] 367 |     fn bvs(&mut self, op: &OpCode) {
[INFO] [stdout]     |        ^^^
[INFO] [stdout] ...
[INFO] [stdout] 373 |     fn clc(&mut self) {
[INFO] [stdout]     |        ^^^
[INFO] [stdout] ...
[INFO] [stdout] 377 |     fn cld(&mut self) {
[INFO] [stdout]     |        ^^^
[INFO] [stdout] ...
[INFO] [stdout] 381 |     fn cli(&mut self) {
[INFO] [stdout]     |        ^^^
[INFO] [stdout] ...
[INFO] [stdout] 385 |     fn clv(&mut self) {
[INFO] [stdout]     |        ^^^
[INFO] [stdout] ...
[INFO] [stdout] 389 |     fn cmp(&mut self, op: &OpCode) {
[INFO] [stdout]     |        ^^^
[INFO] [stdout] ...
[INFO] [stdout] 405 |     fn cpx(&mut self, op: &OpCode) {
[INFO] [stdout]     |        ^^^
[INFO] [stdout]     |
[INFO] [stdout]     = note: `#[warn(dead_code)]` on by default
[INFO] [stdout] 
[INFO] [stdout] 
[INFO] [stderr]     Finished `test` profile [unoptimized + debuginfo] target(s) in 0.61s
[INFO] running `Command { std: "docker" "inspect" "9e0d50d10d11254f061399b182738c83cf50f650447c08b4e6f3449c9d58cbb5", kill_on_drop: false }`
[INFO] running `Command { std: "docker" "rm" "-f" "9e0d50d10d11254f061399b182738c83cf50f650447c08b4e6f3449c9d58cbb5", kill_on_drop: false }`
[INFO] [stdout] 9e0d50d10d11254f061399b182738c83cf50f650447c08b4e6f3449c9d58cbb5
[INFO] running `Command { std: "docker" "create" "-v" "/var/lib/crater-agent-workspace/builds/worker-3-tc2/target:/opt/rustwide/target:rw,Z" "-v" "/var/lib/crater-agent-workspace/builds/worker-3-tc2/source:/opt/rustwide/workdir:ro,Z" "-v" "/var/lib/crater-agent-workspace/cargo-home:/opt/rustwide/cargo-home:ro,Z" "-v" "/var/lib/crater-agent-workspace/rustup-home:/opt/rustwide/rustup-home:ro,Z" "-e" "SOURCE_DIR=/opt/rustwide/workdir" "-e" "CARGO_TARGET_DIR=/opt/rustwide/target" "-e" "CARGO_INCREMENTAL=0" "-e" "RUST_BACKTRACE=full" "-e" "RUSTFLAGS=--cap-lints=forbid -Zrandomize-layout" "-e" "RUSTDOCFLAGS=--cap-lints=forbid" "-e" "CARGO_HOME=/opt/rustwide/cargo-home" "-e" "RUSTUP_HOME=/opt/rustwide/rustup-home" "-w" "/opt/rustwide/workdir" "-m" "1610612736" "--user" "0:0" "--network" "none" "ghcr.io/rust-lang/crates-build-env/linux@sha256:819108c5571ea2e421544af4d832f968d213c87fbe3707a016657f43d2f853bc" "/opt/rustwide/cargo-home/bin/cargo" "+nightly-2025-01-18" "test" "--frozen", kill_on_drop: false }`
[INFO] [stdout] a32cd9c57e2e6cfe650e4e2d3c8e1d447ad3b854563e7ca3af98271c4521d2f5
[INFO] running `Command { std: "docker" "start" "-a" "a32cd9c57e2e6cfe650e4e2d3c8e1d447ad3b854563e7ca3af98271c4521d2f5", kill_on_drop: false }`
[INFO] [stderr] warning: multiple methods are never used
[INFO] [stderr]    --> src/cpu.rs:349:8
[INFO] [stderr]     |
[INFO] [stderr] 16  | impl CPU {
[INFO] [stderr]     | -------- methods in this implementation
[INFO] [stderr] ...
[INFO] [stderr] 349 |     fn bpl(&mut self, op: &OpCode) {
[INFO] [stderr]     |        ^^^
[INFO] [stderr] ...
[INFO] [stderr] 361 |     fn bvc(&mut self, op: &OpCode) {
[INFO] [stderr]     |        ^^^
[INFO] [stderr] ...
[INFO] [stderr] 367 |     fn bvs(&mut self, op: &OpCode) {
[INFO] [stderr]     |        ^^^
[INFO] [stderr] ...
[INFO] [stderr] 373 |     fn clc(&mut self) {
[INFO] [stderr]     |        ^^^
[INFO] [stderr] ...
[INFO] [stderr] 377 |     fn cld(&mut self) {
[INFO] [stderr]     |        ^^^
[INFO] [stderr] ...
[INFO] [stderr] 381 |     fn cli(&mut self) {
[INFO] [stderr]     |        ^^^
[INFO] [stderr] ...
[INFO] [stderr] 385 |     fn clv(&mut self) {
[INFO] [stderr]     |        ^^^
[INFO] [stderr] ...
[INFO] [stderr] 389 |     fn cmp(&mut self, op: &OpCode) {
[INFO] [stderr]     |        ^^^
[INFO] [stderr] ...
[INFO] [stderr] 405 |     fn cpx(&mut self, op: &OpCode) {
[INFO] [stderr]     |        ^^^
[INFO] [stderr]     |
[INFO] [stderr]     = note: `#[warn(dead_code)]` on by default
[INFO] [stderr] 
[INFO] [stderr] warning: `nes-emulator` (bin "nes-emulator" test) generated 1 warning
[INFO] [stderr]     Finished `test` profile [unoptimized + debuginfo] target(s) in 0.02s
[INFO] [stderr]      Running unittests src/main.rs (/opt/rustwide/target/debug/deps/nes_emulator-4dbbde8129db8b75)
[INFO] [stdout] 
[INFO] [stdout] running 25 tests
[INFO] [stdout] test test::test_0xa9_lda_immediate_load_data ... ok
[INFO] [stdout] test test::test_0xaa_tax_move_a_to_x ... ok
[INFO] [stdout] test test::test_0xa9_lda_zero_flag ... ok
[INFO] [stdout] test test::test_5_ops_working_together ... ok
[INFO] [stdout] test test::test_asl ... ok
[INFO] [stdout] test test::test_asl_a ... ok
[INFO] [stdout] test test::test_and ... ok
[INFO] [stdout] test test::test_jsr ... ok
[INFO] [stdout] test test::test_lda_from_memory ... ok
[INFO] [stdout] test test::test_pha ... ok
[INFO] [stdout] test test::test_sta_zeropage ... ok
[INFO] [stdout] test test::test_beq ... ok
[INFO] [stdout] test test::test_php ... ok
[INFO] [stdout] test test::test_pla ... ok
[INFO] [stdout] test test::test_bcc ... ok
[INFO] [stdout] test test::test_plp ... ok
[INFO] [stdout] test test::test_bit ... ok
[INFO] [stdout] test test::test_bcs ... ok
[INFO] [stdout] test test::test_bne ... ok
[INFO] [stdout] test test::test_inx_overflow ... ok
[INFO] [stdout] test test::test_adc ... ok
[INFO] [stdout] test test::test_rti ... ok
[INFO] [stdout] test test::test_bmi ... ok
[INFO] [stdout] test test::test_rts ... ok
[INFO] [stdout] test test::deprecated_test_rts ... FAILED
[INFO] [stdout] 
[INFO] [stdout] failures:
[INFO] [stdout] 
[INFO] [stdout] ---- test::deprecated_test_rts stdout ----
[INFO] [stdout] RUNNING OPCODE: 0x20
[INFO] [stdout] RUNNING OPCODE: 0xa2
[INFO] [stdout] RUNNING OPCODE: 0x60
[INFO] [stdout] RUNNING OPCODE: 0xa9
[INFO] [stdout] RUNNING OPCODE: 0xa2
[INFO] [stdout] RUNNING OPCODE: 0x60
[INFO] [stdout] RUNNING OPCODE: 0x0
[INFO] [stdout] 
[INFO] [stdout] thread 'test::deprecated_test_rts' panicked at src/main.rs:290:9:
[INFO] [stdout] assertion `left == right` failed
[INFO] [stdout]   left: 2
[INFO] [stdout]  right: 32777
[INFO] [stdout] stack backtrace:
[INFO] [stdout]    0:     0x59bae07c59ca - std::backtrace_rs::backtrace::libunwind::trace::hb059275cfc8d6126
[INFO] [stdout]                                at /rustc/6067b36314ab5eb2eb47cecc464545ba58e1ad24/library/std/src/../../backtrace/src/backtrace/libunwind.rs:116:5
[INFO] [stdout]    1:     0x59bae07c59ca - std::backtrace_rs::backtrace::trace_unsynchronized::h2da071e4327ce3ee
[INFO] [stdout]                                at /rustc/6067b36314ab5eb2eb47cecc464545ba58e1ad24/library/std/src/../../backtrace/src/backtrace/mod.rs:66:5
[INFO] [stdout]    2:     0x59bae07c59ca - std::sys::backtrace::_print_fmt::h842a1474e6f8d23f
[INFO] [stdout]                                at /rustc/6067b36314ab5eb2eb47cecc464545ba58e1ad24/library/std/src/sys/backtrace.rs:66:9
[INFO] [stdout]    3:     0x59bae07c59ca - <std::sys::backtrace::BacktraceLock::print::DisplayBacktrace as core::fmt::Display>::fmt::h71a62eb3b9696b12
[INFO] [stdout]                                at /rustc/6067b36314ab5eb2eb47cecc464545ba58e1ad24/library/std/src/sys/backtrace.rs:39:26
[INFO] [stdout]    4:     0x59bae07ecff3 - core::fmt::rt::Argument::fmt::hdb6b616786b41dc1
[INFO] [stdout]                                at /rustc/6067b36314ab5eb2eb47cecc464545ba58e1ad24/library/core/src/fmt/rt.rs:177:76
[INFO] [stdout]    5:     0x59bae07ecff3 - core::fmt::write::h2cc1698af7e2d686
[INFO] [stdout]                                at /rustc/6067b36314ab5eb2eb47cecc464545ba58e1ad24/library/core/src/fmt/mod.rs:1440:21
[INFO] [stdout]    6:     0x59bae07c2523 - std::io::Write::write_fmt::hab1b4cd059a79022
[INFO] [stdout]                                at /rustc/6067b36314ab5eb2eb47cecc464545ba58e1ad24/library/std/src/io/mod.rs:1887:15
[INFO] [stdout]    7:     0x59bae07c5812 - std::sys::backtrace::BacktraceLock::print::h147fe35b4ea13b08
[INFO] [stdout]                                at /rustc/6067b36314ab5eb2eb47cecc464545ba58e1ad24/library/std/src/sys/backtrace.rs:42:9
[INFO] [stdout]    8:     0x59bae07c6def - std::panicking::default_hook::{{closure}}::hbd44223dbdc0d208
[INFO] [stdout]                                at /rustc/6067b36314ab5eb2eb47cecc464545ba58e1ad24/library/std/src/panicking.rs:298:22
[INFO] [stdout]    9:     0x59bae07c6c08 - std::panicking::default_hook::h20f81eb0576efcec
[INFO] [stdout]                                at /rustc/6067b36314ab5eb2eb47cecc464545ba58e1ad24/library/std/src/panicking.rs:322:9
[INFO] [stdout]   10:     0x59bae078fa23 - <alloc::boxed::Box<F,A> as core::ops::function::Fn<Args>>::call::hdb53814c496a4d34
[INFO] [stdout]                                at /rustc/6067b36314ab5eb2eb47cecc464545ba58e1ad24/library/alloc/src/boxed.rs:2027:9
[INFO] [stdout]   11:     0x59bae078fa23 - test::test_main::{{closure}}::hc0a4963c59427c24
[INFO] [stdout]                                at /rustc/6067b36314ab5eb2eb47cecc464545ba58e1ad24/library/test/src/lib.rs:134:21
[INFO] [stdout]   12:     0x59bae07c78e3 - <alloc::boxed::Box<F,A> as core::ops::function::Fn<Args>>::call::h591b2225413a77e9
[INFO] [stdout]                                at /rustc/6067b36314ab5eb2eb47cecc464545ba58e1ad24/library/alloc/src/boxed.rs:2027:9
[INFO] [stdout]   13:     0x59bae07c78e3 - std::panicking::rust_panic_with_hook::h625eea43051b2edc
[INFO] [stdout]                                at /rustc/6067b36314ab5eb2eb47cecc464545ba58e1ad24/library/std/src/panicking.rs:839:13
[INFO] [stdout]   14:     0x59bae07c759a - std::panicking::begin_panic_handler::{{closure}}::h4f9159cfbc3f6bd3
[INFO] [stdout]                                at /rustc/6067b36314ab5eb2eb47cecc464545ba58e1ad24/library/std/src/panicking.rs:704:13
[INFO] [stdout]   15:     0x59bae07c5ec9 - std::sys::backtrace::__rust_end_short_backtrace::h0390abce48353151
[INFO] [stdout]                                at /rustc/6067b36314ab5eb2eb47cecc464545ba58e1ad24/library/std/src/sys/backtrace.rs:168:18
[INFO] [stdout]   16:     0x59bae07c722d - rust_begin_unwind
[INFO] [stdout]                                at /rustc/6067b36314ab5eb2eb47cecc464545ba58e1ad24/library/std/src/panicking.rs:695:5
[INFO] [stdout]   17:     0x59bae07eba00 - core::panicking::panic_fmt::h9e7c637e9e5f29c9
[INFO] [stdout]                                at /rustc/6067b36314ab5eb2eb47cecc464545ba58e1ad24/library/core/src/panicking.rs:75:14
[INFO] [stdout]   18:     0x59bae07ebdc2 - core::panicking::assert_failed_inner::h538bec7c1374cd9c
[INFO] [stdout]   19:     0x59bae074a15c - core::panicking::assert_failed::h3c7c5704ddd23c08
[INFO] [stdout]                                at /rustc/6067b36314ab5eb2eb47cecc464545ba58e1ad24/library/core/src/panicking.rs:364:5
[INFO] [stdout]   20:     0x59bae0753589 - nes_emulator::test::deprecated_test_rts::h2a83e064e90c018f
[INFO] [stdout]                                at /opt/rustwide/workdir/src/main.rs:290:9
[INFO] [stdout]   21:     0x59bae0753287 - nes_emulator::test::deprecated_test_rts::{{closure}}::hcb0b3f7eaf299f83
[INFO] [stdout]                                at /opt/rustwide/workdir/src/main.rs:267:29
[INFO] [stdout]   22:     0x59bae0748ff6 - core::ops::function::FnOnce::call_once::he58d21ca51c232bf
[INFO] [stdout]                                at /rustc/6067b36314ab5eb2eb47cecc464545ba58e1ad24/library/core/src/ops/function.rs:250:5
[INFO] [stdout]   23:     0x59bae079517b - core::ops::function::FnOnce::call_once::he27718dfdd183f43
[INFO] [stdout]                                at /rustc/6067b36314ab5eb2eb47cecc464545ba58e1ad24/library/core/src/ops/function.rs:250:5
[INFO] [stdout]   24:     0x59bae079517b - test::__rust_begin_short_backtrace::h4e84902998457a5d
[INFO] [stdout]                                at /rustc/6067b36314ab5eb2eb47cecc464545ba58e1ad24/library/test/src/lib.rs:632:18
[INFO] [stdout]   25:     0x59bae07940b3 - test::run_test_in_process::{{closure}}::h7176fd18fc1feca0
[INFO] [stdout]                                at /rustc/6067b36314ab5eb2eb47cecc464545ba58e1ad24/library/test/src/lib.rs:655:60
[INFO] [stdout]   26:     0x59bae07940b3 - <core::panic::unwind_safe::AssertUnwindSafe<F> as core::ops::function::FnOnce<()>>::call_once::hf79cff2a624d8cf7
[INFO] [stdout]                                at /rustc/6067b36314ab5eb2eb47cecc464545ba58e1ad24/library/core/src/panic/unwind_safe.rs:272:9
[INFO] [stdout]   27:     0x59bae07940b3 - std::panicking::try::do_call::h3da0561d9ab99c25
[INFO] [stdout]                                at /rustc/6067b36314ab5eb2eb47cecc464545ba58e1ad24/library/std/src/panicking.rs:587:40
[INFO] [stdout]   28:     0x59bae07940b3 - std::panicking::try::h41c9fa508bc61df6
[INFO] [stdout]                                at /rustc/6067b36314ab5eb2eb47cecc464545ba58e1ad24/library/std/src/panicking.rs:550:19
[INFO] [stdout]   29:     0x59bae07940b3 - std::panic::catch_unwind::h6b3ff07bb5afad93
[INFO] [stdout]                                at /rustc/6067b36314ab5eb2eb47cecc464545ba58e1ad24/library/std/src/panic.rs:358:14
[INFO] [stdout]   30:     0x59bae07940b3 - test::run_test_in_process::hc7253dd11b39b9f4
[INFO] [stdout]                                at /rustc/6067b36314ab5eb2eb47cecc464545ba58e1ad24/library/test/src/lib.rs:655:27
[INFO] [stdout]   31:     0x59bae07940b3 - test::run_test::{{closure}}::hfb2007f8649c30bb
[INFO] [stdout]                                at /rustc/6067b36314ab5eb2eb47cecc464545ba58e1ad24/library/test/src/lib.rs:576:43
[INFO] [stdout]   32:     0x59bae0757195 - test::run_test::{{closure}}::h56a17aa7a282a9f4
[INFO] [stdout]                                at /rustc/6067b36314ab5eb2eb47cecc464545ba58e1ad24/library/test/src/lib.rs:606:41
[INFO] [stdout]   33:     0x59bae0757195 - std::sys::backtrace::__rust_begin_short_backtrace::hd2d2d2fb8e8c6aac
[INFO] [stdout]                                at /rustc/6067b36314ab5eb2eb47cecc464545ba58e1ad24/library/std/src/sys/backtrace.rs:152:18
[INFO] [stdout]   34:     0x59bae075aa7a - std::thread::Builder::spawn_unchecked_::{{closure}}::{{closure}}::h4faa3f9db6133423
[INFO] [stdout]                                at /rustc/6067b36314ab5eb2eb47cecc464545ba58e1ad24/library/std/src/thread/mod.rs:559:17
[INFO] [stdout]   35:     0x59bae075aa7a - <core::panic::unwind_safe::AssertUnwindSafe<F> as core::ops::function::FnOnce<()>>::call_once::hf2e855a36a4ea846
[INFO] [stdout]                                at /rustc/6067b36314ab5eb2eb47cecc464545ba58e1ad24/library/core/src/panic/unwind_safe.rs:272:9
[INFO] [stdout]   36:     0x59bae075aa7a - std::panicking::try::do_call::h2f73af3616c35465
[INFO] [stdout]                                at /rustc/6067b36314ab5eb2eb47cecc464545ba58e1ad24/library/std/src/panicking.rs:587:40
[INFO] [stdout]   37:     0x59bae075aa7a - std::panicking::try::hd1660ce9efadef5a
[INFO] [stdout]                                at /rustc/6067b36314ab5eb2eb47cecc464545ba58e1ad24/library/std/src/panicking.rs:550:19
[INFO] [stdout]   38:     0x59bae075aa7a - std::panic::catch_unwind::h5ee8d7823b8ca744
[INFO] [stdout]                                at /rustc/6067b36314ab5eb2eb47cecc464545ba58e1ad24/library/std/src/panic.rs:358:14
[INFO] [stdout]   39:     0x59bae075aa7a - std::thread::Builder::spawn_unchecked_::{{closure}}::h53c3a1894dce8407
[INFO] [stdout]                                at /rustc/6067b36314ab5eb2eb47cecc464545ba58e1ad24/library/std/src/thread/mod.rs:557:30
[INFO] [stdout]   40:     0x59bae075aa7a - core::ops::function::FnOnce::call_once{{vtable.shim}}::h048ce291ad4f62bf
[INFO] [stdout]                                at /rustc/6067b36314ab5eb2eb47cecc464545ba58e1ad24/library/core/src/ops/function.rs:250:5
[INFO] [stdout]   41:     0x59bae07cb81b - <alloc::boxed::Box<F,A> as core::ops::function::FnOnce<Args>>::call_once::ha52bedf99a3b4981
[INFO] [stdout]                                at /rustc/6067b36314ab5eb2eb47cecc464545ba58e1ad24/library/alloc/src/boxed.rs:2013:9
[INFO] [stdout]   42:     0x59bae07cb81b - <alloc::boxed::Box<F,A> as core::ops::function::FnOnce<Args>>::call_once::h567748934d80ccf8
[INFO] [stdout]                                at /rustc/6067b36314ab5eb2eb47cecc464545ba58e1ad24/library/alloc/src/boxed.rs:2013:9
[INFO] [stdout]   43:     0x59bae07cb81b - std::sys::pal::unix::thread::Thread::new::thread_start::h2d970728ae887adc
[INFO] [stdout]                                at /rustc/6067b36314ab5eb2eb47cecc464545ba58e1ad24/library/std/src/sys/pal/unix/thread.rs:106:17
[INFO] [stdout]   44:     0x75a2a5509ac3 - <unknown>
[INFO] [stdout]   45:     0x75a2a559aa04 - clone
[INFO] [stdout]   46:                0x0 - <unknown>
[INFO] [stdout] 
[INFO] [stdout] 
[INFO] [stdout] failures:
[INFO] [stdout]     test::deprecated_test_rts
[INFO] [stdout] 
[INFO] [stdout] test result: FAILED. 24 passed; 1 failed; 0 ignored; 0 measured; 0 filtered out; finished in 0.04s
[INFO] [stdout] 
[INFO] [stderr] error: test failed, to rerun pass `--bin nes-emulator`
[INFO] running `Command { std: "docker" "inspect" "a32cd9c57e2e6cfe650e4e2d3c8e1d447ad3b854563e7ca3af98271c4521d2f5", kill_on_drop: false }`
[INFO] running `Command { std: "docker" "rm" "-f" "a32cd9c57e2e6cfe650e4e2d3c8e1d447ad3b854563e7ca3af98271c4521d2f5", kill_on_drop: false }`
[INFO] [stdout] a32cd9c57e2e6cfe650e4e2d3c8e1d447ad3b854563e7ca3af98271c4521d2f5
