[INFO] cloning repository https://github.com/TBD54566975/dap-rs
[INFO] running `Command { std: "git" "-c" "credential.helper=" "-c" "credential.helper=/workspace/cargo-home/bin/git-credential-null" "clone" "--bare" "https://github.com/TBD54566975/dap-rs" "/workspace/cache/git-repos/https%3A%2F%2Fgithub.com%2FTBD54566975%2Fdap-rs", kill_on_drop: false }`
[INFO] [stderr] Cloning into bare repository '/workspace/cache/git-repos/https%3A%2F%2Fgithub.com%2FTBD54566975%2Fdap-rs'...
[INFO] running `Command { std: "git" "rev-parse" "HEAD", kill_on_drop: false }`
[INFO] [stdout] 5426e4eee47397b54f4f47446d5667b68be93899
[INFO] testing TBD54566975/dap-rs against nightly-2025-01-18 for randomize-layout-2
[INFO] running `Command { std: "git" "clone" "/workspace/cache/git-repos/https%3A%2F%2Fgithub.com%2FTBD54566975%2Fdap-rs" "/workspace/builds/worker-3-tc1/source", kill_on_drop: false }`
[INFO] [stderr] Cloning into '/workspace/builds/worker-3-tc1/source'...
[INFO] [stderr] done.
[INFO] validating manifest of git repo https://github.com/TBD54566975/dap-rs on toolchain nightly-2025-01-18
[INFO] running `Command { std: CARGO_HOME="/workspace/cargo-home" RUSTUP_HOME="/workspace/rustup-home" "/workspace/cargo-home/bin/cargo" "+nightly-2025-01-18" "metadata" "--manifest-path" "Cargo.toml" "--no-deps", kill_on_drop: false }`
[INFO] removed /workspace/builds/worker-3-tc1/source/rust-toolchain.toml
[INFO] started tweaking git repo https://github.com/TBD54566975/dap-rs
[INFO] finished tweaking git repo https://github.com/TBD54566975/dap-rs
[INFO] tweaked toml for git repo https://github.com/TBD54566975/dap-rs written to /workspace/builds/worker-3-tc1/source/Cargo.toml
[INFO] crate git repo https://github.com/TBD54566975/dap-rs already has a lockfile, it will not be regenerated
[INFO] running `Command { std: CARGO_HOME="/workspace/cargo-home" RUSTUP_HOME="/workspace/rustup-home" "/workspace/cargo-home/bin/cargo" "+nightly-2025-01-18" "fetch" "--manifest-path" "Cargo.toml", kill_on_drop: false }`
[INFO] [stderr]     Updating crates.io index
[INFO] [stderr]  Downloading crates ...
[INFO] [stderr]   Downloaded uniffi_meta v0.27.3
[INFO] [stderr]   Downloaded weedle2 v5.0.0
[INFO] [stderr]   Downloaded uniffi_udl v0.27.3
[INFO] [stderr]   Downloaded uniffi_checksum_derive v0.27.3
[INFO] [stderr]   Downloaded uniffi v0.27.3
[INFO] [stderr]   Downloaded scroll_derive v0.12.0
[INFO] [stderr]   Downloaded uniffi_testing v0.27.3
[INFO] [stderr]   Downloaded uniffi_macros v0.27.3
[INFO] [stderr]   Downloaded scroll v0.12.0
[INFO] [stderr]   Downloaded uniffi_bindgen v0.27.3
[INFO] [stderr]   Downloaded uniffi_core v0.27.3
[INFO] [stderr]   Downloaded goblin v0.8.2
[INFO] running `Command { std: "docker" "create" "-v" "/var/lib/crater-agent-workspace/builds/worker-3-tc1/target:/opt/rustwide/target:rw,Z" "-v" "/var/lib/crater-agent-workspace/builds/worker-3-tc1/source:/opt/rustwide/workdir:ro,Z" "-v" "/var/lib/crater-agent-workspace/cargo-home:/opt/rustwide/cargo-home:ro,Z" "-v" "/var/lib/crater-agent-workspace/rustup-home:/opt/rustwide/rustup-home:ro,Z" "-e" "SOURCE_DIR=/opt/rustwide/workdir" "-e" "CARGO_TARGET_DIR=/opt/rustwide/target" "-e" "CARGO_HOME=/opt/rustwide/cargo-home" "-e" "RUSTUP_HOME=/opt/rustwide/rustup-home" "-w" "/opt/rustwide/workdir" "-m" "1610612736" "--user" "0:0" "--network" "none" "ghcr.io/rust-lang/crates-build-env/linux@sha256:819108c5571ea2e421544af4d832f968d213c87fbe3707a016657f43d2f853bc" "/opt/rustwide/cargo-home/bin/cargo" "+nightly-2025-01-18" "metadata" "--no-deps" "--format-version=1", kill_on_drop: false }`
[INFO] [stdout] bb891d4a399eed8641db694fd6f21d6b00fb5fe862f06c7c185bd2b00904780e
[INFO] running `Command { std: "docker" "start" "-a" "bb891d4a399eed8641db694fd6f21d6b00fb5fe862f06c7c185bd2b00904780e", kill_on_drop: false }`
[INFO] running `Command { std: "docker" "inspect" "bb891d4a399eed8641db694fd6f21d6b00fb5fe862f06c7c185bd2b00904780e", kill_on_drop: false }`
[INFO] running `Command { std: "docker" "rm" "-f" "bb891d4a399eed8641db694fd6f21d6b00fb5fe862f06c7c185bd2b00904780e", kill_on_drop: false }`
[INFO] [stdout] bb891d4a399eed8641db694fd6f21d6b00fb5fe862f06c7c185bd2b00904780e
[INFO] running `Command { std: "docker" "create" "-v" "/var/lib/crater-agent-workspace/builds/worker-3-tc1/target:/opt/rustwide/target:rw,Z" "-v" "/var/lib/crater-agent-workspace/builds/worker-3-tc1/source:/opt/rustwide/workdir:ro,Z" "-v" "/var/lib/crater-agent-workspace/cargo-home:/opt/rustwide/cargo-home:ro,Z" "-v" "/var/lib/crater-agent-workspace/rustup-home:/opt/rustwide/rustup-home:ro,Z" "-e" "SOURCE_DIR=/opt/rustwide/workdir" "-e" "CARGO_TARGET_DIR=/opt/rustwide/target" "-e" "CARGO_INCREMENTAL=0" "-e" "RUST_BACKTRACE=full" "-e" "RUSTFLAGS=--cap-lints=forbid" "-e" "RUSTDOCFLAGS=--cap-lints=forbid" "-e" "CARGO_HOME=/opt/rustwide/cargo-home" "-e" "RUSTUP_HOME=/opt/rustwide/rustup-home" "-w" "/opt/rustwide/workdir" "-m" "1610612736" "--user" "0:0" "--network" "none" "ghcr.io/rust-lang/crates-build-env/linux@sha256:819108c5571ea2e421544af4d832f968d213c87fbe3707a016657f43d2f853bc" "/opt/rustwide/cargo-home/bin/cargo" "+nightly-2025-01-18" "build" "--frozen" "--message-format=json", kill_on_drop: false }`
[INFO] [stdout] 5c0fff62f88b2524d23a862390284682bd883bc3a327b7838c28e1f4117ae2a2
[INFO] running `Command { std: "docker" "start" "-a" "5c0fff62f88b2524d23a862390284682bd883bc3a327b7838c28e1f4117ae2a2", kill_on_drop: false }`
[INFO] [stderr]    Compiling proc-macro2 v1.0.86
[INFO] [stderr]    Compiling cc v1.0.104
[INFO] [stderr]    Compiling memchr v2.7.4
[INFO] [stderr]    Compiling typenum v1.17.0
[INFO] [stderr]    Compiling tokio v1.38.0
[INFO] [stderr]    Compiling tracing-core v0.1.32
[INFO] [stderr]    Compiling httparse v1.9.4
[INFO] [stderr]    Compiling generic-array v0.14.7
[INFO] [stderr]    Compiling bitflags v2.6.0
[INFO] [stderr]    Compiling tracing v0.1.40
[INFO] [stderr]    Compiling tinyvec v1.6.1
[INFO] [stderr]    Compiling futures-util v0.3.30
[INFO] [stderr]    Compiling log v0.4.22
[INFO] [stderr]    Compiling quote v1.0.36
[INFO] [stderr]    Compiling serde_json v1.0.120
[INFO] [stderr]    Compiling syn v2.0.68
[INFO] [stderr]    Compiling sync_wrapper v1.0.1
[INFO] [stderr]    Compiling cpufeatures v0.2.12
[INFO] [stderr]    Compiling openssl-sys v0.9.102
[INFO] [stderr]    Compiling unicode-normalization v0.1.23
[INFO] [stderr]    Compiling openssl v0.10.64
[INFO] [stderr]    Compiling native-tls v0.2.12
[INFO] [stderr]    Compiling block-buffer v0.10.4
[INFO] [stderr]    Compiling crypto-common v0.1.6
[INFO] [stderr]    Compiling digest v0.10.7
[INFO] [stderr]    Compiling idna v0.5.0
[INFO] [stderr]    Compiling sha2 v0.10.8
[INFO] [stderr]    Compiling url v2.5.2
[INFO] [stderr]    Compiling http-body-util v0.1.2
[INFO] [stderr]    Compiling tokio-util v0.7.11
[INFO] [stderr]    Compiling pin-project-internal v1.1.5
[INFO] [stderr]    Compiling openssl-macros v0.1.1
[INFO] [stderr]    Compiling serde_derive v1.0.203
[INFO] [stderr]    Compiling h2 v0.4.5
[INFO] [stderr]    Compiling pin-project v1.1.5
[INFO] [stderr]    Compiling tower v0.4.13
[INFO] [stderr]    Compiling serde v1.0.203
[INFO] [stderr]    Compiling tokio-native-tls v0.3.1
[INFO] [stderr]    Compiling hyper v1.4.0
[INFO] [stderr]    Compiling hyper-util v0.1.6
[INFO] [stderr]    Compiling hyper-tls v0.6.0
[INFO] [stderr]    Compiling serde_urlencoded v0.7.1
[INFO] [stderr]    Compiling reqwest v0.12.5
[INFO] [stderr]    Compiling dap v0.1.0 (/opt/rustwide/workdir/crates/dap)
[INFO] [stderr]     Finished `dev` profile [unoptimized + debuginfo] target(s) in 55.32s
[INFO] running `Command { std: "docker" "inspect" "5c0fff62f88b2524d23a862390284682bd883bc3a327b7838c28e1f4117ae2a2", kill_on_drop: false }`
[INFO] running `Command { std: "docker" "rm" "-f" "5c0fff62f88b2524d23a862390284682bd883bc3a327b7838c28e1f4117ae2a2", kill_on_drop: false }`
[INFO] [stdout] 5c0fff62f88b2524d23a862390284682bd883bc3a327b7838c28e1f4117ae2a2
[INFO] running `Command { std: "docker" "create" "-v" "/var/lib/crater-agent-workspace/builds/worker-3-tc1/target:/opt/rustwide/target:rw,Z" "-v" "/var/lib/crater-agent-workspace/builds/worker-3-tc1/source:/opt/rustwide/workdir:ro,Z" "-v" "/var/lib/crater-agent-workspace/cargo-home:/opt/rustwide/cargo-home:ro,Z" "-v" "/var/lib/crater-agent-workspace/rustup-home:/opt/rustwide/rustup-home:ro,Z" "-e" "SOURCE_DIR=/opt/rustwide/workdir" "-e" "CARGO_TARGET_DIR=/opt/rustwide/target" "-e" "CARGO_INCREMENTAL=0" "-e" "RUST_BACKTRACE=full" "-e" "RUSTFLAGS=--cap-lints=forbid" "-e" "RUSTDOCFLAGS=--cap-lints=forbid" "-e" "CARGO_HOME=/opt/rustwide/cargo-home" "-e" "RUSTUP_HOME=/opt/rustwide/rustup-home" "-w" "/opt/rustwide/workdir" "-m" "1610612736" "--user" "0:0" "--network" "none" "ghcr.io/rust-lang/crates-build-env/linux@sha256:819108c5571ea2e421544af4d832f968d213c87fbe3707a016657f43d2f853bc" "/opt/rustwide/cargo-home/bin/cargo" "+nightly-2025-01-18" "test" "--frozen" "--no-run" "--message-format=json", kill_on_drop: false }`
[INFO] [stdout] 6828714ac053e9876acde562102ecce9906ab4a64abc0cbd62b02c3e894e4b6a
[INFO] running `Command { std: "docker" "start" "-a" "6828714ac053e9876acde562102ecce9906ab4a64abc0cbd62b02c3e894e4b6a", kill_on_drop: false }`
[INFO] [stderr]    Compiling tokio-macros v2.3.0
[INFO] [stderr]    Compiling tokio v1.38.0
[INFO] [stderr]    Compiling tokio-util v0.7.11
[INFO] [stderr]    Compiling tower v0.4.13
[INFO] [stderr]    Compiling tokio-native-tls v0.3.1
[INFO] [stderr]    Compiling h2 v0.4.5
[INFO] [stderr]    Compiling hyper v1.4.0
[INFO] [stderr]    Compiling hyper-util v0.1.6
[INFO] [stderr]    Compiling hyper-tls v0.6.0
[INFO] [stderr]    Compiling reqwest v0.12.5
[INFO] [stderr]    Compiling dap v0.1.0 (/opt/rustwide/workdir/crates/dap)
[INFO] [stderr]     Finished `test` profile [unoptimized + debuginfo] target(s) in 26.70s
[INFO] running `Command { std: "docker" "inspect" "6828714ac053e9876acde562102ecce9906ab4a64abc0cbd62b02c3e894e4b6a", kill_on_drop: false }`
[INFO] running `Command { std: "docker" "rm" "-f" "6828714ac053e9876acde562102ecce9906ab4a64abc0cbd62b02c3e894e4b6a", kill_on_drop: false }`
[INFO] [stdout] 6828714ac053e9876acde562102ecce9906ab4a64abc0cbd62b02c3e894e4b6a
[INFO] running `Command { std: "docker" "create" "-v" "/var/lib/crater-agent-workspace/builds/worker-3-tc1/target:/opt/rustwide/target:rw,Z" "-v" "/var/lib/crater-agent-workspace/builds/worker-3-tc1/source:/opt/rustwide/workdir:ro,Z" "-v" "/var/lib/crater-agent-workspace/cargo-home:/opt/rustwide/cargo-home:ro,Z" "-v" "/var/lib/crater-agent-workspace/rustup-home:/opt/rustwide/rustup-home:ro,Z" "-e" "SOURCE_DIR=/opt/rustwide/workdir" "-e" "CARGO_TARGET_DIR=/opt/rustwide/target" "-e" "CARGO_INCREMENTAL=0" "-e" "RUST_BACKTRACE=full" "-e" "RUSTFLAGS=--cap-lints=forbid" "-e" "RUSTDOCFLAGS=--cap-lints=forbid" "-e" "CARGO_HOME=/opt/rustwide/cargo-home" "-e" "RUSTUP_HOME=/opt/rustwide/rustup-home" "-w" "/opt/rustwide/workdir" "-m" "1610612736" "--user" "0:0" "--network" "none" "ghcr.io/rust-lang/crates-build-env/linux@sha256:819108c5571ea2e421544af4d832f968d213c87fbe3707a016657f43d2f853bc" "/opt/rustwide/cargo-home/bin/cargo" "+nightly-2025-01-18" "test" "--frozen", kill_on_drop: false }`
[INFO] [stdout] 03204cb74b330a21413df46a91ef409f1f4fab3ed711ee5f2506def45ae0fe59
[INFO] running `Command { std: "docker" "start" "-a" "03204cb74b330a21413df46a91ef409f1f4fab3ed711ee5f2506def45ae0fe59", kill_on_drop: false }`
[INFO] [stderr]     Finished `test` profile [unoptimized + debuginfo] target(s) in 0.28s
[INFO] [stderr]      Running unittests src/lib.rs (/opt/rustwide/target/debug/deps/dap-1c996141293e77df)
[INFO] [stdout] 
[INFO] [stdout] running 2 tests
[INFO] [stdout] test jwk::tests::test_hi ... ok
[INFO] [stdout] test did_web::tests::test_resolve ... FAILED
[INFO] [stdout] 
[INFO] [stdout] failures:
[INFO] [stdout] 
[INFO] [stdout] ---- did_web::tests::test_resolve stdout ----
[INFO] [stdout] 
[INFO] [stdout] thread 'did_web::tests::test_resolve' panicked at crates/dap/src/did_web.rs:29:47:
[INFO] [stdout] called `Result::unwrap()` on an `Err` value: reqwest::Error { kind: Request, url: Url { scheme: "https", cannot_be_a_base: false, username: "", password: None, host: Some(Domain("didpay.me")), port: None, path: "/.well-known/did.json", query: None, fragment: None }, source: hyper_util::client::legacy::Error(Connect, ConnectError("dns error", Custom { kind: Uncategorized, error: "failed to lookup address information: Temporary failure in name resolution" })) }
[INFO] [stdout] stack backtrace:
[INFO] [stdout]    0:     0x63695c481aea - std::backtrace_rs::backtrace::libunwind::trace::hb059275cfc8d6126
[INFO] [stdout]                                at /rustc/6067b36314ab5eb2eb47cecc464545ba58e1ad24/library/std/src/../../backtrace/src/backtrace/libunwind.rs:116:5
[INFO] [stdout]    1:     0x63695c481aea - std::backtrace_rs::backtrace::trace_unsynchronized::h2da071e4327ce3ee
[INFO] [stdout]                                at /rustc/6067b36314ab5eb2eb47cecc464545ba58e1ad24/library/std/src/../../backtrace/src/backtrace/mod.rs:66:5
[INFO] [stdout]    2:     0x63695c481aea - std::sys::backtrace::_print_fmt::h842a1474e6f8d23f
[INFO] [stdout]                                at /rustc/6067b36314ab5eb2eb47cecc464545ba58e1ad24/library/std/src/sys/backtrace.rs:66:9
[INFO] [stdout]    3:     0x63695c481aea - <std::sys::backtrace::BacktraceLock::print::DisplayBacktrace as core::fmt::Display>::fmt::h71a62eb3b9696b12
[INFO] [stdout]                                at /rustc/6067b36314ab5eb2eb47cecc464545ba58e1ad24/library/std/src/sys/backtrace.rs:39:26
[INFO] [stdout]    4:     0x63695c4ac6c3 - core::fmt::rt::Argument::fmt::hdb6b616786b41dc1
[INFO] [stdout]                                at /rustc/6067b36314ab5eb2eb47cecc464545ba58e1ad24/library/core/src/fmt/rt.rs:177:76
[INFO] [stdout]    5:     0x63695c4ac6c3 - core::fmt::write::h2cc1698af7e2d686
[INFO] [stdout]                                at /rustc/6067b36314ab5eb2eb47cecc464545ba58e1ad24/library/core/src/fmt/mod.rs:1440:21
[INFO] [stdout]    6:     0x63695c47da03 - std::io::Write::write_fmt::hab1b4cd059a79022
[INFO] [stdout]                                at /rustc/6067b36314ab5eb2eb47cecc464545ba58e1ad24/library/std/src/io/mod.rs:1887:15
[INFO] [stdout]    7:     0x63695c481932 - std::sys::backtrace::BacktraceLock::print::h147fe35b4ea13b08
[INFO] [stdout]                                at /rustc/6067b36314ab5eb2eb47cecc464545ba58e1ad24/library/std/src/sys/backtrace.rs:42:9
[INFO] [stdout]    8:     0x63695c482f0f - std::panicking::default_hook::{{closure}}::hbd44223dbdc0d208
[INFO] [stdout]                                at /rustc/6067b36314ab5eb2eb47cecc464545ba58e1ad24/library/std/src/panicking.rs:298:22
[INFO] [stdout]    9:     0x63695c482d28 - std::panicking::default_hook::h20f81eb0576efcec
[INFO] [stdout]                                at /rustc/6067b36314ab5eb2eb47cecc464545ba58e1ad24/library/std/src/panicking.rs:322:9
[INFO] [stdout]   10:     0x63695c11e353 - <alloc::boxed::Box<F,A> as core::ops::function::Fn<Args>>::call::hdb53814c496a4d34
[INFO] [stdout]                                at /rustc/6067b36314ab5eb2eb47cecc464545ba58e1ad24/library/alloc/src/boxed.rs:2027:9
[INFO] [stdout]   11:     0x63695c11e353 - test::test_main::{{closure}}::hc0a4963c59427c24
[INFO] [stdout]                                at /rustc/6067b36314ab5eb2eb47cecc464545ba58e1ad24/library/test/src/lib.rs:134:21
[INFO] [stdout]   12:     0x63695c483a03 - <alloc::boxed::Box<F,A> as core::ops::function::Fn<Args>>::call::h591b2225413a77e9
[INFO] [stdout]                                at /rustc/6067b36314ab5eb2eb47cecc464545ba58e1ad24/library/alloc/src/boxed.rs:2027:9
[INFO] [stdout]   13:     0x63695c483a03 - std::panicking::rust_panic_with_hook::h625eea43051b2edc
[INFO] [stdout]                                at /rustc/6067b36314ab5eb2eb47cecc464545ba58e1ad24/library/std/src/panicking.rs:839:13
[INFO] [stdout]   14:     0x63695c4836ba - std::panicking::begin_panic_handler::{{closure}}::h4f9159cfbc3f6bd3
[INFO] [stdout]                                at /rustc/6067b36314ab5eb2eb47cecc464545ba58e1ad24/library/std/src/panicking.rs:704:13
[INFO] [stdout]   15:     0x63695c481fe9 - std::sys::backtrace::__rust_end_short_backtrace::h0390abce48353151
[INFO] [stdout]                                at /rustc/6067b36314ab5eb2eb47cecc464545ba58e1ad24/library/std/src/sys/backtrace.rs:168:18
[INFO] [stdout]   16:     0x63695c48334d - rust_begin_unwind
[INFO] [stdout]                                at /rustc/6067b36314ab5eb2eb47cecc464545ba58e1ad24/library/std/src/panicking.rs:695:5
[INFO] [stdout]   17:     0x63695c4aac40 - core::panicking::panic_fmt::h9e7c637e9e5f29c9
[INFO] [stdout]                                at /rustc/6067b36314ab5eb2eb47cecc464545ba58e1ad24/library/core/src/panicking.rs:75:14
[INFO] [stdout]   18:     0x63695c4ab0b6 - core::result::unwrap_failed::h7979f09313fe1849
[INFO] [stdout]                                at /rustc/6067b36314ab5eb2eb47cecc464545ba58e1ad24/library/core/src/result.rs:1704:5
[INFO] [stdout]   19:     0x63695c0db98d - core::result::Result<T,E>::unwrap::h149310904a20cfae
[INFO] [stdout]                                at /rustc/6067b36314ab5eb2eb47cecc464545ba58e1ad24/library/core/src/result.rs:1109:23
[INFO] [stdout]   20:     0x63695c0db98d - dap::did_web::tests::test_resolve::{{closure}}::h1111daa22d77fedb
[INFO] [stdout]                                at /opt/rustwide/workdir/crates/dap/src/did_web.rs:29:28
[INFO] [stdout]   21:     0x63695c0e0252 - <core::pin::Pin<P> as core::future::future::Future>::poll::he44bc460591ce237
[INFO] [stdout]                                at /rustc/6067b36314ab5eb2eb47cecc464545ba58e1ad24/library/core/src/future/future.rs:124:9
[INFO] [stdout]   22:     0x63695c0e020d - <core::pin::Pin<P> as core::future::future::Future>::poll::h5d075e487b9eb21a
[INFO] [stdout]                                at /rustc/6067b36314ab5eb2eb47cecc464545ba58e1ad24/library/core/src/future/future.rs:124:9
[INFO] [stdout]   23:     0x63695c0c65cf - tokio::runtime::scheduler::current_thread::CoreGuard::block_on::{{closure}}::{{closure}}::{{closure}}::h9bd2c7722f679c6e
[INFO] [stdout]                                at /opt/rustwide/cargo-home/registry/src/index.crates.io-1949cf8c6b5b557f/tokio-1.38.0/src/runtime/scheduler/current_thread/mod.rs:659:57
[INFO] [stdout]   24:     0x63695c0c6515 - tokio::runtime::coop::with_budget::hd7577f626a38ef3c
[INFO] [stdout]                                at /opt/rustwide/cargo-home/registry/src/index.crates.io-1949cf8c6b5b557f/tokio-1.38.0/src/runtime/coop.rs:107:5
[INFO] [stdout]   25:     0x63695c0c6515 - tokio::runtime::coop::budget::he22bca098ac504a9
[INFO] [stdout]                                at /opt/rustwide/cargo-home/registry/src/index.crates.io-1949cf8c6b5b557f/tokio-1.38.0/src/runtime/coop.rs:73:5
[INFO] [stdout]   26:     0x63695c0c6515 - tokio::runtime::scheduler::current_thread::CoreGuard::block_on::{{closure}}::{{closure}}::h8f25b3c3bb2f58eb
[INFO] [stdout]                                at /opt/rustwide/cargo-home/registry/src/index.crates.io-1949cf8c6b5b557f/tokio-1.38.0/src/runtime/scheduler/current_thread/mod.rs:659:25
[INFO] [stdout]   27:     0x63695c0c52c0 - tokio::runtime::scheduler::current_thread::Context::enter::h376f5e3f0a58c943
[INFO] [stdout]                                at /opt/rustwide/cargo-home/registry/src/index.crates.io-1949cf8c6b5b557f/tokio-1.38.0/src/runtime/scheduler/current_thread/mod.rs:404:19
[INFO] [stdout]   28:     0x63695c0c5d7b - tokio::runtime::scheduler::current_thread::CoreGuard::block_on::{{closure}}::h04d2c0a286e54d6b
[INFO] [stdout]                                at /opt/rustwide/cargo-home/registry/src/index.crates.io-1949cf8c6b5b557f/tokio-1.38.0/src/runtime/scheduler/current_thread/mod.rs:658:36
[INFO] [stdout]   29:     0x63695c0c5af4 - tokio::runtime::scheduler::current_thread::CoreGuard::enter::{{closure}}::h8996093d32e565d4
[INFO] [stdout]                                at /opt/rustwide/cargo-home/registry/src/index.crates.io-1949cf8c6b5b557f/tokio-1.38.0/src/runtime/scheduler/current_thread/mod.rs:737:68
[INFO] [stdout]   30:     0x63695c0df8eb - tokio::runtime::context::scoped::Scoped<T>::set::h79d774107a394294
[INFO] [stdout]                                at /opt/rustwide/cargo-home/registry/src/index.crates.io-1949cf8c6b5b557f/tokio-1.38.0/src/runtime/context/scoped.rs:40:9
[INFO] [stdout]   31:     0x63695c0df769 - tokio::runtime::context::set_scheduler::{{closure}}::h3c1f1fe5b24db4d5
[INFO] [stdout]                                at /opt/rustwide/cargo-home/registry/src/index.crates.io-1949cf8c6b5b557f/tokio-1.38.0/src/runtime/context.rs:180:26
[INFO] [stdout]   32:     0x63695c0ddb62 - std::thread::local::LocalKey<T>::try_with::h5c456a56c8ce8ebf
[INFO] [stdout]                                at /rustc/6067b36314ab5eb2eb47cecc464545ba58e1ad24/library/std/src/thread/local.rs:308:12
[INFO] [stdout]   33:     0x63695c0dd8fa - std::thread::local::LocalKey<T>::with::h2f58ddd4b5667e12
[INFO] [stdout]                                at /rustc/6067b36314ab5eb2eb47cecc464545ba58e1ad24/library/std/src/thread/local.rs:272:9
[INFO] [stdout]   34:     0x63695c0df71d - tokio::runtime::context::set_scheduler::h21b2deff4afed782
[INFO] [stdout]                                at /opt/rustwide/cargo-home/registry/src/index.crates.io-1949cf8c6b5b557f/tokio-1.38.0/src/runtime/context.rs:180:9
[INFO] [stdout]   35:     0x63695c0c58a0 - tokio::runtime::scheduler::current_thread::CoreGuard::enter::h9238fa527020c35a
[INFO] [stdout]                                at /opt/rustwide/cargo-home/registry/src/index.crates.io-1949cf8c6b5b557f/tokio-1.38.0/src/runtime/scheduler/current_thread/mod.rs:737:27
[INFO] [stdout]   36:     0x63695c0c5b13 - tokio::runtime::scheduler::current_thread::CoreGuard::block_on::h35ff1bd12eef3d8b
[INFO] [stdout]                                at /opt/rustwide/cargo-home/registry/src/index.crates.io-1949cf8c6b5b557f/tokio-1.38.0/src/runtime/scheduler/current_thread/mod.rs:646:19
[INFO] [stdout]   37:     0x63695c0c4afd - tokio::runtime::scheduler::current_thread::CurrentThread::block_on::{{closure}}::hc2019886e8236a67
[INFO] [stdout]                                at /opt/rustwide/cargo-home/registry/src/index.crates.io-1949cf8c6b5b557f/tokio-1.38.0/src/runtime/scheduler/current_thread/mod.rs:175:28
[INFO] [stdout]   38:     0x63695c0dfa57 - tokio::runtime::context::runtime::enter_runtime::h0a380555ce175f89
[INFO] [stdout]                                at /opt/rustwide/cargo-home/registry/src/index.crates.io-1949cf8c6b5b557f/tokio-1.38.0/src/runtime/context/runtime.rs:65:16
[INFO] [stdout]   39:     0x63695c0c4a21 - tokio::runtime::scheduler::current_thread::CurrentThread::block_on::hd54ec6140aabf547
[INFO] [stdout]                                at /opt/rustwide/cargo-home/registry/src/index.crates.io-1949cf8c6b5b557f/tokio-1.38.0/src/runtime/scheduler/current_thread/mod.rs:167:9
[INFO] [stdout]   40:     0x63695c0dfd72 - tokio::runtime::runtime::Runtime::block_on::h31c55af145b922ee
[INFO] [stdout]                                at /opt/rustwide/cargo-home/registry/src/index.crates.io-1949cf8c6b5b557f/tokio-1.38.0/src/runtime/runtime.rs:347:47
[INFO] [stdout]   41:     0x63695c0db6a5 - dap::did_web::tests::test_resolve::h4d43794951d2d95b
[INFO] [stdout]                                at /opt/rustwide/workdir/crates/dap/src/did_web.rs:32:9
[INFO] [stdout]   42:     0x63695c0db547 - dap::did_web::tests::test_resolve::{{closure}}::h08d1ba5edbd945e8
[INFO] [stdout]                                at /opt/rustwide/workdir/crates/dap/src/did_web.rs:27:28
[INFO] [stdout]   43:     0x63695c0d8166 - core::ops::function::FnOnce::call_once::hdf8f3b0f63f0bd8e
[INFO] [stdout]                                at /rustc/6067b36314ab5eb2eb47cecc464545ba58e1ad24/library/core/src/ops/function.rs:250:5
[INFO] [stdout]   44:     0x63695c123aab - core::ops::function::FnOnce::call_once::he27718dfdd183f43
[INFO] [stdout]                                at /rustc/6067b36314ab5eb2eb47cecc464545ba58e1ad24/library/core/src/ops/function.rs:250:5
[INFO] [stdout]   45:     0x63695c123aab - test::__rust_begin_short_backtrace::h4e84902998457a5d
[INFO] [stdout]                                at /rustc/6067b36314ab5eb2eb47cecc464545ba58e1ad24/library/test/src/lib.rs:632:18
[INFO] [stdout]   46:     0x63695c1229e3 - test::run_test_in_process::{{closure}}::h7176fd18fc1feca0
[INFO] [stdout]                                at /rustc/6067b36314ab5eb2eb47cecc464545ba58e1ad24/library/test/src/lib.rs:655:60
[INFO] [stdout]   47:     0x63695c1229e3 - <core::panic::unwind_safe::AssertUnwindSafe<F> as core::ops::function::FnOnce<()>>::call_once::hf79cff2a624d8cf7
[INFO] [stdout]                                at /rustc/6067b36314ab5eb2eb47cecc464545ba58e1ad24/library/core/src/panic/unwind_safe.rs:272:9
[INFO] [stdout]   48:     0x63695c1229e3 - std::panicking::try::do_call::h3da0561d9ab99c25
[INFO] [stdout]                                at /rustc/6067b36314ab5eb2eb47cecc464545ba58e1ad24/library/std/src/panicking.rs:587:40
[INFO] [stdout]   49:     0x63695c1229e3 - std::panicking::try::h41c9fa508bc61df6
[INFO] [stdout]                                at /rustc/6067b36314ab5eb2eb47cecc464545ba58e1ad24/library/std/src/panicking.rs:550:19
[INFO] [stdout]   50:     0x63695c1229e3 - std::panic::catch_unwind::h6b3ff07bb5afad93
[INFO] [stdout]                                at /rustc/6067b36314ab5eb2eb47cecc464545ba58e1ad24/library/std/src/panic.rs:358:14
[INFO] [stdout]   51:     0x63695c1229e3 - test::run_test_in_process::hc7253dd11b39b9f4
[INFO] [stdout]                                at /rustc/6067b36314ab5eb2eb47cecc464545ba58e1ad24/library/test/src/lib.rs:655:27
[INFO] [stdout]   52:     0x63695c1229e3 - test::run_test::{{closure}}::hfb2007f8649c30bb
[INFO] [stdout]                                at /rustc/6067b36314ab5eb2eb47cecc464545ba58e1ad24/library/test/src/lib.rs:576:43
[INFO] [stdout]   53:     0x63695c0e5ac5 - test::run_test::{{closure}}::h56a17aa7a282a9f4
[INFO] [stdout]                                at /rustc/6067b36314ab5eb2eb47cecc464545ba58e1ad24/library/test/src/lib.rs:606:41
[INFO] [stdout]   54:     0x63695c0e5ac5 - std::sys::backtrace::__rust_begin_short_backtrace::hd2d2d2fb8e8c6aac
[INFO] [stdout]                                at /rustc/6067b36314ab5eb2eb47cecc464545ba58e1ad24/library/std/src/sys/backtrace.rs:152:18
[INFO] [stdout]   55:     0x63695c0e93aa - std::thread::Builder::spawn_unchecked_::{{closure}}::{{closure}}::h4faa3f9db6133423
[INFO] [stdout]                                at /rustc/6067b36314ab5eb2eb47cecc464545ba58e1ad24/library/std/src/thread/mod.rs:559:17
[INFO] [stdout]   56:     0x63695c0e93aa - <core::panic::unwind_safe::AssertUnwindSafe<F> as core::ops::function::FnOnce<()>>::call_once::hf2e855a36a4ea846
[INFO] [stdout]                                at /rustc/6067b36314ab5eb2eb47cecc464545ba58e1ad24/library/core/src/panic/unwind_safe.rs:272:9
[INFO] [stdout]   57:     0x63695c0e93aa - std::panicking::try::do_call::h2f73af3616c35465
[INFO] [stdout]                                at /rustc/6067b36314ab5eb2eb47cecc464545ba58e1ad24/library/std/src/panicking.rs:587:40
[INFO] [stdout]   58:     0x63695c0e93aa - std::panicking::try::hd1660ce9efadef5a
[INFO] [stdout]                                at /rustc/6067b36314ab5eb2eb47cecc464545ba58e1ad24/library/std/src/panicking.rs:550:19
[INFO] [stdout]   59:     0x63695c0e93aa - std::panic::catch_unwind::h5ee8d7823b8ca744
[INFO] [stdout]                                at /rustc/6067b36314ab5eb2eb47cecc464545ba58e1ad24/library/std/src/panic.rs:358:14
[INFO] [stdout]   60:     0x63695c0e93aa - std::thread::Builder::spawn_unchecked_::{{closure}}::h53c3a1894dce8407
[INFO] [stdout]                                at /rustc/6067b36314ab5eb2eb47cecc464545ba58e1ad24/library/std/src/thread/mod.rs:557:30
[INFO] [stdout]   61:     0x63695c0e93aa - core::ops::function::FnOnce::call_once{{vtable.shim}}::h048ce291ad4f62bf
[INFO] [stdout]                                at /rustc/6067b36314ab5eb2eb47cecc464545ba58e1ad24/library/core/src/ops/function.rs:250:5
[INFO] [stdout]   62:     0x63695c487d7b - <alloc::boxed::Box<F,A> as core::ops::function::FnOnce<Args>>::call_once::ha52bedf99a3b4981
[INFO] [stdout]                                at /rustc/6067b36314ab5eb2eb47cecc464545ba58e1ad24/library/alloc/src/boxed.rs:2013:9
[INFO] [stdout]   63:     0x63695c487d7b - <alloc::boxed::Box<F,A> as core::ops::function::FnOnce<Args>>::call_once::h567748934d80ccf8
[INFO] [stdout]                                at /rustc/6067b36314ab5eb2eb47cecc464545ba58e1ad24/library/alloc/src/boxed.rs:2013:9
[INFO] [stdout]   64:     0x63695c487d7b - std::sys::pal::unix::thread::Thread::new::thread_start::h2d970728ae887adc
[INFO] [stdout]                                at /rustc/6067b36314ab5eb2eb47cecc464545ba58e1ad24/library/std/src/sys/pal/unix/thread.rs:106:17
[INFO] [stdout]   65:     0x7ab602250ac3 - <unknown>
[INFO] [stdout]   66:     0x7ab6022e1a04 - clone
[INFO] [stdout]   67:                0x0 - <unknown>
[INFO] [stdout] 
[INFO] [stdout] 
[INFO] [stdout] failures:
[INFO] [stdout]     did_web::tests::test_resolve
[INFO] [stdout] 
[INFO] [stdout] test result: FAILED. 1 passed; 1 failed; 0 ignored; 0 measured; 0 filtered out; finished in 0.21s
[INFO] [stdout] 
[INFO] [stderr] error: test failed, to rerun pass `--lib`
[INFO] running `Command { std: "docker" "inspect" "03204cb74b330a21413df46a91ef409f1f4fab3ed711ee5f2506def45ae0fe59", kill_on_drop: false }`
[INFO] running `Command { std: "docker" "rm" "-f" "03204cb74b330a21413df46a91ef409f1f4fab3ed711ee5f2506def45ae0fe59", kill_on_drop: false }`
[INFO] [stdout] 03204cb74b330a21413df46a91ef409f1f4fab3ed711ee5f2506def45ae0fe59
