[INFO] cloning repository https://github.com/SxConnect/eaz
[INFO] running `Command { std: "git" "-c" "credential.helper=" "-c" "credential.helper=/workspace/cargo-home/bin/git-credential-null" "clone" "--bare" "https://github.com/SxConnect/eaz" "/workspace/cache/git-repos/https%3A%2F%2Fgithub.com%2FSxConnect%2Feaz", kill_on_drop: false }`
[INFO] [stderr] Cloning into bare repository '/workspace/cache/git-repos/https%3A%2F%2Fgithub.com%2FSxConnect%2Feaz'...
[INFO] running `Command { std: "git" "rev-parse" "HEAD", kill_on_drop: false }`
[INFO] [stdout] 340e5c0d480d285b0c923416548b2802fc6c22cf
[INFO] testing SxConnect/eaz against nightly-2025-01-18+rustflags=-Zrandomize-layout for randomize-layout-2
[INFO] running `Command { std: "git" "clone" "/workspace/cache/git-repos/https%3A%2F%2Fgithub.com%2FSxConnect%2Feaz" "/workspace/builds/worker-4-tc2/source", kill_on_drop: false }`
[INFO] [stderr] Cloning into '/workspace/builds/worker-4-tc2/source'...
[INFO] [stderr] done.
[INFO] validating manifest of git repo https://github.com/SxConnect/eaz on toolchain nightly-2025-01-18
[INFO] running `Command { std: CARGO_HOME="/workspace/cargo-home" RUSTUP_HOME="/workspace/rustup-home" "/workspace/cargo-home/bin/cargo" "+nightly-2025-01-18" "metadata" "--manifest-path" "Cargo.toml" "--no-deps", kill_on_drop: false }`
[INFO] started tweaking git repo https://github.com/SxConnect/eaz
[INFO] finished tweaking git repo https://github.com/SxConnect/eaz
[INFO] tweaked toml for git repo https://github.com/SxConnect/eaz written to /workspace/builds/worker-4-tc2/source/Cargo.toml
[INFO] crate git repo https://github.com/SxConnect/eaz already has a lockfile, it will not be regenerated
[INFO] running `Command { std: CARGO_HOME="/workspace/cargo-home" RUSTUP_HOME="/workspace/rustup-home" "/workspace/cargo-home/bin/cargo" "+nightly-2025-01-18" "fetch" "--manifest-path" "Cargo.toml", kill_on_drop: false }`
[INFO] [stderr] warning: profiles for the non root package will be ignored, specify profiles at the workspace root:
[INFO] [stderr] package:   /workspace/builds/worker-4-tc2/source/cli/Cargo.toml
[INFO] [stderr] workspace: /workspace/builds/worker-4-tc2/source/Cargo.toml
[INFO] running `Command { std: "docker" "create" "-v" "/var/lib/crater-agent-workspace/builds/worker-4-tc2/target:/opt/rustwide/target:rw,Z" "-v" "/var/lib/crater-agent-workspace/builds/worker-4-tc2/source:/opt/rustwide/workdir:ro,Z" "-v" "/var/lib/crater-agent-workspace/cargo-home:/opt/rustwide/cargo-home:ro,Z" "-v" "/var/lib/crater-agent-workspace/rustup-home:/opt/rustwide/rustup-home:ro,Z" "-e" "SOURCE_DIR=/opt/rustwide/workdir" "-e" "CARGO_TARGET_DIR=/opt/rustwide/target" "-e" "CARGO_HOME=/opt/rustwide/cargo-home" "-e" "RUSTUP_HOME=/opt/rustwide/rustup-home" "-w" "/opt/rustwide/workdir" "-m" "1610612736" "--user" "0:0" "--network" "none" "ghcr.io/rust-lang/crates-build-env/linux@sha256:819108c5571ea2e421544af4d832f968d213c87fbe3707a016657f43d2f853bc" "/opt/rustwide/cargo-home/bin/cargo" "+nightly-2025-01-18" "metadata" "--no-deps" "--format-version=1", kill_on_drop: false }`
[INFO] [stdout] 9bbf3c68c5ddef858d2f45402e50313bc992208d63f0783e4dc8b1a631b09bf0
[INFO] running `Command { std: "docker" "start" "-a" "9bbf3c68c5ddef858d2f45402e50313bc992208d63f0783e4dc8b1a631b09bf0", kill_on_drop: false }`
[INFO] running `Command { std: "docker" "inspect" "9bbf3c68c5ddef858d2f45402e50313bc992208d63f0783e4dc8b1a631b09bf0", kill_on_drop: false }`
[INFO] running `Command { std: "docker" "rm" "-f" "9bbf3c68c5ddef858d2f45402e50313bc992208d63f0783e4dc8b1a631b09bf0", kill_on_drop: false }`
[INFO] [stdout] 9bbf3c68c5ddef858d2f45402e50313bc992208d63f0783e4dc8b1a631b09bf0
[INFO] running `Command { std: "docker" "create" "-v" "/var/lib/crater-agent-workspace/builds/worker-4-tc2/target:/opt/rustwide/target:rw,Z" "-v" "/var/lib/crater-agent-workspace/builds/worker-4-tc2/source:/opt/rustwide/workdir:ro,Z" "-v" "/var/lib/crater-agent-workspace/cargo-home:/opt/rustwide/cargo-home:ro,Z" "-v" "/var/lib/crater-agent-workspace/rustup-home:/opt/rustwide/rustup-home:ro,Z" "-e" "SOURCE_DIR=/opt/rustwide/workdir" "-e" "CARGO_TARGET_DIR=/opt/rustwide/target" "-e" "CARGO_INCREMENTAL=0" "-e" "RUST_BACKTRACE=full" "-e" "RUSTFLAGS=--cap-lints=forbid -Zrandomize-layout" "-e" "RUSTDOCFLAGS=--cap-lints=forbid" "-e" "CARGO_HOME=/opt/rustwide/cargo-home" "-e" "RUSTUP_HOME=/opt/rustwide/rustup-home" "-w" "/opt/rustwide/workdir" "-m" "1610612736" "--user" "0:0" "--network" "none" "ghcr.io/rust-lang/crates-build-env/linux@sha256:819108c5571ea2e421544af4d832f968d213c87fbe3707a016657f43d2f853bc" "/opt/rustwide/cargo-home/bin/cargo" "+nightly-2025-01-18" "build" "--frozen" "--message-format=json", kill_on_drop: false }`
[INFO] [stdout] adfa9ffc8d93b9600f2afe52e9042322dc5f5c24302b07d6e5ee97f85343f556
[INFO] running `Command { std: "docker" "start" "-a" "adfa9ffc8d93b9600f2afe52e9042322dc5f5c24302b07d6e5ee97f85343f556", kill_on_drop: false }`
[INFO] [stderr] warning: profiles for the non root package will be ignored, specify profiles at the workspace root:
[INFO] [stderr] package:   /opt/rustwide/workdir/cli/Cargo.toml
[INFO] [stderr] workspace: /opt/rustwide/workdir/Cargo.toml
[INFO] [stderr]    Compiling proc-macro2 v1.0.76
[INFO] [stderr]    Compiling unicode-ident v1.0.3
[INFO] [stderr]    Compiling libc v0.2.150
[INFO] [stderr]    Compiling autocfg v1.1.0
[INFO] [stderr]    Compiling cfg-if v1.0.0
[INFO] [stderr]    Compiling version_check v0.9.4
[INFO] [stderr]    Compiling syn v1.0.109
[INFO] [stderr]    Compiling bytes v1.2.1
[INFO] [stderr]    Compiling memchr v2.6.4
[INFO] [stderr]    Compiling log v0.4.20
[INFO] [stderr]    Compiling itoa v1.0.3
[INFO] [stderr]    Compiling pin-project-lite v0.2.13
[INFO] [stderr]    Compiling serde v1.0.195
[INFO] [stderr]    Compiling once_cell v1.19.0
[INFO] [stderr]    Compiling futures-core v0.3.30
[INFO] [stderr]    Compiling tinyvec_macros v0.1.0
[INFO] [stderr]    Compiling fnv v1.0.7
[INFO] [stderr]    Compiling tinyvec v1.6.0
[INFO] [stderr]    Compiling percent-encoding v2.3.1
[INFO] [stderr]    Compiling thiserror v1.0.50
[INFO] [stderr]    Compiling unicode-bidi v0.3.14
[INFO] [stderr]    Compiling form_urlencoded v1.2.1
[INFO] [stderr]    Compiling futures-sink v0.3.30
[INFO] [stderr]    Compiling pin-utils v0.1.0
[INFO] [stderr]    Compiling futures-task v0.3.30
[INFO] [stderr]    Compiling futures-io v0.3.30
[INFO] [stderr]    Compiling futures-channel v0.3.30
[INFO] [stderr]    Compiling vcpkg v0.2.15
[INFO] [stderr]    Compiling pkg-config v0.3.25
[INFO] [stderr]    Compiling tracing-core v0.1.32
[INFO] [stderr]    Compiling ryu v1.0.11
[INFO] [stderr]    Compiling serde_json v1.0.108
[INFO] [stderr]    Compiling httparse v1.8.0
[INFO] [stderr]    Compiling ppv-lite86 v0.2.16
[INFO] [stderr]    Compiling openssl v0.10.62
[INFO] [stderr]    Compiling http v0.2.8
[INFO] [stderr]    Compiling foreign-types-shared v0.1.1
[INFO] [stderr]    Compiling foreign-types v0.3.2
[INFO] [stderr]    Compiling slab v0.4.7
[INFO] [stderr]    Compiling indexmap v1.9.1
[INFO] [stderr]    Compiling bitflags v2.4.1
[INFO] [stderr]    Compiling native-tls v0.2.10
[INFO] [stderr]    Compiling hashbrown v0.12.3
[INFO] [stderr]    Compiling quote v1.0.35
[INFO] [stderr]    Compiling typenum v1.15.0
[INFO] [stderr]    Compiling num-traits v0.2.15
[INFO] [stderr]    Compiling generic-array v0.14.6
[INFO] [stderr]    Compiling openssl-probe v0.1.5
[INFO] [stderr]    Compiling try-lock v0.2.3
[INFO] [stderr]    Compiling httpdate v1.0.2
[INFO] [stderr]    Compiling mime v0.3.16
[INFO] [stderr]    Compiling want v0.3.0
[INFO] [stderr]    Compiling syn v2.0.48
[INFO] [stderr]    Compiling unicode-normalization v0.1.22
[INFO] [stderr]    Compiling http-body v0.4.5
[INFO] [stderr]    Compiling aho-corasick v1.0.4
[INFO] [stderr]    Compiling regex-syntax v0.8.2
[INFO] [stderr]    Compiling iana-time-zone v0.1.58
[INFO] [stderr]    Compiling encoding_rs v0.8.31
[INFO] [stderr]    Compiling tower-service v0.3.2
[INFO] [stderr]    Compiling ident_case v1.0.1
[INFO] [stderr]    Compiling async-trait v0.1.57
[INFO] [stderr]    Compiling strsim v0.9.3
[INFO] [stderr]    Compiling match_cfg v0.1.0
[INFO] [stderr]    Compiling idna v0.5.0
[INFO] [stderr]    Compiling anyhow v1.0.61
[INFO] [stderr]    Compiling base64 v0.13.0
[INFO] [stderr]    Compiling semver v1.0.13
[INFO] [stderr]    Compiling ipnet v2.5.0
[INFO] [stderr]    Compiling lazy_static v1.4.0
[INFO] [stderr]    Compiling data-encoding v2.3.2
[INFO] [stderr]    Compiling heck v0.4.0
[INFO] [stderr]    Compiling bitflags v1.3.2
[INFO] [stderr]    Compiling base64 v0.21.0
[INFO] [stderr]    Compiling lock_api v0.4.7
[INFO] [stderr]    Compiling cookie v0.16.0
[INFO] [stderr]    Compiling unicase v2.6.0
[INFO] [stderr]    Compiling smallvec v1.11.2
[INFO] [stderr]    Compiling cc v1.0.83
[INFO] [stderr]    Compiling socket2 v0.5.5
[INFO] [stderr]    Compiling mio v0.8.9
[INFO] [stderr]    Compiling num_cpus v1.13.1
[INFO] [stderr]    Compiling getrandom v0.2.7
[INFO] [stderr]    Compiling rand_core v0.6.4
[INFO] [stderr]    Compiling socket2 v0.4.9
[INFO] [stderr]    Compiling hostname v0.3.1
[INFO] [stderr]    Compiling rand_chacha v0.3.1
[INFO] [stderr]    Compiling either v1.7.0
[INFO] [stderr]    Compiling num_threads v0.1.6
[INFO] [stderr]    Compiling rand v0.8.5
[INFO] [stderr]    Compiling parking_lot_core v0.9.3
[INFO] [stderr]    Compiling openssl-src v300.1.5+3.1.3
[INFO] [stderr]    Compiling cpufeatures v0.2.2
[INFO] [stderr]    Compiling time-macros v0.2.4
[INFO] [stderr]    Compiling crypto-common v0.1.6
[INFO] [stderr]    Compiling block-buffer v0.10.2
[INFO] [stderr]    Compiling scopeguard v1.1.0
[INFO] [stderr]    Compiling adler v1.0.2
[INFO] [stderr]    Compiling derive_builder v0.9.0
[INFO] [stderr]    Compiling gimli v0.26.2
[INFO] [stderr]    Compiling digest v0.10.7
[INFO] [stderr]    Compiling rustc_version v0.4.0
[INFO] [stderr]    Compiling miniz_oxide v0.5.3
[INFO] [stderr]    Compiling idna v0.4.0
[INFO] [stderr]    Compiling regex-automata v0.4.3
[INFO] [stderr]    Compiling object v0.29.0
[INFO] [stderr]    Compiling proc-macro-error-attr v1.0.4
[INFO] [stderr]    Compiling io-lifetimes v1.0.2
[INFO] [stderr]    Compiling sha1_smol v1.0.0
[INFO] [stderr]    Compiling unicode-segmentation v1.9.0
[INFO] [stderr]    Compiling openssl-sys v0.9.98
[INFO] [stderr]    Compiling backtrace v0.3.66
[INFO] [stderr]    Compiling linked-hash-map v0.5.6
[INFO] [stderr]    Compiling ascii_utils v0.9.3
[INFO] [stderr]    Compiling minimal-lexical v0.2.1
[INFO] [stderr]    Compiling rustc-demangle v0.1.21
[INFO] [stderr]    Compiling quick-error v1.2.3
[INFO] [stderr]    Compiling lru-cache v0.1.2
[INFO] [stderr]    Compiling resolv-conf v0.7.0
[INFO] [stderr]    Compiling fast_chemail v0.9.6
[INFO] [stderr]    Compiling sha1 v0.6.1
[INFO] [stderr]    Compiling sentry-contexts v0.23.0
[INFO] [stderr]    Compiling parking_lot v0.12.1
[INFO] [stderr]    Compiling mime_guess v2.0.4
[INFO] [stderr]    Compiling sha1 v0.10.4
[INFO] [stderr]    Compiling nom v7.1.1
[INFO] [stderr]    Compiling proc-macro-error v1.0.4
[INFO] [stderr]    Compiling multer v2.1.0
[INFO] [stderr]    Compiling utf-8 v0.7.6
[INFO] [stderr]    Compiling bufstream v0.1.4
[INFO] [stderr]    Compiling byteorder v1.4.3
[INFO] [stderr]    Compiling rustix v0.36.3
[INFO] [stderr]    Compiling time v0.3.14
[INFO] [stderr]    Compiling mailchecker v6.0.1
[INFO] [stderr]    Compiling sha-1 v0.10.0
[INFO] [stderr]    Compiling uname v0.1.1
[INFO] [stderr]    Compiling headers-core v0.2.0
[INFO] [stderr]    Compiling md5 v0.7.0
[INFO] [stderr]    Compiling overload v0.1.1
[INFO] [stderr]    Compiling linux-raw-sys v0.1.3
[INFO] [stderr]    Compiling spin v0.9.8
[INFO] [stderr]    Compiling levenshtein v1.0.5
[INFO] [stderr]    Compiling headers v0.3.7
[INFO] [stderr]    Compiling nu-ansi-term v0.46.0
[INFO] [stderr]    Compiling rustls-pemfile v1.0.2
[INFO] [stderr]    Compiling sharded-slab v0.1.7
[INFO] [stderr]    Compiling tracing-log v0.2.0
[INFO] [stderr]    Compiling thread_local v1.1.7
[INFO] [stderr]    Compiling termcolor v1.1.3
[INFO] [stderr]    Compiling scoped-tls v1.0.0
[INFO] [stderr]    Compiling os_str_bytes v6.3.0
[INFO] [stderr]    Compiling tracing-subscriber v0.3.18
[INFO] [stderr]    Compiling atty v0.2.14
[INFO] [stderr]    Compiling textwrap v0.15.0
[INFO] [stderr]    Compiling addr2line v0.17.0
[INFO] [stderr]    Compiling dotenv v0.15.0
[INFO] [stderr]    Compiling clap_lex v0.2.4
[INFO] [stderr]    Compiling humantime v2.1.0
[INFO] [stderr]    Compiling strsim v0.10.0
[INFO] [stderr]    Compiling regex v1.10.2
[INFO] [stderr]    Compiling darling_core v0.10.2
[INFO] [stderr]    Compiling serde_derive v1.0.195
[INFO] [stderr]    Compiling tokio-macros v2.2.0
[INFO] [stderr]    Compiling thiserror-impl v1.0.50
[INFO] [stderr]    Compiling futures-macro v0.3.30
[INFO] [stderr]    Compiling tracing-attributes v0.1.27
[INFO] [stderr]    Compiling enum-as-inner v0.6.0
[INFO] [stderr]    Compiling async-recursion v1.0.5
[INFO] [stderr]    Compiling is-terminal v0.4.0
[INFO] [stderr]    Compiling env_logger v0.10.0
[INFO] [stderr]    Compiling tokio v1.35.1
[INFO] [stderr]    Compiling openssl-macros v0.1.0
[INFO] [stderr]    Compiling pin-project-internal v1.0.12
[INFO] [stderr]    Compiling clap_derive v3.2.17
[INFO] [stderr]    Compiling futures-util v0.3.30
[INFO] [stderr]    Compiling tracing v0.1.40
[INFO] [stderr]    Compiling darling_macro v0.10.2
[INFO] [stderr]    Compiling pin-project v1.0.12
[INFO] [stderr]    Compiling darling v0.10.2
[INFO] [stderr]    Compiling derive_builder_core v0.9.0
[INFO] [stderr]    Compiling clap v3.2.17
[INFO] [stderr]    Compiling futures-executor v0.3.30
[INFO] [stderr]    Compiling futures v0.3.30
[INFO] [stderr]    Compiling url v2.5.0
[INFO] [stderr]    Compiling chrono v0.4.31
[INFO] [stderr]    Compiling uuid v0.8.2
[INFO] [stderr]    Compiling serde_urlencoded v0.7.1
[INFO] [stderr]    Compiling tokio-util v0.7.3
[INFO] [stderr]    Compiling tokio-stream v0.1.9
[INFO] [stderr]    Compiling tokio-socks v0.5.1
[INFO] [stderr]    Compiling debugid v0.7.3
[INFO] [stderr]    Compiling hickory-proto v0.24.0
[INFO] [stderr]    Compiling tungstenite v0.20.1
[INFO] [stderr]    Compiling fast-socks5 v0.8.2
[INFO] [stderr]    Compiling fast-socks5 v0.9.2
[INFO] [stderr]    Compiling tokio-tungstenite v0.20.1
[INFO] [stderr]    Compiling h2 v0.3.21
[INFO] [stderr]    Compiling webdriver v0.46.0
[INFO] [stderr]    Compiling sentry-types v0.23.0
[INFO] [stderr]    Compiling hickory-resolver v0.24.0
[INFO] [stderr]    Compiling sentry-core v0.23.0
[INFO] [stderr]    Compiling sentry-backtrace v0.23.0
[INFO] [stderr]    Compiling sentry-panic v0.23.0
[INFO] [stderr]    Compiling hyper v0.14.27
[INFO] [stderr]    Compiling warp v0.3.6
[INFO] [stderr]    Compiling tokio-native-tls v0.3.0
[INFO] [stderr]    Compiling async-native-tls v0.4.0
[INFO] [stderr]    Compiling hyper-tls v0.5.0
[INFO] [stderr]    Compiling async-smtp v0.6.0
[INFO] [stderr]    Compiling reqwest v0.11.23
[INFO] [stderr]    Compiling fantoccini v0.19.3
[INFO] [stderr]    Compiling pwned v0.5.0
[INFO] [stderr]    Compiling sentry v0.23.0
[INFO] [stderr]    Compiling check-if-email-exists v0.9.1 (/opt/rustwide/workdir/core)
[INFO] [stderr]    Compiling reacher_backend v0.7.0 (/opt/rustwide/workdir/backend)
[INFO] [stdout] warning: field `0` is never read
[INFO] [stdout]   --> backend/src/sentry_util.rs:67:7
[INFO] [stdout]    |
[INFO] [stdout] 67 |     Misc(&'a MiscError),
[INFO] [stdout]    |     ---- ^^^^^^^^^^^^^
[INFO] [stdout]    |     |
[INFO] [stdout]    |     field in this variant
[INFO] [stdout]    |
[INFO] [stdout]    = note: `SentryError` has a derived impl for the trait `Debug`, but this is intentionally ignored during dead code analysis
[INFO] [stdout]    = note: `#[warn(dead_code)]` on by default
[INFO] [stdout] help: consider changing the field to be of unit type to suppress this warning while preserving the field numbering, or remove the field
[INFO] [stdout]    |
[INFO] [stdout] 67 |     Misc(()),
[INFO] [stdout]    |          ~~
[INFO] [stdout] 
[INFO] [stdout] 
[INFO] [stdout] warning: field `0` is never read
[INFO] [stdout]   --> backend/src/sentry_util.rs:68:5
[INFO] [stdout]    |
[INFO] [stdout] 68 |     Mx(&'a MxError),
[INFO] [stdout]    |     -- ^^^^^^^^^^^
[INFO] [stdout]    |     |
[INFO] [stdout]    |     field in this variant
[INFO] [stdout]    |
[INFO] [stdout]    = note: `SentryError` has a derived impl for the trait `Debug`, but this is intentionally ignored during dead code analysis
[INFO] [stdout] help: consider changing the field to be of unit type to suppress this warning while preserving the field numbering, or remove the field
[INFO] [stdout]    |
[INFO] [stdout] 68 |     Mx(()),
[INFO] [stdout]    |        ~~
[INFO] [stdout] 
[INFO] [stdout] 
[INFO] [stdout] warning: field `0` is never read
[INFO] [stdout]   --> backend/src/sentry_util.rs:69:7
[INFO] [stdout]    |
[INFO] [stdout] 69 |     Smtp(&'a SmtpError),
[INFO] [stdout]    |     ---- ^^^^^^^^^^^^^
[INFO] [stdout]    |     |
[INFO] [stdout]    |     field in this variant
[INFO] [stdout]    |
[INFO] [stdout]    = note: `SentryError` has a derived impl for the trait `Debug`, but this is intentionally ignored during dead code analysis
[INFO] [stdout] help: consider changing the field to be of unit type to suppress this warning while preserving the field numbering, or remove the field
[INFO] [stdout]    |
[INFO] [stdout] 69 |     Smtp(()),
[INFO] [stdout]    |          ~~
[INFO] [stdout] 
[INFO] [stdout] 
[INFO] [stderr]    Compiling check-if-email-exists-cli v0.9.1 (/opt/rustwide/workdir/cli)
[INFO] [stderr]     Finished `dev` profile [unoptimized + debuginfo] target(s) in 3m 23s
[INFO] running `Command { std: "docker" "inspect" "adfa9ffc8d93b9600f2afe52e9042322dc5f5c24302b07d6e5ee97f85343f556", kill_on_drop: false }`
[INFO] running `Command { std: "docker" "rm" "-f" "adfa9ffc8d93b9600f2afe52e9042322dc5f5c24302b07d6e5ee97f85343f556", kill_on_drop: false }`
[INFO] [stdout] adfa9ffc8d93b9600f2afe52e9042322dc5f5c24302b07d6e5ee97f85343f556
[INFO] running `Command { std: "docker" "create" "-v" "/var/lib/crater-agent-workspace/builds/worker-4-tc2/target:/opt/rustwide/target:rw,Z" "-v" "/var/lib/crater-agent-workspace/builds/worker-4-tc2/source:/opt/rustwide/workdir:ro,Z" "-v" "/var/lib/crater-agent-workspace/cargo-home:/opt/rustwide/cargo-home:ro,Z" "-v" "/var/lib/crater-agent-workspace/rustup-home:/opt/rustwide/rustup-home:ro,Z" "-e" "SOURCE_DIR=/opt/rustwide/workdir" "-e" "CARGO_TARGET_DIR=/opt/rustwide/target" "-e" "CARGO_INCREMENTAL=0" "-e" "RUST_BACKTRACE=full" "-e" "RUSTFLAGS=--cap-lints=forbid -Zrandomize-layout" "-e" "RUSTDOCFLAGS=--cap-lints=forbid" "-e" "CARGO_HOME=/opt/rustwide/cargo-home" "-e" "RUSTUP_HOME=/opt/rustwide/rustup-home" "-w" "/opt/rustwide/workdir" "-m" "1610612736" "--user" "0:0" "--network" "none" "ghcr.io/rust-lang/crates-build-env/linux@sha256:819108c5571ea2e421544af4d832f968d213c87fbe3707a016657f43d2f853bc" "/opt/rustwide/cargo-home/bin/cargo" "+nightly-2025-01-18" "test" "--frozen" "--no-run" "--message-format=json", kill_on_drop: false }`
[INFO] [stdout] 48b632e62ccccd795461db7829e545f0ba538c7851f46514999e393894a8cabc
[INFO] running `Command { std: "docker" "start" "-a" "48b632e62ccccd795461db7829e545f0ba538c7851f46514999e393894a8cabc", kill_on_drop: false }`
[INFO] [stderr] warning: profiles for the non root package will be ignored, specify profiles at the workspace root:
[INFO] [stderr] package:   /opt/rustwide/workdir/cli/Cargo.toml
[INFO] [stderr] workspace: /opt/rustwide/workdir/Cargo.toml
[INFO] [stderr]    Compiling check-if-email-exists v0.9.1 (/opt/rustwide/workdir/core)
[INFO] [stdout] warning: field `0` is never read
[INFO] [stdout]   --> backend/src/sentry_util.rs:67:7
[INFO] [stdout]    |
[INFO] [stdout] 67 |     Misc(&'a MiscError),
[INFO] [stdout]    |     ---- ^^^^^^^^^^^^^
[INFO] [stdout]    |     |
[INFO] [stdout]    |     field in this variant
[INFO] [stdout]    |
[INFO] [stdout]    = note: `SentryError` has a derived impl for the trait `Debug`, but this is intentionally ignored during dead code analysis
[INFO] [stdout]    = note: `#[warn(dead_code)]` on by default
[INFO] [stdout] help: consider changing the field to be of unit type to suppress this warning while preserving the field numbering, or remove the field
[INFO] [stdout]    |
[INFO] [stdout] 67 |     Misc(()),
[INFO] [stdout]    |          ~~
[INFO] [stdout] 
[INFO] [stdout] 
[INFO] [stdout] warning: field `0` is never read
[INFO] [stdout]   --> backend/src/sentry_util.rs:68:5
[INFO] [stdout]    |
[INFO] [stdout] 68 |     Mx(&'a MxError),
[INFO] [stdout]    |     -- ^^^^^^^^^^^
[INFO] [stdout]    |     |
[INFO] [stdout]    |     field in this variant
[INFO] [stdout]    |
[INFO] [stdout]    = note: `SentryError` has a derived impl for the trait `Debug`, but this is intentionally ignored during dead code analysis
[INFO] [stdout] help: consider changing the field to be of unit type to suppress this warning while preserving the field numbering, or remove the field
[INFO] [stdout]    |
[INFO] [stdout] 68 |     Mx(()),
[INFO] [stdout]    |        ~~
[INFO] [stdout] 
[INFO] [stdout] 
[INFO] [stdout] warning: field `0` is never read
[INFO] [stdout]   --> backend/src/sentry_util.rs:69:7
[INFO] [stdout]    |
[INFO] [stdout] 69 |     Smtp(&'a SmtpError),
[INFO] [stdout]    |     ---- ^^^^^^^^^^^^^
[INFO] [stdout]    |     |
[INFO] [stdout]    |     field in this variant
[INFO] [stdout]    |
[INFO] [stdout]    = note: `SentryError` has a derived impl for the trait `Debug`, but this is intentionally ignored during dead code analysis
[INFO] [stdout] help: consider changing the field to be of unit type to suppress this warning while preserving the field numbering, or remove the field
[INFO] [stdout]    |
[INFO] [stdout] 69 |     Smtp(()),
[INFO] [stdout]    |          ~~
[INFO] [stdout] 
[INFO] [stdout] 
[INFO] [stderr]    Compiling reacher_backend v0.7.0 (/opt/rustwide/workdir/backend)
[INFO] [stderr]    Compiling check-if-email-exists-cli v0.9.1 (/opt/rustwide/workdir/cli)
[INFO] [stdout] warning: field `0` is never read
[INFO] [stdout]   --> backend/src/sentry_util.rs:67:7
[INFO] [stdout]    |
[INFO] [stdout] 67 |     Misc(&'a MiscError),
[INFO] [stdout]    |     ---- ^^^^^^^^^^^^^
[INFO] [stdout]    |     |
[INFO] [stdout]    |     field in this variant
[INFO] [stdout]    |
[INFO] [stdout]    = note: `SentryError` has a derived impl for the trait `Debug`, but this is intentionally ignored during dead code analysis
[INFO] [stdout]    = note: `#[warn(dead_code)]` on by default
[INFO] [stdout] help: consider changing the field to be of unit type to suppress this warning while preserving the field numbering, or remove the field
[INFO] [stdout]    |
[INFO] [stdout] 67 |     Misc(()),
[INFO] [stdout]    |          ~~
[INFO] [stdout] 
[INFO] [stdout] 
[INFO] [stdout] warning: field `0` is never read
[INFO] [stdout]   --> backend/src/sentry_util.rs:68:5
[INFO] [stdout]    |
[INFO] [stdout] 68 |     Mx(&'a MxError),
[INFO] [stdout]    |     -- ^^^^^^^^^^^
[INFO] [stdout]    |     |
[INFO] [stdout]    |     field in this variant
[INFO] [stdout]    |
[INFO] [stdout]    = note: `SentryError` has a derived impl for the trait `Debug`, but this is intentionally ignored during dead code analysis
[INFO] [stdout] help: consider changing the field to be of unit type to suppress this warning while preserving the field numbering, or remove the field
[INFO] [stdout]    |
[INFO] [stdout] 68 |     Mx(()),
[INFO] [stdout]    |        ~~
[INFO] [stdout] 
[INFO] [stdout] 
[INFO] [stdout] warning: field `0` is never read
[INFO] [stdout]   --> backend/src/sentry_util.rs:69:7
[INFO] [stdout]    |
[INFO] [stdout] 69 |     Smtp(&'a SmtpError),
[INFO] [stdout]    |     ---- ^^^^^^^^^^^^^
[INFO] [stdout]    |     |
[INFO] [stdout]    |     field in this variant
[INFO] [stdout]    |
[INFO] [stdout]    = note: `SentryError` has a derived impl for the trait `Debug`, but this is intentionally ignored during dead code analysis
[INFO] [stdout] help: consider changing the field to be of unit type to suppress this warning while preserving the field numbering, or remove the field
[INFO] [stdout]    |
[INFO] [stdout] 69 |     Smtp(()),
[INFO] [stdout]    |          ~~
[INFO] [stdout] 
[INFO] [stdout] 
[INFO] [stderr]     Finished `test` profile [unoptimized + debuginfo] target(s) in 8.94s
[INFO] running `Command { std: "docker" "inspect" "48b632e62ccccd795461db7829e545f0ba538c7851f46514999e393894a8cabc", kill_on_drop: false }`
[INFO] running `Command { std: "docker" "rm" "-f" "48b632e62ccccd795461db7829e545f0ba538c7851f46514999e393894a8cabc", kill_on_drop: false }`
[INFO] [stdout] 48b632e62ccccd795461db7829e545f0ba538c7851f46514999e393894a8cabc
[INFO] running `Command { std: "docker" "create" "-v" "/var/lib/crater-agent-workspace/builds/worker-4-tc2/target:/opt/rustwide/target:rw,Z" "-v" "/var/lib/crater-agent-workspace/builds/worker-4-tc2/source:/opt/rustwide/workdir:ro,Z" "-v" "/var/lib/crater-agent-workspace/cargo-home:/opt/rustwide/cargo-home:ro,Z" "-v" "/var/lib/crater-agent-workspace/rustup-home:/opt/rustwide/rustup-home:ro,Z" "-e" "SOURCE_DIR=/opt/rustwide/workdir" "-e" "CARGO_TARGET_DIR=/opt/rustwide/target" "-e" "CARGO_INCREMENTAL=0" "-e" "RUST_BACKTRACE=full" "-e" "RUSTFLAGS=--cap-lints=forbid -Zrandomize-layout" "-e" "RUSTDOCFLAGS=--cap-lints=forbid" "-e" "CARGO_HOME=/opt/rustwide/cargo-home" "-e" "RUSTUP_HOME=/opt/rustwide/rustup-home" "-w" "/opt/rustwide/workdir" "-m" "1610612736" "--user" "0:0" "--network" "none" "ghcr.io/rust-lang/crates-build-env/linux@sha256:819108c5571ea2e421544af4d832f968d213c87fbe3707a016657f43d2f853bc" "/opt/rustwide/cargo-home/bin/cargo" "+nightly-2025-01-18" "test" "--frozen", kill_on_drop: false }`
[INFO] [stdout] c4fc5c01a79880abf7425ce193f58462f4de5102c22dbc61bc54ff20ce6fb5be
[INFO] running `Command { std: "docker" "start" "-a" "c4fc5c01a79880abf7425ce193f58462f4de5102c22dbc61bc54ff20ce6fb5be", kill_on_drop: false }`
[INFO] [stderr] warning: profiles for the non root package will be ignored, specify profiles at the workspace root:
[INFO] [stderr] package:   /opt/rustwide/workdir/cli/Cargo.toml
[INFO] [stderr] workspace: /opt/rustwide/workdir/Cargo.toml
[INFO] [stderr] warning: field `0` is never read
[INFO] [stderr]   --> backend/src/sentry_util.rs:67:7
[INFO] [stderr]    |
[INFO] [stderr] 67 |     Misc(&'a MiscError),
[INFO] [stderr]    |     ---- ^^^^^^^^^^^^^
[INFO] [stderr]    |     |
[INFO] [stderr]    |     field in this variant
[INFO] [stderr]    |
[INFO] [stderr]    = note: `SentryError` has a derived impl for the trait `Debug`, but this is intentionally ignored during dead code analysis
[INFO] [stderr]    = note: `#[warn(dead_code)]` on by default
[INFO] [stderr] help: consider changing the field to be of unit type to suppress this warning while preserving the field numbering, or remove the field
[INFO] [stderr]    |
[INFO] [stderr] 67 |     Misc(()),
[INFO] [stderr]    |          ~~
[INFO] [stderr] 
[INFO] [stderr] warning: field `0` is never read
[INFO] [stderr]   --> backend/src/sentry_util.rs:68:5
[INFO] [stderr]    |
[INFO] [stderr] 68 |     Mx(&'a MxError),
[INFO] [stderr]    |     -- ^^^^^^^^^^^
[INFO] [stderr]    |     |
[INFO] [stderr]    |     field in this variant
[INFO] [stderr]    |
[INFO] [stderr]    = note: `SentryError` has a derived impl for the trait `Debug`, but this is intentionally ignored during dead code analysis
[INFO] [stderr] help: consider changing the field to be of unit type to suppress this warning while preserving the field numbering, or remove the field
[INFO] [stderr]    |
[INFO] [stderr] 68 |     Mx(()),
[INFO] [stderr]    |        ~~
[INFO] [stderr] 
[INFO] [stderr] warning: field `0` is never read
[INFO] [stderr]   --> backend/src/sentry_util.rs:69:7
[INFO] [stderr]    |
[INFO] [stderr] 69 |     Smtp(&'a SmtpError),
[INFO] [stderr]    |     ---- ^^^^^^^^^^^^^
[INFO] [stderr]    |     |
[INFO] [stderr]    |     field in this variant
[INFO] [stderr]    |
[INFO] [stderr]    = note: `SentryError` has a derived impl for the trait `Debug`, but this is intentionally ignored during dead code analysis
[INFO] [stderr] help: consider changing the field to be of unit type to suppress this warning while preserving the field numbering, or remove the field
[INFO] [stderr]    |
[INFO] [stderr] 69 |     Smtp(()),
[INFO] [stderr]    |          ~~
[INFO] [stderr] 
[INFO] [stderr] warning: `reacher_backend` (lib) generated 3 warnings
[INFO] [stderr] warning: `reacher_backend` (lib test) generated 3 warnings (3 duplicates)
[INFO] [stderr]     Finished `test` profile [unoptimized + debuginfo] target(s) in 0.53s
[INFO] [stderr]      Running unittests src/lib.rs (/opt/rustwide/target/debug/deps/check_if_email_exists-551074397ee2a367)
[INFO] [stdout] 
[INFO] [stdout] running 20 tests
[INFO] [stdout] test smtp::gmail::tests::should_return_is_deliverable_true ... ignored
[INFO] [stdout] test smtp::outlook::headless::tests::test_hotmail_address ... ignored, Run a webdriver server locally to test this
[INFO] [stdout] test smtp::outlook::headless::tests::test_parallel ... ignored, Run a webdriver server locally to test this
[INFO] [stdout] test smtp::parser::tests::test_is_err_ip_blacklisted ... ok
[INFO] [stdout] test smtp::outlook::microsoft365::tests::test_onedrive_url ... ok
[INFO] [stdout] test smtp::yahoo::headless::tests::test_yahoo_address ... ignored, Run a webdriver server locally to test this
[INFO] [stdout] test smtp::parser::tests::test_is_invalid ... ok
[INFO] [stdout] test syntax::normalize::tests::test_gmail_removes_subaddress ... ok
[INFO] [stdout] test smtp::connect::tests::should_skip_catch_all ... ok
[INFO] [stdout] test syntax::normalize::tests::test_gmail_uses_gmail_com ... ok
[INFO] [stdout] test syntax::tests::should_return_invalid_for_invalid_email ... ok
[INFO] [stdout] test syntax::normalize::tests::test_gmail_idempotent ... ok
[INFO] [stdout] test syntax::tests::should_return_invalid_for_invalid_email_with_at ... ok
[INFO] [stdout] test syntax::normalize::tests::test_gmail ... ok
[INFO] [stdout] test syntax::normalize::tests::test_gmail_removes_periods ... ok
[INFO] [stdout] test syntax::tests::should_suggest_a_correct_mail_if_similar ... ok
[INFO] [stdout] test util::input_output::tests::should_serialize_correctly ... ok
[INFO] [stdout] test syntax::tests::should_work_for_valid_email ... ok
[INFO] [stdout] test smtp::tests::should_skip_domains ... ok
[INFO] [stdout] test smtp::tests::should_timeout ... ok
[INFO] [stdout] 
[INFO] [stdout] test result: ok. 16 passed; 0 failed; 4 ignored; 0 measured; 0 filtered out; finished in 0.07s
[INFO] [stdout] 
[INFO] [stderr]      Running unittests src/main.rs (/opt/rustwide/target/debug/deps/check_if_email_exists-0b79f41ec2fb069b)
[INFO] [stderr]      Running unittests src/lib.rs (/opt/rustwide/target/debug/deps/reacher_backend-099d1d3b168684e8)
[INFO] [stdout] 
[INFO] [stdout] running 0 tests
[INFO] [stdout] 
[INFO] [stdout] test result: ok. 0 passed; 0 failed; 0 ignored; 0 measured; 0 filtered out; finished in 0.00s
[INFO] [stdout] 
[INFO] [stdout] 
[INFO] [stdout] running 2 tests
[INFO] [stdout] test sentry_util::tests::test_redact ... ok
[INFO] [stderr]      Running unittests src/main.rs (/opt/rustwide/target/debug/deps/reacher_backend-b6af70fa7b24ec10)
[INFO] [stdout] test http::version::get::tests::test_get_version ... ok
[INFO] [stdout] 
[INFO] [stdout] test result: ok. 2 passed; 0 failed; 0 ignored; 0 measured; 0 filtered out; finished in 0.00s
[INFO] [stdout] 
[INFO] [stderr]      Running tests/check_email.rs (/opt/rustwide/target/debug/deps/check_email-4a193ce47bd998c7)
[INFO] [stdout] 
[INFO] [stdout] running 0 tests
[INFO] [stdout] 
[INFO] [stdout] test result: ok. 0 passed; 0 failed; 0 ignored; 0 measured; 0 filtered out; finished in 0.00s
[INFO] [stdout] 
[INFO] [stdout] 
[INFO] [stdout] running 7 tests
[INFO] [stdout] test test_reacher_secret_correct_secret ... ok
[INFO] [stdout] test test_input_foo_bar ... ok
[INFO] [stdout] test test_reacher_secret_wrong_secret ... ok
[INFO] [stdout] test test_reacher_to_mail_empty ... ok
[INFO] [stdout] test test_reacher_secret_missing_header ... ok
[INFO] [stdout] test test_reacher_to_mail_missing ... ok
[INFO] [stdout] test test_input_foo_bar_baz ... FAILED
[INFO] [stdout] 
[INFO] [stdout] failures:
[INFO] [stdout] 
[INFO] [stdout] ---- test_input_foo_bar_baz stdout ----
[INFO] [stdout] 
[INFO] [stdout] thread 'test_input_foo_bar_baz' panicked at backend/tests/check_email.rs:57:5:
[INFO] [stdout] assertion failed: resp.body().starts_with(FOO_BAR_BAZ_RESPONSE.as_bytes())
[INFO] [stdout] stack backtrace:
[INFO] [stdout]    0:     0x5e2f27c3927a - std::backtrace_rs::backtrace::libunwind::trace::hb059275cfc8d6126
[INFO] [stdout]                                at /rustc/6067b36314ab5eb2eb47cecc464545ba58e1ad24/library/std/src/../../backtrace/src/backtrace/libunwind.rs:116:5
[INFO] [stdout]    1:     0x5e2f27c3927a - std::backtrace_rs::backtrace::trace_unsynchronized::h2da071e4327ce3ee
[INFO] [stdout]                                at /rustc/6067b36314ab5eb2eb47cecc464545ba58e1ad24/library/std/src/../../backtrace/src/backtrace/mod.rs:66:5
[INFO] [stdout]    2:     0x5e2f27c3927a - std::sys::backtrace::_print_fmt::h842a1474e6f8d23f
[INFO] [stdout]                                at /rustc/6067b36314ab5eb2eb47cecc464545ba58e1ad24/library/std/src/sys/backtrace.rs:66:9
[INFO] [stdout]    3:     0x5e2f27c3927a - <std::sys::backtrace::BacktraceLock::print::DisplayBacktrace as core::fmt::Display>::fmt::h71a62eb3b9696b12
[INFO] [stdout]                                at /rustc/6067b36314ab5eb2eb47cecc464545ba58e1ad24/library/std/src/sys/backtrace.rs:39:26
[INFO] [stdout]    4:     0x5e2f27c66263 - core::fmt::rt::Argument::fmt::hdb6b616786b41dc1
[INFO] [stdout]                                at /rustc/6067b36314ab5eb2eb47cecc464545ba58e1ad24/library/core/src/fmt/rt.rs:177:76
[INFO] [stdout]    5:     0x5e2f27c66263 - core::fmt::write::h2cc1698af7e2d686
[INFO] [stdout]                                at /rustc/6067b36314ab5eb2eb47cecc464545ba58e1ad24/library/core/src/fmt/mod.rs:1440:21
[INFO] [stdout]    6:     0x5e2f27c35083 - std::io::Write::write_fmt::hab1b4cd059a79022
[INFO] [stdout]                                at /rustc/6067b36314ab5eb2eb47cecc464545ba58e1ad24/library/std/src/io/mod.rs:1887:15
[INFO] [stdout]    7:     0x5e2f27c390c2 - std::sys::backtrace::BacktraceLock::print::h147fe35b4ea13b08
[INFO] [stdout]                                at /rustc/6067b36314ab5eb2eb47cecc464545ba58e1ad24/library/std/src/sys/backtrace.rs:42:9
[INFO] [stdout]    8:     0x5e2f27c3a69f - std::panicking::default_hook::{{closure}}::hbd44223dbdc0d208
[INFO] [stdout]                                at /rustc/6067b36314ab5eb2eb47cecc464545ba58e1ad24/library/std/src/panicking.rs:298:22
[INFO] [stdout]    9:     0x5e2f27c3a4b8 - std::panicking::default_hook::h20f81eb0576efcec
[INFO] [stdout]                                at /rustc/6067b36314ab5eb2eb47cecc464545ba58e1ad24/library/std/src/panicking.rs:322:9
[INFO] [stdout]   10:     0x5e2f26ecb0a3 - <alloc::boxed::Box<F,A> as core::ops::function::Fn<Args>>::call::hdb53814c496a4d34
[INFO] [stdout]                                at /rustc/6067b36314ab5eb2eb47cecc464545ba58e1ad24/library/alloc/src/boxed.rs:2027:9
[INFO] [stdout]   11:     0x5e2f26ecb0a3 - test::test_main::{{closure}}::hc0a4963c59427c24
[INFO] [stdout]                                at /rustc/6067b36314ab5eb2eb47cecc464545ba58e1ad24/library/test/src/lib.rs:134:21
[INFO] [stdout]   12:     0x5e2f27c3b193 - <alloc::boxed::Box<F,A> as core::ops::function::Fn<Args>>::call::h591b2225413a77e9
[INFO] [stdout]                                at /rustc/6067b36314ab5eb2eb47cecc464545ba58e1ad24/library/alloc/src/boxed.rs:2027:9
[INFO] [stdout]   13:     0x5e2f27c3b193 - std::panicking::rust_panic_with_hook::h625eea43051b2edc
[INFO] [stdout]                                at /rustc/6067b36314ab5eb2eb47cecc464545ba58e1ad24/library/std/src/panicking.rs:839:13
[INFO] [stdout]   14:     0x5e2f27c3ae16 - std::panicking::begin_panic_handler::{{closure}}::h4f9159cfbc3f6bd3
[INFO] [stdout]                                at /rustc/6067b36314ab5eb2eb47cecc464545ba58e1ad24/library/std/src/panicking.rs:697:13
[INFO] [stdout]   15:     0x5e2f27c39779 - std::sys::backtrace::__rust_end_short_backtrace::h0390abce48353151
[INFO] [stdout]                                at /rustc/6067b36314ab5eb2eb47cecc464545ba58e1ad24/library/std/src/sys/backtrace.rs:168:18
[INFO] [stdout]   16:     0x5e2f27c3aadd - rust_begin_unwind
[INFO] [stdout]                                at /rustc/6067b36314ab5eb2eb47cecc464545ba58e1ad24/library/std/src/panicking.rs:695:5
[INFO] [stdout]   17:     0x5e2f27c63b10 - core::panicking::panic_fmt::h9e7c637e9e5f29c9
[INFO] [stdout]                                at /rustc/6067b36314ab5eb2eb47cecc464545ba58e1ad24/library/core/src/panicking.rs:75:14
[INFO] [stdout]   18:     0x5e2f27c63b9c - core::panicking::panic::haa3255ea20181a33
[INFO] [stdout]                                at /rustc/6067b36314ab5eb2eb47cecc464545ba58e1ad24/library/core/src/panicking.rs:145:5
[INFO] [stdout]   19:     0x5e2f26e5d801 - check_email::test_input_foo_bar_baz::{{closure}}::h5e928134344b7803
[INFO] [stdout]                                at /opt/rustwide/workdir/backend/tests/check_email.rs:57:2
[INFO] [stdout]   20:     0x5e2f26d4ba72 - <core::pin::Pin<P> as core::future::future::Future>::poll::h71090caf12550f11
[INFO] [stdout]                                at /rustc/6067b36314ab5eb2eb47cecc464545ba58e1ad24/library/core/src/future/future.rs:124:9
[INFO] [stdout]   21:     0x5e2f26d4b88d - <core::pin::Pin<P> as core::future::future::Future>::poll::h3261a49f47deaf79
[INFO] [stdout]                                at /rustc/6067b36314ab5eb2eb47cecc464545ba58e1ad24/library/core/src/future/future.rs:124:9
[INFO] [stdout]   22:     0x5e2f26d260ff - tokio::runtime::scheduler::current_thread::CoreGuard::block_on::{{closure}}::{{closure}}::{{closure}}::haf34a7dfc08a98af
[INFO] [stdout]                                at /opt/rustwide/cargo-home/registry/src/index.crates.io-1949cf8c6b5b557f/tokio-1.35.1/src/runtime/scheduler/current_thread/mod.rs:665:57
[INFO] [stdout]   23:     0x5e2f26d26045 - tokio::runtime::coop::with_budget::hbf6106983cadcaba
[INFO] [stdout]                                at /opt/rustwide/cargo-home/registry/src/index.crates.io-1949cf8c6b5b557f/tokio-1.35.1/src/runtime/coop.rs:107:5
[INFO] [stdout]   24:     0x5e2f26d26045 - tokio::runtime::coop::budget::had3338008ae6f4b4
[INFO] [stdout]                                at /opt/rustwide/cargo-home/registry/src/index.crates.io-1949cf8c6b5b557f/tokio-1.35.1/src/runtime/coop.rs:73:5
[INFO] [stdout]   25:     0x5e2f26d26045 - tokio::runtime::scheduler::current_thread::CoreGuard::block_on::{{closure}}::{{closure}}::hbcbd7bad1e75f556
[INFO] [stdout]                                at /opt/rustwide/cargo-home/registry/src/index.crates.io-1949cf8c6b5b557f/tokio-1.35.1/src/runtime/scheduler/current_thread/mod.rs:665:25
[INFO] [stdout]   26:     0x5e2f26d24b20 - tokio::runtime::scheduler::current_thread::Context::enter::h6e3132f88441a103
[INFO] [stdout]                                at /opt/rustwide/cargo-home/registry/src/index.crates.io-1949cf8c6b5b557f/tokio-1.35.1/src/runtime/scheduler/current_thread/mod.rs:410:19
[INFO] [stdout]   27:     0x5e2f26d258c7 - tokio::runtime::scheduler::current_thread::CoreGuard::block_on::{{closure}}::h820e67ae80923aa2
[INFO] [stdout]                                at /opt/rustwide/cargo-home/registry/src/index.crates.io-1949cf8c6b5b557f/tokio-1.35.1/src/runtime/scheduler/current_thread/mod.rs:664:36
[INFO] [stdout]   28:     0x5e2f26d25634 - tokio::runtime::scheduler::current_thread::CoreGuard::enter::{{closure}}::h11aa213e35fb67e8
[INFO] [stdout]                                at /opt/rustwide/cargo-home/registry/src/index.crates.io-1949cf8c6b5b557f/tokio-1.35.1/src/runtime/scheduler/current_thread/mod.rs:743:68
[INFO] [stdout]   29:     0x5e2f26d2164b - tokio::runtime::context::scoped::Scoped<T>::set::h66698e76d7f5cf12
[INFO] [stdout]                                at /opt/rustwide/cargo-home/registry/src/index.crates.io-1949cf8c6b5b557f/tokio-1.35.1/src/runtime/context/scoped.rs:40:9
[INFO] [stdout]   30:     0x5e2f26e088c9 - tokio::runtime::context::set_scheduler::{{closure}}::hbc50a148700492b8
[INFO] [stdout]                                at /opt/rustwide/cargo-home/registry/src/index.crates.io-1949cf8c6b5b557f/tokio-1.35.1/src/runtime/context.rs:176:26
[INFO] [stdout]   31:     0x5e2f26e675c2 - std::thread::local::LocalKey<T>::try_with::he834b6a6d2c156f6
[INFO] [stdout]                                at /rustc/6067b36314ab5eb2eb47cecc464545ba58e1ad24/library/std/src/thread/local.rs:308:12
[INFO] [stdout]   32:     0x5e2f26e648fa - std::thread::local::LocalKey<T>::with::h0b1079eb4aac307f
[INFO] [stdout]                                at /rustc/6067b36314ab5eb2eb47cecc464545ba58e1ad24/library/std/src/thread/local.rs:272:9
[INFO] [stdout]   33:     0x5e2f26e0887d - tokio::runtime::context::set_scheduler::hba960eecee7cd546
[INFO] [stdout]                                at /opt/rustwide/cargo-home/registry/src/index.crates.io-1949cf8c6b5b557f/tokio-1.35.1/src/runtime/context.rs:176:9
[INFO] [stdout]   34:     0x5e2f26d253e8 - tokio::runtime::scheduler::current_thread::CoreGuard::enter::hfbade5043130d753
[INFO] [stdout]                                at /opt/rustwide/cargo-home/registry/src/index.crates.io-1949cf8c6b5b557f/tokio-1.35.1/src/runtime/scheduler/current_thread/mod.rs:743:27
[INFO] [stdout]   35:     0x5e2f26d25653 - tokio::runtime::scheduler::current_thread::CoreGuard::block_on::hb6999e53d15e501f
[INFO] [stdout]                                at /opt/rustwide/cargo-home/registry/src/index.crates.io-1949cf8c6b5b557f/tokio-1.35.1/src/runtime/scheduler/current_thread/mod.rs:652:19
[INFO] [stdout]   36:     0x5e2f26d2185d - tokio::runtime::scheduler::current_thread::CurrentThread::block_on::{{closure}}::h868d85403327985e
[INFO] [stdout]                                at /opt/rustwide/cargo-home/registry/src/index.crates.io-1949cf8c6b5b557f/tokio-1.35.1/src/runtime/scheduler/current_thread/mod.rs:175:28
[INFO] [stdout]   37:     0x5e2f26dc59b6 - tokio::runtime::context::runtime::enter_runtime::h74bc198a91b5bf9d
[INFO] [stdout]                                at /opt/rustwide/cargo-home/registry/src/index.crates.io-1949cf8c6b5b557f/tokio-1.35.1/src/runtime/context/runtime.rs:65:16
[INFO] [stdout]   38:     0x5e2f26d21771 - tokio::runtime::scheduler::current_thread::CurrentThread::block_on::h7c805cf1c4ddb71c
[INFO] [stdout]                                at /opt/rustwide/cargo-home/registry/src/index.crates.io-1949cf8c6b5b557f/tokio-1.35.1/src/runtime/scheduler/current_thread/mod.rs:167:9
[INFO] [stdout]   39:     0x5e2f26e595ee - tokio::runtime::runtime::Runtime::block_on::hffa5ed5bb4844db7
[INFO] [stdout]                                at /opt/rustwide/cargo-home/registry/src/index.crates.io-1949cf8c6b5b557f/tokio-1.35.1/src/runtime/runtime.rs:348:47
[INFO] [stdout]   40:     0x5e2f26e5d095 - check_email::test_input_foo_bar_baz::h1e9c9bb01ab69622
[INFO] [stdout]                                at /opt/rustwide/workdir/backend/tests/check_email.rs:57:2
[INFO] [stdout]   41:     0x5e2f26e5cf37 - check_email::test_input_foo_bar_baz::{{closure}}::h1c9360f1c5e81ab8
[INFO] [stdout]                                at /opt/rustwide/workdir/backend/tests/check_email.rs:45:34
[INFO] [stdout]   42:     0x5e2f26d53416 - core::ops::function::FnOnce::call_once::h1b6e80a158ed6309
[INFO] [stdout]                                at /rustc/6067b36314ab5eb2eb47cecc464545ba58e1ad24/library/core/src/ops/function.rs:250:5
[INFO] [stdout]   43:     0x5e2f26ed07fb - core::ops::function::FnOnce::call_once::he27718dfdd183f43
[INFO] [stdout]                                at /rustc/6067b36314ab5eb2eb47cecc464545ba58e1ad24/library/core/src/ops/function.rs:250:5
[INFO] [stdout]   44:     0x5e2f26ed07fb - test::__rust_begin_short_backtrace::h4e84902998457a5d
[INFO] [stdout]                                at /rustc/6067b36314ab5eb2eb47cecc464545ba58e1ad24/library/test/src/lib.rs:632:18
[INFO] [stdout]   45:     0x5e2f26ecf733 - test::run_test_in_process::{{closure}}::h7176fd18fc1feca0
[INFO] [stdout]                                at /rustc/6067b36314ab5eb2eb47cecc464545ba58e1ad24/library/test/src/lib.rs:655:60
[INFO] [stdout]   46:     0x5e2f26ecf733 - <core::panic::unwind_safe::AssertUnwindSafe<F> as core::ops::function::FnOnce<()>>::call_once::hf79cff2a624d8cf7
[INFO] [stdout]                                at /rustc/6067b36314ab5eb2eb47cecc464545ba58e1ad24/library/core/src/panic/unwind_safe.rs:272:9
[INFO] [stdout]   47:     0x5e2f26ecf733 - std::panicking::try::do_call::h3da0561d9ab99c25
[INFO] [stdout]                                at /rustc/6067b36314ab5eb2eb47cecc464545ba58e1ad24/library/std/src/panicking.rs:587:40
[INFO] [stdout]   48:     0x5e2f26ecf733 - std::panicking::try::h41c9fa508bc61df6
[INFO] [stdout]                                at /rustc/6067b36314ab5eb2eb47cecc464545ba58e1ad24/library/std/src/panicking.rs:550:19
[INFO] [stdout]   49:     0x5e2f26ecf733 - std::panic::catch_unwind::h6b3ff07bb5afad93
[INFO] [stdout]                                at /rustc/6067b36314ab5eb2eb47cecc464545ba58e1ad24/library/std/src/panic.rs:358:14
[INFO] [stdout]   50:     0x5e2f26ecf733 - test::run_test_in_process::hc7253dd11b39b9f4
[INFO] [stdout]                                at /rustc/6067b36314ab5eb2eb47cecc464545ba58e1ad24/library/test/src/lib.rs:655:27
[INFO] [stdout]   51:     0x5e2f26ecf733 - test::run_test::{{closure}}::hfb2007f8649c30bb
[INFO] [stdout]                                at /rustc/6067b36314ab5eb2eb47cecc464545ba58e1ad24/library/test/src/lib.rs:576:43
[INFO] [stdout]   52:     0x5e2f26e92815 - test::run_test::{{closure}}::h56a17aa7a282a9f4
[INFO] [stdout]                                at /rustc/6067b36314ab5eb2eb47cecc464545ba58e1ad24/library/test/src/lib.rs:606:41
[INFO] [stdout]   53:     0x5e2f26e92815 - std::sys::backtrace::__rust_begin_short_backtrace::hd2d2d2fb8e8c6aac
[INFO] [stdout]                                at /rustc/6067b36314ab5eb2eb47cecc464545ba58e1ad24/library/std/src/sys/backtrace.rs:152:18
[INFO] [stdout]   54:     0x5e2f26e960fa - std::thread::Builder::spawn_unchecked_::{{closure}}::{{closure}}::h4faa3f9db6133423
[INFO] [stdout]                                at /rustc/6067b36314ab5eb2eb47cecc464545ba58e1ad24/library/std/src/thread/mod.rs:559:17
[INFO] [stdout]   55:     0x5e2f26e960fa - <core::panic::unwind_safe::AssertUnwindSafe<F> as core::ops::function::FnOnce<()>>::call_once::hf2e855a36a4ea846
[INFO] [stdout]                                at /rustc/6067b36314ab5eb2eb47cecc464545ba58e1ad24/library/core/src/panic/unwind_safe.rs:272:9
[INFO] [stdout]   56:     0x5e2f26e960fa - std::panicking::try::do_call::h2f73af3616c35465
[INFO] [stdout]                                at /rustc/6067b36314ab5eb2eb47cecc464545ba58e1ad24/library/std/src/panicking.rs:587:40
[INFO] [stdout]   57:     0x5e2f26e960fa - std::panicking::try::hd1660ce9efadef5a
[INFO] [stdout]                                at /rustc/6067b36314ab5eb2eb47cecc464545ba58e1ad24/library/std/src/panicking.rs:550:19
[INFO] [stdout]   58:     0x5e2f26e960fa - std::panic::catch_unwind::h5ee8d7823b8ca744
[INFO] [stdout]                                at /rustc/6067b36314ab5eb2eb47cecc464545ba58e1ad24/library/std/src/panic.rs:358:14
[INFO] [stdout]   59:     0x5e2f26e960fa - std::thread::Builder::spawn_unchecked_::{{closure}}::h53c3a1894dce8407
[INFO] [stdout]                                at /rustc/6067b36314ab5eb2eb47cecc464545ba58e1ad24/library/std/src/thread/mod.rs:557:30
[INFO] [stdout]   60:     0x5e2f26e960fa - core::ops::function::FnOnce::call_once{{vtable.shim}}::h048ce291ad4f62bf
[INFO] [stdout]                                at /rustc/6067b36314ab5eb2eb47cecc464545ba58e1ad24/library/core/src/ops/function.rs:250:5
[INFO] [stdout]   61:     0x5e2f27c3f67b - <alloc::boxed::Box<F,A> as core::ops::function::FnOnce<Args>>::call_once::ha52bedf99a3b4981
[INFO] [stdout]                                at /rustc/6067b36314ab5eb2eb47cecc464545ba58e1ad24/library/alloc/src/boxed.rs:2013:9
[INFO] [stdout]   62:     0x5e2f27c3f67b - <alloc::boxed::Box<F,A> as core::ops::function::FnOnce<Args>>::call_once::h567748934d80ccf8
[INFO] [stdout]                                at /rustc/6067b36314ab5eb2eb47cecc464545ba58e1ad24/library/alloc/src/boxed.rs:2013:9
[INFO] [stdout]   63:     0x5e2f27c3f67b - std::sys::pal::unix::thread::Thread::new::thread_start::h2d970728ae887adc
[INFO] [stdout]                                at /rustc/6067b36314ab5eb2eb47cecc464545ba58e1ad24/library/std/src/sys/pal/unix/thread.rs:106:17
[INFO] [stdout]   64:     0x7f1bc1c88ac3 - <unknown>
[INFO] [stdout]   65:     0x7f1bc1d19a04 - clone
[INFO] [stdout]   66:                0x0 - <unknown>
[INFO] [stdout] 
[INFO] [stdout] 
[INFO] [stdout] failures:
[INFO] [stdout]     test_input_foo_bar_baz
[INFO] [stdout] 
[INFO] [stdout] test result: FAILED. 6 passed; 1 failed; 0 ignored; 0 measured; 0 filtered out; finished in 0.14s
[INFO] [stdout] 
[INFO] [stderr] error: test failed, to rerun pass `-p reacher_backend --test check_email`
[INFO] running `Command { std: "docker" "inspect" "c4fc5c01a79880abf7425ce193f58462f4de5102c22dbc61bc54ff20ce6fb5be", kill_on_drop: false }`
[INFO] running `Command { std: "docker" "rm" "-f" "c4fc5c01a79880abf7425ce193f58462f4de5102c22dbc61bc54ff20ce6fb5be", kill_on_drop: false }`
[INFO] [stdout] c4fc5c01a79880abf7425ce193f58462f4de5102c22dbc61bc54ff20ce6fb5be
