[INFO] cloning repository https://github.com/StefanTerdell/aoc-2024-11-stones-rs
[INFO] running `Command { std: "git" "-c" "credential.helper=" "-c" "credential.helper=/workspace/cargo-home/bin/git-credential-null" "clone" "--bare" "https://github.com/StefanTerdell/aoc-2024-11-stones-rs" "/workspace/cache/git-repos/https%3A%2F%2Fgithub.com%2FStefanTerdell%2Faoc-2024-11-stones-rs", kill_on_drop: false }`
[INFO] [stderr] Cloning into bare repository '/workspace/cache/git-repos/https%3A%2F%2Fgithub.com%2FStefanTerdell%2Faoc-2024-11-stones-rs'...
[INFO] running `Command { std: "git" "rev-parse" "HEAD", kill_on_drop: false }`
[INFO] [stdout] 94230d55425d2730366f3b2c3bacbbb5396838c9
[INFO] testing StefanTerdell/aoc-2024-11-stones-rs against nightly-2025-01-18 for randomize-layout-2
[INFO] running `Command { std: "git" "clone" "/workspace/cache/git-repos/https%3A%2F%2Fgithub.com%2FStefanTerdell%2Faoc-2024-11-stones-rs" "/workspace/builds/worker-0-tc1/source", kill_on_drop: false }`
[INFO] [stderr] Cloning into '/workspace/builds/worker-0-tc1/source'...
[INFO] [stderr] done.
[INFO] validating manifest of git repo https://github.com/StefanTerdell/aoc-2024-11-stones-rs on toolchain nightly-2025-01-18
[INFO] running `Command { std: CARGO_HOME="/workspace/cargo-home" RUSTUP_HOME="/workspace/rustup-home" "/workspace/cargo-home/bin/cargo" "+nightly-2025-01-18" "metadata" "--manifest-path" "Cargo.toml" "--no-deps", kill_on_drop: false }`
[INFO] started tweaking git repo https://github.com/StefanTerdell/aoc-2024-11-stones-rs
[INFO] finished tweaking git repo https://github.com/StefanTerdell/aoc-2024-11-stones-rs
[INFO] tweaked toml for git repo https://github.com/StefanTerdell/aoc-2024-11-stones-rs written to /workspace/builds/worker-0-tc1/source/Cargo.toml
[INFO] crate git repo https://github.com/StefanTerdell/aoc-2024-11-stones-rs already has a lockfile, it will not be regenerated
[INFO] running `Command { std: CARGO_HOME="/workspace/cargo-home" RUSTUP_HOME="/workspace/rustup-home" "/workspace/cargo-home/bin/cargo" "+nightly-2025-01-18" "fetch" "--manifest-path" "Cargo.toml", kill_on_drop: false }`
[INFO] running `Command { std: "docker" "create" "-v" "/var/lib/crater-agent-workspace/builds/worker-0-tc1/target:/opt/rustwide/target:rw,Z" "-v" "/var/lib/crater-agent-workspace/builds/worker-0-tc1/source:/opt/rustwide/workdir:ro,Z" "-v" "/var/lib/crater-agent-workspace/cargo-home:/opt/rustwide/cargo-home:ro,Z" "-v" "/var/lib/crater-agent-workspace/rustup-home:/opt/rustwide/rustup-home:ro,Z" "-e" "SOURCE_DIR=/opt/rustwide/workdir" "-e" "CARGO_TARGET_DIR=/opt/rustwide/target" "-e" "CARGO_HOME=/opt/rustwide/cargo-home" "-e" "RUSTUP_HOME=/opt/rustwide/rustup-home" "-w" "/opt/rustwide/workdir" "-m" "1610612736" "--user" "0:0" "--network" "none" "ghcr.io/rust-lang/crates-build-env/linux@sha256:819108c5571ea2e421544af4d832f968d213c87fbe3707a016657f43d2f853bc" "/opt/rustwide/cargo-home/bin/cargo" "+nightly-2025-01-18" "metadata" "--no-deps" "--format-version=1", kill_on_drop: false }`
[INFO] [stdout] 87340480f2f10abeadd4e3f283e539442a7a65ba4e8c331cebfa4f2b62c3c871
[INFO] running `Command { std: "docker" "start" "-a" "87340480f2f10abeadd4e3f283e539442a7a65ba4e8c331cebfa4f2b62c3c871", kill_on_drop: false }`
[INFO] running `Command { std: "docker" "inspect" "87340480f2f10abeadd4e3f283e539442a7a65ba4e8c331cebfa4f2b62c3c871", kill_on_drop: false }`
[INFO] running `Command { std: "docker" "rm" "-f" "87340480f2f10abeadd4e3f283e539442a7a65ba4e8c331cebfa4f2b62c3c871", kill_on_drop: false }`
[INFO] [stdout] 87340480f2f10abeadd4e3f283e539442a7a65ba4e8c331cebfa4f2b62c3c871
[INFO] running `Command { std: "docker" "create" "-v" "/var/lib/crater-agent-workspace/builds/worker-0-tc1/target:/opt/rustwide/target:rw,Z" "-v" "/var/lib/crater-agent-workspace/builds/worker-0-tc1/source:/opt/rustwide/workdir:ro,Z" "-v" "/var/lib/crater-agent-workspace/cargo-home:/opt/rustwide/cargo-home:ro,Z" "-v" "/var/lib/crater-agent-workspace/rustup-home:/opt/rustwide/rustup-home:ro,Z" "-e" "SOURCE_DIR=/opt/rustwide/workdir" "-e" "CARGO_TARGET_DIR=/opt/rustwide/target" "-e" "CARGO_INCREMENTAL=0" "-e" "RUST_BACKTRACE=full" "-e" "RUSTFLAGS=--cap-lints=forbid" "-e" "RUSTDOCFLAGS=--cap-lints=forbid" "-e" "CARGO_HOME=/opt/rustwide/cargo-home" "-e" "RUSTUP_HOME=/opt/rustwide/rustup-home" "-w" "/opt/rustwide/workdir" "-m" "1610612736" "--user" "0:0" "--network" "none" "ghcr.io/rust-lang/crates-build-env/linux@sha256:819108c5571ea2e421544af4d832f968d213c87fbe3707a016657f43d2f853bc" "/opt/rustwide/cargo-home/bin/cargo" "+nightly-2025-01-18" "build" "--frozen" "--message-format=json", kill_on_drop: false }`
[INFO] [stdout] e5c3b35990fdfe6f606ae570343712252a648e33f8458aba54012eca49ac7349
[INFO] running `Command { std: "docker" "start" "-a" "e5c3b35990fdfe6f606ae570343712252a648e33f8458aba54012eca49ac7349", kill_on_drop: false }`
[INFO] [stderr]    Compiling stones v0.1.0 (/opt/rustwide/workdir)
[INFO] [stderr]     Finished `dev` profile [unoptimized + debuginfo] target(s) in 0.62s
[INFO] running `Command { std: "docker" "inspect" "e5c3b35990fdfe6f606ae570343712252a648e33f8458aba54012eca49ac7349", kill_on_drop: false }`
[INFO] running `Command { std: "docker" "rm" "-f" "e5c3b35990fdfe6f606ae570343712252a648e33f8458aba54012eca49ac7349", kill_on_drop: false }`
[INFO] [stdout] e5c3b35990fdfe6f606ae570343712252a648e33f8458aba54012eca49ac7349
[INFO] running `Command { std: "docker" "create" "-v" "/var/lib/crater-agent-workspace/builds/worker-0-tc1/target:/opt/rustwide/target:rw,Z" "-v" "/var/lib/crater-agent-workspace/builds/worker-0-tc1/source:/opt/rustwide/workdir:ro,Z" "-v" "/var/lib/crater-agent-workspace/cargo-home:/opt/rustwide/cargo-home:ro,Z" "-v" "/var/lib/crater-agent-workspace/rustup-home:/opt/rustwide/rustup-home:ro,Z" "-e" "SOURCE_DIR=/opt/rustwide/workdir" "-e" "CARGO_TARGET_DIR=/opt/rustwide/target" "-e" "CARGO_INCREMENTAL=0" "-e" "RUST_BACKTRACE=full" "-e" "RUSTFLAGS=--cap-lints=forbid" "-e" "RUSTDOCFLAGS=--cap-lints=forbid" "-e" "CARGO_HOME=/opt/rustwide/cargo-home" "-e" "RUSTUP_HOME=/opt/rustwide/rustup-home" "-w" "/opt/rustwide/workdir" "-m" "1610612736" "--user" "0:0" "--network" "none" "ghcr.io/rust-lang/crates-build-env/linux@sha256:819108c5571ea2e421544af4d832f968d213c87fbe3707a016657f43d2f853bc" "/opt/rustwide/cargo-home/bin/cargo" "+nightly-2025-01-18" "test" "--frozen" "--no-run" "--message-format=json", kill_on_drop: false }`
[INFO] [stdout] 61090e1c67af9eb78bac983e4efaa19b21681a79b97a83c1cb17a48c3f3d9d8f
[INFO] running `Command { std: "docker" "start" "-a" "61090e1c67af9eb78bac983e4efaa19b21681a79b97a83c1cb17a48c3f3d9d8f", kill_on_drop: false }`
[INFO] [stderr]    Compiling proc-macro2 v1.0.92
[INFO] [stderr]    Compiling unicode-ident v1.0.14
[INFO] [stderr]    Compiling crossbeam-utils v0.8.21
[INFO] [stderr]    Compiling serde v1.0.216
[INFO] [stderr]    Compiling autocfg v1.4.0
[INFO] [stderr]    Compiling libc v0.2.168
[INFO] [stderr]    Compiling either v1.13.0
[INFO] [stderr]    Compiling rayon-core v1.12.1
[INFO] [stderr]    Compiling serde_json v1.0.133
[INFO] [stderr]    Compiling anstyle v1.0.10
[INFO] [stderr]    Compiling ryu v1.0.18
[INFO] [stderr]    Compiling clap_lex v0.7.4
[INFO] [stderr]    Compiling ciborium-io v0.2.2
[INFO] [stderr]    Compiling plotters-backend v0.3.7
[INFO] [stderr]    Compiling memchr v2.7.4
[INFO] [stderr]    Compiling half v2.4.1
[INFO] [stderr]    Compiling regex-syntax v0.8.5
[INFO] [stderr]    Compiling itoa v1.0.14
[INFO] [stderr]    Compiling same-file v1.0.6
[INFO] [stderr]    Compiling cast v0.3.0
[INFO] [stderr]    Compiling once_cell v1.20.2
[INFO] [stderr]    Compiling plotters-svg v0.3.7
[INFO] [stderr]    Compiling itertools v0.10.5
[INFO] [stderr]    Compiling walkdir v2.5.0
[INFO] [stderr]    Compiling anes v0.1.6
[INFO] [stderr]    Compiling oorandom v11.1.4
[INFO] [stderr]    Compiling ciborium-ll v0.2.2
[INFO] [stderr]    Compiling clap_builder v4.5.23
[INFO] [stderr]    Compiling num-traits v0.2.19
[INFO] [stderr]    Compiling crossbeam-epoch v0.9.18
[INFO] [stderr]    Compiling quote v1.0.37
[INFO] [stderr]    Compiling crossbeam-deque v0.8.6
[INFO] [stderr]    Compiling syn v2.0.90
[INFO] [stderr]    Compiling is-terminal v0.4.13
[INFO] [stderr]    Compiling regex-automata v0.4.9
[INFO] [stderr]    Compiling plotters v0.3.7
[INFO] [stderr]    Compiling rayon v1.10.0
[INFO] [stderr]    Compiling clap v4.5.23
[INFO] [stderr]    Compiling criterion-plot v0.5.0
[INFO] [stderr]    Compiling serde_derive v1.0.216
[INFO] [stderr]    Compiling regex v1.11.1
[INFO] [stderr]    Compiling ciborium v0.2.2
[INFO] [stderr]    Compiling tinytemplate v1.2.1
[INFO] [stderr]    Compiling criterion v0.5.1
[INFO] [stderr]    Compiling stones v0.1.0 (/opt/rustwide/workdir)
[INFO] [stderr]     Finished `test` profile [unoptimized + debuginfo] target(s) in 24.00s
[INFO] running `Command { std: "docker" "inspect" "61090e1c67af9eb78bac983e4efaa19b21681a79b97a83c1cb17a48c3f3d9d8f", kill_on_drop: false }`
[INFO] running `Command { std: "docker" "rm" "-f" "61090e1c67af9eb78bac983e4efaa19b21681a79b97a83c1cb17a48c3f3d9d8f", kill_on_drop: false }`
[INFO] [stdout] 61090e1c67af9eb78bac983e4efaa19b21681a79b97a83c1cb17a48c3f3d9d8f
[INFO] running `Command { std: "docker" "create" "-v" "/var/lib/crater-agent-workspace/builds/worker-0-tc1/target:/opt/rustwide/target:rw,Z" "-v" "/var/lib/crater-agent-workspace/builds/worker-0-tc1/source:/opt/rustwide/workdir:ro,Z" "-v" "/var/lib/crater-agent-workspace/cargo-home:/opt/rustwide/cargo-home:ro,Z" "-v" "/var/lib/crater-agent-workspace/rustup-home:/opt/rustwide/rustup-home:ro,Z" "-e" "SOURCE_DIR=/opt/rustwide/workdir" "-e" "CARGO_TARGET_DIR=/opt/rustwide/target" "-e" "CARGO_INCREMENTAL=0" "-e" "RUST_BACKTRACE=full" "-e" "RUSTFLAGS=--cap-lints=forbid" "-e" "RUSTDOCFLAGS=--cap-lints=forbid" "-e" "CARGO_HOME=/opt/rustwide/cargo-home" "-e" "RUSTUP_HOME=/opt/rustwide/rustup-home" "-w" "/opt/rustwide/workdir" "-m" "1610612736" "--user" "0:0" "--network" "none" "ghcr.io/rust-lang/crates-build-env/linux@sha256:819108c5571ea2e421544af4d832f968d213c87fbe3707a016657f43d2f853bc" "/opt/rustwide/cargo-home/bin/cargo" "+nightly-2025-01-18" "test" "--frozen", kill_on_drop: false }`
[INFO] [stdout] aadd8c83704474de2e8e6eb462de8e8588d5a7a966201bcfee539d0cb8e3a07c
[INFO] running `Command { std: "docker" "start" "-a" "aadd8c83704474de2e8e6eb462de8e8588d5a7a966201bcfee539d0cb8e3a07c", kill_on_drop: false }`
[INFO] [stderr]     Finished `test` profile [unoptimized + debuginfo] target(s) in 0.08s
[INFO] [stderr]      Running unittests src/lib.rs (/opt/rustwide/target/debug/deps/stones-2103dcd5111ab48e)
[INFO] [stdout] 
[INFO] [stdout] running 9 tests
[INFO] [stdout] test tests::process_stone_should_handle_example_cases_according_to_the_rules ... ok
[INFO] [stdout] test tests::blink_should_handle_example_cases ... ok
[INFO] [stdout] test tests::split_number_should_handle_example_cases ... ok
[INFO] [stdout] test tests::split_number_should_handle_uneven_amount_of_digits ... ok
[INFO] [stdout] test tests::blink_once_should_handle_example_case ... ok
[INFO] [stdout] test tests::count_digits_should_handle_example_cases ... ok
[INFO] [stdout] test tests::count_stone_descendants_should_return_the_right_count ... ok
[INFO] [stdout] test tests::count_stones_should_return_the_correct_count ... ok
[INFO] [stdout] test tests::blink_should_provide_the_right_amount_of_stones ... ok
[INFO] [stdout] 
[INFO] [stdout] test result: ok. 9 passed; 0 failed; 0 ignored; 0 measured; 0 filtered out; finished in 0.03s
[INFO] [stdout] 
[INFO] [stderr]      Running unittests src/main.rs (/opt/rustwide/target/debug/deps/stones-766ae8246bea8628)
[INFO] [stdout] 
[INFO] [stdout] running 0 tests
[INFO] [stdout] 
[INFO] [stdout] test result: ok. 0 passed; 0 failed; 0 ignored; 0 measured; 0 filtered out; finished in 0.00s
[INFO] [stdout] 
[INFO] [stderr]    Doc-tests stones
[INFO] [stdout] 
[INFO] [stdout] running 2 tests
[INFO] [stdout] test src/lib.rs - apply_blinks (line 6) ... FAILED
[INFO] [stdout] test src/lib.rs - count_stones_after_blinks (line 29) ... ok
[INFO] [stdout] 
[INFO] [stdout] failures:
[INFO] [stdout] 
[INFO] [stdout] ---- src/lib.rs - apply_blinks (line 6) stdout ----
[INFO] [stdout] error[E0425]: cannot find function `apply_blinks` in this scope
[INFO] [stdout]  --> src/lib.rs:9:12
[INFO] [stdout]   |
[INFO] [stdout] 6 | assert_eq!(apply_blinks(&[125, 17], 1), vec![253000, 1, 7]);
[INFO] [stdout]   |            ^^^^^^^^^^^^ not found in this scope
[INFO] [stdout]   |
[INFO] [stdout] help: consider importing this function
[INFO] [stdout]   |
[INFO] [stdout] 2 + use stones::apply_blinks;
[INFO] [stdout]   |
[INFO] [stdout] 
[INFO] [stdout] error[E0425]: cannot find function `apply_blinks` in this scope
[INFO] [stdout]  --> src/lib.rs:10:12
[INFO] [stdout]   |
[INFO] [stdout] 7 | assert_eq!(apply_blinks(&[125, 17], 2), vec![253, 0, 2024, 14168]);
[INFO] [stdout]   |            ^^^^^^^^^^^^ not found in this scope
[INFO] [stdout]   |
[INFO] [stdout] help: consider importing this function
[INFO] [stdout]   |
[INFO] [stdout] 2 + use stones::apply_blinks;
[INFO] [stdout]   |
[INFO] [stdout] 
[INFO] [stdout] error[E0425]: cannot find function `apply_blinks` in this scope
[INFO] [stdout]  --> src/lib.rs:11:12
[INFO] [stdout]   |
[INFO] [stdout] 8 | assert_eq!(apply_blinks(&[125, 17], 3), vec![512072, 1, 20, 24, 28676032]);
[INFO] [stdout]   |            ^^^^^^^^^^^^ not found in this scope
[INFO] [stdout]   |
[INFO] [stdout] help: consider importing this function
[INFO] [stdout]   |
[INFO] [stdout] 2 + use stones::apply_blinks;
[INFO] [stdout]   |
[INFO] [stdout] 
[INFO] [stdout] error[E0603]: function `apply_blink` is private
[INFO] [stdout]   --> src/lib.rs:8:13
[INFO] [stdout]    |
[INFO] [stdout] 5  | use stones::apply_blink;
[INFO] [stdout]    |             ^^^^^^^^^^^ private function
[INFO] [stdout]    |
[INFO] [stdout] note: the function `apply_blink` is defined here
[INFO] [stdout]   --> /opt/rustwide/workdir/src/lib.rs:42:1
[INFO] [stdout]    |
[INFO] [stdout] 42 | fn apply_blink(stones: &[usize]) -> Vec<usize> {
[INFO] [stdout]    | ^^^^^^^^^^^^^^^^^^^^^^^^^^^^^^^^^^^^^^^^^^^^^^
[INFO] [stdout] 
[INFO] [stdout] error: aborting due to 4 previous errors
[INFO] [stdout] 
[INFO] [stdout] Some errors have detailed explanations: E0425, E0603.
[INFO] [stdout] For more information about an error, try `rustc --explain E0425`.
[INFO] [stdout] Couldn't compile the test.
[INFO] [stdout] 
[INFO] [stdout] failures:
[INFO] [stdout]     src/lib.rs - apply_blinks (line 6)
[INFO] [stdout] 
[INFO] [stdout] test result: FAILED. 1 passed; 1 failed; 0 ignored; 0 measured; 0 filtered out; finished in 0.26s
[INFO] [stdout] 
[INFO] [stderr] error: doctest failed, to rerun pass `--doc`
[INFO] running `Command { std: "docker" "inspect" "aadd8c83704474de2e8e6eb462de8e8588d5a7a966201bcfee539d0cb8e3a07c", kill_on_drop: false }`
[INFO] running `Command { std: "docker" "rm" "-f" "aadd8c83704474de2e8e6eb462de8e8588d5a7a966201bcfee539d0cb8e3a07c", kill_on_drop: false }`
[INFO] [stdout] aadd8c83704474de2e8e6eb462de8e8588d5a7a966201bcfee539d0cb8e3a07c
