[INFO] cloning repository https://github.com/StefanFotin23/Blockchain-Project
[INFO] running `Command { std: "git" "-c" "credential.helper=" "-c" "credential.helper=/workspace/cargo-home/bin/git-credential-null" "clone" "--bare" "https://github.com/StefanFotin23/Blockchain-Project" "/workspace/cache/git-repos/https%3A%2F%2Fgithub.com%2FStefanFotin23%2FBlockchain-Project", kill_on_drop: false }`
[INFO] [stderr] Cloning into bare repository '/workspace/cache/git-repos/https%3A%2F%2Fgithub.com%2FStefanFotin23%2FBlockchain-Project'...
[INFO] running `Command { std: "git" "rev-parse" "HEAD", kill_on_drop: false }`
[INFO] [stdout] d324d63085669ff98eac7b27803e9ad4a5e109ae
[INFO] testing StefanFotin23/Blockchain-Project against nightly-2025-01-18+rustflags=-Zrandomize-layout for randomize-layout-2
[INFO] running `Command { std: "git" "clone" "/workspace/cache/git-repos/https%3A%2F%2Fgithub.com%2FStefanFotin23%2FBlockchain-Project" "/workspace/builds/worker-3-tc2/source", kill_on_drop: false }`
[INFO] [stderr] Cloning into '/workspace/builds/worker-3-tc2/source'...
[INFO] [stderr] done.
[INFO] [stderr] Updating files:  57% (1433/2493)
Updating files:  58% (1446/2493)
Updating files:  59% (1471/2493)
Updating files:  60% (1496/2493)
Updating files:  61% (1521/2493)
Updating files:  62% (1546/2493)
Updating files:  63% (1571/2493)
Updating files:  63% (1590/2493)
Updating files:  64% (1596/2493)
Updating files:  65% (1621/2493)
Updating files:  66% (1646/2493)
Updating files:  66% (1647/2493)
Updating files:  67% (1671/2493)
Updating files:  68% (1696/2493)
Updating files:  68% (1697/2493)
Updating files:  69% (1721/2493)
Updating files:  70% (1746/2493)
Updating files:  71% (1771/2493)
Updating files:  72% (1795/2493)
Updating files:  72% (1816/2493)
Updating files:  73% (1820/2493)
Updating files:  74% (1845/2493)
Updating files:  75% (1870/2493)
Updating files:  75% (1874/2493)
Updating files:  76% (1895/2493)
Updating files:  77% (1920/2493)
Updating files:  78% (1945/2493)
Updating files:  79% (1970/2493)
Updating files:  80% (1995/2493)
Updating files:  81% (2020/2493)
Updating files:  82% (2045/2493)
Updating files:  83% (2070/2493)
Updating files:  84% (2095/2493)
Updating files:  85% (2120/2493)
Updating files:  86% (2144/2493)
Updating files:  87% (2169/2493)
Updating files:  88% (2194/2493)
Updating files:  89% (2219/2493)
Updating files:  90% (2244/2493)
Updating files:  91% (2269/2493)
Updating files:  92% (2294/2493)
Updating files:  93% (2319/2493)
Updating files:  94% (2344/2493)
Updating files:  95% (2369/2493)
Updating files:  95% (2375/2493)
Updating files:  96% (2394/2493)
Updating files:  97% (2419/2493)
Updating files:  98% (2444/2493)
Updating files:  99% (2469/2493)
Updating files: 100% (2493/2493)
Updating files: 100% (2493/2493), done.
[INFO] validating manifest of git repo https://github.com/StefanFotin23/Blockchain-Project on toolchain nightly-2025-01-18
[INFO] running `Command { std: CARGO_HOME="/workspace/cargo-home" RUSTUP_HOME="/workspace/rustup-home" "/workspace/cargo-home/bin/cargo" "+nightly-2025-01-18" "metadata" "--manifest-path" "Cargo.toml" "--no-deps", kill_on_drop: false }`
[INFO] started tweaking git repo https://github.com/StefanFotin23/Blockchain-Project
[INFO] finished tweaking git repo https://github.com/StefanFotin23/Blockchain-Project
[INFO] tweaked toml for git repo https://github.com/StefanFotin23/Blockchain-Project written to /workspace/builds/worker-3-tc2/source/Cargo.toml
[INFO] crate git repo https://github.com/StefanFotin23/Blockchain-Project already has a lockfile, it will not be regenerated
[INFO] running `Command { std: CARGO_HOME="/workspace/cargo-home" RUSTUP_HOME="/workspace/rustup-home" "/workspace/cargo-home/bin/cargo" "+nightly-2025-01-18" "fetch" "--manifest-path" "Cargo.toml", kill_on_drop: false }`
[INFO] running `Command { std: "docker" "create" "-v" "/var/lib/crater-agent-workspace/builds/worker-3-tc2/target:/opt/rustwide/target:rw,Z" "-v" "/var/lib/crater-agent-workspace/builds/worker-3-tc2/source:/opt/rustwide/workdir:ro,Z" "-v" "/var/lib/crater-agent-workspace/cargo-home:/opt/rustwide/cargo-home:ro,Z" "-v" "/var/lib/crater-agent-workspace/rustup-home:/opt/rustwide/rustup-home:ro,Z" "-e" "SOURCE_DIR=/opt/rustwide/workdir" "-e" "CARGO_TARGET_DIR=/opt/rustwide/target" "-e" "CARGO_HOME=/opt/rustwide/cargo-home" "-e" "RUSTUP_HOME=/opt/rustwide/rustup-home" "-w" "/opt/rustwide/workdir" "-m" "1610612736" "--user" "0:0" "--network" "none" "ghcr.io/rust-lang/crates-build-env/linux@sha256:819108c5571ea2e421544af4d832f968d213c87fbe3707a016657f43d2f853bc" "/opt/rustwide/cargo-home/bin/cargo" "+nightly-2025-01-18" "metadata" "--no-deps" "--format-version=1", kill_on_drop: false }`
[INFO] [stdout] b14970af8ed600250f8fffb9fc8026e041c7d3dc53af92f61fd34f9cce3f072d
[INFO] running `Command { std: "docker" "start" "-a" "b14970af8ed600250f8fffb9fc8026e041c7d3dc53af92f61fd34f9cce3f072d", kill_on_drop: false }`
[INFO] running `Command { std: "docker" "inspect" "b14970af8ed600250f8fffb9fc8026e041c7d3dc53af92f61fd34f9cce3f072d", kill_on_drop: false }`
[INFO] running `Command { std: "docker" "rm" "-f" "b14970af8ed600250f8fffb9fc8026e041c7d3dc53af92f61fd34f9cce3f072d", kill_on_drop: false }`
[INFO] [stdout] b14970af8ed600250f8fffb9fc8026e041c7d3dc53af92f61fd34f9cce3f072d
[INFO] running `Command { std: "docker" "create" "-v" "/var/lib/crater-agent-workspace/builds/worker-3-tc2/target:/opt/rustwide/target:rw,Z" "-v" "/var/lib/crater-agent-workspace/builds/worker-3-tc2/source:/opt/rustwide/workdir:ro,Z" "-v" "/var/lib/crater-agent-workspace/cargo-home:/opt/rustwide/cargo-home:ro,Z" "-v" "/var/lib/crater-agent-workspace/rustup-home:/opt/rustwide/rustup-home:ro,Z" "-e" "SOURCE_DIR=/opt/rustwide/workdir" "-e" "CARGO_TARGET_DIR=/opt/rustwide/target" "-e" "CARGO_INCREMENTAL=0" "-e" "RUST_BACKTRACE=full" "-e" "RUSTFLAGS=--cap-lints=forbid -Zrandomize-layout" "-e" "RUSTDOCFLAGS=--cap-lints=forbid" "-e" "CARGO_HOME=/opt/rustwide/cargo-home" "-e" "RUSTUP_HOME=/opt/rustwide/rustup-home" "-w" "/opt/rustwide/workdir" "-m" "1610612736" "--user" "0:0" "--network" "none" "ghcr.io/rust-lang/crates-build-env/linux@sha256:819108c5571ea2e421544af4d832f968d213c87fbe3707a016657f43d2f853bc" "/opt/rustwide/cargo-home/bin/cargo" "+nightly-2025-01-18" "build" "--frozen" "--message-format=json", kill_on_drop: false }`
[INFO] [stdout] 9d15c5931820984f6ad1628ad790a9574865dae45f241b22736bf1597777a28d
[INFO] running `Command { std: "docker" "start" "-a" "9d15c5931820984f6ad1628ad790a9574865dae45f241b22736bf1597777a28d", kill_on_drop: false }`
[INFO] [stderr]    Compiling proc-macro2 v1.0.86
[INFO] [stderr]    Compiling unicode-ident v1.0.13
[INFO] [stderr]    Compiling hex v0.4.3
[INFO] [stderr]    Compiling autocfg v1.4.0
[INFO] [stderr]    Compiling smallvec v1.13.2
[INFO] [stderr]    Compiling arrayvec v0.7.6
[INFO] [stderr]    Compiling endian-type v0.1.2
[INFO] [stderr]    Compiling unwrap-infallible v0.1.5
[INFO] [stderr]    Compiling bitflags v2.6.0
[INFO] [stderr]    Compiling hex-literal v0.4.1
[INFO] [stderr]    Compiling nibble_vec v0.1.0
[INFO] [stderr]    Compiling num-traits v0.2.19
[INFO] [stderr]    Compiling radix_trie v0.2.1
[INFO] [stderr]    Compiling quote v1.0.37
[INFO] [stderr]    Compiling syn v2.0.77
[INFO] [stderr]    Compiling multiversx-sc-codec-derive v0.21.0
[INFO] [stderr]    Compiling multiversx-sc-derive v0.54.1
[INFO] [stderr]    Compiling multiversx-sc-codec v0.21.0
[INFO] [stderr]    Compiling multiversx-chain-core v0.11.0
[INFO] [stderr]    Compiling multiversx-sc v0.54.1
[INFO] [stderr]    Compiling my-neversea-2025 v0.0.0 (/opt/rustwide/workdir)
[INFO] [stderr]     Finished `dev` profile [unoptimized + debuginfo] target(s) in 25.88s
[INFO] running `Command { std: "docker" "inspect" "9d15c5931820984f6ad1628ad790a9574865dae45f241b22736bf1597777a28d", kill_on_drop: false }`
[INFO] running `Command { std: "docker" "rm" "-f" "9d15c5931820984f6ad1628ad790a9574865dae45f241b22736bf1597777a28d", kill_on_drop: false }`
[INFO] [stdout] 9d15c5931820984f6ad1628ad790a9574865dae45f241b22736bf1597777a28d
[INFO] running `Command { std: "docker" "create" "-v" "/var/lib/crater-agent-workspace/builds/worker-3-tc2/target:/opt/rustwide/target:rw,Z" "-v" "/var/lib/crater-agent-workspace/builds/worker-3-tc2/source:/opt/rustwide/workdir:ro,Z" "-v" "/var/lib/crater-agent-workspace/cargo-home:/opt/rustwide/cargo-home:ro,Z" "-v" "/var/lib/crater-agent-workspace/rustup-home:/opt/rustwide/rustup-home:ro,Z" "-e" "SOURCE_DIR=/opt/rustwide/workdir" "-e" "CARGO_TARGET_DIR=/opt/rustwide/target" "-e" "CARGO_INCREMENTAL=0" "-e" "RUST_BACKTRACE=full" "-e" "RUSTFLAGS=--cap-lints=forbid -Zrandomize-layout" "-e" "RUSTDOCFLAGS=--cap-lints=forbid" "-e" "CARGO_HOME=/opt/rustwide/cargo-home" "-e" "RUSTUP_HOME=/opt/rustwide/rustup-home" "-w" "/opt/rustwide/workdir" "-m" "1610612736" "--user" "0:0" "--network" "none" "ghcr.io/rust-lang/crates-build-env/linux@sha256:819108c5571ea2e421544af4d832f968d213c87fbe3707a016657f43d2f853bc" "/opt/rustwide/cargo-home/bin/cargo" "+nightly-2025-01-18" "test" "--frozen" "--no-run" "--message-format=json", kill_on_drop: false }`
[INFO] [stdout] 3cc6f527f6488d2e4209915d133e23d9f745bd5fe1206ae711c460bd5a2916e2
[INFO] running `Command { std: "docker" "start" "-a" "3cc6f527f6488d2e4209915d133e23d9f745bd5fe1206ae711c460bd5a2916e2", kill_on_drop: false }`
[INFO] [stderr]    Compiling version_check v0.9.5
[INFO] [stderr]    Compiling serde v1.0.210
[INFO] [stderr]    Compiling semver v1.0.23
[INFO] [stderr]    Compiling byteorder v1.5.0
[INFO] [stderr]    Compiling libc v0.2.162
[INFO] [stderr]    Compiling hashbrown v0.15.1
[INFO] [stderr]    Compiling num-traits v0.2.19
[INFO] [stderr]    Compiling utf8parse v0.2.2
[INFO] [stderr]    Compiling memchr v2.7.4
[INFO] [stderr]    Compiling once_cell v1.20.2
[INFO] [stderr]    Compiling anyhow v1.0.93
[INFO] [stderr]    Compiling colorchoice v1.0.3
[INFO] [stderr]    Compiling cpufeatures v0.2.15
[INFO] [stderr]    Compiling serde_json v1.0.132
[INFO] [stderr]    Compiling leb128 v0.2.5
[INFO] [stderr]    Compiling serde_derive v1.0.210
[INFO] [stderr]    Compiling zerocopy-derive v0.7.35
[INFO] [stderr]    Compiling multiversx-sc-codec-derive v0.21.0
[INFO] [stderr]    Compiling anstyle-parse v0.2.6
[INFO] [stderr]    Compiling is_terminal_polyfill v1.70.1
[INFO] [stderr]    Compiling anstyle-query v1.1.2
[INFO] [stderr]    Compiling anstyle v1.0.10
[INFO] [stderr]    Compiling wasm-encoder v0.220.0
[INFO] [stderr]    Compiling curve25519-dalek-derive v0.1.1
[INFO] [stderr]    Compiling multiversx-sc-derive v0.54.1
[INFO] [stderr]    Compiling subtle v2.6.1
[INFO] [stderr]    Compiling generic-array v0.14.7
[INFO] [stderr]    Compiling rustc_version v0.4.1
[INFO] [stderr]    Compiling ahash v0.8.11
[INFO] [stderr]    Compiling anstream v0.6.18
[INFO] [stderr]    Compiling unicode-width v0.2.0
[INFO] [stderr]    Compiling lazy_static v1.5.0
[INFO] [stderr]    Compiling zeroize v1.8.1
[INFO] [stderr]    Compiling keccak v0.1.5
[INFO] [stderr]    Compiling ryu v1.0.18
[INFO] [stderr]    Compiling itoa v1.0.11
[INFO] [stderr]    Compiling clap_lex v0.7.3
[INFO] [stderr]    Compiling heck v0.5.0
[INFO] [stderr]    Compiling bumpalo v3.16.0
[INFO] [stderr]    Compiling strsim v0.11.1
[INFO] [stderr]    Compiling curve25519-dalek v4.1.3
[INFO] [stderr]    Compiling signature v2.2.0
[INFO] [stderr]    Compiling winnow v0.6.20
[INFO] [stderr]    Compiling getrandom v0.2.15
[INFO] [stderr]    Compiling clap_builder v4.5.21
[INFO] [stderr]    Compiling ed25519 v2.2.3
[INFO] [stderr]    Compiling colored v2.1.0
[INFO] [stderr]    Compiling clap_derive v4.5.18
[INFO] [stderr]    Compiling num-integer v0.1.46
[INFO] [stderr]    Compiling termcolor v1.4.1
[INFO] [stderr]    Compiling rand_core v0.6.4
[INFO] [stderr]    Compiling wast v220.0.0
[INFO] [stderr]    Compiling unicode-segmentation v1.12.0
[INFO] [stderr]    Compiling zerocopy v0.7.35
[INFO] [stderr]    Compiling num-bigint v0.4.6
[INFO] [stderr]    Compiling block-buffer v0.10.4
[INFO] [stderr]    Compiling crypto-common v0.1.6
[INFO] [stderr]    Compiling either v1.13.0
[INFO] [stderr]    Compiling rand_seeder v0.3.0
[INFO] [stderr]    Compiling digest v0.10.7
[INFO] [stderr]    Compiling bech32 v0.11.0
[INFO] [stderr]    Compiling multiversx-chain-vm-executor v0.2.0
[INFO] [stderr]    Compiling pathdiff v0.2.2
[INFO] [stderr]    Compiling log v0.4.22
[INFO] [stderr]    Compiling base64 v0.22.1
[INFO] [stderr]    Compiling itertools v0.13.0
[INFO] [stderr]    Compiling convert_case v0.6.0
[INFO] [stderr]    Compiling sha2 v0.10.8
[INFO] [stderr]    Compiling sha3 v0.10.8
[INFO] [stderr]    Compiling ppv-lite86 v0.2.20
[INFO] [stderr]    Compiling rand_chacha v0.3.1
[INFO] [stderr]    Compiling rand v0.8.5
[INFO] [stderr]    Compiling multiversx-sc-codec v0.21.0
[INFO] [stderr]    Compiling ed25519-dalek v2.1.1
[INFO] [stderr]    Compiling clap v4.5.21
[INFO] [stderr]    Compiling multiversx-chain-core v0.11.0
[INFO] [stderr]    Compiling multiversx-sc v0.54.1
[INFO] [stderr]    Compiling multiversx-chain-vm v0.11.0
[INFO] [stderr]    Compiling indexmap v2.6.0
[INFO] [stderr]    Compiling hashbrown v0.14.5
[INFO] [stderr]    Compiling toml_datetime v0.6.8
[INFO] [stderr]    Compiling serde_spanned v0.6.8
[INFO] [stderr]    Compiling toml_edit v0.22.22
[INFO] [stderr]    Compiling wasmparser v0.216.0
[INFO] [stderr]    Compiling multiversx-chain-scenario-format v0.23.0
[INFO] [stderr]    Compiling wat v1.220.0
[INFO] [stderr]    Compiling toml v0.8.19
[INFO] [stderr]    Compiling wasmprinter v0.216.0
[INFO] [stderr]    Compiling multiversx-sc-meta-lib v0.54.1
[INFO] [stderr]    Compiling my-neversea-2025 v0.0.0 (/opt/rustwide/workdir)
[INFO] [stderr]    Compiling multiversx-sc-scenario v0.54.1
[INFO] [stderr]     Finished `test` profile [unoptimized + debuginfo] target(s) in 19.18s
[INFO] running `Command { std: "docker" "inspect" "3cc6f527f6488d2e4209915d133e23d9f745bd5fe1206ae711c460bd5a2916e2", kill_on_drop: false }`
[INFO] running `Command { std: "docker" "rm" "-f" "3cc6f527f6488d2e4209915d133e23d9f745bd5fe1206ae711c460bd5a2916e2", kill_on_drop: false }`
[INFO] [stdout] 3cc6f527f6488d2e4209915d133e23d9f745bd5fe1206ae711c460bd5a2916e2
[INFO] running `Command { std: "docker" "create" "-v" "/var/lib/crater-agent-workspace/builds/worker-3-tc2/target:/opt/rustwide/target:rw,Z" "-v" "/var/lib/crater-agent-workspace/builds/worker-3-tc2/source:/opt/rustwide/workdir:ro,Z" "-v" "/var/lib/crater-agent-workspace/cargo-home:/opt/rustwide/cargo-home:ro,Z" "-v" "/var/lib/crater-agent-workspace/rustup-home:/opt/rustwide/rustup-home:ro,Z" "-e" "SOURCE_DIR=/opt/rustwide/workdir" "-e" "CARGO_TARGET_DIR=/opt/rustwide/target" "-e" "CARGO_INCREMENTAL=0" "-e" "RUST_BACKTRACE=full" "-e" "RUSTFLAGS=--cap-lints=forbid -Zrandomize-layout" "-e" "RUSTDOCFLAGS=--cap-lints=forbid" "-e" "CARGO_HOME=/opt/rustwide/cargo-home" "-e" "RUSTUP_HOME=/opt/rustwide/rustup-home" "-w" "/opt/rustwide/workdir" "-m" "1610612736" "--user" "0:0" "--network" "none" "ghcr.io/rust-lang/crates-build-env/linux@sha256:819108c5571ea2e421544af4d832f968d213c87fbe3707a016657f43d2f853bc" "/opt/rustwide/cargo-home/bin/cargo" "+nightly-2025-01-18" "test" "--frozen", kill_on_drop: false }`
[INFO] [stdout] 9f7659562c9ce296dbafee3746bbac0fde8561cdf6f3c923988b77ab6c213328
[INFO] running `Command { std: "docker" "start" "-a" "9f7659562c9ce296dbafee3746bbac0fde8561cdf6f3c923988b77ab6c213328", kill_on_drop: false }`
[INFO] [stderr]     Finished `test` profile [unoptimized + debuginfo] target(s) in 0.10s
[INFO] [stderr]      Running unittests src/lib.rs (/opt/rustwide/target/debug/deps/my_neversea_2025-2290e2c0666881a2)
[INFO] [stdout] 
[INFO] [stdout] running 0 tests
[INFO] [stdout] 
[INFO] [stdout] test result: ok. 0 passed; 0 failed; 0 ignored; 0 measured; 0 filtered out; finished in 0.00s
[INFO] [stdout] 
[INFO] [stderr]      Running tests/my_neversea_2025_scenario_go_test.rs (/opt/rustwide/target/debug/deps/my_neversea_2025_scenario_go_test-644cce066c8239d8)
[INFO] [stdout] 
[INFO] [stdout] running 1 test
[INFO] [stdout] test empty_go ... ok
[INFO] [stdout] 
[INFO] [stdout] test result: ok. 1 passed; 0 failed; 0 ignored; 0 measured; 0 filtered out; finished in 0.00s
[INFO] [stdout] 
[INFO] [stderr]      Running tests/my_neversea_2025_scenario_rs_test.rs (/opt/rustwide/target/debug/deps/my_neversea_2025_scenario_rs_test-86d9ac57f1499d4e)
[INFO] [stdout] 
[INFO] [stdout] running 1 test
[INFO] [stdout] test empty_rs ... FAILED
[INFO] [stdout] 
[INFO] [stdout] failures:
[INFO] [stdout] 
[INFO] [stdout] ---- empty_rs stdout ----
[INFO] [stdout] wrong number of arguments
[INFO] [stdout] 
[INFO] [stdout] thread 'empty_rs' panicked at /opt/rustwide/cargo-home/registry/src/index.crates.io-1949cf8c6b5b557f/multiversx-chain-vm-0.11.0/src/vm_hooks/vh_impl/vh_debug_api.rs:46:9:
[INFO] [stdout] Box<dyn Any>
[INFO] [stdout] stack backtrace:
[INFO] [stdout]    0:     0x652c0682f99a - std::backtrace_rs::backtrace::libunwind::trace::hb059275cfc8d6126
[INFO] [stdout]                                at /rustc/6067b36314ab5eb2eb47cecc464545ba58e1ad24/library/std/src/../../backtrace/src/backtrace/libunwind.rs:116:5
[INFO] [stdout]    1:     0x652c0682f99a - std::backtrace_rs::backtrace::trace_unsynchronized::h2da071e4327ce3ee
[INFO] [stdout]                                at /rustc/6067b36314ab5eb2eb47cecc464545ba58e1ad24/library/std/src/../../backtrace/src/backtrace/mod.rs:66:5
[INFO] [stdout]    2:     0x652c0682f99a - std::sys::backtrace::_print_fmt::h842a1474e6f8d23f
[INFO] [stdout]                                at /rustc/6067b36314ab5eb2eb47cecc464545ba58e1ad24/library/std/src/sys/backtrace.rs:66:9
[INFO] [stdout]    3:     0x652c0682f99a - <std::sys::backtrace::BacktraceLock::print::DisplayBacktrace as core::fmt::Display>::fmt::h71a62eb3b9696b12
[INFO] [stdout]                                at /rustc/6067b36314ab5eb2eb47cecc464545ba58e1ad24/library/std/src/sys/backtrace.rs:39:26
[INFO] [stdout]    4:     0x652c068580e3 - core::fmt::rt::Argument::fmt::hdb6b616786b41dc1
[INFO] [stdout]                                at /rustc/6067b36314ab5eb2eb47cecc464545ba58e1ad24/library/core/src/fmt/rt.rs:177:76
[INFO] [stdout]    5:     0x652c068580e3 - core::fmt::write::h2cc1698af7e2d686
[INFO] [stdout]                                at /rustc/6067b36314ab5eb2eb47cecc464545ba58e1ad24/library/core/src/fmt/mod.rs:1440:21
[INFO] [stdout]    6:     0x652c0682c2a3 - std::io::Write::write_fmt::hab1b4cd059a79022
[INFO] [stdout]                                at /rustc/6067b36314ab5eb2eb47cecc464545ba58e1ad24/library/std/src/io/mod.rs:1887:15
[INFO] [stdout]    7:     0x652c0682f7e2 - std::sys::backtrace::BacktraceLock::print::h147fe35b4ea13b08
[INFO] [stdout]                                at /rustc/6067b36314ab5eb2eb47cecc464545ba58e1ad24/library/std/src/sys/backtrace.rs:42:9
[INFO] [stdout]    8:     0x652c06830dbf - std::panicking::default_hook::{{closure}}::hbd44223dbdc0d208
[INFO] [stdout]                                at /rustc/6067b36314ab5eb2eb47cecc464545ba58e1ad24/library/std/src/panicking.rs:298:22
[INFO] [stdout]    9:     0x652c06830bd8 - std::panicking::default_hook::h20f81eb0576efcec
[INFO] [stdout]                                at /rustc/6067b36314ab5eb2eb47cecc464545ba58e1ad24/library/std/src/panicking.rs:322:9
[INFO] [stdout]   10:     0x652c064f85f3 - <alloc::boxed::Box<F,A> as core::ops::function::Fn<Args>>::call::hdb53814c496a4d34
[INFO] [stdout]                                at /rustc/6067b36314ab5eb2eb47cecc464545ba58e1ad24/library/alloc/src/boxed.rs:2027:9
[INFO] [stdout]   11:     0x652c064f85f3 - test::test_main::{{closure}}::hc0a4963c59427c24
[INFO] [stdout]                                at /rustc/6067b36314ab5eb2eb47cecc464545ba58e1ad24/library/test/src/lib.rs:134:21
[INFO] [stdout]   12:     0x652c068318b3 - <alloc::boxed::Box<F,A> as core::ops::function::Fn<Args>>::call::h591b2225413a77e9
[INFO] [stdout]                                at /rustc/6067b36314ab5eb2eb47cecc464545ba58e1ad24/library/alloc/src/boxed.rs:2027:9
[INFO] [stdout]   13:     0x652c068318b3 - std::panicking::rust_panic_with_hook::h625eea43051b2edc
[INFO] [stdout]                                at /rustc/6067b36314ab5eb2eb47cecc464545ba58e1ad24/library/std/src/panicking.rs:839:13
[INFO] [stdout]   14:     0x652c0675eb7c - std::panicking::begin_panic::{{closure}}::he5292325dae4c20f
[INFO] [stdout]                                at /rustc/6067b36314ab5eb2eb47cecc464545ba58e1ad24/library/std/src/panicking.rs:768:9
[INFO] [stdout]   15:     0x652c0670666c - std::sys::backtrace::__rust_end_short_backtrace::h25366a5e02c3e5dd
[INFO] [stdout]                                at /rustc/6067b36314ab5eb2eb47cecc464545ba58e1ad24/library/std/src/sys/backtrace.rs:168:18
[INFO] [stdout]   16:     0x652c0675eb31 - std::panicking::begin_panic::hf12943cb20f0be05
[INFO] [stdout]                                at /rustc/6067b36314ab5eb2eb47cecc464545ba58e1ad24/library/std/src/panicking.rs:767:5
[INFO] [stdout]   17:     0x652c0672cf94 - std::panic::panic_any::h9e687a72959a9918
[INFO] [stdout]                                at /rustc/6067b36314ab5eb2eb47cecc464545ba58e1ad24/library/std/src/panic.rs:259:5
[INFO] [stdout]   18:     0x652c06714168 - <multiversx_chain_vm::vm_hooks::vh_impl::vh_debug_api::DebugApiVMHooksHandler as multiversx_chain_vm::vm_hooks::vh_source::VMHooksHandlerSource>::halt_with_error::hf9f3da3af09aa89a
[INFO] [stdout]                                at /opt/rustwide/cargo-home/registry/src/index.crates.io-1949cf8c6b5b557f/multiversx-chain-vm-0.11.0/src/vm_hooks/vh_impl/vh_debug_api.rs:46:9
[INFO] [stdout]   19:     0x652c064a3d3d - multiversx_chain_vm::vm_hooks::vh_handler::vh_error::VMHooksError::signal_error::h500f4d8fd992b4a1
[INFO] [stdout]                                at /opt/rustwide/cargo-home/registry/src/index.crates.io-1949cf8c6b5b557f/multiversx-chain-vm-0.11.0/src/vm_hooks/vh_handler/vh_error.rs:13:9
[INFO] [stdout]   20:     0x652c067587c5 - <multiversx_chain_vm::vm_hooks::vh_dispatcher::VMHooksDispatcher as multiversx_chain_vm_executor::vm_hooks::VMHooks>::signal_error::{{closure}}::h423af240ea463996
[INFO] [stdout]                                at /opt/rustwide/cargo-home/registry/src/index.crates.io-1949cf8c6b5b557f/multiversx-chain-vm-0.11.0/src/vm_hooks/vh_dispatcher.rs:64:17
[INFO] [stdout]   21:     0x652c0672bcd0 - multiversx_chain_vm::mem_conv::with_bytes::h5557682d1848c942
[INFO] [stdout]                                at /opt/rustwide/cargo-home/registry/src/index.crates.io-1949cf8c6b5b557f/multiversx-chain-vm-0.11.0/src/mem_conv.rs:27:5
[INFO] [stdout]   22:     0x652c06758778 - <multiversx_chain_vm::vm_hooks::vh_dispatcher::VMHooksDispatcher as multiversx_chain_vm_executor::vm_hooks::VMHooks>::signal_error::h4fbf4b30ffc28140
[INFO] [stdout]                                at /opt/rustwide/cargo-home/registry/src/index.crates.io-1949cf8c6b5b557f/multiversx-chain-vm-0.11.0/src/vm_hooks/vh_dispatcher.rs:63:13
[INFO] [stdout]   23:     0x652c064b55bf - multiversx_sc_scenario::api::core_api_vh::error_api_vh::<impl multiversx_sc::api::error_api::ErrorApiImpl for multiversx_sc_scenario::api::impl_vh::vm_hooks_api::VMHooksApi<VHB>>::signal_error::{{closure}}::{{closure}}::h218ce099ac3cf266
[INFO] [stdout]                                at /opt/rustwide/cargo-home/registry/src/index.crates.io-1949cf8c6b5b557f/multiversx-sc-scenario-0.54.1/src/api/core_api_vh/error_api_vh.rs:18:17
[INFO] [stdout]   24:     0x652c064b4ed7 - multiversx_chain_vm::mem_conv::with_mem_ptr::h85a98a28f1468dcb
[INFO] [stdout]                                at /opt/rustwide/cargo-home/registry/src/index.crates.io-1949cf8c6b5b557f/multiversx-chain-vm-0.11.0/src/mem_conv.rs:7:5
[INFO] [stdout]   25:     0x652c064b5577 - multiversx_sc_scenario::api::core_api_vh::error_api_vh::<impl multiversx_sc::api::error_api::ErrorApiImpl for multiversx_sc_scenario::api::impl_vh::vm_hooks_api::VMHooksApi<VHB>>::signal_error::{{closure}}::ha7fa19cd7fd3f459
[INFO] [stdout]                                at /opt/rustwide/cargo-home/registry/src/index.crates.io-1949cf8c6b5b557f/multiversx-sc-scenario-0.54.1/src/api/core_api_vh/error_api_vh.rs:17:13
[INFO] [stdout]   26:     0x652c064b9d8b - <multiversx_sc_scenario::api::impl_vh::debug_api::DebugApiBackend as multiversx_sc_scenario::api::impl_vh::vm_hooks_backend::VMHooksApiBackend>::with_vm_hooks::h0438f89c3e94c784
[INFO] [stdout]                                at /opt/rustwide/cargo-home/registry/src/index.crates.io-1949cf8c6b5b557f/multiversx-sc-scenario-0.54.1/src/api/impl_vh/debug_api.rs:27:9
[INFO] [stdout]   27:     0x652c064a9540 - multiversx_sc_scenario::api::impl_vh::vm_hooks_api::VMHooksApi<VHB>::with_vm_hooks::hff25f4a94c91b447
[INFO] [stdout]                                at /opt/rustwide/cargo-home/registry/src/index.crates.io-1949cf8c6b5b557f/multiversx-sc-scenario-0.54.1/src/api/impl_vh/vm_hooks_api.rs:27:9
[INFO] [stdout]   28:     0x652c064a8077 - multiversx_sc_scenario::api::core_api_vh::error_api_vh::<impl multiversx_sc::api::error_api::ErrorApiImpl for multiversx_sc_scenario::api::impl_vh::vm_hooks_api::VMHooksApi<VHB>>::signal_error::h06047961bfa675e2
[INFO] [stdout]                                at /opt/rustwide/cargo-home/registry/src/index.crates.io-1949cf8c6b5b557f/multiversx-sc-scenario-0.54.1/src/api/core_api_vh/error_api_vh.rs:16:9
[INFO] [stdout]   29:     0x652c064b7f28 - multiversx_sc::io::arg_nested_tuple::check_num_arguments_eq::hc2419b24b378810b
[INFO] [stdout]                                at /opt/rustwide/cargo-home/registry/src/index.crates.io-1949cf8c6b5b557f/multiversx-sc-0.54.1/src/io/arg_nested_tuple.rs:37:9
[INFO] [stdout]   30:     0x652c064b0fff - <() as multiversx_sc::io::arg_nested_tuple::ArgNestedTuple<AA>>::check_num_single_args::h33dfa8436c6d2bf2
[INFO] [stdout]                                at /opt/rustwide/cargo-home/registry/src/index.crates.io-1949cf8c6b5b557f/multiversx-sc-0.54.1/src/io/arg_nested_tuple.rs:152:9
[INFO] [stdout]   31:     0x652c064b0fff - <(Head,Tail) as multiversx_sc::io::arg_nested_tuple::ArgNestedTuple<AA>>::check_num_single_args::h59f5cf8240ee656e
[INFO] [stdout]                                at /opt/rustwide/cargo-home/registry/src/index.crates.io-1949cf8c6b5b557f/multiversx-sc-0.54.1/src/io/arg_nested_tuple.rs:115:13
[INFO] [stdout]   32:     0x652c064b0fff - <(Head,Tail) as multiversx_sc::io::arg_nested_tuple::ArgNestedTuple<AA>>::check_num_single_args::hce11a00df21cc7d1
[INFO] [stdout]                                at /opt/rustwide/cargo-home/registry/src/index.crates.io-1949cf8c6b5b557f/multiversx-sc-0.54.1/src/io/arg_nested_tuple.rs:115:13
[INFO] [stdout]   33:     0x652c064b0fff - multiversx_sc::io::arg_nested_tuple::load_endpoint_args::hd54b1dddecbacc82
[INFO] [stdout]                                at /opt/rustwide/cargo-home/registry/src/index.crates.io-1949cf8c6b5b557f/multiversx-sc-0.54.1/src/io/arg_nested_tuple.rs:171:5
[INFO] [stdout]   34:     0x652c064b0fff - my_neversea_2025::EndpointWrappers::call_init::h029ca9688709d426
[INFO] [stdout]                                at /opt/rustwide/workdir/src/lib.rs:7:1
[INFO] [stdout]   35:     0x652c064b0f2f - my_neversea_2025::EndpointWrappers::call::hd585351fe2c4713f
[INFO] [stdout]                                at /opt/rustwide/workdir/src/lib.rs:7:1
[INFO] [stdout]   36:     0x652c064ad0e7 - <my_neversea_2025::ContractObj<A> as multiversx_sc::contract_base::callable_contract::CallableContract>::call::h8bfdd83acbb91d37
[INFO] [stdout]                                at /opt/rustwide/workdir/src/lib.rs:7:1
[INFO] [stdout]   37:     0x652c06595048 - multiversx_sc_scenario::debug_executor::contract_container::ContractContainer::call::h62f8c3ede979d6c5
[INFO] [stdout]                                at /opt/rustwide/cargo-home/registry/src/index.crates.io-1949cf8c6b5b557f/multiversx-sc-scenario-0.54.1/src/debug_executor/contract_container.rs:42:13
[INFO] [stdout]   38:     0x652c06595400 - <multiversx_sc_scenario::debug_executor::contract_container::ContractContainerRef as multiversx_chain_vm_executor::instance::Instance>::call::{{closure}}::h79bbfb1613d7a6f7
[INFO] [stdout]                                at /opt/rustwide/cargo-home/registry/src/index.crates.io-1949cf8c6b5b557f/multiversx-sc-scenario-0.54.1/src/debug_executor/contract_container.rs:80:35
[INFO] [stdout]   39:     0x652c065973fa - <core::panic::unwind_safe::AssertUnwindSafe<F> as core::ops::function::FnOnce<()>>::call_once::h32caa78a3773b797
[INFO] [stdout]                                at /rustc/6067b36314ab5eb2eb47cecc464545ba58e1ad24/library/core/src/panic/unwind_safe.rs:272:9
[INFO] [stdout]   40:     0x652c06584fc4 - std::panicking::try::do_call::h0133bad7a73b7bdf
[INFO] [stdout]                                at /rustc/6067b36314ab5eb2eb47cecc464545ba58e1ad24/library/std/src/panicking.rs:587:40
[INFO] [stdout]   41:     0x652c0657a59b - __rust_try
[INFO] [stdout]   42:     0x652c065707fd - std::panicking::try::h44f1a075f0cb16ae
[INFO] [stdout]                                at /rustc/6067b36314ab5eb2eb47cecc464545ba58e1ad24/library/std/src/panicking.rs:550:19
[INFO] [stdout]   43:     0x652c065707fd - std::panic::catch_unwind::hfe80751a716ab3d1
[INFO] [stdout]                                at /rustc/6067b36314ab5eb2eb47cecc464545ba58e1ad24/library/std/src/panic.rs:358:14
[INFO] [stdout]   44:     0x652c065723ca - multiversx_sc_scenario::debug_executor::catch_tx_panic::catch_tx_panic::h4dcf4f5a65a16ec1
[INFO] [stdout]                                at /opt/rustwide/cargo-home/registry/src/index.crates.io-1949cf8c6b5b557f/multiversx-sc-scenario-0.54.1/src/debug_executor/catch_tx_panic.rs:14:18
[INFO] [stdout]   45:     0x652c0659510f - multiversx_sc_scenario::debug_executor::contract_container::contract_instance_wrapped_execution::h6c262544e6e7a596
[INFO] [stdout]                                at /opt/rustwide/cargo-home/registry/src/index.crates.io-1949cf8c6b5b557f/multiversx-sc-scenario-0.54.1/src/debug_executor/contract_container.rs:57:18
[INFO] [stdout]   46:     0x652c0659538e - <multiversx_sc_scenario::debug_executor::contract_container::ContractContainerRef as multiversx_chain_vm_executor::instance::Instance>::call::hf3f355cef02b92af
[INFO] [stdout]                                at /opt/rustwide/cargo-home/registry/src/index.crates.io-1949cf8c6b5b557f/multiversx-sc-scenario-0.54.1/src/debug_executor/contract_container.rs:79:9
[INFO] [stdout]   47:     0x652c0670c39b - multiversx_chain_vm::tx_execution::exec_call::execute_current_tx_context_input::hfbda81e275bcbaea
[INFO] [stdout]                                at /opt/rustwide/cargo-home/registry/src/index.crates.io-1949cf8c6b5b557f/multiversx-chain-vm-0.11.0/src/tx_execution/exec_call.rs:26:5
[INFO] [stdout]   48:     0x652c06726e47 - core::ops::function::FnOnce::call_once::h8d745e20ec3b20b5
[INFO] [stdout]                                at /rustc/6067b36314ab5eb2eb47cecc464545ba58e1ad24/library/core/src/ops/function.rs:250:5
[INFO] [stdout]   49:     0x652c06713ed5 - multiversx_chain_vm::tx_mock::tx_context_stack::TxContextStack::execute_on_vm_stack::{{closure}}::he443e05ac662545e
[INFO] [stdout]                                at /opt/rustwide/cargo-home/registry/src/index.crates.io-1949cf8c6b5b557f/multiversx-chain-vm-0.11.0/src/tx_mock/tx_context_stack.rs:46:26
[INFO] [stdout]   50:     0x652c067381a1 - multiversx_chain_vm::with_shared::shareable::Shareable<T>::with_shared::he430180999d77d4e
[INFO] [stdout]                                at /opt/rustwide/cargo-home/registry/src/index.crates.io-1949cf8c6b5b557f/multiversx-chain-vm-0.11.0/src/with_shared/shareable.rs:116:22
[INFO] [stdout]   51:     0x652c06713e7f - multiversx_chain_vm::tx_mock::tx_context_stack::TxContextStack::execute_on_vm_stack::hecef19eb25bc3c73
[INFO] [stdout]                                at /opt/rustwide/cargo-home/registry/src/index.crates.io-1949cf8c6b5b557f/multiversx-chain-vm-0.11.0/src/tx_mock/tx_context_stack.rs:43:9
[INFO] [stdout]   52:     0x652c0674cd8b - multiversx_chain_vm::tx_execution::exec_general_tx::<impl multiversx_chain_vm::tx_execution::blockchain_vm::BlockchainVMRef>::deploy_contract::h03c220232dd4ce6d
[INFO] [stdout]                                at /opt/rustwide/cargo-home/registry/src/index.crates.io-1949cf8c6b5b557f/multiversx-chain-vm-0.11.0/src/tx_execution/exec_general_tx.rs:165:9
[INFO] [stdout]   53:     0x652c0658e34d - multiversx_chain_vm::tx_execution::exec_create::<impl multiversx_chain_vm::tx_execution::blockchain_vm::BlockchainVMRef>::sc_create::{{closure}}::he7f6d3ddddbb6ab6
[INFO] [stdout]                                at /opt/rustwide/cargo-home/registry/src/index.crates.io-1949cf8c6b5b557f/multiversx-chain-vm-0.11.0/src/tx_execution/exec_create.rs:30:13
[INFO] [stdout]   54:     0x652c0659fa0e - multiversx_chain_vm::with_shared::shareable::Shareable<T>::with_shared::h279bc7081d010023
[INFO] [stdout]                                at /opt/rustwide/cargo-home/registry/src/index.crates.io-1949cf8c6b5b557f/multiversx-chain-vm-0.11.0/src/with_shared/shareable.rs:116:22
[INFO] [stdout]   55:     0x652c065321e9 - multiversx_chain_vm::tx_execution::exec_create::<impl multiversx_chain_vm::tx_execution::blockchain_vm::BlockchainVMRef>::sc_create::h93dbe3b187a627fc
[INFO] [stdout]                                at /opt/rustwide/cargo-home/registry/src/index.crates.io-1949cf8c6b5b557f/multiversx-chain-vm-0.11.0/src/tx_execution/exec_create.rs:27:60
[INFO] [stdout]   56:     0x652c065516e7 - multiversx_sc_scenario::scenario::run_vm::sc_deploy::<impl multiversx_sc_scenario::scenario::run_vm::vm_runner::ScenarioVMRunner>::perform_sc_deploy_lambda::h71109178ffb2d75c
[INFO] [stdout]                                at /opt/rustwide/cargo-home/registry/src/index.crates.io-1949cf8c6b5b557f/multiversx-sc-scenario-0.54.1/src/scenario/run_vm/sc_deploy.rs:35:40
[INFO] [stdout]   57:     0x652c06551894 - multiversx_sc_scenario::scenario::run_vm::sc_deploy::<impl multiversx_sc_scenario::scenario::run_vm::vm_runner::ScenarioVMRunner>::perform_sc_deploy_lambda_and_check::hc4e41352e0f15b6b
[INFO] [stdout]                                at /opt/rustwide/cargo-home/registry/src/index.crates.io-1949cf8c6b5b557f/multiversx-sc-scenario-0.54.1/src/scenario/run_vm/sc_deploy.rs:57:40
[INFO] [stdout]   58:     0x652c065513cb - multiversx_sc_scenario::scenario::run_vm::sc_deploy::<impl multiversx_sc_scenario::scenario::run_vm::vm_runner::ScenarioVMRunner>::perform_sc_deploy_update_results::h540d39fba7d5c12a
[INFO] [stdout]                                at /opt/rustwide/cargo-home/registry/src/index.crates.io-1949cf8c6b5b557f/multiversx-sc-scenario-0.54.1/src/scenario/run_vm/sc_deploy.rs:19:13
[INFO] [stdout]   59:     0x652c065520e4 - <multiversx_sc_scenario::scenario::run_vm::vm_runner::ScenarioVMRunner as multiversx_sc_scenario::scenario::scenario_runner::ScenarioRunner>::run_sc_deploy_step::h0f018fd728000637
[INFO] [stdout]                                at /opt/rustwide/cargo-home/registry/src/index.crates.io-1949cf8c6b5b557f/multiversx-sc-scenario-0.54.1/src/scenario/run_vm/vm_runner.rs:56:9
[INFO] [stdout]   60:     0x652c0657f74a - <multiversx_sc_scenario::facade::debugger_backend::DebuggerBackend as multiversx_sc_scenario::scenario::scenario_runner::ScenarioRunner>::run_sc_deploy_step::h0b372e5fd5e5bc22
[INFO] [stdout]                                at /opt/rustwide/cargo-home/registry/src/index.crates.io-1949cf8c6b5b557f/multiversx-sc-scenario-0.54.1/src/facade/debugger_backend.rs:58:9
[INFO] [stdout]   61:     0x652c0657fb63 - multiversx_sc_scenario::facade::debugger_backend::DebuggerBackend::run_scenario_file::h1caa869eec966e8d
[INFO] [stdout]                                at /opt/rustwide/cargo-home/registry/src/index.crates.io-1949cf8c6b5b557f/multiversx-sc-scenario-0.54.1/src/facade/debugger_backend.rs:113:21
[INFO] [stdout]   62:     0x652c064aa5c1 - multiversx_sc_scenario::facade::scenario_world::ScenarioWorld::run::h7e65b50445aaf2cc
[INFO] [stdout]                                at /opt/rustwide/cargo-home/registry/src/index.crates.io-1949cf8c6b5b557f/multiversx-sc-scenario-0.54.1/src/facade/scenario_world.rs:65:17
[INFO] [stdout]   63:     0x652c064b2794 - my_neversea_2025_scenario_rs_test::empty_rs::hc491247f860e23ff
[INFO] [stdout]                                at /opt/rustwide/workdir/tests/my_neversea_2025_scenario_rs_test.rs:13:5
[INFO] [stdout]   64:     0x652c064b2757 - my_neversea_2025_scenario_rs_test::empty_rs::{{closure}}::hd3c6b0a8d96c8a3f
[INFO] [stdout]                                at /opt/rustwide/workdir/tests/my_neversea_2025_scenario_rs_test.rs:12:14
[INFO] [stdout]   65:     0x652c064b5db6 - core::ops::function::FnOnce::call_once::hcb2fd845579c5a04
[INFO] [stdout]                                at /rustc/6067b36314ab5eb2eb47cecc464545ba58e1ad24/library/core/src/ops/function.rs:250:5
[INFO] [stdout]   66:     0x652c064fdd4b - core::ops::function::FnOnce::call_once::he27718dfdd183f43
[INFO] [stdout]                                at /rustc/6067b36314ab5eb2eb47cecc464545ba58e1ad24/library/core/src/ops/function.rs:250:5
[INFO] [stdout]   67:     0x652c064fdd4b - test::__rust_begin_short_backtrace::h4e84902998457a5d
[INFO] [stdout]                                at /rustc/6067b36314ab5eb2eb47cecc464545ba58e1ad24/library/test/src/lib.rs:632:18
[INFO] [stdout]   68:     0x652c064fcc83 - test::run_test_in_process::{{closure}}::h7176fd18fc1feca0
[INFO] [stdout]                                at /rustc/6067b36314ab5eb2eb47cecc464545ba58e1ad24/library/test/src/lib.rs:655:60
[INFO] [stdout]   69:     0x652c064fcc83 - <core::panic::unwind_safe::AssertUnwindSafe<F> as core::ops::function::FnOnce<()>>::call_once::hf79cff2a624d8cf7
[INFO] [stdout]                                at /rustc/6067b36314ab5eb2eb47cecc464545ba58e1ad24/library/core/src/panic/unwind_safe.rs:272:9
[INFO] [stdout]   70:     0x652c064fcc83 - std::panicking::try::do_call::h3da0561d9ab99c25
[INFO] [stdout]                                at /rustc/6067b36314ab5eb2eb47cecc464545ba58e1ad24/library/std/src/panicking.rs:587:40
[INFO] [stdout]   71:     0x652c064fcc83 - std::panicking::try::h41c9fa508bc61df6
[INFO] [stdout]                                at /rustc/6067b36314ab5eb2eb47cecc464545ba58e1ad24/library/std/src/panicking.rs:550:19
[INFO] [stdout]   72:     0x652c064fcc83 - std::panic::catch_unwind::h6b3ff07bb5afad93
[INFO] [stdout]                                at /rustc/6067b36314ab5eb2eb47cecc464545ba58e1ad24/library/std/src/panic.rs:358:14
[INFO] [stdout]   73:     0x652c064fcc83 - test::run_test_in_process::hc7253dd11b39b9f4
[INFO] [stdout]                                at /rustc/6067b36314ab5eb2eb47cecc464545ba58e1ad24/library/test/src/lib.rs:655:27
[INFO] [stdout]   74:     0x652c064fcc83 - test::run_test::{{closure}}::hfb2007f8649c30bb
[INFO] [stdout]                                at /rustc/6067b36314ab5eb2eb47cecc464545ba58e1ad24/library/test/src/lib.rs:576:43
[INFO] [stdout]   75:     0x652c064bfd65 - test::run_test::{{closure}}::h56a17aa7a282a9f4
[INFO] [stdout]                                at /rustc/6067b36314ab5eb2eb47cecc464545ba58e1ad24/library/test/src/lib.rs:606:41
[INFO] [stdout]   76:     0x652c064bfd65 - std::sys::backtrace::__rust_begin_short_backtrace::hd2d2d2fb8e8c6aac
[INFO] [stdout]                                at /rustc/6067b36314ab5eb2eb47cecc464545ba58e1ad24/library/std/src/sys/backtrace.rs:152:18
[INFO] [stdout]   77:     0x652c064c364a - std::thread::Builder::spawn_unchecked_::{{closure}}::{{closure}}::h4faa3f9db6133423
[INFO] [stdout]                                at /rustc/6067b36314ab5eb2eb47cecc464545ba58e1ad24/library/std/src/thread/mod.rs:559:17
[INFO] [stdout]   78:     0x652c064c364a - <core::panic::unwind_safe::AssertUnwindSafe<F> as core::ops::function::FnOnce<()>>::call_once::hf2e855a36a4ea846
[INFO] [stdout]                                at /rustc/6067b36314ab5eb2eb47cecc464545ba58e1ad24/library/core/src/panic/unwind_safe.rs:272:9
[INFO] [stdout]   79:     0x652c064c364a - std::panicking::try::do_call::h2f73af3616c35465
[INFO] [stdout]                                at /rustc/6067b36314ab5eb2eb47cecc464545ba58e1ad24/library/std/src/panicking.rs:587:40
[INFO] [stdout]   80:     0x652c064c364a - std::panicking::try::hd1660ce9efadef5a
[INFO] [stdout]                                at /rustc/6067b36314ab5eb2eb47cecc464545ba58e1ad24/library/std/src/panicking.rs:550:19
[INFO] [stdout]   81:     0x652c064c364a - std::panic::catch_unwind::h5ee8d7823b8ca744
[INFO] [stdout]                                at /rustc/6067b36314ab5eb2eb47cecc464545ba58e1ad24/library/std/src/panic.rs:358:14
[INFO] [stdout]   82:     0x652c064c364a - std::thread::Builder::spawn_unchecked_::{{closure}}::h53c3a1894dce8407
[INFO] [stdout]                                at /rustc/6067b36314ab5eb2eb47cecc464545ba58e1ad24/library/std/src/thread/mod.rs:557:30
[INFO] [stdout]   83:     0x652c064c364a - core::ops::function::FnOnce::call_once{{vtable.shim}}::h048ce291ad4f62bf
[INFO] [stdout]                                at /rustc/6067b36314ab5eb2eb47cecc464545ba58e1ad24/library/core/src/ops/function.rs:250:5
[INFO] [stdout]   84:     0x652c068357eb - <alloc::boxed::Box<F,A> as core::ops::function::FnOnce<Args>>::call_once::ha52bedf99a3b4981
[INFO] [stdout]                                at /rustc/6067b36314ab5eb2eb47cecc464545ba58e1ad24/library/alloc/src/boxed.rs:2013:9
[INFO] [stdout]   85:     0x652c068357eb - <alloc::boxed::Box<F,A> as core::ops::function::FnOnce<Args>>::call_once::h567748934d80ccf8
[INFO] [stdout]                                at /rustc/6067b36314ab5eb2eb47cecc464545ba58e1ad24/library/alloc/src/boxed.rs:2013:9
[INFO] [stdout]   86:     0x652c068357eb - std::sys::pal::unix::thread::Thread::new::thread_start::h2d970728ae887adc
[INFO] [stdout]                                at /rustc/6067b36314ab5eb2eb47cecc464545ba58e1ad24/library/std/src/sys/pal/unix/thread.rs:106:17
[INFO] [stdout]   87:     0x7ac36deb5ac3 - <unknown>
[INFO] [stdout]   88:     0x7ac36df46a04 - clone
[INFO] [stdout]   89:                0x0 - <unknown>
[INFO] [stdout] 
[INFO] [stdout] thread 'empty_rs' panicked at /opt/rustwide/cargo-home/registry/src/index.crates.io-1949cf8c6b5b557f/multiversx-sc-scenario-0.54.1/src/scenario/run_vm/tx_output_check.rs:10:5:
[INFO] [stdout] result code mismatch. Tx id: 'deploy'. Want: "". Have: 4. Message: wrong number of arguments
[INFO] [stdout] stack backtrace:
[INFO] [stdout]    0:     0x652c0682f99a - std::backtrace_rs::backtrace::libunwind::trace::hb059275cfc8d6126
[INFO] [stdout]                                at /rustc/6067b36314ab5eb2eb47cecc464545ba58e1ad24/library/std/src/../../backtrace/src/backtrace/libunwind.rs:116:5
[INFO] [stdout]    1:     0x652c0682f99a - std::backtrace_rs::backtrace::trace_unsynchronized::h2da071e4327ce3ee
[INFO] [stdout]                                at /rustc/6067b36314ab5eb2eb47cecc464545ba58e1ad24/library/std/src/../../backtrace/src/backtrace/mod.rs:66:5
[INFO] [stdout]    2:     0x652c0682f99a - std::sys::backtrace::_print_fmt::h842a1474e6f8d23f
[INFO] [stdout]                                at /rustc/6067b36314ab5eb2eb47cecc464545ba58e1ad24/library/std/src/sys/backtrace.rs:66:9
[INFO] [stdout]    3:     0x652c0682f99a - <std::sys::backtrace::BacktraceLock::print::DisplayBacktrace as core::fmt::Display>::fmt::h71a62eb3b9696b12
[INFO] [stdout]                                at /rustc/6067b36314ab5eb2eb47cecc464545ba58e1ad24/library/std/src/sys/backtrace.rs:39:26
[INFO] [stdout]    4:     0x652c068580e3 - core::fmt::rt::Argument::fmt::hdb6b616786b41dc1
[INFO] [stdout]                                at /rustc/6067b36314ab5eb2eb47cecc464545ba58e1ad24/library/core/src/fmt/rt.rs:177:76
[INFO] [stdout]    5:     0x652c068580e3 - core::fmt::write::h2cc1698af7e2d686
[INFO] [stdout]                                at /rustc/6067b36314ab5eb2eb47cecc464545ba58e1ad24/library/core/src/fmt/mod.rs:1440:21
[INFO] [stdout]    6:     0x652c0682c2a3 - std::io::Write::write_fmt::hab1b4cd059a79022
[INFO] [stdout]                                at /rustc/6067b36314ab5eb2eb47cecc464545ba58e1ad24/library/std/src/io/mod.rs:1887:15
[INFO] [stdout]    7:     0x652c0682f7e2 - std::sys::backtrace::BacktraceLock::print::h147fe35b4ea13b08
[INFO] [stdout]                                at /rustc/6067b36314ab5eb2eb47cecc464545ba58e1ad24/library/std/src/sys/backtrace.rs:42:9
[INFO] [stdout]    8:     0x652c06830dbf - std::panicking::default_hook::{{closure}}::hbd44223dbdc0d208
[INFO] [stdout]                                at /rustc/6067b36314ab5eb2eb47cecc464545ba58e1ad24/library/std/src/panicking.rs:298:22
[INFO] [stdout]    9:     0x652c06830bd8 - std::panicking::default_hook::h20f81eb0576efcec
[INFO] [stdout]                                at /rustc/6067b36314ab5eb2eb47cecc464545ba58e1ad24/library/std/src/panicking.rs:322:9
[INFO] [stdout]   10:     0x652c064f85f3 - <alloc::boxed::Box<F,A> as core::ops::function::Fn<Args>>::call::hdb53814c496a4d34
[INFO] [stdout]                                at /rustc/6067b36314ab5eb2eb47cecc464545ba58e1ad24/library/alloc/src/boxed.rs:2027:9
[INFO] [stdout]   11:     0x652c064f85f3 - test::test_main::{{closure}}::hc0a4963c59427c24
[INFO] [stdout]                                at /rustc/6067b36314ab5eb2eb47cecc464545ba58e1ad24/library/test/src/lib.rs:134:21
[INFO] [stdout]   12:     0x652c068318b3 - <alloc::boxed::Box<F,A> as core::ops::function::Fn<Args>>::call::h591b2225413a77e9
[INFO] [stdout]                                at /rustc/6067b36314ab5eb2eb47cecc464545ba58e1ad24/library/alloc/src/boxed.rs:2027:9
[INFO] [stdout]   13:     0x652c068318b3 - std::panicking::rust_panic_with_hook::h625eea43051b2edc
[INFO] [stdout]                                at /rustc/6067b36314ab5eb2eb47cecc464545ba58e1ad24/library/std/src/panicking.rs:839:13
[INFO] [stdout]   14:     0x652c0683156a - std::panicking::begin_panic_handler::{{closure}}::h4f9159cfbc3f6bd3
[INFO] [stdout]                                at /rustc/6067b36314ab5eb2eb47cecc464545ba58e1ad24/library/std/src/panicking.rs:704:13
[INFO] [stdout]   15:     0x652c0682fe99 - std::sys::backtrace::__rust_end_short_backtrace::h0390abce48353151
[INFO] [stdout]                                at /rustc/6067b36314ab5eb2eb47cecc464545ba58e1ad24/library/std/src/sys/backtrace.rs:168:18
[INFO] [stdout]   16:     0x652c068311fd - rust_begin_unwind
[INFO] [stdout]                                at /rustc/6067b36314ab5eb2eb47cecc464545ba58e1ad24/library/std/src/panicking.rs:695:5
[INFO] [stdout]   17:     0x652c068563e0 - core::panicking::panic_fmt::h9e7c637e9e5f29c9
[INFO] [stdout]                                at /rustc/6067b36314ab5eb2eb47cecc464545ba58e1ad24/library/core/src/panicking.rs:75:14
[INFO] [stdout]   18:     0x652c06578aa3 - multiversx_sc_scenario::scenario::run_vm::tx_output_check::check_tx_output::h7cdd146825bb624e
[INFO] [stdout]                                at /opt/rustwide/cargo-home/registry/src/index.crates.io-1949cf8c6b5b557f/multiversx-sc-scenario-0.54.1/src/scenario/run_vm/tx_output_check.rs:10:5
[INFO] [stdout]   19:     0x652c065519da - multiversx_sc_scenario::scenario::run_vm::sc_deploy::<impl multiversx_sc_scenario::scenario::run_vm::vm_runner::ScenarioVMRunner>::perform_sc_deploy_lambda_and_check::hc4e41352e0f15b6b
[INFO] [stdout]                                at /opt/rustwide/cargo-home/registry/src/index.crates.io-1949cf8c6b5b557f/multiversx-sc-scenario-0.54.1/src/scenario/run_vm/sc_deploy.rs:59:13
[INFO] [stdout]   20:     0x652c065513cb - multiversx_sc_scenario::scenario::run_vm::sc_deploy::<impl multiversx_sc_scenario::scenario::run_vm::vm_runner::ScenarioVMRunner>::perform_sc_deploy_update_results::h540d39fba7d5c12a
[INFO] [stdout]                                at /opt/rustwide/cargo-home/registry/src/index.crates.io-1949cf8c6b5b557f/multiversx-sc-scenario-0.54.1/src/scenario/run_vm/sc_deploy.rs:19:13
[INFO] [stdout]   21:     0x652c065520e4 - <multiversx_sc_scenario::scenario::run_vm::vm_runner::ScenarioVMRunner as multiversx_sc_scenario::scenario::scenario_runner::ScenarioRunner>::run_sc_deploy_step::h0f018fd728000637
[INFO] [stdout]                                at /opt/rustwide/cargo-home/registry/src/index.crates.io-1949cf8c6b5b557f/multiversx-sc-scenario-0.54.1/src/scenario/run_vm/vm_runner.rs:56:9
[INFO] [stdout]   22:     0x652c0657f74a - <multiversx_sc_scenario::facade::debugger_backend::DebuggerBackend as multiversx_sc_scenario::scenario::scenario_runner::ScenarioRunner>::run_sc_deploy_step::h0b372e5fd5e5bc22
[INFO] [stdout]                                at /opt/rustwide/cargo-home/registry/src/index.crates.io-1949cf8c6b5b557f/multiversx-sc-scenario-0.54.1/src/facade/debugger_backend.rs:58:9
[INFO] [stdout]   23:     0x652c0657fb63 - multiversx_sc_scenario::facade::debugger_backend::DebuggerBackend::run_scenario_file::h1caa869eec966e8d
[INFO] [stdout]                                at /opt/rustwide/cargo-home/registry/src/index.crates.io-1949cf8c6b5b557f/multiversx-sc-scenario-0.54.1/src/facade/debugger_backend.rs:113:21
[INFO] [stdout]   24:     0x652c064aa5c1 - multiversx_sc_scenario::facade::scenario_world::ScenarioWorld::run::h7e65b50445aaf2cc
[INFO] [stdout]                                at /opt/rustwide/cargo-home/registry/src/index.crates.io-1949cf8c6b5b557f/multiversx-sc-scenario-0.54.1/src/facade/scenario_world.rs:65:17
[INFO] [stdout]   25:     0x652c064b2794 - my_neversea_2025_scenario_rs_test::empty_rs::hc491247f860e23ff
[INFO] [stdout]                                at /opt/rustwide/workdir/tests/my_neversea_2025_scenario_rs_test.rs:13:5
[INFO] [stdout]   26:     0x652c064b2757 - my_neversea_2025_scenario_rs_test::empty_rs::{{closure}}::hd3c6b0a8d96c8a3f
[INFO] [stdout]                                at /opt/rustwide/workdir/tests/my_neversea_2025_scenario_rs_test.rs:12:14
[INFO] [stdout]   27:     0x652c064b5db6 - core::ops::function::FnOnce::call_once::hcb2fd845579c5a04
[INFO] [stdout]                                at /rustc/6067b36314ab5eb2eb47cecc464545ba58e1ad24/library/core/src/ops/function.rs:250:5
[INFO] [stdout]   28:     0x652c064fdd4b - core::ops::function::FnOnce::call_once::he27718dfdd183f43
[INFO] [stdout]                                at /rustc/6067b36314ab5eb2eb47cecc464545ba58e1ad24/library/core/src/ops/function.rs:250:5
[INFO] [stdout]   29:     0x652c064fdd4b - test::__rust_begin_short_backtrace::h4e84902998457a5d
[INFO] [stdout]                                at /rustc/6067b36314ab5eb2eb47cecc464545ba58e1ad24/library/test/src/lib.rs:632:18
[INFO] [stdout]   30:     0x652c064fcc83 - test::run_test_in_process::{{closure}}::h7176fd18fc1feca0
[INFO] [stdout]                                at /rustc/6067b36314ab5eb2eb47cecc464545ba58e1ad24/library/test/src/lib.rs:655:60
[INFO] [stdout]   31:     0x652c064fcc83 - <core::panic::unwind_safe::AssertUnwindSafe<F> as core::ops::function::FnOnce<()>>::call_once::hf79cff2a624d8cf7
[INFO] [stdout]                                at /rustc/6067b36314ab5eb2eb47cecc464545ba58e1ad24/library/core/src/panic/unwind_safe.rs:272:9
[INFO] [stdout]   32:     0x652c064fcc83 - std::panicking::try::do_call::h3da0561d9ab99c25
[INFO] [stdout]                                at /rustc/6067b36314ab5eb2eb47cecc464545ba58e1ad24/library/std/src/panicking.rs:587:40
[INFO] [stdout]   33:     0x652c064fcc83 - std::panicking::try::h41c9fa508bc61df6
[INFO] [stdout]                                at /rustc/6067b36314ab5eb2eb47cecc464545ba58e1ad24/library/std/src/panicking.rs:550:19
[INFO] [stdout]   34:     0x652c064fcc83 - std::panic::catch_unwind::h6b3ff07bb5afad93
[INFO] [stdout]                                at /rustc/6067b36314ab5eb2eb47cecc464545ba58e1ad24/library/std/src/panic.rs:358:14
[INFO] [stdout]   35:     0x652c064fcc83 - test::run_test_in_process::hc7253dd11b39b9f4
[INFO] [stdout]                                at /rustc/6067b36314ab5eb2eb47cecc464545ba58e1ad24/library/test/src/lib.rs:655:27
[INFO] [stdout]   36:     0x652c064fcc83 - test::run_test::{{closure}}::hfb2007f8649c30bb
[INFO] [stdout]                                at /rustc/6067b36314ab5eb2eb47cecc464545ba58e1ad24/library/test/src/lib.rs:576:43
[INFO] [stdout]   37:     0x652c064bfd65 - test::run_test::{{closure}}::h56a17aa7a282a9f4
[INFO] [stdout]                                at /rustc/6067b36314ab5eb2eb47cecc464545ba58e1ad24/library/test/src/lib.rs:606:41
[INFO] [stdout]   38:     0x652c064bfd65 - std::sys::backtrace::__rust_begin_short_backtrace::hd2d2d2fb8e8c6aac
[INFO] [stdout]                                at /rustc/6067b36314ab5eb2eb47cecc464545ba58e1ad24/library/std/src/sys/backtrace.rs:152:18
[INFO] [stdout]   39:     0x652c064c364a - std::thread::Builder::spawn_unchecked_::{{closure}}::{{closure}}::h4faa3f9db6133423
[INFO] [stdout]                                at /rustc/6067b36314ab5eb2eb47cecc464545ba58e1ad24/library/std/src/thread/mod.rs:559:17
[INFO] [stdout]   40:     0x652c064c364a - <core::panic::unwind_safe::AssertUnwindSafe<F> as core::ops::function::FnOnce<()>>::call_once::hf2e855a36a4ea846
[INFO] [stdout]                                at /rustc/6067b36314ab5eb2eb47cecc464545ba58e1ad24/library/core/src/panic/unwind_safe.rs:272:9
[INFO] [stdout]   41:     0x652c064c364a - std::panicking::try::do_call::h2f73af3616c35465
[INFO] [stdout]                                at /rustc/6067b36314ab5eb2eb47cecc464545ba58e1ad24/library/std/src/panicking.rs:587:40
[INFO] [stdout]   42:     0x652c064c364a - std::panicking::try::hd1660ce9efadef5a
[INFO] [stdout]                                at /rustc/6067b36314ab5eb2eb47cecc464545ba58e1ad24/library/std/src/panicking.rs:550:19
[INFO] [stdout]   43:     0x652c064c364a - std::panic::catch_unwind::h5ee8d7823b8ca744
[INFO] [stdout]                                at /rustc/6067b36314ab5eb2eb47cecc464545ba58e1ad24/library/std/src/panic.rs:358:14
[INFO] [stdout]   44:     0x652c064c364a - std::thread::Builder::spawn_unchecked_::{{closure}}::h53c3a1894dce8407
[INFO] [stdout]                                at /rustc/6067b36314ab5eb2eb47cecc464545ba58e1ad24/library/std/src/thread/mod.rs:557:30
[INFO] [stdout]   45:     0x652c064c364a - core::ops::function::FnOnce::call_once{{vtable.shim}}::h048ce291ad4f62bf
[INFO] [stdout]                                at /rustc/6067b36314ab5eb2eb47cecc464545ba58e1ad24/library/core/src/ops/function.rs:250:5
[INFO] [stdout]   46:     0x652c068357eb - <alloc::boxed::Box<F,A> as core::ops::function::FnOnce<Args>>::call_once::ha52bedf99a3b4981
[INFO] [stdout]                                at /rustc/6067b36314ab5eb2eb47cecc464545ba58e1ad24/library/alloc/src/boxed.rs:2013:9
[INFO] [stdout]   47:     0x652c068357eb - <alloc::boxed::Box<F,A> as core::ops::function::FnOnce<Args>>::call_once::h567748934d80ccf8
[INFO] [stdout]                                at /rustc/6067b36314ab5eb2eb47cecc464545ba58e1ad24/library/alloc/src/boxed.rs:2013:9
[INFO] [stdout]   48:     0x652c068357eb - std::sys::pal::unix::thread::Thread::new::thread_start::h2d970728ae887adc
[INFO] [stdout]                                at /rustc/6067b36314ab5eb2eb47cecc464545ba58e1ad24/library/std/src/sys/pal/unix/thread.rs:106:17
[INFO] [stdout]   49:     0x7ac36deb5ac3 - <unknown>
[INFO] [stdout]   50:     0x7ac36df46a04 - clone
[INFO] [stdout]   51:                0x0 - <unknown>
[INFO] [stdout] 
[INFO] [stdout] 
[INFO] [stdout] failures:
[INFO] [stdout]     empty_rs
[INFO] [stdout] 
[INFO] [stdout] test result: FAILED. 0 passed; 1 failed; 0 ignored; 0 measured; 0 filtered out; finished in 0.05s
[INFO] [stdout] 
[INFO] [stderr] error: test failed, to rerun pass `--test my_neversea_2025_scenario_rs_test`
[INFO] running `Command { std: "docker" "inspect" "9f7659562c9ce296dbafee3746bbac0fde8561cdf6f3c923988b77ab6c213328", kill_on_drop: false }`
[INFO] running `Command { std: "docker" "rm" "-f" "9f7659562c9ce296dbafee3746bbac0fde8561cdf6f3c923988b77ab6c213328", kill_on_drop: false }`
[INFO] [stdout] 9f7659562c9ce296dbafee3746bbac0fde8561cdf6f3c923988b77ab6c213328
