[INFO] cloning repository https://github.com/SporkyDevelops/Sporky-levenshtein
[INFO] running `Command { std: "git" "-c" "credential.helper=" "-c" "credential.helper=/workspace/cargo-home/bin/git-credential-null" "clone" "--bare" "https://github.com/SporkyDevelops/Sporky-levenshtein" "/workspace/cache/git-repos/https%3A%2F%2Fgithub.com%2FSporkyDevelops%2FSporky-levenshtein", kill_on_drop: false }`
[INFO] [stderr] Cloning into bare repository '/workspace/cache/git-repos/https%3A%2F%2Fgithub.com%2FSporkyDevelops%2FSporky-levenshtein'...
[INFO] running `Command { std: "git" "rev-parse" "HEAD", kill_on_drop: false }`
[INFO] [stdout] 259e7c74fcfa966fc8e277c5f3cd53fc8ff98b93
[INFO] testing SporkyDevelops/Sporky-levenshtein against nightly-2025-01-18 for randomize-layout-2
[INFO] running `Command { std: "git" "clone" "/workspace/cache/git-repos/https%3A%2F%2Fgithub.com%2FSporkyDevelops%2FSporky-levenshtein" "/workspace/builds/worker-1-tc1/source", kill_on_drop: false }`
[INFO] [stderr] Cloning into '/workspace/builds/worker-1-tc1/source'...
[INFO] [stderr] done.
[INFO] validating manifest of git repo https://github.com/SporkyDevelops/Sporky-levenshtein on toolchain nightly-2025-01-18
[INFO] running `Command { std: CARGO_HOME="/workspace/cargo-home" RUSTUP_HOME="/workspace/rustup-home" "/workspace/cargo-home/bin/cargo" "+nightly-2025-01-18" "metadata" "--manifest-path" "Cargo.toml" "--no-deps", kill_on_drop: false }`
[INFO] started tweaking git repo https://github.com/SporkyDevelops/Sporky-levenshtein
[INFO] finished tweaking git repo https://github.com/SporkyDevelops/Sporky-levenshtein
[INFO] tweaked toml for git repo https://github.com/SporkyDevelops/Sporky-levenshtein written to /workspace/builds/worker-1-tc1/source/Cargo.toml
[INFO] crate git repo https://github.com/SporkyDevelops/Sporky-levenshtein already has a lockfile, it will not be regenerated
[INFO] running `Command { std: CARGO_HOME="/workspace/cargo-home" RUSTUP_HOME="/workspace/rustup-home" "/workspace/cargo-home/bin/cargo" "+nightly-2025-01-18" "fetch" "--manifest-path" "Cargo.toml", kill_on_drop: false }`
[INFO] [stderr]     Blocking waiting for file lock on package cache
[INFO] running `Command { std: "docker" "create" "-v" "/var/lib/crater-agent-workspace/builds/worker-1-tc1/target:/opt/rustwide/target:rw,Z" "-v" "/var/lib/crater-agent-workspace/builds/worker-1-tc1/source:/opt/rustwide/workdir:ro,Z" "-v" "/var/lib/crater-agent-workspace/cargo-home:/opt/rustwide/cargo-home:ro,Z" "-v" "/var/lib/crater-agent-workspace/rustup-home:/opt/rustwide/rustup-home:ro,Z" "-e" "SOURCE_DIR=/opt/rustwide/workdir" "-e" "CARGO_TARGET_DIR=/opt/rustwide/target" "-e" "CARGO_HOME=/opt/rustwide/cargo-home" "-e" "RUSTUP_HOME=/opt/rustwide/rustup-home" "-w" "/opt/rustwide/workdir" "-m" "1610612736" "--user" "0:0" "--network" "none" "ghcr.io/rust-lang/crates-build-env/linux@sha256:819108c5571ea2e421544af4d832f968d213c87fbe3707a016657f43d2f853bc" "/opt/rustwide/cargo-home/bin/cargo" "+nightly-2025-01-18" "metadata" "--no-deps" "--format-version=1", kill_on_drop: false }`
[INFO] [stdout] 915896c53a99bd37648c971ef1f2535a251491556e71615adf2786587baa006f
[INFO] running `Command { std: "docker" "start" "-a" "915896c53a99bd37648c971ef1f2535a251491556e71615adf2786587baa006f", kill_on_drop: false }`
[INFO] running `Command { std: "docker" "inspect" "915896c53a99bd37648c971ef1f2535a251491556e71615adf2786587baa006f", kill_on_drop: false }`
[INFO] running `Command { std: "docker" "rm" "-f" "915896c53a99bd37648c971ef1f2535a251491556e71615adf2786587baa006f", kill_on_drop: false }`
[INFO] [stdout] 915896c53a99bd37648c971ef1f2535a251491556e71615adf2786587baa006f
[INFO] running `Command { std: "docker" "create" "-v" "/var/lib/crater-agent-workspace/builds/worker-1-tc1/target:/opt/rustwide/target:rw,Z" "-v" "/var/lib/crater-agent-workspace/builds/worker-1-tc1/source:/opt/rustwide/workdir:ro,Z" "-v" "/var/lib/crater-agent-workspace/cargo-home:/opt/rustwide/cargo-home:ro,Z" "-v" "/var/lib/crater-agent-workspace/rustup-home:/opt/rustwide/rustup-home:ro,Z" "-e" "SOURCE_DIR=/opt/rustwide/workdir" "-e" "CARGO_TARGET_DIR=/opt/rustwide/target" "-e" "CARGO_INCREMENTAL=0" "-e" "RUST_BACKTRACE=full" "-e" "RUSTFLAGS=--cap-lints=forbid" "-e" "RUSTDOCFLAGS=--cap-lints=forbid" "-e" "CARGO_HOME=/opt/rustwide/cargo-home" "-e" "RUSTUP_HOME=/opt/rustwide/rustup-home" "-w" "/opt/rustwide/workdir" "-m" "1610612736" "--user" "0:0" "--network" "none" "ghcr.io/rust-lang/crates-build-env/linux@sha256:819108c5571ea2e421544af4d832f968d213c87fbe3707a016657f43d2f853bc" "/opt/rustwide/cargo-home/bin/cargo" "+nightly-2025-01-18" "build" "--frozen" "--message-format=json", kill_on_drop: false }`
[INFO] [stdout] c8fc6518a0bc1d5d78004cf6b757d5a51c5e733e6b4d5dc88f78caae322d34ee
[INFO] running `Command { std: "docker" "start" "-a" "c8fc6518a0bc1d5d78004cf6b757d5a51c5e733e6b4d5dc88f78caae322d34ee", kill_on_drop: false }`
[INFO] [stderr]    Compiling version_check v0.9.5
[INFO] [stderr]    Compiling typenum v1.17.0
[INFO] [stderr]    Compiling proc-macro2 v1.0.92
[INFO] [stderr]    Compiling unicode-ident v1.0.14
[INFO] [stderr]    Compiling utf8parse v0.2.2
[INFO] [stderr]    Compiling cfg-if v1.0.0
[INFO] [stderr]    Compiling cpufeatures v0.2.16
[INFO] [stderr]    Compiling same-file v1.0.6
[INFO] [stderr]    Compiling anstyle v1.0.10
[INFO] [stderr]    Compiling colorchoice v1.0.3
[INFO] [stderr]    Compiling anstyle-query v1.1.2
[INFO] [stderr]    Compiling is_terminal_polyfill v1.70.1
[INFO] [stderr]    Compiling strsim v0.11.1
[INFO] [stderr]    Compiling heck v0.5.0
[INFO] [stderr]    Compiling clap_lex v0.7.4
[INFO] [stderr]    Compiling anstyle-parse v0.2.6
[INFO] [stderr]    Compiling walkdir v2.5.0
[INFO] [stderr]    Compiling anstream v0.6.18
[INFO] [stderr]    Compiling generic-array v0.14.7
[INFO] [stderr]    Compiling clap_builder v4.5.23
[INFO] [stderr]    Compiling quote v1.0.37
[INFO] [stderr]    Compiling syn v2.0.90
[INFO] [stderr]    Compiling block-buffer v0.10.4
[INFO] [stderr]    Compiling crypto-common v0.1.6
[INFO] [stderr]    Compiling digest v0.10.7
[INFO] [stderr]    Compiling sha2 v0.10.8
[INFO] [stderr]    Compiling rust-embed-utils v8.5.0
[INFO] [stderr]    Compiling clap_derive v4.5.18
[INFO] [stderr]    Compiling rust-embed-impl v8.5.0
[INFO] [stderr]    Compiling rust-embed v8.5.0
[INFO] [stderr]    Compiling clap v4.5.23
[INFO] [stderr]    Compiling sporky-checker v1.0.0 (/opt/rustwide/workdir)
[INFO] [stderr]     Finished `dev` profile [unoptimized + debuginfo] target(s) in 13.42s
[INFO] running `Command { std: "docker" "inspect" "c8fc6518a0bc1d5d78004cf6b757d5a51c5e733e6b4d5dc88f78caae322d34ee", kill_on_drop: false }`
[INFO] running `Command { std: "docker" "rm" "-f" "c8fc6518a0bc1d5d78004cf6b757d5a51c5e733e6b4d5dc88f78caae322d34ee", kill_on_drop: false }`
[INFO] [stdout] c8fc6518a0bc1d5d78004cf6b757d5a51c5e733e6b4d5dc88f78caae322d34ee
[INFO] running `Command { std: "docker" "create" "-v" "/var/lib/crater-agent-workspace/builds/worker-1-tc1/target:/opt/rustwide/target:rw,Z" "-v" "/var/lib/crater-agent-workspace/builds/worker-1-tc1/source:/opt/rustwide/workdir:ro,Z" "-v" "/var/lib/crater-agent-workspace/cargo-home:/opt/rustwide/cargo-home:ro,Z" "-v" "/var/lib/crater-agent-workspace/rustup-home:/opt/rustwide/rustup-home:ro,Z" "-e" "SOURCE_DIR=/opt/rustwide/workdir" "-e" "CARGO_TARGET_DIR=/opt/rustwide/target" "-e" "CARGO_INCREMENTAL=0" "-e" "RUST_BACKTRACE=full" "-e" "RUSTFLAGS=--cap-lints=forbid" "-e" "RUSTDOCFLAGS=--cap-lints=forbid" "-e" "CARGO_HOME=/opt/rustwide/cargo-home" "-e" "RUSTUP_HOME=/opt/rustwide/rustup-home" "-w" "/opt/rustwide/workdir" "-m" "1610612736" "--user" "0:0" "--network" "none" "ghcr.io/rust-lang/crates-build-env/linux@sha256:819108c5571ea2e421544af4d832f968d213c87fbe3707a016657f43d2f853bc" "/opt/rustwide/cargo-home/bin/cargo" "+nightly-2025-01-18" "test" "--frozen" "--no-run" "--message-format=json", kill_on_drop: false }`
[INFO] [stdout] d1949cb6dc1ca5223796bad8d24d85fe92b501f1b323abc876c9bcb6e742e5bc
[INFO] running `Command { std: "docker" "start" "-a" "d1949cb6dc1ca5223796bad8d24d85fe92b501f1b323abc876c9bcb6e742e5bc", kill_on_drop: false }`
[INFO] [stderr]    Compiling sporky-checker v1.0.0 (/opt/rustwide/workdir)
[INFO] [stderr]     Finished `test` profile [unoptimized + debuginfo] target(s) in 0.89s
[INFO] running `Command { std: "docker" "inspect" "d1949cb6dc1ca5223796bad8d24d85fe92b501f1b323abc876c9bcb6e742e5bc", kill_on_drop: false }`
[INFO] running `Command { std: "docker" "rm" "-f" "d1949cb6dc1ca5223796bad8d24d85fe92b501f1b323abc876c9bcb6e742e5bc", kill_on_drop: false }`
[INFO] [stdout] d1949cb6dc1ca5223796bad8d24d85fe92b501f1b323abc876c9bcb6e742e5bc
[INFO] running `Command { std: "docker" "create" "-v" "/var/lib/crater-agent-workspace/builds/worker-1-tc1/target:/opt/rustwide/target:rw,Z" "-v" "/var/lib/crater-agent-workspace/builds/worker-1-tc1/source:/opt/rustwide/workdir:ro,Z" "-v" "/var/lib/crater-agent-workspace/cargo-home:/opt/rustwide/cargo-home:ro,Z" "-v" "/var/lib/crater-agent-workspace/rustup-home:/opt/rustwide/rustup-home:ro,Z" "-e" "SOURCE_DIR=/opt/rustwide/workdir" "-e" "CARGO_TARGET_DIR=/opt/rustwide/target" "-e" "CARGO_INCREMENTAL=0" "-e" "RUST_BACKTRACE=full" "-e" "RUSTFLAGS=--cap-lints=forbid" "-e" "RUSTDOCFLAGS=--cap-lints=forbid" "-e" "CARGO_HOME=/opt/rustwide/cargo-home" "-e" "RUSTUP_HOME=/opt/rustwide/rustup-home" "-w" "/opt/rustwide/workdir" "-m" "1610612736" "--user" "0:0" "--network" "none" "ghcr.io/rust-lang/crates-build-env/linux@sha256:819108c5571ea2e421544af4d832f968d213c87fbe3707a016657f43d2f853bc" "/opt/rustwide/cargo-home/bin/cargo" "+nightly-2025-01-18" "test" "--frozen", kill_on_drop: false }`
[INFO] [stdout] 795f214e4e60565c6976196ba14a83cc5b9a2ec3d2558d48ee85a1daeac7f236
[INFO] running `Command { std: "docker" "start" "-a" "795f214e4e60565c6976196ba14a83cc5b9a2ec3d2558d48ee85a1daeac7f236", kill_on_drop: false }`
[INFO] [stderr]     Finished `test` profile [unoptimized + debuginfo] target(s) in 0.06s
[INFO] [stderr]      Running unittests src/lib.rs (/opt/rustwide/target/debug/deps/sporky_checker-1cbde2eed3ca7407)
[INFO] [stdout] 
[INFO] [stdout] running 0 tests
[INFO] [stdout] 
[INFO] [stdout] test result: ok. 0 passed; 0 failed; 0 ignored; 0 measured; 0 filtered out; finished in 0.00s
[INFO] [stdout] 
[INFO] [stdout] 
[INFO] [stdout] running 0 tests
[INFO] [stdout] 
[INFO] [stdout] test result: ok. 0 passed; 0 failed; 0 ignored; 0 measured; 0 filtered out; finished in 0.00s
[INFO] [stdout] 
[INFO] [stderr]      Running unittests src/main.rs (/opt/rustwide/target/debug/deps/sporky_checker-00616bc181843aeb)
[INFO] [stderr]    Doc-tests sporky_checker
[INFO] [stdout] 
[INFO] [stdout] running 2 tests
[INFO] [stdout] test src/lib.rs - levenshtein_distance (line 27) ... FAILED
[INFO] [stdout] test src/lib.rs - levenshtein_distance (line 17) ... FAILED
[INFO] [stdout] 
[INFO] [stdout] failures:
[INFO] [stdout] 
[INFO] [stdout] ---- src/lib.rs - levenshtein_distance (line 27) stdout ----
[INFO] [stdout] error: expected expression, found keyword `where`
[INFO] [stdout]  --> src/lib.rs:28:1
[INFO] [stdout]   |
[INFO] [stdout] 3 | where 𝛿(a[i - 1], b[j - 1]) = 0 -> if a[i - 1] = b[j - 1]
[INFO] [stdout]   | ^^^^^ expected expression
[INFO] [stdout] 
[INFO] [stdout] warning: identifier contains a non normalized (NFKC) character: '𝛿'
[INFO] [stdout]  --> src/lib.rs:28:7
[INFO] [stdout]   |
[INFO] [stdout] 3 | where 𝛿(a[i - 1], b[j - 1]) = 0 -> if a[i - 1] = b[j - 1]
[INFO] [stdout]   |       ^
[INFO] [stdout]   |
[INFO] [stdout]   = note: this character is included in the Not_NFKC Unicode general security profile
[INFO] [stdout]   = note: `#[warn(uncommon_codepoints)]` on by default
[INFO] [stdout] 
[INFO] [stdout] error: aborting due to 1 previous error; 1 warning emitted
[INFO] [stdout] 
[INFO] [stdout] Couldn't compile the test.
[INFO] [stdout] ---- src/lib.rs - levenshtein_distance (line 17) stdout ----
[INFO] [stdout] error[E0425]: cannot find function `levenshtein_distance` in this scope
[INFO] [stdout]  --> src/lib.rs:18:16
[INFO] [stdout]   |
[INFO] [stdout] 3 | let distance = levenshtein_distance("sitting", "kitten");
[INFO] [stdout]   |                ^^^^^^^^^^^^^^^^^^^^ not found in this scope
[INFO] [stdout]   |
[INFO] [stdout] help: consider importing this function
[INFO] [stdout]   |
[INFO] [stdout] 2 + use sporky_checker::levenshtein_distance;
[INFO] [stdout]   |
[INFO] [stdout] 
[INFO] [stdout] error: aborting due to 1 previous error
[INFO] [stdout] 
[INFO] [stdout] For more information about this error, try `rustc --explain E0425`.
[INFO] [stdout] Couldn't compile the test.
[INFO] [stdout] 
[INFO] [stdout] failures:
[INFO] [stdout]     src/lib.rs - levenshtein_distance (line 17)
[INFO] [stdout]     src/lib.rs - levenshtein_distance (line 27)
[INFO] [stdout] 
[INFO] [stdout] test result: FAILED. 0 passed; 2 failed; 0 ignored; 0 measured; 0 filtered out; finished in 0.15s
[INFO] [stdout] 
[INFO] [stderr] error: doctest failed, to rerun pass `--doc`
[INFO] running `Command { std: "docker" "inspect" "795f214e4e60565c6976196ba14a83cc5b9a2ec3d2558d48ee85a1daeac7f236", kill_on_drop: false }`
[INFO] running `Command { std: "docker" "rm" "-f" "795f214e4e60565c6976196ba14a83cc5b9a2ec3d2558d48ee85a1daeac7f236", kill_on_drop: false }`
[INFO] [stdout] 795f214e4e60565c6976196ba14a83cc5b9a2ec3d2558d48ee85a1daeac7f236
