[INFO] cloning repository https://github.com/Spalynx/soliloquy
[INFO] running `Command { std: "git" "-c" "credential.helper=" "-c" "credential.helper=/workspace/cargo-home/bin/git-credential-null" "clone" "--bare" "https://github.com/Spalynx/soliloquy" "/workspace/cache/git-repos/https%3A%2F%2Fgithub.com%2FSpalynx%2Fsoliloquy", kill_on_drop: false }`
[INFO] [stderr] Cloning into bare repository '/workspace/cache/git-repos/https%3A%2F%2Fgithub.com%2FSpalynx%2Fsoliloquy'...
[INFO] running `Command { std: "git" "rev-parse" "HEAD", kill_on_drop: false }`
[INFO] [stdout] 8b87c1bd037a06ff086cde78e763941461991e34
[INFO] testing Spalynx/soliloquy against nightly-2025-01-18 for randomize-layout-2
[INFO] running `Command { std: "git" "clone" "/workspace/cache/git-repos/https%3A%2F%2Fgithub.com%2FSpalynx%2Fsoliloquy" "/workspace/builds/worker-5-tc1/source", kill_on_drop: false }`
[INFO] [stderr] Cloning into '/workspace/builds/worker-5-tc1/source'...
[INFO] [stderr] done.
[INFO] validating manifest of git repo https://github.com/Spalynx/soliloquy on toolchain nightly-2025-01-18
[INFO] running `Command { std: CARGO_HOME="/workspace/cargo-home" RUSTUP_HOME="/workspace/rustup-home" "/workspace/cargo-home/bin/cargo" "+nightly-2025-01-18" "metadata" "--manifest-path" "Cargo.toml" "--no-deps", kill_on_drop: false }`
[INFO] started tweaking git repo https://github.com/Spalynx/soliloquy
[INFO] finished tweaking git repo https://github.com/Spalynx/soliloquy
[INFO] tweaked toml for git repo https://github.com/Spalynx/soliloquy written to /workspace/builds/worker-5-tc1/source/Cargo.toml
[INFO] crate git repo https://github.com/Spalynx/soliloquy already has a lockfile, it will not be regenerated
[INFO] running `Command { std: CARGO_HOME="/workspace/cargo-home" RUSTUP_HOME="/workspace/rustup-home" "/workspace/cargo-home/bin/cargo" "+nightly-2025-01-18" "fetch" "--manifest-path" "Cargo.toml", kill_on_drop: false }`
[INFO] running `Command { std: "docker" "create" "-v" "/var/lib/crater-agent-workspace/builds/worker-5-tc1/target:/opt/rustwide/target:rw,Z" "-v" "/var/lib/crater-agent-workspace/builds/worker-5-tc1/source:/opt/rustwide/workdir:ro,Z" "-v" "/var/lib/crater-agent-workspace/cargo-home:/opt/rustwide/cargo-home:ro,Z" "-v" "/var/lib/crater-agent-workspace/rustup-home:/opt/rustwide/rustup-home:ro,Z" "-e" "SOURCE_DIR=/opt/rustwide/workdir" "-e" "CARGO_TARGET_DIR=/opt/rustwide/target" "-e" "CARGO_HOME=/opt/rustwide/cargo-home" "-e" "RUSTUP_HOME=/opt/rustwide/rustup-home" "-w" "/opt/rustwide/workdir" "-m" "1610612736" "--user" "0:0" "--network" "none" "ghcr.io/rust-lang/crates-build-env/linux@sha256:819108c5571ea2e421544af4d832f968d213c87fbe3707a016657f43d2f853bc" "/opt/rustwide/cargo-home/bin/cargo" "+nightly-2025-01-18" "metadata" "--no-deps" "--format-version=1", kill_on_drop: false }`
[INFO] [stdout] ba1382a7a46bdeb10a3ce728547a52672ac2224cac7c375bf0727b41e57d33b3
[INFO] running `Command { std: "docker" "start" "-a" "ba1382a7a46bdeb10a3ce728547a52672ac2224cac7c375bf0727b41e57d33b3", kill_on_drop: false }`
[INFO] running `Command { std: "docker" "inspect" "ba1382a7a46bdeb10a3ce728547a52672ac2224cac7c375bf0727b41e57d33b3", kill_on_drop: false }`
[INFO] running `Command { std: "docker" "rm" "-f" "ba1382a7a46bdeb10a3ce728547a52672ac2224cac7c375bf0727b41e57d33b3", kill_on_drop: false }`
[INFO] [stdout] ba1382a7a46bdeb10a3ce728547a52672ac2224cac7c375bf0727b41e57d33b3
[INFO] running `Command { std: "docker" "create" "-v" "/var/lib/crater-agent-workspace/builds/worker-5-tc1/target:/opt/rustwide/target:rw,Z" "-v" "/var/lib/crater-agent-workspace/builds/worker-5-tc1/source:/opt/rustwide/workdir:ro,Z" "-v" "/var/lib/crater-agent-workspace/cargo-home:/opt/rustwide/cargo-home:ro,Z" "-v" "/var/lib/crater-agent-workspace/rustup-home:/opt/rustwide/rustup-home:ro,Z" "-e" "SOURCE_DIR=/opt/rustwide/workdir" "-e" "CARGO_TARGET_DIR=/opt/rustwide/target" "-e" "CARGO_INCREMENTAL=0" "-e" "RUST_BACKTRACE=full" "-e" "RUSTFLAGS=--cap-lints=forbid" "-e" "RUSTDOCFLAGS=--cap-lints=forbid" "-e" "CARGO_HOME=/opt/rustwide/cargo-home" "-e" "RUSTUP_HOME=/opt/rustwide/rustup-home" "-w" "/opt/rustwide/workdir" "-m" "1610612736" "--user" "0:0" "--network" "none" "ghcr.io/rust-lang/crates-build-env/linux@sha256:819108c5571ea2e421544af4d832f968d213c87fbe3707a016657f43d2f853bc" "/opt/rustwide/cargo-home/bin/cargo" "+nightly-2025-01-18" "build" "--frozen" "--message-format=json", kill_on_drop: false }`
[INFO] [stdout] 2de0c634b045877ef8034fd52cd9b70e7947807444a001648218ebafaed0ea63
[INFO] running `Command { std: "docker" "start" "-a" "2de0c634b045877ef8034fd52cd9b70e7947807444a001648218ebafaed0ea63", kill_on_drop: false }`
[INFO] [stderr]    Compiling memchr v2.2.0
[INFO] [stderr]    Compiling libc v0.2.50
[INFO] [stderr]    Compiling regex v1.1.7
[INFO] [stderr]    Compiling ucd-util v0.1.3
[INFO] [stderr]    Compiling lazy_static v1.3.0
[INFO] [stderr]    Compiling cfg-if v0.1.9
[INFO] [stderr]    Compiling utf8-ranges v1.0.3
[INFO] [stderr]    Compiling quick-error v1.2.2
[INFO] [stderr]    Compiling thread_local v0.3.6
[INFO] [stderr]    Compiling log v0.4.6
[INFO] [stderr]    Compiling humantime v1.2.0
[INFO] [stderr]    Compiling regex-syntax v0.6.7
[INFO] [stderr]    Compiling termcolor v1.0.5
[INFO] [stderr]    Compiling aho-corasick v0.7.3
[INFO] [stderr]    Compiling atty v0.2.11
[INFO] [stderr]    Compiling memmap v0.7.0
[INFO] [stderr]    Compiling env_logger v0.6.1
[INFO] [stderr]    Compiling soliloquy v0.1.7 (/opt/rustwide/workdir)
[INFO] [stdout] warning: unnecessary parentheses around index expression
[INFO] [stdout]   --> src/core/memory.rs:94:18
[INFO] [stdout]    |
[INFO] [stdout] 94 |         self.RAM[(0xFF + (sp as usize))] = val;
[INFO] [stdout]    |                  ^                    ^
[INFO] [stdout]    |
[INFO] [stdout]    = note: `#[warn(unused_parens)]` on by default
[INFO] [stdout] help: remove these parentheses
[INFO] [stdout]    |
[INFO] [stdout] 94 -         self.RAM[(0xFF + (sp as usize))] = val;
[INFO] [stdout] 94 +         self.RAM[0xFF + (sp as usize)] = val;
[INFO] [stdout]    |
[INFO] [stdout] 
[INFO] [stdout] 
[INFO] [stdout] warning: unnecessary parentheses around index expression
[INFO] [stdout]   --> src/core/memory.rs:99:33
[INFO] [stdout]    |
[INFO] [stdout] 99 |         let temp: u8 = self.RAM[(0xFF + (sp as usize))];
[INFO] [stdout]    |                                 ^                    ^
[INFO] [stdout]    |
[INFO] [stdout] help: remove these parentheses
[INFO] [stdout]    |
[INFO] [stdout] 99 -         let temp: u8 = self.RAM[(0xFF + (sp as usize))];
[INFO] [stdout] 99 +         let temp: u8 = self.RAM[0xFF + (sp as usize)];
[INFO] [stdout]    |
[INFO] [stdout] 
[INFO] [stdout] 
[INFO] [stdout] warning: unnecessary parentheses around index expression
[INFO] [stdout]    --> src/core/memory.rs:100:18
[INFO] [stdout]     |
[INFO] [stdout] 100 |         self.RAM[(0xFF + (sp as usize))] = 0;
[INFO] [stdout]     |                  ^                    ^
[INFO] [stdout]     |
[INFO] [stdout] help: remove these parentheses
[INFO] [stdout]     |
[INFO] [stdout] 100 -         self.RAM[(0xFF + (sp as usize))] = 0;
[INFO] [stdout] 100 +         self.RAM[0xFF + (sp as usize)] = 0;
[INFO] [stdout]     |
[INFO] [stdout] 
[INFO] [stdout] 
[INFO] [stdout] warning: type `EMPTY_MAP` should have an upper camel case name
[INFO] [stdout]   --> src/core/mapper.rs:29:12
[INFO] [stdout]    |
[INFO] [stdout] 29 | pub struct EMPTY_MAP; 
[INFO] [stdout]    |            ^^^^^^^^^ help: convert the identifier to upper camel case: `EmptyMap`
[INFO] [stdout]    |
[INFO] [stdout]    = note: `#[warn(non_camel_case_types)]` on by default
[INFO] [stdout] 
[INFO] [stdout] 
[INFO] [stdout] warning: `#[macro_use]` only has an effect on `extern crate` and modules
[INFO] [stdout]   --> src/core/cpu.rs:20:5
[INFO] [stdout]    |
[INFO] [stdout] 20 |     #[macro_use]
[INFO] [stdout]    |     ^^^^^^^^^^^^
[INFO] [stdout]    |
[INFO] [stdout]    = note: `#[warn(unused_attributes)]` on by default
[INFO] [stdout] 
[INFO] [stdout] 
[INFO] [stdout] warning: `#[macro_use]` only has an effect on `extern crate` and modules
[INFO] [stdout]   --> src/core/cpu.rs:24:5
[INFO] [stdout]    |
[INFO] [stdout] 24 |     #[macro_use]
[INFO] [stdout]    |     ^^^^^^^^^^^^
[INFO] [stdout] 
[INFO] [stdout] 
[INFO] [stdout] warning: `#[macro_use]` only has an effect on `extern crate` and modules
[INFO] [stdout]   --> src/core/cpu.rs:28:5
[INFO] [stdout]    |
[INFO] [stdout] 28 |     #[macro_use]
[INFO] [stdout]    |     ^^^^^^^^^^^^
[INFO] [stdout] 
[INFO] [stdout] 
[INFO] [stdout] warning: trait objects without an explicit `dyn` are deprecated
[INFO] [stdout]   --> src/core/memory.rs:17:21
[INFO] [stdout]    |
[INFO] [stdout] 17 |     pub CART:   Box<MAP>,    //Cartridge Space
[INFO] [stdout]    |                     ^^^
[INFO] [stdout]    |
[INFO] [stdout]    = warning: this is accepted in the current edition (Rust 2018) but is a hard error in Rust 2021!
[INFO] [stdout]    = note: for more information, see <https://doc.rust-lang.org/nightly/edition-guide/rust-2021/warnings-promoted-to-error.html>
[INFO] [stdout]    = note: `#[warn(bare_trait_objects)]` on by default
[INFO] [stdout] help: if this is a dyn-compatible trait, use `dyn`
[INFO] [stdout]    |
[INFO] [stdout] 17 |     pub CART:   Box<dyn MAP>,    //Cartridge Space
[INFO] [stdout]    |                     +++
[INFO] [stdout] 
[INFO] [stdout] 
[INFO] [stdout] warning: trait objects without an explicit `dyn` are deprecated
[INFO] [stdout]   --> src/core/memory.rs:39:28
[INFO] [stdout]    |
[INFO] [stdout] 39 |     pub fn new(mapper: Box<MAP>, ppu: u8, apu: u8, input: u8) -> MEM {
[INFO] [stdout]    |                            ^^^
[INFO] [stdout]    |
[INFO] [stdout]    = warning: this is accepted in the current edition (Rust 2018) but is a hard error in Rust 2021!
[INFO] [stdout]    = note: for more information, see <https://doc.rust-lang.org/nightly/edition-guide/rust-2021/warnings-promoted-to-error.html>
[INFO] [stdout] help: if this is a dyn-compatible trait, use `dyn`
[INFO] [stdout]    |
[INFO] [stdout] 39 |     pub fn new(mapper: Box<dyn MAP>, ppu: u8, apu: u8, input: u8) -> MEM {
[INFO] [stdout]    |                            +++
[INFO] [stdout] 
[INFO] [stdout] 
[INFO] [stdout] warning: trait objects without an explicit `dyn` are deprecated
[INFO] [stdout]   --> src/core/nes.rs:34:25
[INFO] [stdout]    |
[INFO] [stdout] 34 |         let mapper: Box<MAP> = new_map(map_num, Box::new(cart));
[INFO] [stdout]    |                         ^^^
[INFO] [stdout]    |
[INFO] [stdout]    = warning: this is accepted in the current edition (Rust 2018) but is a hard error in Rust 2021!
[INFO] [stdout]    = note: for more information, see <https://doc.rust-lang.org/nightly/edition-guide/rust-2021/warnings-promoted-to-error.html>
[INFO] [stdout] help: if this is a dyn-compatible trait, use `dyn`
[INFO] [stdout]    |
[INFO] [stdout] 34 |         let mapper: Box<dyn MAP> = new_map(map_num, Box::new(cart));
[INFO] [stdout]    |                         +++
[INFO] [stdout] 
[INFO] [stdout] 
[INFO] [stdout] warning: unused variable: `e`
[INFO] [stdout]   --> src/core/nes.rs:27:16
[INFO] [stdout]    |
[INFO] [stdout] 27 |             Ok(e)    => debug!("COMPLETE -> ROM read."),
[INFO] [stdout]    |                ^ help: if this is intentional, prefix it with an underscore: `_e`
[INFO] [stdout]    |
[INFO] [stdout]    = note: `#[warn(unused_variables)]` on by default
[INFO] [stdout] 
[INFO] [stdout] 
[INFO] [stdout] warning: unused variable: `e`
[INFO] [stdout]   --> src/core/nes.rs:28:17
[INFO] [stdout]    |
[INFO] [stdout] 28 |             Err(e)   => panic!("ERROR    -> ROM read."),
[INFO] [stdout]    |                 ^ help: if this is intentional, prefix it with an underscore: `_e`
[INFO] [stdout] 
[INFO] [stdout] 
[INFO] [stdout] warning: variable does not need to be mutable
[INFO] [stdout]   --> src/core/nes.rs:48:13
[INFO] [stdout]    |
[INFO] [stdout] 48 |         let mut memory = MEM::new(mapper, ppu, apu, input); 
[INFO] [stdout]    |             ----^^^^^^
[INFO] [stdout]    |             |
[INFO] [stdout]    |             help: remove this `mut`
[INFO] [stdout]    |
[INFO] [stdout]    = note: `#[warn(unused_mut)]` on by default
[INFO] [stdout] 
[INFO] [stdout] 
[INFO] [stdout] warning: variable does not need to be mutable
[INFO] [stdout]   --> src/core/cartridge.rs:49:13
[INFO] [stdout]    |
[INFO] [stdout] 49 |         let mut f = File::open(self.filename.to_string())?;
[INFO] [stdout]    |             ----^
[INFO] [stdout]    |             |
[INFO] [stdout]    |             help: remove this `mut`
[INFO] [stdout] 
[INFO] [stdout] 
[INFO] [stdout] warning: unused variable: `address`
[INFO] [stdout]   --> src/core/mapper.rs:31:19
[INFO] [stdout]    |
[INFO] [stdout] 31 |     fn get(&self, address: u16) -> u8{ 0 }
[INFO] [stdout]    |                   ^^^^^^^ help: if this is intentional, prefix it with an underscore: `_address`
[INFO] [stdout] 
[INFO] [stdout] 
[INFO] [stdout] warning: unused variable: `address`
[INFO] [stdout]   --> src/core/mapper.rs:32:23
[INFO] [stdout]    |
[INFO] [stdout] 32 |     fn set(&mut self, address: u16, val: u8){ }
[INFO] [stdout]    |                       ^^^^^^^ help: if this is intentional, prefix it with an underscore: `_address`
[INFO] [stdout] 
[INFO] [stdout] 
[INFO] [stdout] warning: unused variable: `val`
[INFO] [stdout]   --> src/core/mapper.rs:32:37
[INFO] [stdout]    |
[INFO] [stdout] 32 |     fn set(&mut self, address: u16, val: u8){ }
[INFO] [stdout]    |                                     ^^^ help: if this is intentional, prefix it with an underscore: `_val`
[INFO] [stdout] 
[INFO] [stdout] 
[INFO] [stdout] warning: unused variable: `address`
[INFO] [stdout]   --> src/core/mapper.rs:33:23
[INFO] [stdout]    |
[INFO] [stdout] 33 |     fn get_chr(&self, address: u16) -> u8{ 0 }
[INFO] [stdout]    |                       ^^^^^^^ help: if this is intentional, prefix it with an underscore: `_address`
[INFO] [stdout] 
[INFO] [stdout] 
[INFO] [stdout] warning: unused variable: `address`
[INFO] [stdout]   --> src/core/mapper.rs:34:27
[INFO] [stdout]    |
[INFO] [stdout] 34 |     fn set_chr(&mut self, address: u16, val: u8){ }
[INFO] [stdout]    |                           ^^^^^^^ help: if this is intentional, prefix it with an underscore: `_address`
[INFO] [stdout] 
[INFO] [stdout] 
[INFO] [stdout] warning: unused variable: `val`
[INFO] [stdout]   --> src/core/mapper.rs:34:41
[INFO] [stdout]    |
[INFO] [stdout] 34 |     fn set_chr(&mut self, address: u16, val: u8){ }
[INFO] [stdout]    |                                         ^^^ help: if this is intentional, prefix it with an underscore: `_val`
[INFO] [stdout] 
[INFO] [stdout] 
[INFO] [stdout] warning: unused variable: `address`
[INFO] [stdout]   --> src/core/mapper.rs:72:23
[INFO] [stdout]    |
[INFO] [stdout] 72 |     fn set(&mut self, address: u16, val: u8) {
[INFO] [stdout]    |                       ^^^^^^^ help: if this is intentional, prefix it with an underscore: `_address`
[INFO] [stdout] 
[INFO] [stdout] 
[INFO] [stdout] warning: unused variable: `val`
[INFO] [stdout]   --> src/core/mapper.rs:72:37
[INFO] [stdout]    |
[INFO] [stdout] 72 |     fn set(&mut self, address: u16, val: u8) {
[INFO] [stdout]    |                                     ^^^ help: if this is intentional, prefix it with an underscore: `_val`
[INFO] [stdout] 
[INFO] [stdout] 
[INFO] [stdout] warning: unused variable: `address`
[INFO] [stdout]   --> src/core/mapper.rs:75:23
[INFO] [stdout]    |
[INFO] [stdout] 75 |     fn get_chr(&self, address: u16) -> u8 {
[INFO] [stdout]    |                       ^^^^^^^ help: if this is intentional, prefix it with an underscore: `_address`
[INFO] [stdout] 
[INFO] [stdout] 
[INFO] [stdout] warning: unused variable: `address`
[INFO] [stdout]   --> src/core/mapper.rs:78:27
[INFO] [stdout]    |
[INFO] [stdout] 78 |     fn set_chr(&mut self, address: u16, val: u8){
[INFO] [stdout]    |                           ^^^^^^^ help: if this is intentional, prefix it with an underscore: `_address`
[INFO] [stdout] 
[INFO] [stdout] 
[INFO] [stdout] warning: unused variable: `val`
[INFO] [stdout]   --> src/core/mapper.rs:78:41
[INFO] [stdout]    |
[INFO] [stdout] 78 |     fn set_chr(&mut self, address: u16, val: u8){
[INFO] [stdout]    |                                         ^^^ help: if this is intentional, prefix it with an underscore: `_val`
[INFO] [stdout] 
[INFO] [stdout] 
[INFO] [stdout] warning: unused variable: `address`
[INFO] [stdout]    --> src/core/mapper.rs:114:23
[INFO] [stdout]     |
[INFO] [stdout] 114 |     fn set(&mut self, address: u16, val: u8) {
[INFO] [stdout]     |                       ^^^^^^^ help: if this is intentional, prefix it with an underscore: `_address`
[INFO] [stdout] 
[INFO] [stdout] 
[INFO] [stdout] warning: unused variable: `val`
[INFO] [stdout]    --> src/core/mapper.rs:114:37
[INFO] [stdout]     |
[INFO] [stdout] 114 |     fn set(&mut self, address: u16, val: u8) {
[INFO] [stdout]     |                                     ^^^ help: if this is intentional, prefix it with an underscore: `_val`
[INFO] [stdout] 
[INFO] [stdout] 
[INFO] [stdout] warning: unused variable: `address`
[INFO] [stdout]    --> src/core/mapper.rs:117:23
[INFO] [stdout]     |
[INFO] [stdout] 117 |     fn get_chr(&self, address: u16) -> u8 {
[INFO] [stdout]     |                       ^^^^^^^ help: if this is intentional, prefix it with an underscore: `_address`
[INFO] [stdout] 
[INFO] [stdout] 
[INFO] [stdout] warning: unused variable: `address`
[INFO] [stdout]    --> src/core/mapper.rs:120:27
[INFO] [stdout]     |
[INFO] [stdout] 120 |     fn set_chr(&mut self, address: u16, val: u8){
[INFO] [stdout]     |                           ^^^^^^^ help: if this is intentional, prefix it with an underscore: `_address`
[INFO] [stdout] 
[INFO] [stdout] 
[INFO] [stdout] warning: unused variable: `val`
[INFO] [stdout]    --> src/core/mapper.rs:120:41
[INFO] [stdout]     |
[INFO] [stdout] 120 |     fn set_chr(&mut self, address: u16, val: u8){
[INFO] [stdout]     |                                         ^^^ help: if this is intentional, prefix it with an underscore: `_val`
[INFO] [stdout] 
[INFO] [stdout] 
[INFO] [stdout] warning: constant `DEBUG_ROM` is never used
[INFO] [stdout]   --> src/core/nes.rs:12:7
[INFO] [stdout]    |
[INFO] [stdout] 12 | const DEBUG_ROM: bool = true;
[INFO] [stdout]    |       ^^^^^^^^^
[INFO] [stdout]    |
[INFO] [stdout]    = note: `#[warn(dead_code)]` on by default
[INFO] [stdout] 
[INFO] [stdout] 
[INFO] [stdout] warning: unnecessary parentheses around index expression
[INFO] [stdout]   --> src/core/memory.rs:94:18
[INFO] [stdout]    |
[INFO] [stdout] 94 |         self.RAM[(0xFF + (sp as usize))] = val;
[INFO] [stdout]    |                  ^                    ^
[INFO] [stdout]    |
[INFO] [stdout]    = note: `#[warn(unused_parens)]` on by default
[INFO] [stdout] help: remove these parentheses
[INFO] [stdout]    |
[INFO] [stdout] 94 -         self.RAM[(0xFF + (sp as usize))] = val;
[INFO] [stdout] 94 +         self.RAM[0xFF + (sp as usize)] = val;
[INFO] [stdout]    |
[INFO] [stdout] 
[INFO] [stdout] 
[INFO] [stdout] warning: unnecessary parentheses around index expression
[INFO] [stdout]   --> src/core/memory.rs:99:33
[INFO] [stdout]    |
[INFO] [stdout] 99 |         let temp: u8 = self.RAM[(0xFF + (sp as usize))];
[INFO] [stdout]    |                                 ^                    ^
[INFO] [stdout]    |
[INFO] [stdout] help: remove these parentheses
[INFO] [stdout]    |
[INFO] [stdout] 99 -         let temp: u8 = self.RAM[(0xFF + (sp as usize))];
[INFO] [stdout] 99 +         let temp: u8 = self.RAM[0xFF + (sp as usize)];
[INFO] [stdout]    |
[INFO] [stdout] 
[INFO] [stdout] 
[INFO] [stdout] warning: unnecessary parentheses around index expression
[INFO] [stdout]    --> src/core/memory.rs:100:18
[INFO] [stdout]     |
[INFO] [stdout] 100 |         self.RAM[(0xFF + (sp as usize))] = 0;
[INFO] [stdout]     |                  ^                    ^
[INFO] [stdout]     |
[INFO] [stdout] help: remove these parentheses
[INFO] [stdout]     |
[INFO] [stdout] 100 -         self.RAM[(0xFF + (sp as usize))] = 0;
[INFO] [stdout] 100 +         self.RAM[0xFF + (sp as usize)] = 0;
[INFO] [stdout]     |
[INFO] [stdout] 
[INFO] [stdout] 
[INFO] [stdout] warning: type `EMPTY_MAP` should have an upper camel case name
[INFO] [stdout]   --> src/core/mapper.rs:29:12
[INFO] [stdout]    |
[INFO] [stdout] 29 | pub struct EMPTY_MAP; 
[INFO] [stdout]    |            ^^^^^^^^^ help: convert the identifier to upper camel case: `EmptyMap`
[INFO] [stdout]    |
[INFO] [stdout]    = note: `#[warn(non_camel_case_types)]` on by default
[INFO] [stdout] 
[INFO] [stdout] 
[INFO] [stdout] warning: `#[macro_use]` only has an effect on `extern crate` and modules
[INFO] [stdout]   --> src/core/cpu.rs:20:5
[INFO] [stdout]    |
[INFO] [stdout] 20 |     #[macro_use]
[INFO] [stdout]    |     ^^^^^^^^^^^^
[INFO] [stdout]    |
[INFO] [stdout]    = note: `#[warn(unused_attributes)]` on by default
[INFO] [stdout] 
[INFO] [stdout] 
[INFO] [stdout] warning: `#[macro_use]` only has an effect on `extern crate` and modules
[INFO] [stdout]   --> src/core/cpu.rs:24:5
[INFO] [stdout]    |
[INFO] [stdout] 24 |     #[macro_use]
[INFO] [stdout]    |     ^^^^^^^^^^^^
[INFO] [stdout] 
[INFO] [stdout] 
[INFO] [stdout] warning: `#[macro_use]` only has an effect on `extern crate` and modules
[INFO] [stdout]   --> src/core/cpu.rs:28:5
[INFO] [stdout]    |
[INFO] [stdout] 28 |     #[macro_use]
[INFO] [stdout]    |     ^^^^^^^^^^^^
[INFO] [stdout] 
[INFO] [stdout] 
[INFO] [stdout] warning: trait objects without an explicit `dyn` are deprecated
[INFO] [stdout]   --> src/core/memory.rs:17:21
[INFO] [stdout]    |
[INFO] [stdout] 17 |     pub CART:   Box<MAP>,    //Cartridge Space
[INFO] [stdout]    |                     ^^^
[INFO] [stdout]    |
[INFO] [stdout]    = warning: this is accepted in the current edition (Rust 2018) but is a hard error in Rust 2021!
[INFO] [stdout]    = note: for more information, see <https://doc.rust-lang.org/nightly/edition-guide/rust-2021/warnings-promoted-to-error.html>
[INFO] [stdout]    = note: `#[warn(bare_trait_objects)]` on by default
[INFO] [stdout] help: if this is a dyn-compatible trait, use `dyn`
[INFO] [stdout]    |
[INFO] [stdout] 17 |     pub CART:   Box<dyn MAP>,    //Cartridge Space
[INFO] [stdout]    |                     +++
[INFO] [stdout] 
[INFO] [stdout] 
[INFO] [stdout] warning: trait objects without an explicit `dyn` are deprecated
[INFO] [stdout]   --> src/core/memory.rs:39:28
[INFO] [stdout]    |
[INFO] [stdout] 39 |     pub fn new(mapper: Box<MAP>, ppu: u8, apu: u8, input: u8) -> MEM {
[INFO] [stdout]    |                            ^^^
[INFO] [stdout]    |
[INFO] [stdout]    = warning: this is accepted in the current edition (Rust 2018) but is a hard error in Rust 2021!
[INFO] [stdout]    = note: for more information, see <https://doc.rust-lang.org/nightly/edition-guide/rust-2021/warnings-promoted-to-error.html>
[INFO] [stdout] help: if this is a dyn-compatible trait, use `dyn`
[INFO] [stdout]    |
[INFO] [stdout] 39 |     pub fn new(mapper: Box<dyn MAP>, ppu: u8, apu: u8, input: u8) -> MEM {
[INFO] [stdout]    |                            +++
[INFO] [stdout] 
[INFO] [stdout] 
[INFO] [stdout] warning: trait objects without an explicit `dyn` are deprecated
[INFO] [stdout]   --> src/core/nes.rs:34:25
[INFO] [stdout]    |
[INFO] [stdout] 34 |         let mapper: Box<MAP> = new_map(map_num, Box::new(cart));
[INFO] [stdout]    |                         ^^^
[INFO] [stdout]    |
[INFO] [stdout]    = warning: this is accepted in the current edition (Rust 2018) but is a hard error in Rust 2021!
[INFO] [stdout]    = note: for more information, see <https://doc.rust-lang.org/nightly/edition-guide/rust-2021/warnings-promoted-to-error.html>
[INFO] [stdout] help: if this is a dyn-compatible trait, use `dyn`
[INFO] [stdout]    |
[INFO] [stdout] 34 |         let mapper: Box<dyn MAP> = new_map(map_num, Box::new(cart));
[INFO] [stdout]    |                         +++
[INFO] [stdout] 
[INFO] [stdout] 
[INFO] [stdout] warning: unused variable: `e`
[INFO] [stdout]   --> src/core/nes.rs:27:16
[INFO] [stdout]    |
[INFO] [stdout] 27 |             Ok(e)    => debug!("COMPLETE -> ROM read."),
[INFO] [stdout]    |                ^ help: if this is intentional, prefix it with an underscore: `_e`
[INFO] [stdout]    |
[INFO] [stdout]    = note: `#[warn(unused_variables)]` on by default
[INFO] [stdout] 
[INFO] [stdout] 
[INFO] [stdout] warning: unused variable: `e`
[INFO] [stdout]   --> src/core/nes.rs:28:17
[INFO] [stdout]    |
[INFO] [stdout] 28 |             Err(e)   => panic!("ERROR    -> ROM read."),
[INFO] [stdout]    |                 ^ help: if this is intentional, prefix it with an underscore: `_e`
[INFO] [stdout] 
[INFO] [stdout] 
[INFO] [stdout] warning: variable does not need to be mutable
[INFO] [stdout]   --> src/core/nes.rs:48:13
[INFO] [stdout]    |
[INFO] [stdout] 48 |         let mut memory = MEM::new(mapper, ppu, apu, input); 
[INFO] [stdout]    |             ----^^^^^^
[INFO] [stdout]    |             |
[INFO] [stdout]    |             help: remove this `mut`
[INFO] [stdout]    |
[INFO] [stdout]    = note: `#[warn(unused_mut)]` on by default
[INFO] [stdout] 
[INFO] [stdout] 
[INFO] [stdout] warning: variable does not need to be mutable
[INFO] [stdout]   --> src/core/cartridge.rs:49:13
[INFO] [stdout]    |
[INFO] [stdout] 49 |         let mut f = File::open(self.filename.to_string())?;
[INFO] [stdout]    |             ----^
[INFO] [stdout]    |             |
[INFO] [stdout]    |             help: remove this `mut`
[INFO] [stdout] 
[INFO] [stdout] 
[INFO] [stdout] warning: unused variable: `address`
[INFO] [stdout]   --> src/core/mapper.rs:31:19
[INFO] [stdout]    |
[INFO] [stdout] 31 |     fn get(&self, address: u16) -> u8{ 0 }
[INFO] [stdout]    |                   ^^^^^^^ help: if this is intentional, prefix it with an underscore: `_address`
[INFO] [stdout] 
[INFO] [stdout] 
[INFO] [stdout] warning: unused variable: `address`
[INFO] [stdout]   --> src/core/mapper.rs:32:23
[INFO] [stdout]    |
[INFO] [stdout] 32 |     fn set(&mut self, address: u16, val: u8){ }
[INFO] [stdout]    |                       ^^^^^^^ help: if this is intentional, prefix it with an underscore: `_address`
[INFO] [stdout] 
[INFO] [stdout] 
[INFO] [stdout] warning: unused variable: `val`
[INFO] [stdout]   --> src/core/mapper.rs:32:37
[INFO] [stdout]    |
[INFO] [stdout] 32 |     fn set(&mut self, address: u16, val: u8){ }
[INFO] [stdout]    |                                     ^^^ help: if this is intentional, prefix it with an underscore: `_val`
[INFO] [stdout] 
[INFO] [stdout] 
[INFO] [stdout] warning: unused variable: `address`
[INFO] [stdout]   --> src/core/mapper.rs:33:23
[INFO] [stdout]    |
[INFO] [stdout] 33 |     fn get_chr(&self, address: u16) -> u8{ 0 }
[INFO] [stdout]    |                       ^^^^^^^ help: if this is intentional, prefix it with an underscore: `_address`
[INFO] [stdout] 
[INFO] [stdout] 
[INFO] [stdout] warning: unused variable: `address`
[INFO] [stdout]   --> src/core/mapper.rs:34:27
[INFO] [stdout]    |
[INFO] [stdout] 34 |     fn set_chr(&mut self, address: u16, val: u8){ }
[INFO] [stdout]    |                           ^^^^^^^ help: if this is intentional, prefix it with an underscore: `_address`
[INFO] [stdout] 
[INFO] [stdout] 
[INFO] [stdout] warning: unused variable: `val`
[INFO] [stdout]   --> src/core/mapper.rs:34:41
[INFO] [stdout]    |
[INFO] [stdout] 34 |     fn set_chr(&mut self, address: u16, val: u8){ }
[INFO] [stdout]    |                                         ^^^ help: if this is intentional, prefix it with an underscore: `_val`
[INFO] [stdout] 
[INFO] [stdout] 
[INFO] [stdout] warning: unused variable: `address`
[INFO] [stdout]   --> src/core/mapper.rs:72:23
[INFO] [stdout]    |
[INFO] [stdout] 72 |     fn set(&mut self, address: u16, val: u8) {
[INFO] [stdout]    |                       ^^^^^^^ help: if this is intentional, prefix it with an underscore: `_address`
[INFO] [stdout] 
[INFO] [stdout] 
[INFO] [stdout] warning: unused variable: `val`
[INFO] [stdout]   --> src/core/mapper.rs:72:37
[INFO] [stdout]    |
[INFO] [stdout] 72 |     fn set(&mut self, address: u16, val: u8) {
[INFO] [stdout]    |                                     ^^^ help: if this is intentional, prefix it with an underscore: `_val`
[INFO] [stdout] 
[INFO] [stdout] 
[INFO] [stdout] warning: unused variable: `address`
[INFO] [stdout]   --> src/core/mapper.rs:75:23
[INFO] [stdout]    |
[INFO] [stdout] 75 |     fn get_chr(&self, address: u16) -> u8 {
[INFO] [stdout]    |                       ^^^^^^^ help: if this is intentional, prefix it with an underscore: `_address`
[INFO] [stdout] 
[INFO] [stdout] 
[INFO] [stdout] warning: unused variable: `address`
[INFO] [stdout]   --> src/core/mapper.rs:78:27
[INFO] [stdout]    |
[INFO] [stdout] 78 |     fn set_chr(&mut self, address: u16, val: u8){
[INFO] [stdout]    |                           ^^^^^^^ help: if this is intentional, prefix it with an underscore: `_address`
[INFO] [stdout] 
[INFO] [stdout] 
[INFO] [stdout] warning: unused variable: `val`
[INFO] [stdout]   --> src/core/mapper.rs:78:41
[INFO] [stdout]    |
[INFO] [stdout] 78 |     fn set_chr(&mut self, address: u16, val: u8){
[INFO] [stdout]    |                                         ^^^ help: if this is intentional, prefix it with an underscore: `_val`
[INFO] [stdout] 
[INFO] [stdout] 
[INFO] [stdout] warning: unused variable: `address`
[INFO] [stdout]    --> src/core/mapper.rs:114:23
[INFO] [stdout]     |
[INFO] [stdout] 114 |     fn set(&mut self, address: u16, val: u8) {
[INFO] [stdout]     |                       ^^^^^^^ help: if this is intentional, prefix it with an underscore: `_address`
[INFO] [stdout] 
[INFO] [stdout] 
[INFO] [stdout] warning: unused variable: `val`
[INFO] [stdout]    --> src/core/mapper.rs:114:37
[INFO] [stdout]     |
[INFO] [stdout] 114 |     fn set(&mut self, address: u16, val: u8) {
[INFO] [stdout]     |                                     ^^^ help: if this is intentional, prefix it with an underscore: `_val`
[INFO] [stdout] 
[INFO] [stdout] 
[INFO] [stdout] warning: unused variable: `address`
[INFO] [stdout]    --> src/core/mapper.rs:117:23
[INFO] [stdout]     |
[INFO] [stdout] 117 |     fn get_chr(&self, address: u16) -> u8 {
[INFO] [stdout]     |                       ^^^^^^^ help: if this is intentional, prefix it with an underscore: `_address`
[INFO] [stdout] 
[INFO] [stdout] 
[INFO] [stdout] warning: unused variable: `address`
[INFO] [stdout]    --> src/core/mapper.rs:120:27
[INFO] [stdout]     |
[INFO] [stdout] 120 |     fn set_chr(&mut self, address: u16, val: u8){
[INFO] [stdout]     |                           ^^^^^^^ help: if this is intentional, prefix it with an underscore: `_address`
[INFO] [stdout] 
[INFO] [stdout] 
[INFO] [stdout] warning: unused variable: `val`
[INFO] [stdout]    --> src/core/mapper.rs:120:41
[INFO] [stdout]     |
[INFO] [stdout] 120 |     fn set_chr(&mut self, address: u16, val: u8){
[INFO] [stdout]     |                                         ^^^ help: if this is intentional, prefix it with an underscore: `_val`
[INFO] [stdout] 
[INFO] [stdout] 
[INFO] [stdout] warning: constant `DEBUG_ROM` is never used
[INFO] [stdout]   --> src/core/nes.rs:12:7
[INFO] [stdout]    |
[INFO] [stdout] 12 | const DEBUG_ROM: bool = true;
[INFO] [stdout]    |       ^^^^^^^^^
[INFO] [stdout]    |
[INFO] [stdout]    = note: `#[warn(dead_code)]` on by default
[INFO] [stdout] 
[INFO] [stdout] 
[INFO] [stderr]     Finished `dev` profile [unoptimized + debuginfo] target(s) in 12.03s
[INFO] running `Command { std: "docker" "inspect" "2de0c634b045877ef8034fd52cd9b70e7947807444a001648218ebafaed0ea63", kill_on_drop: false }`
[INFO] running `Command { std: "docker" "rm" "-f" "2de0c634b045877ef8034fd52cd9b70e7947807444a001648218ebafaed0ea63", kill_on_drop: false }`
[INFO] [stdout] 2de0c634b045877ef8034fd52cd9b70e7947807444a001648218ebafaed0ea63
[INFO] running `Command { std: "docker" "create" "-v" "/var/lib/crater-agent-workspace/builds/worker-5-tc1/target:/opt/rustwide/target:rw,Z" "-v" "/var/lib/crater-agent-workspace/builds/worker-5-tc1/source:/opt/rustwide/workdir:ro,Z" "-v" "/var/lib/crater-agent-workspace/cargo-home:/opt/rustwide/cargo-home:ro,Z" "-v" "/var/lib/crater-agent-workspace/rustup-home:/opt/rustwide/rustup-home:ro,Z" "-e" "SOURCE_DIR=/opt/rustwide/workdir" "-e" "CARGO_TARGET_DIR=/opt/rustwide/target" "-e" "CARGO_INCREMENTAL=0" "-e" "RUST_BACKTRACE=full" "-e" "RUSTFLAGS=--cap-lints=forbid" "-e" "RUSTDOCFLAGS=--cap-lints=forbid" "-e" "CARGO_HOME=/opt/rustwide/cargo-home" "-e" "RUSTUP_HOME=/opt/rustwide/rustup-home" "-w" "/opt/rustwide/workdir" "-m" "1610612736" "--user" "0:0" "--network" "none" "ghcr.io/rust-lang/crates-build-env/linux@sha256:819108c5571ea2e421544af4d832f968d213c87fbe3707a016657f43d2f853bc" "/opt/rustwide/cargo-home/bin/cargo" "+nightly-2025-01-18" "test" "--frozen" "--no-run" "--message-format=json", kill_on_drop: false }`
[INFO] [stdout] d0512f344a2de005d0764169fcb4175addfa70cae018646e0b3d6c015c6a902e
[INFO] running `Command { std: "docker" "start" "-a" "d0512f344a2de005d0764169fcb4175addfa70cae018646e0b3d6c015c6a902e", kill_on_drop: false }`
[INFO] [stdout] warning: unnecessary parentheses around index expression
[INFO] [stdout]   --> src/core/memory.rs:94:18
[INFO] [stdout]    |
[INFO] [stdout] 94 |         self.RAM[(0xFF + (sp as usize))] = val;
[INFO] [stdout]    |                  ^                    ^
[INFO] [stdout]    |
[INFO] [stdout]    = note: `#[warn(unused_parens)]` on by default
[INFO] [stdout] help: remove these parentheses
[INFO] [stdout]    |
[INFO] [stdout] 94 -         self.RAM[(0xFF + (sp as usize))] = val;
[INFO] [stdout] 94 +         self.RAM[0xFF + (sp as usize)] = val;
[INFO] [stdout]    |
[INFO] [stdout] 
[INFO] [stdout] 
[INFO] [stdout] warning: unnecessary parentheses around index expression
[INFO] [stdout]   --> src/core/memory.rs:99:33
[INFO] [stdout]    |
[INFO] [stdout] 99 |         let temp: u8 = self.RAM[(0xFF + (sp as usize))];
[INFO] [stdout]    |                                 ^                    ^
[INFO] [stdout]    |
[INFO] [stdout] help: remove these parentheses
[INFO] [stdout]    |
[INFO] [stdout] 99 -         let temp: u8 = self.RAM[(0xFF + (sp as usize))];
[INFO] [stdout] 99 +         let temp: u8 = self.RAM[0xFF + (sp as usize)];
[INFO] [stdout]    |
[INFO] [stdout] 
[INFO] [stdout] 
[INFO] [stdout] warning: unnecessary parentheses around index expression
[INFO] [stdout]    --> src/core/memory.rs:100:18
[INFO] [stdout]     |
[INFO] [stdout] 100 |         self.RAM[(0xFF + (sp as usize))] = 0;
[INFO] [stdout]     |                  ^                    ^
[INFO] [stdout]     |
[INFO] [stdout] help: remove these parentheses
[INFO] [stdout]     |
[INFO] [stdout] 100 -         self.RAM[(0xFF + (sp as usize))] = 0;
[INFO] [stdout] 100 +         self.RAM[0xFF + (sp as usize)] = 0;
[INFO] [stdout]     |
[INFO] [stdout] 
[INFO] [stdout] 
[INFO] [stdout] warning: type `EMPTY_MAP` should have an upper camel case name
[INFO] [stdout]   --> src/core/mapper.rs:29:12
[INFO] [stdout]    |
[INFO] [stdout] 29 | pub struct EMPTY_MAP; 
[INFO] [stdout]    |            ^^^^^^^^^ help: convert the identifier to upper camel case: `EmptyMap`
[INFO] [stdout]    |
[INFO] [stdout]    = note: `#[warn(non_camel_case_types)]` on by default
[INFO] [stdout] 
[INFO] [stdout] 
[INFO] [stdout] warning: `#[macro_use]` only has an effect on `extern crate` and modules
[INFO] [stdout]   --> src/core/cpu.rs:20:5
[INFO] [stdout]    |
[INFO] [stdout] 20 |     #[macro_use]
[INFO] [stdout]    |     ^^^^^^^^^^^^
[INFO] [stdout]    |
[INFO] [stdout]    = note: `#[warn(unused_attributes)]` on by default
[INFO] [stdout] 
[INFO] [stdout] 
[INFO] [stdout] warning: `#[macro_use]` only has an effect on `extern crate` and modules
[INFO] [stdout]   --> src/core/cpu.rs:24:5
[INFO] [stdout]    |
[INFO] [stdout] 24 |     #[macro_use]
[INFO] [stdout]    |     ^^^^^^^^^^^^
[INFO] [stdout] 
[INFO] [stdout] 
[INFO] [stdout] warning: `#[macro_use]` only has an effect on `extern crate` and modules
[INFO] [stdout]   --> src/core/cpu.rs:28:5
[INFO] [stdout]    |
[INFO] [stdout] 28 |     #[macro_use]
[INFO] [stdout]    |     ^^^^^^^^^^^^
[INFO] [stdout] 
[INFO] [stdout] 
[INFO] [stdout] warning: trait objects without an explicit `dyn` are deprecated
[INFO] [stdout]   --> src/core/memory.rs:17:21
[INFO] [stdout]    |
[INFO] [stdout] 17 |     pub CART:   Box<MAP>,    //Cartridge Space
[INFO] [stdout]    |                     ^^^
[INFO] [stdout]    |
[INFO] [stdout]    = warning: this is accepted in the current edition (Rust 2018) but is a hard error in Rust 2021!
[INFO] [stdout]    = note: for more information, see <https://doc.rust-lang.org/nightly/edition-guide/rust-2021/warnings-promoted-to-error.html>
[INFO] [stdout]    = note: `#[warn(bare_trait_objects)]` on by default
[INFO] [stdout] help: if this is a dyn-compatible trait, use `dyn`
[INFO] [stdout]    |
[INFO] [stdout] 17 |     pub CART:   Box<dyn MAP>,    //Cartridge Space
[INFO] [stdout]    |                     +++
[INFO] [stdout] 
[INFO] [stdout] 
[INFO] [stdout] warning: trait objects without an explicit `dyn` are deprecated
[INFO] [stdout]   --> src/core/memory.rs:39:28
[INFO] [stdout]    |
[INFO] [stdout] 39 |     pub fn new(mapper: Box<MAP>, ppu: u8, apu: u8, input: u8) -> MEM {
[INFO] [stdout]    |                            ^^^
[INFO] [stdout]    |
[INFO] [stdout]    = warning: this is accepted in the current edition (Rust 2018) but is a hard error in Rust 2021!
[INFO] [stdout]    = note: for more information, see <https://doc.rust-lang.org/nightly/edition-guide/rust-2021/warnings-promoted-to-error.html>
[INFO] [stdout] help: if this is a dyn-compatible trait, use `dyn`
[INFO] [stdout]    |
[INFO] [stdout] 39 |     pub fn new(mapper: Box<dyn MAP>, ppu: u8, apu: u8, input: u8) -> MEM {
[INFO] [stdout]    |                            +++
[INFO] [stdout] 
[INFO] [stdout] 
[INFO] [stdout] warning: trait objects without an explicit `dyn` are deprecated
[INFO] [stdout]   --> src/core/nes.rs:34:25
[INFO] [stdout]    |
[INFO] [stdout] 34 |         let mapper: Box<MAP> = new_map(map_num, Box::new(cart));
[INFO] [stdout]    |                         ^^^
[INFO] [stdout]    |
[INFO] [stdout]    = warning: this is accepted in the current edition (Rust 2018) but is a hard error in Rust 2021!
[INFO] [stdout]    = note: for more information, see <https://doc.rust-lang.org/nightly/edition-guide/rust-2021/warnings-promoted-to-error.html>
[INFO] [stdout] help: if this is a dyn-compatible trait, use `dyn`
[INFO] [stdout]    |
[INFO] [stdout] 34 |         let mapper: Box<dyn MAP> = new_map(map_num, Box::new(cart));
[INFO] [stdout]    |                         +++
[INFO] [stdout] 
[INFO] [stdout] 
[INFO] [stdout] warning: unused variable: `e`
[INFO] [stdout]   --> src/core/nes.rs:27:16
[INFO] [stdout]    |
[INFO] [stdout] 27 |             Ok(e)    => debug!("COMPLETE -> ROM read."),
[INFO] [stdout]    |                ^ help: if this is intentional, prefix it with an underscore: `_e`
[INFO] [stdout]    |
[INFO] [stdout]    = note: `#[warn(unused_variables)]` on by default
[INFO] [stdout] 
[INFO] [stdout] 
[INFO] [stdout] warning: unused variable: `e`
[INFO] [stdout]   --> src/core/nes.rs:28:17
[INFO] [stdout]    |
[INFO] [stdout] 28 |             Err(e)   => panic!("ERROR    -> ROM read."),
[INFO] [stdout]    |                 ^ help: if this is intentional, prefix it with an underscore: `_e`
[INFO] [stdout] 
[INFO] [stdout] 
[INFO] [stdout] warning: variable does not need to be mutable
[INFO] [stdout]   --> src/core/nes.rs:48:13
[INFO] [stdout]    |
[INFO] [stdout] 48 |         let mut memory = MEM::new(mapper, ppu, apu, input); 
[INFO] [stdout]    |             ----^^^^^^
[INFO] [stdout]    |             |
[INFO] [stdout]    |             help: remove this `mut`
[INFO] [stdout]    |
[INFO] [stdout]    = note: `#[warn(unused_mut)]` on by default
[INFO] [stdout] 
[INFO] [stdout] 
[INFO] [stdout] warning: variable does not need to be mutable
[INFO] [stdout]   --> src/core/cartridge.rs:49:13
[INFO] [stdout]    |
[INFO] [stdout] 49 |         let mut f = File::open(self.filename.to_string())?;
[INFO] [stdout]    |             ----^
[INFO] [stdout]    |             |
[INFO] [stdout]    |             help: remove this `mut`
[INFO] [stdout] 
[INFO] [stdout] 
[INFO] [stdout] warning: unused variable: `address`
[INFO] [stdout]   --> src/core/mapper.rs:31:19
[INFO] [stdout]    |
[INFO] [stdout] 31 |     fn get(&self, address: u16) -> u8{ 0 }
[INFO] [stdout]    |                   ^^^^^^^ help: if this is intentional, prefix it with an underscore: `_address`
[INFO] [stdout] 
[INFO] [stdout] 
[INFO] [stdout] warning: unused variable: `address`
[INFO] [stdout]   --> src/core/mapper.rs:32:23
[INFO] [stdout]    |
[INFO] [stdout] 32 |     fn set(&mut self, address: u16, val: u8){ }
[INFO] [stdout]    |                       ^^^^^^^ help: if this is intentional, prefix it with an underscore: `_address`
[INFO] [stdout] 
[INFO] [stdout] 
[INFO] [stdout] warning: unused variable: `val`
[INFO] [stdout]   --> src/core/mapper.rs:32:37
[INFO] [stdout]    |
[INFO] [stdout] 32 |     fn set(&mut self, address: u16, val: u8){ }
[INFO] [stdout]    |                                     ^^^ help: if this is intentional, prefix it with an underscore: `_val`
[INFO] [stdout] 
[INFO] [stdout] 
[INFO] [stderr]    Compiling soliloquy v0.1.7 (/opt/rustwide/workdir)
[INFO] [stdout] warning: unused variable: `address`
[INFO] [stdout]   --> src/core/mapper.rs:33:23
[INFO] [stdout]    |
[INFO] [stdout] 33 |     fn get_chr(&self, address: u16) -> u8{ 0 }
[INFO] [stdout]    |                       ^^^^^^^ help: if this is intentional, prefix it with an underscore: `_address`
[INFO] [stdout] 
[INFO] [stdout] 
[INFO] [stdout] warning: unused variable: `address`
[INFO] [stdout]   --> src/core/mapper.rs:34:27
[INFO] [stdout]    |
[INFO] [stdout] 34 |     fn set_chr(&mut self, address: u16, val: u8){ }
[INFO] [stdout]    |                           ^^^^^^^ help: if this is intentional, prefix it with an underscore: `_address`
[INFO] [stdout] 
[INFO] [stdout] 
[INFO] [stdout] warning: unused variable: `val`
[INFO] [stdout]   --> src/core/mapper.rs:34:41
[INFO] [stdout]    |
[INFO] [stdout] 34 |     fn set_chr(&mut self, address: u16, val: u8){ }
[INFO] [stdout]    |                                         ^^^ help: if this is intentional, prefix it with an underscore: `_val`
[INFO] [stdout] 
[INFO] [stdout] 
[INFO] [stdout] warning: unused variable: `address`
[INFO] [stdout]   --> src/core/mapper.rs:72:23
[INFO] [stdout]    |
[INFO] [stdout] 72 |     fn set(&mut self, address: u16, val: u8) {
[INFO] [stdout]    |                       ^^^^^^^ help: if this is intentional, prefix it with an underscore: `_address`
[INFO] [stdout] 
[INFO] [stdout] 
[INFO] [stdout] warning: unused variable: `val`
[INFO] [stdout]   --> src/core/mapper.rs:72:37
[INFO] [stdout]    |
[INFO] [stdout] 72 |     fn set(&mut self, address: u16, val: u8) {
[INFO] [stdout]    |                                     ^^^ help: if this is intentional, prefix it with an underscore: `_val`
[INFO] [stdout] 
[INFO] [stdout] 
[INFO] [stdout] warning: unused variable: `address`
[INFO] [stdout]   --> src/core/mapper.rs:75:23
[INFO] [stdout]    |
[INFO] [stdout] 75 |     fn get_chr(&self, address: u16) -> u8 {
[INFO] [stdout]    |                       ^^^^^^^ help: if this is intentional, prefix it with an underscore: `_address`
[INFO] [stdout] 
[INFO] [stdout] 
[INFO] [stdout] warning: unused variable: `address`
[INFO] [stdout]   --> src/core/mapper.rs:78:27
[INFO] [stdout]    |
[INFO] [stdout] 78 |     fn set_chr(&mut self, address: u16, val: u8){
[INFO] [stdout]    |                           ^^^^^^^ help: if this is intentional, prefix it with an underscore: `_address`
[INFO] [stdout] 
[INFO] [stdout] 
[INFO] [stdout] warning: unused variable: `val`
[INFO] [stdout]   --> src/core/mapper.rs:78:41
[INFO] [stdout]    |
[INFO] [stdout] 78 |     fn set_chr(&mut self, address: u16, val: u8){
[INFO] [stdout]    |                                         ^^^ help: if this is intentional, prefix it with an underscore: `_val`
[INFO] [stdout] 
[INFO] [stdout] 
[INFO] [stdout] warning: unused variable: `address`
[INFO] [stdout]    --> src/core/mapper.rs:114:23
[INFO] [stdout]     |
[INFO] [stdout] 114 |     fn set(&mut self, address: u16, val: u8) {
[INFO] [stdout]     |                       ^^^^^^^ help: if this is intentional, prefix it with an underscore: `_address`
[INFO] [stdout] 
[INFO] [stdout] 
[INFO] [stdout] warning: unused variable: `val`
[INFO] [stdout]    --> src/core/mapper.rs:114:37
[INFO] [stdout]     |
[INFO] [stdout] 114 |     fn set(&mut self, address: u16, val: u8) {
[INFO] [stdout]     |                                     ^^^ help: if this is intentional, prefix it with an underscore: `_val`
[INFO] [stdout] 
[INFO] [stdout] 
[INFO] [stdout] warning: unused variable: `address`
[INFO] [stdout]    --> src/core/mapper.rs:117:23
[INFO] [stdout]     |
[INFO] [stdout] 117 |     fn get_chr(&self, address: u16) -> u8 {
[INFO] [stdout]     |                       ^^^^^^^ help: if this is intentional, prefix it with an underscore: `_address`
[INFO] [stdout] 
[INFO] [stdout] 
[INFO] [stdout] warning: unused variable: `address`
[INFO] [stdout]    --> src/core/mapper.rs:120:27
[INFO] [stdout]     |
[INFO] [stdout] 120 |     fn set_chr(&mut self, address: u16, val: u8){
[INFO] [stdout]     |                           ^^^^^^^ help: if this is intentional, prefix it with an underscore: `_address`
[INFO] [stdout] 
[INFO] [stdout] 
[INFO] [stdout] warning: unused variable: `val`
[INFO] [stdout]    --> src/core/mapper.rs:120:41
[INFO] [stdout]     |
[INFO] [stdout] 120 |     fn set_chr(&mut self, address: u16, val: u8){
[INFO] [stdout]     |                                         ^^^ help: if this is intentional, prefix it with an underscore: `_val`
[INFO] [stdout] 
[INFO] [stdout] 
[INFO] [stdout] warning: constant `DEBUG_ROM` is never used
[INFO] [stdout]   --> src/core/nes.rs:12:7
[INFO] [stdout]    |
[INFO] [stdout] 12 | const DEBUG_ROM: bool = true;
[INFO] [stdout]    |       ^^^^^^^^^
[INFO] [stdout]    |
[INFO] [stdout]    = note: `#[warn(dead_code)]` on by default
[INFO] [stdout] 
[INFO] [stdout] 
[INFO] [stdout] warning: unused doc comment
[INFO] [stdout]    --> src/core/./cpu_test.rs:348:9
[INFO] [stdout]     |
[INFO] [stdout] 348 | /         /// Ultimately, it looks like the NES disabled BCD arith "possibly
[INFO] [stdout] 349 | |         ///  due to patent concerns" (fogleman @ Medium).
[INFO] [stdout] 350 | |         /// But I still want the functionality, because of the obscure few
[INFO] [stdout] 351 | |         ///  famicon games that I've heard rumors about.
[INFO] [stdout] ...   |
[INFO] [stdout] 354 | |         /// Since I don't have such an overarching module fully planned,
[INFO] [stdout] 355 | |         /// This is going to be turfed to an issue to be solved post v1.
[INFO] [stdout]     | |_________---------------------------------------------------------------^
[INFO] [stdout]     |           |
[INFO] [stdout]     |           rustdoc does not generate documentation for macro invocations
[INFO] [stdout]     |
[INFO] [stdout]     = help: to document an item produced by a macro, the macro must produce the documentation as part of its expansion
[INFO] [stdout]     = note: `#[warn(unused_doc_comments)]` on by default
[INFO] [stdout] 
[INFO] [stdout] 
[INFO] [stdout] warning: unused doc comment
[INFO] [stdout]    --> src/core/./cpu_test.rs:395:9
[INFO] [stdout]     |
[INFO] [stdout] 395 | /         ///Same hold as testOP_ADC_decimal()...
[INFO] [stdout] 396 | |         /// Task state on WAIT.
[INFO] [stdout]     | |_________----------------------^
[INFO] [stdout]     |           |
[INFO] [stdout]     |           rustdoc does not generate documentation for macro invocations
[INFO] [stdout]     |
[INFO] [stdout]     = help: to document an item produced by a macro, the macro must produce the documentation as part of its expansion
[INFO] [stdout] 
[INFO] [stdout] 
[INFO] [stdout] warning: unnecessary parentheses around index expression
[INFO] [stdout]   --> src/core/memory.rs:94:18
[INFO] [stdout]    |
[INFO] [stdout] 94 |         self.RAM[(0xFF + (sp as usize))] = val;
[INFO] [stdout]    |                  ^                    ^
[INFO] [stdout]    |
[INFO] [stdout]    = note: `#[warn(unused_parens)]` on by default
[INFO] [stdout] help: remove these parentheses
[INFO] [stdout]    |
[INFO] [stdout] 94 -         self.RAM[(0xFF + (sp as usize))] = val;
[INFO] [stdout] 94 +         self.RAM[0xFF + (sp as usize)] = val;
[INFO] [stdout]    |
[INFO] [stdout] 
[INFO] [stdout] 
[INFO] [stdout] warning: unnecessary parentheses around index expression
[INFO] [stdout]   --> src/core/memory.rs:99:33
[INFO] [stdout]    |
[INFO] [stdout] 99 |         let temp: u8 = self.RAM[(0xFF + (sp as usize))];
[INFO] [stdout]    |                                 ^                    ^
[INFO] [stdout]    |
[INFO] [stdout] help: remove these parentheses
[INFO] [stdout]    |
[INFO] [stdout] 99 -         let temp: u8 = self.RAM[(0xFF + (sp as usize))];
[INFO] [stdout] 99 +         let temp: u8 = self.RAM[0xFF + (sp as usize)];
[INFO] [stdout]    |
[INFO] [stdout] 
[INFO] [stdout] 
[INFO] [stdout] warning: unnecessary parentheses around index expression
[INFO] [stdout]    --> src/core/memory.rs:100:18
[INFO] [stdout]     |
[INFO] [stdout] 100 |         self.RAM[(0xFF + (sp as usize))] = 0;
[INFO] [stdout]     |                  ^                    ^
[INFO] [stdout]     |
[INFO] [stdout] help: remove these parentheses
[INFO] [stdout]     |
[INFO] [stdout] 100 -         self.RAM[(0xFF + (sp as usize))] = 0;
[INFO] [stdout] 100 +         self.RAM[0xFF + (sp as usize)] = 0;
[INFO] [stdout]     |
[INFO] [stdout] 
[INFO] [stdout] 
[INFO] [stdout] warning: type `EMPTY_MAP` should have an upper camel case name
[INFO] [stdout]   --> src/core/mapper.rs:29:12
[INFO] [stdout]    |
[INFO] [stdout] 29 | pub struct EMPTY_MAP; 
[INFO] [stdout]    |            ^^^^^^^^^ help: convert the identifier to upper camel case: `EmptyMap`
[INFO] [stdout]    |
[INFO] [stdout]    = note: `#[warn(non_camel_case_types)]` on by default
[INFO] [stdout] 
[INFO] [stdout] 
[INFO] [stdout] warning: `#[macro_use]` only has an effect on `extern crate` and modules
[INFO] [stdout]   --> src/core/cpu.rs:20:5
[INFO] [stdout]    |
[INFO] [stdout] 20 |     #[macro_use]
[INFO] [stdout]    |     ^^^^^^^^^^^^
[INFO] [stdout]    |
[INFO] [stdout]    = note: `#[warn(unused_attributes)]` on by default
[INFO] [stdout] 
[INFO] [stdout] 
[INFO] [stdout] warning: `#[macro_use]` only has an effect on `extern crate` and modules
[INFO] [stdout]   --> src/core/cpu.rs:24:5
[INFO] [stdout]    |
[INFO] [stdout] 24 |     #[macro_use]
[INFO] [stdout]    |     ^^^^^^^^^^^^
[INFO] [stdout] 
[INFO] [stdout] 
[INFO] [stdout] warning: `#[macro_use]` only has an effect on `extern crate` and modules
[INFO] [stdout]   --> src/core/cpu.rs:28:5
[INFO] [stdout]    |
[INFO] [stdout] 28 |     #[macro_use]
[INFO] [stdout]    |     ^^^^^^^^^^^^
[INFO] [stdout] 
[INFO] [stdout] 
[INFO] [stdout] warning: trait objects without an explicit `dyn` are deprecated
[INFO] [stdout]   --> src/core/memory.rs:17:21
[INFO] [stdout]    |
[INFO] [stdout] 17 |     pub CART:   Box<MAP>,    //Cartridge Space
[INFO] [stdout]    |                     ^^^
[INFO] [stdout]    |
[INFO] [stdout]    = warning: this is accepted in the current edition (Rust 2018) but is a hard error in Rust 2021!
[INFO] [stdout]    = note: for more information, see <https://doc.rust-lang.org/nightly/edition-guide/rust-2021/warnings-promoted-to-error.html>
[INFO] [stdout]    = note: `#[warn(bare_trait_objects)]` on by default
[INFO] [stdout] help: if this is a dyn-compatible trait, use `dyn`
[INFO] [stdout]    |
[INFO] [stdout] 17 |     pub CART:   Box<dyn MAP>,    //Cartridge Space
[INFO] [stdout]    |                     +++
[INFO] [stdout] 
[INFO] [stdout] 
[INFO] [stdout] warning: trait objects without an explicit `dyn` are deprecated
[INFO] [stdout]   --> src/core/memory.rs:39:28
[INFO] [stdout]    |
[INFO] [stdout] 39 |     pub fn new(mapper: Box<MAP>, ppu: u8, apu: u8, input: u8) -> MEM {
[INFO] [stdout]    |                            ^^^
[INFO] [stdout]    |
[INFO] [stdout]    = warning: this is accepted in the current edition (Rust 2018) but is a hard error in Rust 2021!
[INFO] [stdout]    = note: for more information, see <https://doc.rust-lang.org/nightly/edition-guide/rust-2021/warnings-promoted-to-error.html>
[INFO] [stdout] help: if this is a dyn-compatible trait, use `dyn`
[INFO] [stdout]    |
[INFO] [stdout] 39 |     pub fn new(mapper: Box<dyn MAP>, ppu: u8, apu: u8, input: u8) -> MEM {
[INFO] [stdout]    |                            +++
[INFO] [stdout] 
[INFO] [stdout] 
[INFO] [stdout] warning: trait objects without an explicit `dyn` are deprecated
[INFO] [stdout]   --> src/core/nes.rs:34:25
[INFO] [stdout]    |
[INFO] [stdout] 34 |         let mapper: Box<MAP> = new_map(map_num, Box::new(cart));
[INFO] [stdout]    |                         ^^^
[INFO] [stdout]    |
[INFO] [stdout]    = warning: this is accepted in the current edition (Rust 2018) but is a hard error in Rust 2021!
[INFO] [stdout]    = note: for more information, see <https://doc.rust-lang.org/nightly/edition-guide/rust-2021/warnings-promoted-to-error.html>
[INFO] [stdout] help: if this is a dyn-compatible trait, use `dyn`
[INFO] [stdout]    |
[INFO] [stdout] 34 |         let mapper: Box<dyn MAP> = new_map(map_num, Box::new(cart));
[INFO] [stdout]    |                         +++
[INFO] [stdout] 
[INFO] [stdout] 
[INFO] [stdout] warning: unused doc comment
[INFO] [stdout]    --> src/core/./cpu_test.rs:348:9
[INFO] [stdout]     |
[INFO] [stdout] 348 | /         /// Ultimately, it looks like the NES disabled BCD arith "possibly
[INFO] [stdout] 349 | |         ///  due to patent concerns" (fogleman @ Medium).
[INFO] [stdout] 350 | |         /// But I still want the functionality, because of the obscure few
[INFO] [stdout] 351 | |         ///  famicon games that I've heard rumors about.
[INFO] [stdout] ...   |
[INFO] [stdout] 354 | |         /// Since I don't have such an overarching module fully planned,
[INFO] [stdout] 355 | |         /// This is going to be turfed to an issue to be solved post v1.
[INFO] [stdout]     | |_________---------------------------------------------------------------^
[INFO] [stdout]     |           |
[INFO] [stdout]     |           rustdoc does not generate documentation for macro invocations
[INFO] [stdout]     |
[INFO] [stdout]     = help: to document an item produced by a macro, the macro must produce the documentation as part of its expansion
[INFO] [stdout]     = note: `#[warn(unused_doc_comments)]` on by default
[INFO] [stdout] 
[INFO] [stdout] 
[INFO] [stdout] warning: unused doc comment
[INFO] [stdout]    --> src/core/./cpu_test.rs:395:9
[INFO] [stdout]     |
[INFO] [stdout] 395 | /         ///Same hold as testOP_ADC_decimal()...
[INFO] [stdout] 396 | |         /// Task state on WAIT.
[INFO] [stdout]     | |_________----------------------^
[INFO] [stdout]     |           |
[INFO] [stdout]     |           rustdoc does not generate documentation for macro invocations
[INFO] [stdout]     |
[INFO] [stdout]     = help: to document an item produced by a macro, the macro must produce the documentation as part of its expansion
[INFO] [stdout] 
[INFO] [stdout] 
[INFO] [stdout] warning: unnecessary parentheses around index expression
[INFO] [stdout]   --> src/core/memory.rs:94:18
[INFO] [stdout]    |
[INFO] [stdout] 94 |         self.RAM[(0xFF + (sp as usize))] = val;
[INFO] [stdout]    |                  ^                    ^
[INFO] [stdout]    |
[INFO] [stdout]    = note: `#[warn(unused_parens)]` on by default
[INFO] [stdout] help: remove these parentheses
[INFO] [stdout]    |
[INFO] [stdout] 94 -         self.RAM[(0xFF + (sp as usize))] = val;
[INFO] [stdout] 94 +         self.RAM[0xFF + (sp as usize)] = val;
[INFO] [stdout]    |
[INFO] [stdout] 
[INFO] [stdout] 
[INFO] [stdout] warning: unnecessary parentheses around index expression
[INFO] [stdout]   --> src/core/memory.rs:99:33
[INFO] [stdout]    |
[INFO] [stdout] 99 |         let temp: u8 = self.RAM[(0xFF + (sp as usize))];
[INFO] [stdout]    |                                 ^                    ^
[INFO] [stdout]    |
[INFO] [stdout] help: remove these parentheses
[INFO] [stdout]    |
[INFO] [stdout] 99 -         let temp: u8 = self.RAM[(0xFF + (sp as usize))];
[INFO] [stdout] 99 +         let temp: u8 = self.RAM[0xFF + (sp as usize)];
[INFO] [stdout]    |
[INFO] [stdout] 
[INFO] [stdout] 
[INFO] [stdout] warning: unnecessary parentheses around index expression
[INFO] [stdout]    --> src/core/memory.rs:100:18
[INFO] [stdout]     |
[INFO] [stdout] 100 |         self.RAM[(0xFF + (sp as usize))] = 0;
[INFO] [stdout]     |                  ^                    ^
[INFO] [stdout]     |
[INFO] [stdout] help: remove these parentheses
[INFO] [stdout]     |
[INFO] [stdout] 100 -         self.RAM[(0xFF + (sp as usize))] = 0;
[INFO] [stdout] 100 +         self.RAM[0xFF + (sp as usize)] = 0;
[INFO] [stdout]     |
[INFO] [stdout] 
[INFO] [stdout] 
[INFO] [stdout] warning: type `EMPTY_MAP` should have an upper camel case name
[INFO] [stdout]   --> src/core/mapper.rs:29:12
[INFO] [stdout]    |
[INFO] [stdout] 29 | pub struct EMPTY_MAP; 
[INFO] [stdout]    |            ^^^^^^^^^ help: convert the identifier to upper camel case: `EmptyMap`
[INFO] [stdout]    |
[INFO] [stdout]    = note: `#[warn(non_camel_case_types)]` on by default
[INFO] [stdout] 
[INFO] [stdout] 
[INFO] [stdout] warning: `#[macro_use]` only has an effect on `extern crate` and modules
[INFO] [stdout]   --> src/core/cpu.rs:20:5
[INFO] [stdout]    |
[INFO] [stdout] 20 |     #[macro_use]
[INFO] [stdout]    |     ^^^^^^^^^^^^
[INFO] [stdout]    |
[INFO] [stdout]    = note: `#[warn(unused_attributes)]` on by default
[INFO] [stdout] 
[INFO] [stdout] 
[INFO] [stdout] warning: `#[macro_use]` only has an effect on `extern crate` and modules
[INFO] [stdout]   --> src/core/cpu.rs:24:5
[INFO] [stdout]    |
[INFO] [stdout] 24 |     #[macro_use]
[INFO] [stdout]    |     ^^^^^^^^^^^^
[INFO] [stdout] 
[INFO] [stdout] 
[INFO] [stdout] warning: `#[macro_use]` only has an effect on `extern crate` and modules
[INFO] [stdout]   --> src/core/cpu.rs:28:5
[INFO] [stdout]    |
[INFO] [stdout] 28 |     #[macro_use]
[INFO] [stdout]    |     ^^^^^^^^^^^^
[INFO] [stdout] 
[INFO] [stdout] 
[INFO] [stdout] warning: trait objects without an explicit `dyn` are deprecated
[INFO] [stdout]   --> src/core/memory.rs:17:21
[INFO] [stdout]    |
[INFO] [stdout] 17 |     pub CART:   Box<MAP>,    //Cartridge Space
[INFO] [stdout]    |                     ^^^
[INFO] [stdout]    |
[INFO] [stdout]    = warning: this is accepted in the current edition (Rust 2018) but is a hard error in Rust 2021!
[INFO] [stdout]    = note: for more information, see <https://doc.rust-lang.org/nightly/edition-guide/rust-2021/warnings-promoted-to-error.html>
[INFO] [stdout]    = note: `#[warn(bare_trait_objects)]` on by default
[INFO] [stdout] help: if this is a dyn-compatible trait, use `dyn`
[INFO] [stdout]    |
[INFO] [stdout] 17 |     pub CART:   Box<dyn MAP>,    //Cartridge Space
[INFO] [stdout]    |                     +++
[INFO] [stdout] 
[INFO] [stdout] 
[INFO] [stdout] warning: unused variable: `e`
[INFO] [stdout]   --> src/core/nes.rs:27:16
[INFO] [stdout]    |
[INFO] [stdout] 27 |             Ok(e)    => debug!("COMPLETE -> ROM read."),
[INFO] [stdout]    |                ^ help: if this is intentional, prefix it with an underscore: `_e`
[INFO] [stdout]    |
[INFO] [stdout]    = note: `#[warn(unused_variables)]` on by default
[INFO] [stdout] 
[INFO] [stdout] 
[INFO] [stdout] warning: unused variable: `e`
[INFO] [stdout]   --> src/core/nes.rs:28:17
[INFO] [stdout]    |
[INFO] [stdout] 28 |             Err(e)   => panic!("ERROR    -> ROM read."),
[INFO] [stdout]    |                 ^ help: if this is intentional, prefix it with an underscore: `_e`
[INFO] [stdout] 
[INFO] [stdout] 
[INFO] [stdout] warning: variable does not need to be mutable
[INFO] [stdout]   --> src/core/nes.rs:48:13
[INFO] [stdout]    |
[INFO] [stdout] 48 |         let mut memory = MEM::new(mapper, ppu, apu, input); 
[INFO] [stdout]    |             ----^^^^^^
[INFO] [stdout]    |             |
[INFO] [stdout]    |             help: remove this `mut`
[INFO] [stdout]    |
[INFO] [stdout]    = note: `#[warn(unused_mut)]` on by default
[INFO] [stdout] 
[INFO] [stdout] 
[INFO] [stdout] warning: variable does not need to be mutable
[INFO] [stdout]   --> src/core/cartridge.rs:49:13
[INFO] [stdout]    |
[INFO] [stdout] 49 |         let mut f = File::open(self.filename.to_string())?;
[INFO] [stdout]    |             ----^
[INFO] [stdout]    |             |
[INFO] [stdout]    |             help: remove this `mut`
[INFO] [stdout] 
[INFO] [stdout] 
[INFO] [stdout] warning: unused variable: `address`
[INFO] [stdout]   --> src/core/mapper.rs:31:19
[INFO] [stdout]    |
[INFO] [stdout] 31 |     fn get(&self, address: u16) -> u8{ 0 }
[INFO] [stdout]    |                   ^^^^^^^ help: if this is intentional, prefix it with an underscore: `_address`
[INFO] [stdout] 
[INFO] [stdout] 
[INFO] [stdout] warning: unused variable: `address`
[INFO] [stdout]   --> src/core/mapper.rs:32:23
[INFO] [stdout]    |
[INFO] [stdout] 32 |     fn set(&mut self, address: u16, val: u8){ }
[INFO] [stdout]    |                       ^^^^^^^ help: if this is intentional, prefix it with an underscore: `_address`
[INFO] [stdout] 
[INFO] [stdout] 
[INFO] [stdout] warning: unused variable: `val`
[INFO] [stdout]   --> src/core/mapper.rs:32:37
[INFO] [stdout]    |
[INFO] [stdout] 32 |     fn set(&mut self, address: u16, val: u8){ }
[INFO] [stdout]    |                                     ^^^ help: if this is intentional, prefix it with an underscore: `_val`
[INFO] [stdout] 
[INFO] [stdout] 
[INFO] [stdout] warning: unused variable: `address`
[INFO] [stdout]   --> src/core/mapper.rs:33:23
[INFO] [stdout]    |
[INFO] [stdout] 33 |     fn get_chr(&self, address: u16) -> u8{ 0 }
[INFO] [stdout]    |                       ^^^^^^^ help: if this is intentional, prefix it with an underscore: `_address`
[INFO] [stdout] 
[INFO] [stdout] 
[INFO] [stdout] warning: unused variable: `address`
[INFO] [stdout]   --> src/core/mapper.rs:34:27
[INFO] [stdout]    |
[INFO] [stdout] 34 |     fn set_chr(&mut self, address: u16, val: u8){ }
[INFO] [stdout]    |                           ^^^^^^^ help: if this is intentional, prefix it with an underscore: `_address`
[INFO] [stdout] 
[INFO] [stdout] 
[INFO] [stdout] warning: unused variable: `val`
[INFO] [stdout]   --> src/core/mapper.rs:34:41
[INFO] [stdout]    |
[INFO] [stdout] 34 |     fn set_chr(&mut self, address: u16, val: u8){ }
[INFO] [stdout]    |                                         ^^^ help: if this is intentional, prefix it with an underscore: `_val`
[INFO] [stdout] 
[INFO] [stdout] 
[INFO] [stdout] warning: unused variable: `address`
[INFO] [stdout]   --> src/core/mapper.rs:72:23
[INFO] [stdout]    |
[INFO] [stdout] 72 |     fn set(&mut self, address: u16, val: u8) {
[INFO] [stdout]    |                       ^^^^^^^ help: if this is intentional, prefix it with an underscore: `_address`
[INFO] [stdout] 
[INFO] [stdout] 
[INFO] [stdout] warning: unused variable: `val`
[INFO] [stdout]   --> src/core/mapper.rs:72:37
[INFO] [stdout]    |
[INFO] [stdout] 72 |     fn set(&mut self, address: u16, val: u8) {
[INFO] [stdout]    |                                     ^^^ help: if this is intentional, prefix it with an underscore: `_val`
[INFO] [stdout] 
[INFO] [stdout] 
[INFO] [stdout] warning: unused variable: `address`
[INFO] [stdout]   --> src/core/mapper.rs:75:23
[INFO] [stdout]    |
[INFO] [stdout] 75 |     fn get_chr(&self, address: u16) -> u8 {
[INFO] [stdout]    |                       ^^^^^^^ help: if this is intentional, prefix it with an underscore: `_address`
[INFO] [stdout] 
[INFO] [stdout] 
[INFO] [stdout] warning: unused variable: `address`
[INFO] [stdout]   --> src/core/mapper.rs:78:27
[INFO] [stdout]    |
[INFO] [stdout] 78 |     fn set_chr(&mut self, address: u16, val: u8){
[INFO] [stdout]    |                           ^^^^^^^ help: if this is intentional, prefix it with an underscore: `_address`
[INFO] [stdout] 
[INFO] [stdout] 
[INFO] [stdout] warning: unused variable: `val`
[INFO] [stdout]   --> src/core/mapper.rs:78:41
[INFO] [stdout]    |
[INFO] [stdout] 78 |     fn set_chr(&mut self, address: u16, val: u8){
[INFO] [stdout]    |                                         ^^^ help: if this is intentional, prefix it with an underscore: `_val`
[INFO] [stdout] 
[INFO] [stdout] 
[INFO] [stdout] warning: unused variable: `address`
[INFO] [stdout]    --> src/core/mapper.rs:114:23
[INFO] [stdout]     |
[INFO] [stdout] 114 |     fn set(&mut self, address: u16, val: u8) {
[INFO] [stdout]     |                       ^^^^^^^ help: if this is intentional, prefix it with an underscore: `_address`
[INFO] [stdout] 
[INFO] [stdout] 
[INFO] [stdout] warning: unused variable: `val`
[INFO] [stdout]    --> src/core/mapper.rs:114:37
[INFO] [stdout]     |
[INFO] [stdout] 114 |     fn set(&mut self, address: u16, val: u8) {
[INFO] [stdout]     |                                     ^^^ help: if this is intentional, prefix it with an underscore: `_val`
[INFO] [stdout] 
[INFO] [stdout] 
[INFO] [stdout] warning: unused variable: `address`
[INFO] [stdout]    --> src/core/mapper.rs:117:23
[INFO] [stdout]     |
[INFO] [stdout] 117 |     fn get_chr(&self, address: u16) -> u8 {
[INFO] [stdout]     |                       ^^^^^^^ help: if this is intentional, prefix it with an underscore: `_address`
[INFO] [stdout] 
[INFO] [stdout] 
[INFO] [stdout] warning: unused variable: `address`
[INFO] [stdout]    --> src/core/mapper.rs:120:27
[INFO] [stdout]     |
[INFO] [stdout] 120 |     fn set_chr(&mut self, address: u16, val: u8){
[INFO] [stdout]     |                           ^^^^^^^ help: if this is intentional, prefix it with an underscore: `_address`
[INFO] [stdout] 
[INFO] [stdout] 
[INFO] [stdout] warning: unused variable: `val`
[INFO] [stdout]    --> src/core/mapper.rs:120:41
[INFO] [stdout]     |
[INFO] [stdout] 120 |     fn set_chr(&mut self, address: u16, val: u8){
[INFO] [stdout]     |                                         ^^^ help: if this is intentional, prefix it with an underscore: `_val`
[INFO] [stdout] 
[INFO] [stdout] 
[INFO] [stdout] warning: trait objects without an explicit `dyn` are deprecated
[INFO] [stdout]   --> src/core/memory.rs:39:28
[INFO] [stdout]    |
[INFO] [stdout] 39 |     pub fn new(mapper: Box<MAP>, ppu: u8, apu: u8, input: u8) -> MEM {
[INFO] [stdout]    |                            ^^^
[INFO] [stdout]    |
[INFO] [stdout]    = warning: this is accepted in the current edition (Rust 2018) but is a hard error in Rust 2021!
[INFO] [stdout]    = note: for more information, see <https://doc.rust-lang.org/nightly/edition-guide/rust-2021/warnings-promoted-to-error.html>
[INFO] [stdout] help: if this is a dyn-compatible trait, use `dyn`
[INFO] [stdout]    |
[INFO] [stdout] 39 |     pub fn new(mapper: Box<dyn MAP>, ppu: u8, apu: u8, input: u8) -> MEM {
[INFO] [stdout]    |                            +++
[INFO] [stdout] 
[INFO] [stdout] 
[INFO] [stdout] warning: constant `DEBUG_ROM` is never used
[INFO] [stdout]   --> src/core/nes.rs:12:7
[INFO] [stdout]    |
[INFO] [stdout] 12 | const DEBUG_ROM: bool = true;
[INFO] [stdout]    |       ^^^^^^^^^
[INFO] [stdout]    |
[INFO] [stdout]    = note: `#[warn(dead_code)]` on by default
[INFO] [stdout] 
[INFO] [stdout] 
[INFO] [stdout] warning: trait objects without an explicit `dyn` are deprecated
[INFO] [stdout]   --> src/core/nes.rs:34:25
[INFO] [stdout]    |
[INFO] [stdout] 34 |         let mapper: Box<MAP> = new_map(map_num, Box::new(cart));
[INFO] [stdout]    |                         ^^^
[INFO] [stdout]    |
[INFO] [stdout]    = warning: this is accepted in the current edition (Rust 2018) but is a hard error in Rust 2021!
[INFO] [stdout]    = note: for more information, see <https://doc.rust-lang.org/nightly/edition-guide/rust-2021/warnings-promoted-to-error.html>
[INFO] [stdout] help: if this is a dyn-compatible trait, use `dyn`
[INFO] [stdout]    |
[INFO] [stdout] 34 |         let mapper: Box<dyn MAP> = new_map(map_num, Box::new(cart));
[INFO] [stdout]    |                         +++
[INFO] [stdout] 
[INFO] [stdout] 
[INFO] [stdout] warning: unused variable: `e`
[INFO] [stdout]   --> src/core/nes.rs:27:16
[INFO] [stdout]    |
[INFO] [stdout] 27 |             Ok(e)    => debug!("COMPLETE -> ROM read."),
[INFO] [stdout]    |                ^ help: if this is intentional, prefix it with an underscore: `_e`
[INFO] [stdout]    |
[INFO] [stdout]    = note: `#[warn(unused_variables)]` on by default
[INFO] [stdout] 
[INFO] [stdout] 
[INFO] [stdout] warning: unused variable: `e`
[INFO] [stdout]   --> src/core/nes.rs:28:17
[INFO] [stdout]    |
[INFO] [stdout] 28 |             Err(e)   => panic!("ERROR    -> ROM read."),
[INFO] [stdout]    |                 ^ help: if this is intentional, prefix it with an underscore: `_e`
[INFO] [stdout] 
[INFO] [stdout] 
[INFO] [stdout] warning: variable does not need to be mutable
[INFO] [stdout]   --> src/core/nes.rs:48:13
[INFO] [stdout]    |
[INFO] [stdout] 48 |         let mut memory = MEM::new(mapper, ppu, apu, input); 
[INFO] [stdout]    |             ----^^^^^^
[INFO] [stdout]    |             |
[INFO] [stdout]    |             help: remove this `mut`
[INFO] [stdout]    |
[INFO] [stdout]    = note: `#[warn(unused_mut)]` on by default
[INFO] [stdout] 
[INFO] [stdout] 
[INFO] [stdout] warning: variable does not need to be mutable
[INFO] [stdout]   --> src/core/cartridge.rs:49:13
[INFO] [stdout]    |
[INFO] [stdout] 49 |         let mut f = File::open(self.filename.to_string())?;
[INFO] [stdout]    |             ----^
[INFO] [stdout]    |             |
[INFO] [stdout]    |             help: remove this `mut`
[INFO] [stdout] 
[INFO] [stdout] 
[INFO] [stdout] warning: unused variable: `address`
[INFO] [stdout]   --> src/core/mapper.rs:31:19
[INFO] [stdout]    |
[INFO] [stdout] 31 |     fn get(&self, address: u16) -> u8{ 0 }
[INFO] [stdout]    |                   ^^^^^^^ help: if this is intentional, prefix it with an underscore: `_address`
[INFO] [stdout] 
[INFO] [stdout] 
[INFO] [stdout] warning: unused variable: `address`
[INFO] [stdout]   --> src/core/mapper.rs:32:23
[INFO] [stdout]    |
[INFO] [stdout] 32 |     fn set(&mut self, address: u16, val: u8){ }
[INFO] [stdout]    |                       ^^^^^^^ help: if this is intentional, prefix it with an underscore: `_address`
[INFO] [stdout] 
[INFO] [stdout] 
[INFO] [stdout] warning: unused variable: `val`
[INFO] [stdout]   --> src/core/mapper.rs:32:37
[INFO] [stdout]    |
[INFO] [stdout] 32 |     fn set(&mut self, address: u16, val: u8){ }
[INFO] [stdout]    |                                     ^^^ help: if this is intentional, prefix it with an underscore: `_val`
[INFO] [stdout] 
[INFO] [stdout] 
[INFO] [stdout] warning: unused variable: `address`
[INFO] [stdout]   --> src/core/mapper.rs:33:23
[INFO] [stdout]    |
[INFO] [stdout] 33 |     fn get_chr(&self, address: u16) -> u8{ 0 }
[INFO] [stdout]    |                       ^^^^^^^ help: if this is intentional, prefix it with an underscore: `_address`
[INFO] [stdout] 
[INFO] [stdout] 
[INFO] [stdout] warning: unused variable: `address`
[INFO] [stdout]   --> src/core/mapper.rs:34:27
[INFO] [stdout]    |
[INFO] [stdout] 34 |     fn set_chr(&mut self, address: u16, val: u8){ }
[INFO] [stdout]    |                           ^^^^^^^ help: if this is intentional, prefix it with an underscore: `_address`
[INFO] [stdout] 
[INFO] [stdout] 
[INFO] [stdout] warning: unused variable: `val`
[INFO] [stdout]   --> src/core/mapper.rs:34:41
[INFO] [stdout]    |
[INFO] [stdout] 34 |     fn set_chr(&mut self, address: u16, val: u8){ }
[INFO] [stdout]    |                                         ^^^ help: if this is intentional, prefix it with an underscore: `_val`
[INFO] [stdout] 
[INFO] [stdout] 
[INFO] [stdout] warning: unused variable: `address`
[INFO] [stdout]   --> src/core/mapper.rs:72:23
[INFO] [stdout]    |
[INFO] [stdout] 72 |     fn set(&mut self, address: u16, val: u8) {
[INFO] [stdout]    |                       ^^^^^^^ help: if this is intentional, prefix it with an underscore: `_address`
[INFO] [stdout] 
[INFO] [stdout] 
[INFO] [stdout] warning: unused variable: `val`
[INFO] [stdout]   --> src/core/mapper.rs:72:37
[INFO] [stdout]    |
[INFO] [stdout] 72 |     fn set(&mut self, address: u16, val: u8) {
[INFO] [stdout]    |                                     ^^^ help: if this is intentional, prefix it with an underscore: `_val`
[INFO] [stdout] 
[INFO] [stdout] 
[INFO] [stdout] warning: unused variable: `address`
[INFO] [stdout]   --> src/core/mapper.rs:75:23
[INFO] [stdout]    |
[INFO] [stdout] 75 |     fn get_chr(&self, address: u16) -> u8 {
[INFO] [stdout]    |                       ^^^^^^^ help: if this is intentional, prefix it with an underscore: `_address`
[INFO] [stdout] 
[INFO] [stdout] 
[INFO] [stdout] warning: unused variable: `address`
[INFO] [stdout]   --> src/core/mapper.rs:78:27
[INFO] [stdout]    |
[INFO] [stdout] 78 |     fn set_chr(&mut self, address: u16, val: u8){
[INFO] [stdout]    |                           ^^^^^^^ help: if this is intentional, prefix it with an underscore: `_address`
[INFO] [stdout] 
[INFO] [stdout] 
[INFO] [stdout] warning: unused variable: `val`
[INFO] [stdout]   --> src/core/mapper.rs:78:41
[INFO] [stdout]    |
[INFO] [stdout] 78 |     fn set_chr(&mut self, address: u16, val: u8){
[INFO] [stdout]    |                                         ^^^ help: if this is intentional, prefix it with an underscore: `_val`
[INFO] [stdout] 
[INFO] [stdout] 
[INFO] [stdout] warning: unused variable: `address`
[INFO] [stdout]    --> src/core/mapper.rs:114:23
[INFO] [stdout]     |
[INFO] [stdout] 114 |     fn set(&mut self, address: u16, val: u8) {
[INFO] [stdout]     |                       ^^^^^^^ help: if this is intentional, prefix it with an underscore: `_address`
[INFO] [stdout] 
[INFO] [stdout] 
[INFO] [stdout] warning: unused variable: `val`
[INFO] [stdout]    --> src/core/mapper.rs:114:37
[INFO] [stdout]     |
[INFO] [stdout] 114 |     fn set(&mut self, address: u16, val: u8) {
[INFO] [stdout]     |                                     ^^^ help: if this is intentional, prefix it with an underscore: `_val`
[INFO] [stdout] 
[INFO] [stdout] 
[INFO] [stdout] warning: unused variable: `address`
[INFO] [stdout]    --> src/core/mapper.rs:117:23
[INFO] [stdout]     |
[INFO] [stdout] 117 |     fn get_chr(&self, address: u16) -> u8 {
[INFO] [stdout]     |                       ^^^^^^^ help: if this is intentional, prefix it with an underscore: `_address`
[INFO] [stdout] 
[INFO] [stdout] 
[INFO] [stdout] warning: unused variable: `address`
[INFO] [stdout]    --> src/core/mapper.rs:120:27
[INFO] [stdout]     |
[INFO] [stdout] 120 |     fn set_chr(&mut self, address: u16, val: u8){
[INFO] [stdout]     |                           ^^^^^^^ help: if this is intentional, prefix it with an underscore: `_address`
[INFO] [stdout] 
[INFO] [stdout] 
[INFO] [stdout] warning: unused variable: `val`
[INFO] [stdout]    --> src/core/mapper.rs:120:41
[INFO] [stdout]     |
[INFO] [stdout] 120 |     fn set_chr(&mut self, address: u16, val: u8){
[INFO] [stdout]     |                                         ^^^ help: if this is intentional, prefix it with an underscore: `_val`
[INFO] [stdout] 
[INFO] [stdout] 
[INFO] [stdout] warning: constant `DEBUG_ROM` is never used
[INFO] [stdout]   --> src/core/nes.rs:12:7
[INFO] [stdout]    |
[INFO] [stdout] 12 | const DEBUG_ROM: bool = true;
[INFO] [stdout]    |       ^^^^^^^^^
[INFO] [stdout]    |
[INFO] [stdout]    = note: `#[warn(dead_code)]` on by default
[INFO] [stdout] 
[INFO] [stdout] 
[INFO] [stderr]     Finished `test` profile [unoptimized + debuginfo] target(s) in 1.59s
[INFO] running `Command { std: "docker" "inspect" "d0512f344a2de005d0764169fcb4175addfa70cae018646e0b3d6c015c6a902e", kill_on_drop: false }`
[INFO] running `Command { std: "docker" "rm" "-f" "d0512f344a2de005d0764169fcb4175addfa70cae018646e0b3d6c015c6a902e", kill_on_drop: false }`
[INFO] [stdout] d0512f344a2de005d0764169fcb4175addfa70cae018646e0b3d6c015c6a902e
[INFO] running `Command { std: "docker" "create" "-v" "/var/lib/crater-agent-workspace/builds/worker-5-tc1/target:/opt/rustwide/target:rw,Z" "-v" "/var/lib/crater-agent-workspace/builds/worker-5-tc1/source:/opt/rustwide/workdir:ro,Z" "-v" "/var/lib/crater-agent-workspace/cargo-home:/opt/rustwide/cargo-home:ro,Z" "-v" "/var/lib/crater-agent-workspace/rustup-home:/opt/rustwide/rustup-home:ro,Z" "-e" "SOURCE_DIR=/opt/rustwide/workdir" "-e" "CARGO_TARGET_DIR=/opt/rustwide/target" "-e" "CARGO_INCREMENTAL=0" "-e" "RUST_BACKTRACE=full" "-e" "RUSTFLAGS=--cap-lints=forbid" "-e" "RUSTDOCFLAGS=--cap-lints=forbid" "-e" "CARGO_HOME=/opt/rustwide/cargo-home" "-e" "RUSTUP_HOME=/opt/rustwide/rustup-home" "-w" "/opt/rustwide/workdir" "-m" "1610612736" "--user" "0:0" "--network" "none" "ghcr.io/rust-lang/crates-build-env/linux@sha256:819108c5571ea2e421544af4d832f968d213c87fbe3707a016657f43d2f853bc" "/opt/rustwide/cargo-home/bin/cargo" "+nightly-2025-01-18" "test" "--frozen", kill_on_drop: false }`
[INFO] [stdout] 54a7799ffa4d7965a03d34fcf0f9ba397ba8935fcc5827115d767ba1b101e115
[INFO] running `Command { std: "docker" "start" "-a" "54a7799ffa4d7965a03d34fcf0f9ba397ba8935fcc5827115d767ba1b101e115", kill_on_drop: false }`
[INFO] [stderr] warning: unnecessary parentheses around index expression
[INFO] [stderr]   --> src/core/memory.rs:94:18
[INFO] [stderr]    |
[INFO] [stderr] 94 |         self.RAM[(0xFF + (sp as usize))] = val;
[INFO] [stderr]    |                  ^                    ^
[INFO] [stderr]    |
[INFO] [stderr]    = note: `#[warn(unused_parens)]` on by default
[INFO] [stderr] help: remove these parentheses
[INFO] [stderr]    |
[INFO] [stderr] 94 -         self.RAM[(0xFF + (sp as usize))] = val;
[INFO] [stderr] 94 +         self.RAM[0xFF + (sp as usize)] = val;
[INFO] [stderr]    |
[INFO] [stderr] 
[INFO] [stderr] warning: unnecessary parentheses around index expression
[INFO] [stderr]   --> src/core/memory.rs:99:33
[INFO] [stderr]    |
[INFO] [stderr] 99 |         let temp: u8 = self.RAM[(0xFF + (sp as usize))];
[INFO] [stderr]    |                                 ^                    ^
[INFO] [stderr]    |
[INFO] [stderr] help: remove these parentheses
[INFO] [stderr]    |
[INFO] [stderr] 99 -         let temp: u8 = self.RAM[(0xFF + (sp as usize))];
[INFO] [stderr] 99 +         let temp: u8 = self.RAM[0xFF + (sp as usize)];
[INFO] [stderr]    |
[INFO] [stderr] 
[INFO] [stderr] warning: unnecessary parentheses around index expression
[INFO] [stderr]    --> src/core/memory.rs:100:18
[INFO] [stderr]     |
[INFO] [stderr] 100 |         self.RAM[(0xFF + (sp as usize))] = 0;
[INFO] [stderr]     |                  ^                    ^
[INFO] [stderr]     |
[INFO] [stderr] help: remove these parentheses
[INFO] [stderr]     |
[INFO] [stderr] 100 -         self.RAM[(0xFF + (sp as usize))] = 0;
[INFO] [stderr] 100 +         self.RAM[0xFF + (sp as usize)] = 0;
[INFO] [stderr]     |
[INFO] [stderr] 
[INFO] [stderr] warning: type `EMPTY_MAP` should have an upper camel case name
[INFO] [stderr]   --> src/core/mapper.rs:29:12
[INFO] [stderr]    |
[INFO] [stderr] 29 | pub struct EMPTY_MAP; 
[INFO] [stderr]    |            ^^^^^^^^^ help: convert the identifier to upper camel case: `EmptyMap`
[INFO] [stderr]    |
[INFO] [stderr]    = note: `#[warn(non_camel_case_types)]` on by default
[INFO] [stderr] 
[INFO] [stderr] warning: `#[macro_use]` only has an effect on `extern crate` and modules
[INFO] [stderr]   --> src/core/cpu.rs:20:5
[INFO] [stderr]    |
[INFO] [stderr] 20 |     #[macro_use]
[INFO] [stderr]    |     ^^^^^^^^^^^^
[INFO] [stderr]    |
[INFO] [stderr]    = note: `#[warn(unused_attributes)]` on by default
[INFO] [stderr] 
[INFO] [stderr] warning: `#[macro_use]` only has an effect on `extern crate` and modules
[INFO] [stderr]   --> src/core/cpu.rs:24:5
[INFO] [stderr]    |
[INFO] [stderr] 24 |     #[macro_use]
[INFO] [stderr]    |     ^^^^^^^^^^^^
[INFO] [stderr] 
[INFO] [stderr] warning: `#[macro_use]` only has an effect on `extern crate` and modules
[INFO] [stderr]   --> src/core/cpu.rs:28:5
[INFO] [stderr]    |
[INFO] [stderr] 28 |     #[macro_use]
[INFO] [stderr]    |     ^^^^^^^^^^^^
[INFO] [stderr] 
[INFO] [stderr] warning: trait objects without an explicit `dyn` are deprecated
[INFO] [stderr]   --> src/core/memory.rs:17:21
[INFO] [stderr]    |
[INFO] [stderr] 17 |     pub CART:   Box<MAP>,    //Cartridge Space
[INFO] [stderr]    |                     ^^^
[INFO] [stderr]    |
[INFO] [stderr]    = warning: this is accepted in the current edition (Rust 2018) but is a hard error in Rust 2021!
[INFO] [stderr]    = note: for more information, see <https://doc.rust-lang.org/nightly/edition-guide/rust-2021/warnings-promoted-to-error.html>
[INFO] [stderr]    = note: `#[warn(bare_trait_objects)]` on by default
[INFO] [stderr] help: if this is a dyn-compatible trait, use `dyn`
[INFO] [stderr]    |
[INFO] [stderr] 17 |     pub CART:   Box<dyn MAP>,    //Cartridge Space
[INFO] [stderr]    |                     +++
[INFO] [stderr] 
[INFO] [stderr] warning: trait objects without an explicit `dyn` are deprecated
[INFO] [stderr]   --> src/core/memory.rs:39:28
[INFO] [stderr]    |
[INFO] [stderr] 39 |     pub fn new(mapper: Box<MAP>, ppu: u8, apu: u8, input: u8) -> MEM {
[INFO] [stderr]    |                            ^^^
[INFO] [stderr]    |
[INFO] [stderr]    = warning: this is accepted in the current edition (Rust 2018) but is a hard error in Rust 2021!
[INFO] [stderr]    = note: for more information, see <https://doc.rust-lang.org/nightly/edition-guide/rust-2021/warnings-promoted-to-error.html>
[INFO] [stderr] help: if this is a dyn-compatible trait, use `dyn`
[INFO] [stderr]    |
[INFO] [stderr] 39 |     pub fn new(mapper: Box<dyn MAP>, ppu: u8, apu: u8, input: u8) -> MEM {
[INFO] [stderr]    |                            +++
[INFO] [stderr] 
[INFO] [stderr] warning: trait objects without an explicit `dyn` are deprecated
[INFO] [stderr]   --> src/core/nes.rs:34:25
[INFO] [stderr]    |
[INFO] [stderr] 34 |         let mapper: Box<MAP> = new_map(map_num, Box::new(cart));
[INFO] [stderr]    |                         ^^^
[INFO] [stderr]    |
[INFO] [stderr]    = warning: this is accepted in the current edition (Rust 2018) but is a hard error in Rust 2021!
[INFO] [stderr]    = note: for more information, see <https://doc.rust-lang.org/nightly/edition-guide/rust-2021/warnings-promoted-to-error.html>
[INFO] [stderr] help: if this is a dyn-compatible trait, use `dyn`
[INFO] [stderr]    |
[INFO] [stderr] 34 |         let mapper: Box<dyn MAP> = new_map(map_num, Box::new(cart));
[INFO] [stderr]    |                         +++
[INFO] [stderr] 
[INFO] [stderr] warning: unused variable: `e`
[INFO] [stderr]   --> src/core/nes.rs:27:16
[INFO] [stderr]    |
[INFO] [stderr] 27 |             Ok(e)    => debug!("COMPLETE -> ROM read."),
[INFO] [stderr]    |                ^ help: if this is intentional, prefix it with an underscore: `_e`
[INFO] [stderr]    |
[INFO] [stderr]    = note: `#[warn(unused_variables)]` on by default
[INFO] [stderr] 
[INFO] [stderr] warning: unused variable: `e`
[INFO] [stderr]   --> src/core/nes.rs:28:17
[INFO] [stderr]    |
[INFO] [stderr] 28 |             Err(e)   => panic!("ERROR    -> ROM read."),
[INFO] [stderr]    |                 ^ help: if this is intentional, prefix it with an underscore: `_e`
[INFO] [stderr] 
[INFO] [stderr] warning: variable does not need to be mutable
[INFO] [stderr]   --> src/core/nes.rs:48:13
[INFO] [stderr]    |
[INFO] [stderr] 48 |         let mut memory = MEM::new(mapper, ppu, apu, input); 
[INFO] [stderr]    |             ----^^^^^^
[INFO] [stderr]    |             |
[INFO] [stderr]    |             help: remove this `mut`
[INFO] [stderr]    |
[INFO] [stderr]    = note: `#[warn(unused_mut)]` on by default
[INFO] [stderr] 
[INFO] [stderr] warning: variable does not need to be mutable
[INFO] [stderr]   --> src/core/cartridge.rs:49:13
[INFO] [stderr]    |
[INFO] [stderr] 49 |         let mut f = File::open(self.filename.to_string())?;
[INFO] [stderr]    |             ----^
[INFO] [stderr]    |             |
[INFO] [stderr]    |             help: remove this `mut`
[INFO] [stderr] 
[INFO] [stderr] warning: unused variable: `address`
[INFO] [stderr]   --> src/core/mapper.rs:31:19
[INFO] [stderr]    |
[INFO] [stderr] 31 |     fn get(&self, address: u16) -> u8{ 0 }
[INFO] [stderr]    |                   ^^^^^^^ help: if this is intentional, prefix it with an underscore: `_address`
[INFO] [stderr] 
[INFO] [stderr] warning: unused variable: `address`
[INFO] [stderr]   --> src/core/mapper.rs:32:23
[INFO] [stderr]    |
[INFO] [stderr] 32 |     fn set(&mut self, address: u16, val: u8){ }
[INFO] [stderr]    |                       ^^^^^^^ help: if this is intentional, prefix it with an underscore: `_address`
[INFO] [stderr] 
[INFO] [stderr] warning: unused variable: `val`
[INFO] [stderr]   --> src/core/mapper.rs:32:37
[INFO] [stderr]    |
[INFO] [stderr] 32 |     fn set(&mut self, address: u16, val: u8){ }
[INFO] [stderr]    |                                     ^^^ help: if this is intentional, prefix it with an underscore: `_val`
[INFO] [stderr] 
[INFO] [stderr] warning: unused variable: `address`
[INFO] [stderr]   --> src/core/mapper.rs:33:23
[INFO] [stderr]    |
[INFO] [stderr] 33 |     fn get_chr(&self, address: u16) -> u8{ 0 }
[INFO] [stderr]    |                       ^^^^^^^ help: if this is intentional, prefix it with an underscore: `_address`
[INFO] [stderr] 
[INFO] [stderr] warning: unused variable: `address`
[INFO] [stderr]   --> src/core/mapper.rs:34:27
[INFO] [stderr]    |
[INFO] [stderr] 34 |     fn set_chr(&mut self, address: u16, val: u8){ }
[INFO] [stderr]    |                           ^^^^^^^ help: if this is intentional, prefix it with an underscore: `_address`
[INFO] [stderr] 
[INFO] [stderr] warning: unused variable: `val`
[INFO] [stderr]   --> src/core/mapper.rs:34:41
[INFO] [stderr]    |
[INFO] [stderr] 34 |     fn set_chr(&mut self, address: u16, val: u8){ }
[INFO] [stderr]    |                                         ^^^ help: if this is intentional, prefix it with an underscore: `_val`
[INFO] [stderr] 
[INFO] [stderr] warning: unused variable: `address`
[INFO] [stderr]   --> src/core/mapper.rs:72:23
[INFO] [stderr]    |
[INFO] [stderr] 72 |     fn set(&mut self, address: u16, val: u8) {
[INFO] [stderr]    |                       ^^^^^^^ help: if this is intentional, prefix it with an underscore: `_address`
[INFO] [stderr] 
[INFO] [stderr] warning: unused variable: `val`
[INFO] [stderr]   --> src/core/mapper.rs:72:37
[INFO] [stderr]    |
[INFO] [stderr] 72 |     fn set(&mut self, address: u16, val: u8) {
[INFO] [stderr]    |                                     ^^^ help: if this is intentional, prefix it with an underscore: `_val`
[INFO] [stderr] 
[INFO] [stderr] warning: unused variable: `address`
[INFO] [stderr]   --> src/core/mapper.rs:75:23
[INFO] [stderr]    |
[INFO] [stderr] 75 |     fn get_chr(&self, address: u16) -> u8 {
[INFO] [stderr]    |                       ^^^^^^^ help: if this is intentional, prefix it with an underscore: `_address`
[INFO] [stderr] 
[INFO] [stderr] warning: unused variable: `address`
[INFO] [stderr]   --> src/core/mapper.rs:78:27
[INFO] [stderr]    |
[INFO] [stderr] 78 |     fn set_chr(&mut self, address: u16, val: u8){
[INFO] [stderr]    |                           ^^^^^^^ help: if this is intentional, prefix it with an underscore: `_address`
[INFO] [stderr] 
[INFO] [stderr] warning: unused variable: `val`
[INFO] [stderr]   --> src/core/mapper.rs:78:41
[INFO] [stderr]    |
[INFO] [stderr] 78 |     fn set_chr(&mut self, address: u16, val: u8){
[INFO] [stderr]    |                                         ^^^ help: if this is intentional, prefix it with an underscore: `_val`
[INFO] [stderr] 
[INFO] [stderr] warning: unused variable: `address`
[INFO] [stderr]    --> src/core/mapper.rs:114:23
[INFO] [stderr]     |
[INFO] [stderr] 114 |     fn set(&mut self, address: u16, val: u8) {
[INFO] [stderr]     |                       ^^^^^^^ help: if this is intentional, prefix it with an underscore: `_address`
[INFO] [stderr] 
[INFO] [stderr] warning: unused variable: `val`
[INFO] [stderr]    --> src/core/mapper.rs:114:37
[INFO] [stderr]     |
[INFO] [stderr] 114 |     fn set(&mut self, address: u16, val: u8) {
[INFO] [stderr]     |                                     ^^^ help: if this is intentional, prefix it with an underscore: `_val`
[INFO] [stderr] 
[INFO] [stderr] warning: unused variable: `address`
[INFO] [stderr]    --> src/core/mapper.rs:117:23
[INFO] [stderr]     |
[INFO] [stderr] 117 |     fn get_chr(&self, address: u16) -> u8 {
[INFO] [stderr]     |                       ^^^^^^^ help: if this is intentional, prefix it with an underscore: `_address`
[INFO] [stderr] 
[INFO] [stderr] warning: unused variable: `address`
[INFO] [stderr]    --> src/core/mapper.rs:120:27
[INFO] [stderr]     |
[INFO] [stderr] 120 |     fn set_chr(&mut self, address: u16, val: u8){
[INFO] [stderr]     |                           ^^^^^^^ help: if this is intentional, prefix it with an underscore: `_address`
[INFO] [stderr] 
[INFO] [stderr] warning: unused variable: `val`
[INFO] [stderr]    --> src/core/mapper.rs:120:41
[INFO] [stderr]     |
[INFO] [stderr] 120 |     fn set_chr(&mut self, address: u16, val: u8){
[INFO] [stderr]     |                                         ^^^ help: if this is intentional, prefix it with an underscore: `_val`
[INFO] [stderr] 
[INFO] [stderr] warning: constant `DEBUG_ROM` is never used
[INFO] [stderr]   --> src/core/nes.rs:12:7
[INFO] [stderr]    |
[INFO] [stderr] 12 | const DEBUG_ROM: bool = true;
[INFO] [stderr]    |       ^^^^^^^^^
[INFO] [stderr]    |
[INFO] [stderr]    = note: `#[warn(dead_code)]` on by default
[INFO] [stderr] 
[INFO] [stderr] warning: unused doc comment
[INFO] [stderr]    --> src/core/./cpu_test.rs:348:9
[INFO] [stderr]     |
[INFO] [stderr] 348 | /         /// Ultimately, it looks like the NES disabled BCD arith "possibly
[INFO] [stderr] 349 | |         ///  due to patent concerns" (fogleman @ Medium).
[INFO] [stderr] 350 | |         /// But I still want the functionality, because of the obscure few
[INFO] [stderr] 351 | |         ///  famicon games that I've heard rumors about.
[INFO] [stderr] ...   |
[INFO] [stderr] 354 | |         /// Since I don't have such an overarching module fully planned,
[INFO] [stderr] 355 | |         /// This is going to be turfed to an issue to be solved post v1.
[INFO] [stderr]     | |_________---------------------------------------------------------------^
[INFO] [stderr]     |           |
[INFO] [stderr]     |           rustdoc does not generate documentation for macro invocations
[INFO] [stderr]     |
[INFO] [stderr]     = help: to document an item produced by a macro, the macro must produce the documentation as part of its expansion
[INFO] [stderr]     = note: `#[warn(unused_doc_comments)]` on by default
[INFO] [stderr] 
[INFO] [stderr] warning: unused doc comment
[INFO] [stderr]    --> src/core/./cpu_test.rs:395:9
[INFO] [stderr]     |
[INFO] [stderr] 395 | /         ///Same hold as testOP_ADC_decimal()...
[INFO] [stderr] 396 | |         /// Task state on WAIT.
[INFO] [stderr]     | |_________----------------------^
[INFO] [stderr]     |           |
[INFO] [stderr]     |           rustdoc does not generate documentation for macro invocations
[INFO] [stderr]     |
[INFO] [stderr]     = help: to document an item produced by a macro, the macro must produce the documentation as part of its expansion
[INFO] [stderr] 
[INFO] [stderr] warning: `soliloquy` (lib) generated 31 warnings (run `cargo fix --lib -p soliloquy` to apply 8 suggestions)
[INFO] [stderr] warning: `soliloquy` (lib test) generated 33 warnings (31 duplicates)
[INFO] [stderr] warning: `soliloquy` (bin "soliloquy" test) generated 33 warnings (33 duplicates)
[INFO] [stderr]     Finished `test` profile [unoptimized + debuginfo] target(s) in 0.09s
[INFO] [stderr]      Running unittests src/lib.rs (/opt/rustwide/target/debug/deps/soliloquy-21c3c13def669ecf)
[INFO] [stdout] 
[INFO] [stdout] running 64 tests
[INFO] [stdout] test core::cpu::cpu_test::cpu_test::testOP_ADC_memory_with_lda ... ok
[INFO] [stdout] test core::cpu::cpu_test::cpu_test::testOP_ADC_overflow ... ok
[INFO] [stdout] test core::cpu::cpu_test::cpu_test::testOP_ADC_signed ... ok
[INFO] [stdout] test core::cpu::cpu_test::cpu_test::testOP_ADC_zero ... ok
[INFO] [stdout] test core::cpu::cpu_test::cpu_test::testOP_BCS ... ok
[INFO] [stdout] test core::cpu::cpu_test::cpu_test::testOP_ASL ... ok
[INFO] [stdout] test core::cpu::cpu_test::cpu_test::testOP_BEQ ... ok
[INFO] [stdout] test core::cpu::cpu_test::cpu_test::testOP_BIT ... ok
[INFO] [stdout] test core::cpu::cpu_test::cpu_test::testOP_AND ... ok
[INFO] [stdout] test core::cpu::cpu_test::cpu_test::testOP_ADC_decimal ... ok
[INFO] [stdout] test core::cpu::cpu_test::cpu_test::testOP_ADC_carry ... ok
[INFO] [stdout] test core::cpu::cpu_test::cpu_test::testOP_BMI ... ok
[INFO] [stdout] test core::cpu::cpu_test::cpu_test::testOP_BVS ... ok
[INFO] [stdout] test core::cpu::cpu_test::cpu_test::testOP_CMP ... ok
[INFO] [stdout] test core::cpu::cpu_test::cpu_test::testOP_CPY ... ok
[INFO] [stdout] test core::cpu::cpu_test::cpu_test::testOP_DEC ... ok
[INFO] [stdout] test core::cpu::cpu_test::cpu_test::testOP_BNE ... ok
[INFO] [stdout] test core::cpu::cpu_test::cpu_test::testOP_BPL ... ok
[INFO] [stdout] test core::cpu::cpu_test::cpu_test::testOP_EOR ... ok
[INFO] [stdout] test core::cpu::cpu_test::cpu_test::testOP_BVC ... ok
[INFO] [stdout] test core::cpu::cpu_test::cpu_test::testOP_BCC ... ok
[INFO] [stdout] test core::cpu::cpu_test::cpu_test::testOP_DEX ... ok
[INFO] [stdout] test core::cpu::cpu_test::cpu_test::testOP_CPX ... ok
[INFO] [stdout] test core::cpu::cpu_test::cpu_test::testOP_INY ... ok
[INFO] [stdout] test core::cpu::cpu_test::cpu_test::testOP_DEY ... ok
[INFO] [stdout] test core::cpu::cpu_test::cpu_test::testOP_LDX ... ok
[INFO] [stdout] test core::cpu::cpu_test::cpu_test::testOP_LDY ... ok
[INFO] [stdout] test core::cpu::cpu_test::cpu_test::testOP_LSR ... ok
[INFO] [stdout] test core::cpu::cpu_test::cpu_test::testOP_ORA ... ok
[INFO] [stdout] test core::cpu::cpu_test::cpu_test::testOP_INC ... ok
[INFO] [stdout] test core::cpu::cpu_test::cpu_test::testOP_INX ... ok
[INFO] [stdout] test core::cpu::cpu_test::cpu_test::testOP_PHA ... ok
[INFO] [stdout] test core::cpu::cpu_test::cpu_test::testOP_PHP ... ok
[INFO] [stdout] test core::cpu::cpu_test::cpu_test::testOP_PLA ... ok
[INFO] [stdout] test core::cpu::cpu_test::cpu_test::testOP_ROL ... ok
[INFO] [stdout] test core::cpu::cpu_test::cpu_test::testOP_ROR ... ok
[INFO] [stdout] test core::cpu::cpu_test::cpu_test::testOP_SBC ... ok
[INFO] [stdout] test core::cpu::cpu_test::cpu_test::testOP_LDA ... ok
[INFO] [stdout] test core::cpu::cpu_test::cpu_test::testOP_SBC_decimal ... ok
[INFO] [stdout] test core::cpu::cpu_test::cpu_test::testOP_STA ... ok
[INFO] [stdout] test core::cpu::cpu_test::cpu_test::testOP_SBC_signed ... ok
[INFO] [stdout] test core::cpu::cpu_test::cpu_test::testOP_STY ... ok
[INFO] [stdout] test core::cpu::cpu_test::cpu_test::testOP_BRK ... FAILED
[INFO] [stdout] test core::cpu::cpu_test::cpu_test::testOP_JMP ... FAILED
[INFO] [stdout] test core::cpu::cpu_test::cpu_test::testOP_TAX ... ok
[INFO] [stdout] test core::cpu::cpu_test::cpu_test::testOP_JSR ... FAILED
[INFO] [stdout] test core::cpu::cpu_test::cpu_test::testOP_STX ... ok
[INFO] [stdout] test core::cpu::cpu_test::cpu_test::testOP_TSX ... ok
[INFO] [stdout] test core::cpu::cpu_test::cpu_test::testOP_TAY ... ok
[INFO] [stdout] test core::cpu::cpu_test::cpu_test::testOP_PLP ... FAILED
[INFO] [stdout] test core::cpu::cpu_test::cpu_test::testOP_RTI ... FAILED
[INFO] [stdout] test core::cpu::cpu_test::cpu_test::testOP_RTS ... FAILED
[INFO] [stdout] test core::cpu::cpu_test::cpu_test::testOP_TYA ... ok
[INFO] [stdout] test core::cpu::cpu_test::cpu_test::testOP_flags ... ok
[INFO] [stdout] test core::cpu::cpu_test::cpu_test::test_new_memory ... ok
[INFO] [stdout] test core::cpu::cpu_test::cpu_test::test_stack_overflow ... FAILED
[INFO] [stdout] test core::cpu::cpu_test::cpu_test::test_status_each ... ok
[INFO] [stdout] test core::cpu::cpu_test::cpu_test::test_cpu_init ... FAILED
[INFO] [stdout] test core::cpu::cpu_test::cpu_test::testOP_TXA ... ok
[INFO] [stdout] test core::cpu::cpu_test::cpu_test::testOP_TXS ... ok
[INFO] [stdout] test core::cpu::cpu_test::cpu_test::test_stack_underflow ... FAILED
[INFO] [stdout] test tests::it_works ... ok
[INFO] [stdout] test core::cpu::cpu_test::cpu_test::test_AM ... ok
[INFO] [stdout] test core::cpu::cpu_test::cpu_test::test_status_settingtwice ... ok
[INFO] [stdout] 
[INFO] [stdout] failures:
[INFO] [stdout] 
[INFO] [stdout] ---- core::cpu::cpu_test::cpu_test::testOP_BRK stdout ----
[INFO] [stdout] 
[INFO] [stdout] thread 'core::cpu::cpu_test::cpu_test::testOP_BRK' panicked at src/core/./cpu_test.rs:687:9:
[INFO] [stdout] assertion failed: false
[INFO] [stdout] stack backtrace:
[INFO] [stdout]    0:     0x62c4a3501a6a - std::backtrace_rs::backtrace::libunwind::trace::hb059275cfc8d6126
[INFO] [stdout]                                at /rustc/6067b36314ab5eb2eb47cecc464545ba58e1ad24/library/std/src/../../backtrace/src/backtrace/libunwind.rs:116:5
[INFO] [stdout]    1:     0x62c4a3501a6a - std::backtrace_rs::backtrace::trace_unsynchronized::h2da071e4327ce3ee
[INFO] [stdout]                                at /rustc/6067b36314ab5eb2eb47cecc464545ba58e1ad24/library/std/src/../../backtrace/src/backtrace/mod.rs:66:5
[INFO] [stdout]    2:     0x62c4a3501a6a - std::sys::backtrace::_print_fmt::h842a1474e6f8d23f
[INFO] [stdout]                                at /rustc/6067b36314ab5eb2eb47cecc464545ba58e1ad24/library/std/src/sys/backtrace.rs:66:9
[INFO] [stdout]    3:     0x62c4a3501a6a - <std::sys::backtrace::BacktraceLock::print::DisplayBacktrace as core::fmt::Display>::fmt::h71a62eb3b9696b12
[INFO] [stdout]                                at /rustc/6067b36314ab5eb2eb47cecc464545ba58e1ad24/library/std/src/sys/backtrace.rs:39:26
[INFO] [stdout]    4:     0x62c4a3528ff3 - core::fmt::rt::Argument::fmt::hdb6b616786b41dc1
[INFO] [stdout]                                at /rustc/6067b36314ab5eb2eb47cecc464545ba58e1ad24/library/core/src/fmt/rt.rs:177:76
[INFO] [stdout]    5:     0x62c4a3528ff3 - core::fmt::write::h2cc1698af7e2d686
[INFO] [stdout]                                at /rustc/6067b36314ab5eb2eb47cecc464545ba58e1ad24/library/core/src/fmt/mod.rs:1440:21
[INFO] [stdout]    6:     0x62c4a34fe5c3 - std::io::Write::write_fmt::hab1b4cd059a79022
[INFO] [stdout]                                at /rustc/6067b36314ab5eb2eb47cecc464545ba58e1ad24/library/std/src/io/mod.rs:1887:15
[INFO] [stdout]    7:     0x62c4a35018b2 - std::sys::backtrace::BacktraceLock::print::h147fe35b4ea13b08
[INFO] [stdout]                                at /rustc/6067b36314ab5eb2eb47cecc464545ba58e1ad24/library/std/src/sys/backtrace.rs:42:9
[INFO] [stdout]    8:     0x62c4a3502e8f - std::panicking::default_hook::{{closure}}::hbd44223dbdc0d208
[INFO] [stdout]                                at /rustc/6067b36314ab5eb2eb47cecc464545ba58e1ad24/library/std/src/panicking.rs:298:22
[INFO] [stdout]    9:     0x62c4a3502ca8 - std::panicking::default_hook::h20f81eb0576efcec
[INFO] [stdout]                                at /rustc/6067b36314ab5eb2eb47cecc464545ba58e1ad24/library/std/src/panicking.rs:322:9
[INFO] [stdout]   10:     0x62c4a34cb093 - <alloc::boxed::Box<F,A> as core::ops::function::Fn<Args>>::call::hdb53814c496a4d34
[INFO] [stdout]                                at /rustc/6067b36314ab5eb2eb47cecc464545ba58e1ad24/library/alloc/src/boxed.rs:2027:9
[INFO] [stdout]   11:     0x62c4a34cb093 - test::test_main::{{closure}}::hc0a4963c59427c24
[INFO] [stdout]                                at /rustc/6067b36314ab5eb2eb47cecc464545ba58e1ad24/library/test/src/lib.rs:134:21
[INFO] [stdout]   12:     0x62c4a3503983 - <alloc::boxed::Box<F,A> as core::ops::function::Fn<Args>>::call::h591b2225413a77e9
[INFO] [stdout]                                at /rustc/6067b36314ab5eb2eb47cecc464545ba58e1ad24/library/alloc/src/boxed.rs:2027:9
[INFO] [stdout]   13:     0x62c4a3503983 - std::panicking::rust_panic_with_hook::h625eea43051b2edc
[INFO] [stdout]                                at /rustc/6067b36314ab5eb2eb47cecc464545ba58e1ad24/library/std/src/panicking.rs:839:13
[INFO] [stdout]   14:     0x62c4a3503606 - std::panicking::begin_panic_handler::{{closure}}::h4f9159cfbc3f6bd3
[INFO] [stdout]                                at /rustc/6067b36314ab5eb2eb47cecc464545ba58e1ad24/library/std/src/panicking.rs:697:13
[INFO] [stdout]   15:     0x62c4a3501f69 - std::sys::backtrace::__rust_end_short_backtrace::h0390abce48353151
[INFO] [stdout]                                at /rustc/6067b36314ab5eb2eb47cecc464545ba58e1ad24/library/std/src/sys/backtrace.rs:168:18
[INFO] [stdout]   16:     0x62c4a35032cd - rust_begin_unwind
[INFO] [stdout]                                at /rustc/6067b36314ab5eb2eb47cecc464545ba58e1ad24/library/std/src/panicking.rs:695:5
[INFO] [stdout]   17:     0x62c4a3527aa0 - core::panicking::panic_fmt::h9e7c637e9e5f29c9
[INFO] [stdout]                                at /rustc/6067b36314ab5eb2eb47cecc464545ba58e1ad24/library/core/src/panicking.rs:75:14
[INFO] [stdout]   18:     0x62c4a3527b2c - core::panicking::panic::haa3255ea20181a33
[INFO] [stdout]                                at /rustc/6067b36314ab5eb2eb47cecc464545ba58e1ad24/library/core/src/panicking.rs:145:5
[INFO] [stdout]   19:     0x62c4a3488fad - soliloquy::core::cpu::cpu_test::cpu_test::testOP_BRK::h5f213a1491797e19
[INFO] [stdout]                                at /opt/rustwide/workdir/src/core/./cpu_test.rs:687:9
[INFO] [stdout]   20:     0x62c4a3488f77 - soliloquy::core::cpu::cpu_test::cpu_test::testOP_BRK::{{closure}}::ha1eabbe98317ce1c
[INFO] [stdout]                                at /opt/rustwide/workdir/src/core/./cpu_test.rs:686:24
[INFO] [stdout]   21:     0x62c4a348c416 - core::ops::function::FnOnce::call_once::hbd8675d8b695e3d8
[INFO] [stdout]                                at /rustc/6067b36314ab5eb2eb47cecc464545ba58e1ad24/library/core/src/ops/function.rs:250:5
[INFO] [stdout]   22:     0x62c4a34d07eb - core::ops::function::FnOnce::call_once::he27718dfdd183f43
[INFO] [stdout]                                at /rustc/6067b36314ab5eb2eb47cecc464545ba58e1ad24/library/core/src/ops/function.rs:250:5
[INFO] [stdout]   23:     0x62c4a34d07eb - test::__rust_begin_short_backtrace::h4e84902998457a5d
[INFO] [stdout]                                at /rustc/6067b36314ab5eb2eb47cecc464545ba58e1ad24/library/test/src/lib.rs:632:18
[INFO] [stdout]   24:     0x62c4a34cf723 - test::run_test_in_process::{{closure}}::h7176fd18fc1feca0
[INFO] [stdout]                                at /rustc/6067b36314ab5eb2eb47cecc464545ba58e1ad24/library/test/src/lib.rs:655:60
[INFO] [stdout]   25:     0x62c4a34cf723 - <core::panic::unwind_safe::AssertUnwindSafe<F> as core::ops::function::FnOnce<()>>::call_once::hf79cff2a624d8cf7
[INFO] [stdout]                                at /rustc/6067b36314ab5eb2eb47cecc464545ba58e1ad24/library/core/src/panic/unwind_safe.rs:272:9
[INFO] [stdout]   26:     0x62c4a34cf723 - std::panicking::try::do_call::h3da0561d9ab99c25
[INFO] [stdout]                                at /rustc/6067b36314ab5eb2eb47cecc464545ba58e1ad24/library/std/src/panicking.rs:587:40
[INFO] [stdout]   27:     0x62c4a34cf723 - std::panicking::try::h41c9fa508bc61df6
[INFO] [stdout]                                at /rustc/6067b36314ab5eb2eb47cecc464545ba58e1ad24/library/std/src/panicking.rs:550:19
[INFO] [stdout]   28:     0x62c4a34cf723 - std::panic::catch_unwind::h6b3ff07bb5afad93
[INFO] [stdout]                                at /rustc/6067b36314ab5eb2eb47cecc464545ba58e1ad24/library/std/src/panic.rs:358:14
[INFO] [stdout]   29:     0x62c4a34cf723 - test::run_test_in_process::hc7253dd11b39b9f4
[INFO] [stdout]                                at /rustc/6067b36314ab5eb2eb47cecc464545ba58e1ad24/library/test/src/lib.rs:655:27
[INFO] [stdout]   30:     0x62c4a34cf723 - test::run_test::{{closure}}::hfb2007f8649c30bb
[INFO] [stdout]                                at /rustc/6067b36314ab5eb2eb47cecc464545ba58e1ad24/library/test/src/lib.rs:576:43
[INFO] [stdout]   31:     0x62c4a3492805 - test::run_test::{{closure}}::h56a17aa7a282a9f4
[INFO] [stdout]                                at /rustc/6067b36314ab5eb2eb47cecc464545ba58e1ad24/library/test/src/lib.rs:606:41
[INFO] [stdout]   32:     0x62c4a3492805 - std::sys::backtrace::__rust_begin_short_backtrace::hd2d2d2fb8e8c6aac
[INFO] [stdout]                                at /rustc/6067b36314ab5eb2eb47cecc464545ba58e1ad24/library/std/src/sys/backtrace.rs:152:18
[INFO] [stdout]   33:     0x62c4a34960ea - std::thread::Builder::spawn_unchecked_::{{closure}}::{{closure}}::h4faa3f9db6133423
[INFO] [stdout]                                at /rustc/6067b36314ab5eb2eb47cecc464545ba58e1ad24/library/std/src/thread/mod.rs:559:17
[INFO] [stdout]   34:     0x62c4a34960ea - <core::panic::unwind_safe::AssertUnwindSafe<F> as core::ops::function::FnOnce<()>>::call_once::hf2e855a36a4ea846
[INFO] [stdout]                                at /rustc/6067b36314ab5eb2eb47cecc464545ba58e1ad24/library/core/src/panic/unwind_safe.rs:272:9
[INFO] [stdout]   35:     0x62c4a34960ea - std::panicking::try::do_call::h2f73af3616c35465
[INFO] [stdout]                                at /rustc/6067b36314ab5eb2eb47cecc464545ba58e1ad24/library/std/src/panicking.rs:587:40
[INFO] [stdout]   36:     0x62c4a34960ea - std::panicking::try::hd1660ce9efadef5a
[INFO] [stdout]                                at /rustc/6067b36314ab5eb2eb47cecc464545ba58e1ad24/library/std/src/panicking.rs:550:19
[INFO] [stdout]   37:     0x62c4a34960ea - std::panic::catch_unwind::h5ee8d7823b8ca744
[INFO] [stdout]                                at /rustc/6067b36314ab5eb2eb47cecc464545ba58e1ad24/library/std/src/panic.rs:358:14
[INFO] [stdout]   38:     0x62c4a34960ea - std::thread::Builder::spawn_unchecked_::{{closure}}::h53c3a1894dce8407
[INFO] [stdout]                                at /rustc/6067b36314ab5eb2eb47cecc464545ba58e1ad24/library/std/src/thread/mod.rs:557:30
[INFO] [stdout]   39:     0x62c4a34960ea - core::ops::function::FnOnce::call_once{{vtable.shim}}::h048ce291ad4f62bf
[INFO] [stdout]                                at /rustc/6067b36314ab5eb2eb47cecc464545ba58e1ad24/library/core/src/ops/function.rs:250:5
[INFO] [stdout]   40:     0x62c4a35078bb - <alloc::boxed::Box<F,A> as core::ops::function::FnOnce<Args>>::call_once::ha52bedf99a3b4981
[INFO] [stdout]                                at /rustc/6067b36314ab5eb2eb47cecc464545ba58e1ad24/library/alloc/src/boxed.rs:2013:9
[INFO] [stdout]   41:     0x62c4a35078bb - <alloc::boxed::Box<F,A> as core::ops::function::FnOnce<Args>>::call_once::h567748934d80ccf8
[INFO] [stdout]                                at /rustc/6067b36314ab5eb2eb47cecc464545ba58e1ad24/library/alloc/src/boxed.rs:2013:9
[INFO] [stdout]   42:     0x62c4a35078bb - std::sys::pal::unix::thread::Thread::new::thread_start::h2d970728ae887adc
[INFO] [stdout]                                at /rustc/6067b36314ab5eb2eb47cecc464545ba58e1ad24/library/std/src/sys/pal/unix/thread.rs:106:17
[INFO] [stdout]   43:     0x70b082ddeac3 - <unknown>
[INFO] [stdout]   44:     0x70b082e6fa04 - clone
[INFO] [stdout]   45:                0x0 - <unknown>
[INFO] [stdout] 
[INFO] [stdout] ---- core::cpu::cpu_test::cpu_test::testOP_JMP stdout ----
[INFO] [stdout] 
[INFO] [stdout] thread 'core::cpu::cpu_test::cpu_test::testOP_JMP' panicked at src/core/./cpu_test.rs:789:9:
[INFO] [stdout] assertion `left == right` failed
[INFO] [stdout]   left: 48
[INFO] [stdout]  right: 32769
[INFO] [stdout] stack backtrace:
[INFO] [stdout]    0:     0x62c4a3501a6a - std::backtrace_rs::backtrace::libunwind::trace::hb059275cfc8d6126
[INFO] [stdout]                                at /rustc/6067b36314ab5eb2eb47cecc464545ba58e1ad24/library/std/src/../../backtrace/src/backtrace/libunwind.rs:116:5
[INFO] [stdout]    1:     0x62c4a3501a6a - std::backtrace_rs::backtrace::trace_unsynchronized::h2da071e4327ce3ee
[INFO] [stdout]                                at /rustc/6067b36314ab5eb2eb47cecc464545ba58e1ad24/library/std/src/../../backtrace/src/backtrace/mod.rs:66:5
[INFO] [stdout]    2:     0x62c4a3501a6a - std::sys::backtrace::_print_fmt::h842a1474e6f8d23f
[INFO] [stdout]                                at /rustc/6067b36314ab5eb2eb47cecc464545ba58e1ad24/library/std/src/sys/backtrace.rs:66:9
[INFO] [stdout]    3:     0x62c4a3501a6a - <std::sys::backtrace::BacktraceLock::print::DisplayBacktrace as core::fmt::Display>::fmt::h71a62eb3b9696b12
[INFO] [stdout]                                at /rustc/6067b36314ab5eb2eb47cecc464545ba58e1ad24/library/std/src/sys/backtrace.rs:39:26
[INFO] [stdout]    4:     0x62c4a3528ff3 - core::fmt::rt::Argument::fmt::hdb6b616786b41dc1
[INFO] [stdout]                                at /rustc/6067b36314ab5eb2eb47cecc464545ba58e1ad24/library/core/src/fmt/rt.rs:177:76
[INFO] [stdout]    5:     0x62c4a3528ff3 - core::fmt::write::h2cc1698af7e2d686
[INFO] [stdout]                                at /rustc/6067b36314ab5eb2eb47cecc464545ba58e1ad24/library/core/src/fmt/mod.rs:1440:21
[INFO] [stdout]    6:     0x62c4a34fe5c3 - std::io::Write::write_fmt::hab1b4cd059a79022
[INFO] [stdout]                                at /rustc/6067b36314ab5eb2eb47cecc464545ba58e1ad24/library/std/src/io/mod.rs:1887:15
[INFO] [stdout]    7:     0x62c4a35018b2 - std::sys::backtrace::BacktraceLock::print::h147fe35b4ea13b08
[INFO] [stdout]                                at /rustc/6067b36314ab5eb2eb47cecc464545ba58e1ad24/library/std/src/sys/backtrace.rs:42:9
[INFO] [stdout]    8:     0x62c4a3502e8f - std::panicking::default_hook::{{closure}}::hbd44223dbdc0d208
[INFO] [stdout]                                at /rustc/6067b36314ab5eb2eb47cecc464545ba58e1ad24/library/std/src/panicking.rs:298:22
[INFO] [stdout]    9:     0x62c4a3502ca8 - std::panicking::default_hook::h20f81eb0576efcec
[INFO] [stdout]                                at /rustc/6067b36314ab5eb2eb47cecc464545ba58e1ad24/library/std/src/panicking.rs:322:9
[INFO] [stdout]   10:     0x62c4a34cb093 - <alloc::boxed::Box<F,A> as core::ops::function::Fn<Args>>::call::hdb53814c496a4d34
[INFO] [stdout]                                at /rustc/6067b36314ab5eb2eb47cecc464545ba58e1ad24/library/alloc/src/boxed.rs:2027:9
[INFO] [stdout]   11:     0x62c4a34cb093 - test::test_main::{{closure}}::hc0a4963c59427c24
[INFO] [stdout]                                at /rustc/6067b36314ab5eb2eb47cecc464545ba58e1ad24/library/test/src/lib.rs:134:21
[INFO] [stdout]   12:     0x62c4a3503983 - <alloc::boxed::Box<F,A> as core::ops::function::Fn<Args>>::call::h591b2225413a77e9
[INFO] [stdout]                                at /rustc/6067b36314ab5eb2eb47cecc464545ba58e1ad24/library/alloc/src/boxed.rs:2027:9
[INFO] [stdout]   13:     0x62c4a3503983 - std::panicking::rust_panic_with_hook::h625eea43051b2edc
[INFO] [stdout]                                at /rustc/6067b36314ab5eb2eb47cecc464545ba58e1ad24/library/std/src/panicking.rs:839:13
[INFO] [stdout]   14:     0x62c4a350363a - std::panicking::begin_panic_handler::{{closure}}::h4f9159cfbc3f6bd3
[INFO] [stdout]                                at /rustc/6067b36314ab5eb2eb47cecc464545ba58e1ad24/library/std/src/panicking.rs:704:13
[INFO] [stdout]   15:     0x62c4a3501f69 - std::sys::backtrace::__rust_end_short_backtrace::h0390abce48353151
[INFO] [stdout]                                at /rustc/6067b36314ab5eb2eb47cecc464545ba58e1ad24/library/std/src/sys/backtrace.rs:168:18
[INFO] [stdout]   16:     0x62c4a35032cd - rust_begin_unwind
[INFO] [stdout]                                at /rustc/6067b36314ab5eb2eb47cecc464545ba58e1ad24/library/std/src/panicking.rs:695:5
[INFO] [stdout]   17:     0x62c4a3527aa0 - core::panicking::panic_fmt::h9e7c637e9e5f29c9
[INFO] [stdout]                                at /rustc/6067b36314ab5eb2eb47cecc464545ba58e1ad24/library/core/src/panicking.rs:75:14
[INFO] [stdout]   18:     0x62c4a3527dc2 - core::panicking::assert_failed_inner::h538bec7c1374cd9c
[INFO] [stdout]   19:     0x62c4a348cbe4 - core::panicking::assert_failed::h47d48bed88d5a500
[INFO] [stdout]                                at /rustc/6067b36314ab5eb2eb47cecc464545ba58e1ad24/library/core/src/panicking.rs:364:5
[INFO] [stdout]   20:     0x62c4a348a4c4 - soliloquy::core::cpu::cpu_test::cpu_test::testOP_JMP::hf59d103a6214b784
[INFO] [stdout]                                at /opt/rustwide/workdir/src/core/./cpu_test.rs:789:9
[INFO] [stdout]   21:     0x62c4a348a3b7 - soliloquy::core::cpu::cpu_test::cpu_test::testOP_JMP::{{closure}}::h89e223fc965984d2
[INFO] [stdout]                                at /opt/rustwide/workdir/src/core/./cpu_test.rs:781:24
[INFO] [stdout]   22:     0x62c4a348bca6 - core::ops::function::FnOnce::call_once::h466f535c2a030bd6
[INFO] [stdout]                                at /rustc/6067b36314ab5eb2eb47cecc464545ba58e1ad24/library/core/src/ops/function.rs:250:5
[INFO] [stdout]   23:     0x62c4a34d07eb - core::ops::function::FnOnce::call_once::he27718dfdd183f43
[INFO] [stdout]                                at /rustc/6067b36314ab5eb2eb47cecc464545ba58e1ad24/library/core/src/ops/function.rs:250:5
[INFO] [stdout]   24:     0x62c4a34d07eb - test::__rust_begin_short_backtrace::h4e84902998457a5d
[INFO] [stdout]                                at /rustc/6067b36314ab5eb2eb47cecc464545ba58e1ad24/library/test/src/lib.rs:632:18
[INFO] [stdout]   25:     0x62c4a34cf723 - test::run_test_in_process::{{closure}}::h7176fd18fc1feca0
[INFO] [stdout]                                at /rustc/6067b36314ab5eb2eb47cecc464545ba58e1ad24/library/test/src/lib.rs:655:60
[INFO] [stdout]   26:     0x62c4a34cf723 - <core::panic::unwind_safe::AssertUnwindSafe<F> as core::ops::function::FnOnce<()>>::call_once::hf79cff2a624d8cf7
[INFO] [stdout]                                at /rustc/6067b36314ab5eb2eb47cecc464545ba58e1ad24/library/core/src/panic/unwind_safe.rs:272:9
[INFO] [stdout]   27:     0x62c4a34cf723 - std::panicking::try::do_call::h3da0561d9ab99c25
[INFO] [stdout]                                at /rustc/6067b36314ab5eb2eb47cecc464545ba58e1ad24/library/std/src/panicking.rs:587:40
[INFO] [stdout]   28:     0x62c4a34cf723 - std::panicking::try::h41c9fa508bc61df6
[INFO] [stdout]                                at /rustc/6067b36314ab5eb2eb47cecc464545ba58e1ad24/library/std/src/panicking.rs:550:19
[INFO] [stdout]   29:     0x62c4a34cf723 - std::panic::catch_unwind::h6b3ff07bb5afad93
[INFO] [stdout]                                at /rustc/6067b36314ab5eb2eb47cecc464545ba58e1ad24/library/std/src/panic.rs:358:14
[INFO] [stdout]   30:     0x62c4a34cf723 - test::run_test_in_process::hc7253dd11b39b9f4
[INFO] [stdout]                                at /rustc/6067b36314ab5eb2eb47cecc464545ba58e1ad24/library/test/src/lib.rs:655:27
[INFO] [stdout]   31:     0x62c4a34cf723 - test::run_test::{{closure}}::hfb2007f8649c30bb
[INFO] [stdout]                                at /rustc/6067b36314ab5eb2eb47cecc464545ba58e1ad24/library/test/src/lib.rs:576:43
[INFO] [stdout]   32:     0x62c4a3492805 - test::run_test::{{closure}}::h56a17aa7a282a9f4
[INFO] [stdout]                                at /rustc/6067b36314ab5eb2eb47cecc464545ba58e1ad24/library/test/src/lib.rs:606:41
[INFO] [stdout]   33:     0x62c4a3492805 - std::sys::backtrace::__rust_begin_short_backtrace::hd2d2d2fb8e8c6aac
[INFO] [stdout]                                at /rustc/6067b36314ab5eb2eb47cecc464545ba58e1ad24/library/std/src/sys/backtrace.rs:152:18
[INFO] [stdout]   34:     0x62c4a34960ea - std::thread::Builder::spawn_unchecked_::{{closure}}::{{closure}}::h4faa3f9db6133423
[INFO] [stdout]                                at /rustc/6067b36314ab5eb2eb47cecc464545ba58e1ad24/library/std/src/thread/mod.rs:559:17
[INFO] [stdout]   35:     0x62c4a34960ea - <core::panic::unwind_safe::AssertUnwindSafe<F> as core::ops::function::FnOnce<()>>::call_once::hf2e855a36a4ea846
[INFO] [stdout]                                at /rustc/6067b36314ab5eb2eb47cecc464545ba58e1ad24/library/core/src/panic/unwind_safe.rs:272:9
[INFO] [stdout]   36:     0x62c4a34960ea - std::panicking::try::do_call::h2f73af3616c35465
[INFO] [stdout]                                at /rustc/6067b36314ab5eb2eb47cecc464545ba58e1ad24/library/std/src/panicking.rs:587:40
[INFO] [stdout]   37:     0x62c4a34960ea - std::panicking::try::hd1660ce9efadef5a
[INFO] [stdout]                                at /rustc/6067b36314ab5eb2eb47cecc464545ba58e1ad24/library/std/src/panicking.rs:550:19
[INFO] [stdout]   38:     0x62c4a34960ea - std::panic::catch_unwind::h5ee8d7823b8ca744
[INFO] [stdout]                                at /rustc/6067b36314ab5eb2eb47cecc464545ba58e1ad24/library/std/src/panic.rs:358:14
[INFO] [stdout]   39:     0x62c4a34960ea - std::thread::Builder::spawn_unchecked_::{{closure}}::h53c3a1894dce8407
[INFO] [stdout]                                at /rustc/6067b36314ab5eb2eb47cecc464545ba58e1ad24/library/std/src/thread/mod.rs:557:30
[INFO] [stdout]   40:     0x62c4a34960ea - core::ops::function::FnOnce::call_once{{vtable.shim}}::h048ce291ad4f62bf
[INFO] [stdout]                                at /rustc/6067b36314ab5eb2eb47cecc464545ba58e1ad24/library/core/src/ops/function.rs:250:5
[INFO] [stdout]   41:     0x62c4a35078bb - <alloc::boxed::Box<F,A> as core::ops::function::FnOnce<Args>>::call_once::ha52bedf99a3b4981
[INFO] [stdout]                                at /rustc/6067b36314ab5eb2eb47cecc464545ba58e1ad24/library/alloc/src/boxed.rs:2013:9
[INFO] [stdout]   42:     0x62c4a35078bb - <alloc::boxed::Box<F,A> as core::ops::function::FnOnce<Args>>::call_once::h567748934d80ccf8
[INFO] [stdout]                                at /rustc/6067b36314ab5eb2eb47cecc464545ba58e1ad24/library/alloc/src/boxed.rs:2013:9
[INFO] [stdout]   43:     0x62c4a35078bb - std::sys::pal::unix::thread::Thread::new::thread_start::h2d970728ae887adc
[INFO] [stdout]                                at /rustc/6067b36314ab5eb2eb47cecc464545ba58e1ad24/library/std/src/sys/pal/unix/thread.rs:106:17
[INFO] [stdout]   44:     0x70b082ddeac3 - <unknown>
[INFO] [stdout]   45:     0x70b082e6fa04 - clone
[INFO] [stdout]   46:                0x0 - <unknown>
[INFO] [stdout] 
[INFO] [stdout] ---- core::cpu::cpu_test::cpu_test::testOP_JSR stdout ----
[INFO] [stdout] 
[INFO] [stdout] thread 'core::cpu::cpu_test::cpu_test::testOP_JSR' panicked at src/core/./cpu_test.rs:776:9:
[INFO] [stdout] assertion `left == right` failed: JSR: Checking if RTI pulled from stack.
[INFO] [stdout]   left: 16416
[INFO] [stdout]  right: 16419
[INFO] [stdout] stack backtrace:
[INFO] [stdout]    0:     0x62c4a3501a6a - std::backtrace_rs::backtrace::libunwind::trace::hb059275cfc8d6126
[INFO] [stdout]                                at /rustc/6067b36314ab5eb2eb47cecc464545ba58e1ad24/library/std/src/../../backtrace/src/backtrace/libunwind.rs:116:5
[INFO] [stdout]    1:     0x62c4a3501a6a - std::backtrace_rs::backtrace::trace_unsynchronized::h2da071e4327ce3ee
[INFO] [stdout]                                at /rustc/6067b36314ab5eb2eb47cecc464545ba58e1ad24/library/std/src/../../backtrace/src/backtrace/mod.rs:66:5
[INFO] [stdout]    2:     0x62c4a3501a6a - std::sys::backtrace::_print_fmt::h842a1474e6f8d23f
[INFO] [stdout]                                at /rustc/6067b36314ab5eb2eb47cecc464545ba58e1ad24/library/std/src/sys/backtrace.rs:66:9
[INFO] [stdout]    3:     0x62c4a3501a6a - <std::sys::backtrace::BacktraceLock::print::DisplayBacktrace as core::fmt::Display>::fmt::h71a62eb3b9696b12
[INFO] [stdout]                                at /rustc/6067b36314ab5eb2eb47cecc464545ba58e1ad24/library/std/src/sys/backtrace.rs:39:26
[INFO] [stdout]    4:     0x62c4a3528ff3 - core::fmt::rt::Argument::fmt::hdb6b616786b41dc1
[INFO] [stdout]                                at /rustc/6067b36314ab5eb2eb47cecc464545ba58e1ad24/library/core/src/fmt/rt.rs:177:76
[INFO] [stdout]    5:     0x62c4a3528ff3 - core::fmt::write::h2cc1698af7e2d686
[INFO] [stdout]                                at /rustc/6067b36314ab5eb2eb47cecc464545ba58e1ad24/library/core/src/fmt/mod.rs:1440:21
[INFO] [stdout]    6:     0x62c4a34fe5c3 - std::io::Write::write_fmt::hab1b4cd059a79022
[INFO] [stdout]                                at /rustc/6067b36314ab5eb2eb47cecc464545ba58e1ad24/library/std/src/io/mod.rs:1887:15
[INFO] [stdout]    7:     0x62c4a35018b2 - std::sys::backtrace::BacktraceLock::print::h147fe35b4ea13b08
[INFO] [stdout]                                at /rustc/6067b36314ab5eb2eb47cecc464545ba58e1ad24/library/std/src/sys/backtrace.rs:42:9
[INFO] [stdout]    8:     0x62c4a3502e8f - std::panicking::default_hook::{{closure}}::hbd44223dbdc0d208
[INFO] [stdout]                                at /rustc/6067b36314ab5eb2eb47cecc464545ba58e1ad24/library/std/src/panicking.rs:298:22
[INFO] [stdout]    9:     0x62c4a3502ca8 - std::panicking::default_hook::h20f81eb0576efcec
[INFO] [stdout]                                at /rustc/6067b36314ab5eb2eb47cecc464545ba58e1ad24/library/std/src/panicking.rs:322:9
[INFO] [stdout]   10:     0x62c4a34cb093 - <alloc::boxed::Box<F,A> as core::ops::function::Fn<Args>>::call::hdb53814c496a4d34
[INFO] [stdout]                                at /rustc/6067b36314ab5eb2eb47cecc464545ba58e1ad24/library/alloc/src/boxed.rs:2027:9
[INFO] [stdout]   11:     0x62c4a34cb093 - test::test_main::{{closure}}::hc0a4963c59427c24
[INFO] [stdout]                                at /rustc/6067b36314ab5eb2eb47cecc464545ba58e1ad24/library/test/src/lib.rs:134:21
[INFO] [stdout]   12:     0x62c4a3503983 - <alloc::boxed::Box<F,A> as core::ops::function::Fn<Args>>::call::h591b2225413a77e9
[INFO] [stdout]                                at /rustc/6067b36314ab5eb2eb47cecc464545ba58e1ad24/library/alloc/src/boxed.rs:2027:9
[INFO] [stdout]   13:     0x62c4a3503983 - std::panicking::rust_panic_with_hook::h625eea43051b2edc
[INFO] [stdout]                                at /rustc/6067b36314ab5eb2eb47cecc464545ba58e1ad24/library/std/src/panicking.rs:839:13
[INFO] [stdout]   14:     0x62c4a350363a - std::panicking::begin_panic_handler::{{closure}}::h4f9159cfbc3f6bd3
[INFO] [stdout]                                at /rustc/6067b36314ab5eb2eb47cecc464545ba58e1ad24/library/std/src/panicking.rs:704:13
[INFO] [stdout]   15:     0x62c4a3501f69 - std::sys::backtrace::__rust_end_short_backtrace::h0390abce48353151
[INFO] [stdout]                                at /rustc/6067b36314ab5eb2eb47cecc464545ba58e1ad24/library/std/src/sys/backtrace.rs:168:18
[INFO] [stdout]   16:     0x62c4a35032cd - rust_begin_unwind
[INFO] [stdout]                                at /rustc/6067b36314ab5eb2eb47cecc464545ba58e1ad24/library/std/src/panicking.rs:695:5
[INFO] [stdout]   17:     0x62c4a3527aa0 - core::panicking::panic_fmt::h9e7c637e9e5f29c9
[INFO] [stdout]                                at /rustc/6067b36314ab5eb2eb47cecc464545ba58e1ad24/library/core/src/panicking.rs:75:14
[INFO] [stdout]   18:     0x62c4a3527dc2 - core::panicking::assert_failed_inner::h538bec7c1374cd9c
[INFO] [stdout]   19:     0x62c4a348cbe4 - core::panicking::assert_failed::h47d48bed88d5a500
[INFO] [stdout]                                at /rustc/6067b36314ab5eb2eb47cecc464545ba58e1ad24/library/core/src/panicking.rs:364:5
[INFO] [stdout]   20:     0x62c4a348a384 - soliloquy::core::cpu::cpu_test::cpu_test::testOP_JSR::h34e1c97ab0a5766a
[INFO] [stdout]                                at /opt/rustwide/workdir/src/core/./cpu_test.rs:776:9
[INFO] [stdout]   21:     0x62c4a348a177 - soliloquy::core::cpu::cpu_test::cpu_test::testOP_JSR::{{closure}}::hd1a8e0773be1e25d
[INFO] [stdout]                                at /opt/rustwide/workdir/src/core/./cpu_test.rs:769:24
[INFO] [stdout]   22:     0x62c4a348c116 - core::ops::function::FnOnce::call_once::h9525f5eaf94c9e18
[INFO] [stdout]                                at /rustc/6067b36314ab5eb2eb47cecc464545ba58e1ad24/library/core/src/ops/function.rs:250:5
[INFO] [stdout]   23:     0x62c4a34d07eb - core::ops::function::FnOnce::call_once::he27718dfdd183f43
[INFO] [stdout]                                at /rustc/6067b36314ab5eb2eb47cecc464545ba58e1ad24/library/core/src/ops/function.rs:250:5
[INFO] [stdout]   24:     0x62c4a34d07eb - test::__rust_begin_short_backtrace::h4e84902998457a5d
[INFO] [stdout]                                at /rustc/6067b36314ab5eb2eb47cecc464545ba58e1ad24/library/test/src/lib.rs:632:18
[INFO] [stdout]   25:     0x62c4a34cf723 - test::run_test_in_process::{{closure}}::h7176fd18fc1feca0
[INFO] [stdout]                                at /rustc/6067b36314ab5eb2eb47cecc464545ba58e1ad24/library/test/src/lib.rs:655:60
[INFO] [stdout]   26:     0x62c4a34cf723 - <core::panic::unwind_safe::AssertUnwindSafe<F> as core::ops::function::FnOnce<()>>::call_once::hf79cff2a624d8cf7
[INFO] [stdout]                                at /rustc/6067b36314ab5eb2eb47cecc464545ba58e1ad24/library/core/src/panic/unwind_safe.rs:272:9
[INFO] [stdout]   27:     0x62c4a34cf723 - std::panicking::try::do_call::h3da0561d9ab99c25
[INFO] [stdout]                                at /rustc/6067b36314ab5eb2eb47cecc464545ba58e1ad24/library/std/src/panicking.rs:587:40
[INFO] [stdout]   28:     0x62c4a34cf723 - std::panicking::try::h41c9fa508bc61df6
[INFO] [stdout]                                at /rustc/6067b36314ab5eb2eb47cecc464545ba58e1ad24/library/std/src/panicking.rs:550:19
[INFO] [stdout]   29:     0x62c4a34cf723 - std::panic::catch_unwind::h6b3ff07bb5afad93
[INFO] [stdout]                                at /rustc/6067b36314ab5eb2eb47cecc464545ba58e1ad24/library/std/src/panic.rs:358:14
[INFO] [stdout]   30:     0x62c4a34cf723 - test::run_test_in_process::hc7253dd11b39b9f4
[INFO] [stdout]                                at /rustc/6067b36314ab5eb2eb47cecc464545ba58e1ad24/library/test/src/lib.rs:655:27
[INFO] [stdout]   31:     0x62c4a34cf723 - test::run_test::{{closure}}::hfb2007f8649c30bb
[INFO] [stdout]                                at /rustc/6067b36314ab5eb2eb47cecc464545ba58e1ad24/library/test/src/lib.rs:576:43
[INFO] [stdout]   32:     0x62c4a3492805 - test::run_test::{{closure}}::h56a17aa7a282a9f4
[INFO] [stdout]                                at /rustc/6067b36314ab5eb2eb47cecc464545ba58e1ad24/library/test/src/lib.rs:606:41
[INFO] [stdout]   33:     0x62c4a3492805 - std::sys::backtrace::__rust_begin_short_backtrace::hd2d2d2fb8e8c6aac
[INFO] [stdout]                                at /rustc/6067b36314ab5eb2eb47cecc464545ba58e1ad24/library/std/src/sys/backtrace.rs:152:18
[INFO] [stdout]   34:     0x62c4a34960ea - std::thread::Builder::spawn_unchecked_::{{closure}}::{{closure}}::h4faa3f9db6133423
[INFO] [stdout]                                at /rustc/6067b36314ab5eb2eb47cecc464545ba58e1ad24/library/std/src/thread/mod.rs:559:17
[INFO] [stdout]   35:     0x62c4a34960ea - <core::panic::unwind_safe::AssertUnwindSafe<F> as core::ops::function::FnOnce<()>>::call_once::hf2e855a36a4ea846
[INFO] [stdout]                                at /rustc/6067b36314ab5eb2eb47cecc464545ba58e1ad24/library/core/src/panic/unwind_safe.rs:272:9
[INFO] [stdout]   36:     0x62c4a34960ea - std::panicking::try::do_call::h2f73af3616c35465
[INFO] [stdout]                                at /rustc/6067b36314ab5eb2eb47cecc464545ba58e1ad24/library/std/src/panicking.rs:587:40
[INFO] [stdout]   37:     0x62c4a34960ea - std::panicking::try::hd1660ce9efadef5a
[INFO] [stdout]                                at /rustc/6067b36314ab5eb2eb47cecc464545ba58e1ad24/library/std/src/panicking.rs:550:19
[INFO] [stdout]   38:     0x62c4a34960ea - std::panic::catch_unwind::h5ee8d7823b8ca744
[INFO] [stdout]                                at /rustc/6067b36314ab5eb2eb47cecc464545ba58e1ad24/library/std/src/panic.rs:358:14
[INFO] [stdout]   39:     0x62c4a34960ea - std::thread::Builder::spawn_unchecked_::{{closure}}::h53c3a1894dce8407
[INFO] [stdout]                                at /rustc/6067b36314ab5eb2eb47cecc464545ba58e1ad24/library/std/src/thread/mod.rs:557:30
[INFO] [stdout]   40:     0x62c4a34960ea - core::ops::function::FnOnce::call_once{{vtable.shim}}::h048ce291ad4f62bf
[INFO] [stdout]                                at /rustc/6067b36314ab5eb2eb47cecc464545ba58e1ad24/library/core/src/ops/function.rs:250:5
[INFO] [stdout]   41:     0x62c4a35078bb - <alloc::boxed::Box<F,A> as core::ops::function::FnOnce<Args>>::call_once::ha52bedf99a3b4981
[INFO] [stdout]                                at /rustc/6067b36314ab5eb2eb47cecc464545ba58e1ad24/library/alloc/src/boxed.rs:2013:9
[INFO] [stdout]   42:     0x62c4a35078bb - <alloc::boxed::Box<F,A> as core::ops::function::FnOnce<Args>>::call_once::h567748934d80ccf8
[INFO] [stdout]                                at /rustc/6067b36314ab5eb2eb47cecc464545ba58e1ad24/library/alloc/src/boxed.rs:2013:9
[INFO] [stdout]   43:     0x62c4a35078bb - std::sys::pal::unix::thread::Thread::new::thread_start::h2d970728ae887adc
[INFO] [stdout]                                at /rustc/6067b36314ab5eb2eb47cecc464545ba58e1ad24/library/std/src/sys/pal/unix/thread.rs:106:17
[INFO] [stdout]   44:     0x70b082ddeac3 - <unknown>
[INFO] [stdout]   45:     0x70b082e6fa04 - clone
[INFO] [stdout]   46:                0x0 - <unknown>
[INFO] [stdout] 
[INFO] [stdout] ---- core::cpu::cpu_test::cpu_test::testOP_PLP stdout ----
[INFO] [stdout] 
[INFO] [stdout] thread 'core::cpu::cpu_test::cpu_test::testOP_PLP' panicked at src/core/./cpu_test.rs:722:9:
[INFO] [stdout] assertion `left == right` failed: A != Popped value!
[INFO] [stdout]   left: 234
[INFO] [stdout]  right: 250
[INFO] [stdout] stack backtrace:
[INFO] [stdout]    0:     0x62c4a3501a6a - std::backtrace_rs::backtrace::libunwind::trace::hb059275cfc8d6126
[INFO] [stdout]                                at /rustc/6067b36314ab5eb2eb47cecc464545ba58e1ad24/library/std/src/../../backtrace/src/backtrace/libunwind.rs:116:5
[INFO] [stdout]    1:     0x62c4a3501a6a - std::backtrace_rs::backtrace::trace_unsynchronized::h2da071e4327ce3ee
[INFO] [stdout]                                at /rustc/6067b36314ab5eb2eb47cecc464545ba58e1ad24/library/std/src/../../backtrace/src/backtrace/mod.rs:66:5
[INFO] [stdout]    2:     0x62c4a3501a6a - std::sys::backtrace::_print_fmt::h842a1474e6f8d23f
[INFO] [stdout]                                at /rustc/6067b36314ab5eb2eb47cecc464545ba58e1ad24/library/std/src/sys/backtrace.rs:66:9
[INFO] [stdout]    3:     0x62c4a3501a6a - <std::sys::backtrace::BacktraceLock::print::DisplayBacktrace as core::fmt::Display>::fmt::h71a62eb3b9696b12
[INFO] [stdout]                                at /rustc/6067b36314ab5eb2eb47cecc464545ba58e1ad24/library/std/src/sys/backtrace.rs:39:26
[INFO] [stdout]    4:     0x62c4a3528ff3 - core::fmt::rt::Argument::fmt::hdb6b616786b41dc1
[INFO] [stdout]                                at /rustc/6067b36314ab5eb2eb47cecc464545ba58e1ad24/library/core/src/fmt/rt.rs:177:76
[INFO] [stdout]    5:     0x62c4a3528ff3 - core::fmt::write::h2cc1698af7e2d686
[INFO] [stdout]                                at /rustc/6067b36314ab5eb2eb47cecc464545ba58e1ad24/library/core/src/fmt/mod.rs:1440:21
[INFO] [stdout]    6:     0x62c4a34fe5c3 - std::io::Write::write_fmt::hab1b4cd059a79022
[INFO] [stdout]                                at /rustc/6067b36314ab5eb2eb47cecc464545ba58e1ad24/library/std/src/io/mod.rs:1887:15
[INFO] [stdout]    7:     0x62c4a35018b2 - std::sys::backtrace::BacktraceLock::print::h147fe35b4ea13b08
[INFO] [stdout]                                at /rustc/6067b36314ab5eb2eb47cecc464545ba58e1ad24/library/std/src/sys/backtrace.rs:42:9
[INFO] [stdout]    8:     0x62c4a3502e8f - std::panicking::default_hook::{{closure}}::hbd44223dbdc0d208
[INFO] [stdout]                                at /rustc/6067b36314ab5eb2eb47cecc464545ba58e1ad24/library/std/src/panicking.rs:298:22
[INFO] [stdout]    9:     0x62c4a3502ca8 - std::panicking::default_hook::h20f81eb0576efcec
[INFO] [stdout]                                at /rustc/6067b36314ab5eb2eb47cecc464545ba58e1ad24/library/std/src/panicking.rs:322:9
[INFO] [stdout]   10:     0x62c4a34cb093 - <alloc::boxed::Box<F,A> as core::ops::function::Fn<Args>>::call::hdb53814c496a4d34
[INFO] [stdout]                                at /rustc/6067b36314ab5eb2eb47cecc464545ba58e1ad24/library/alloc/src/boxed.rs:2027:9
[INFO] [stdout]   11:     0x62c4a34cb093 - test::test_main::{{closure}}::hc0a4963c59427c24
[INFO] [stdout]                                at /rustc/6067b36314ab5eb2eb47cecc464545ba58e1ad24/library/test/src/lib.rs:134:21
[INFO] [stdout]   12:     0x62c4a3503983 - <alloc::boxed::Box<F,A> as core::ops::function::Fn<Args>>::call::h591b2225413a77e9
[INFO] [stdout]                                at /rustc/6067b36314ab5eb2eb47cecc464545ba58e1ad24/library/alloc/src/boxed.rs:2027:9
[INFO] [stdout]   13:     0x62c4a3503983 - std::panicking::rust_panic_with_hook::h625eea43051b2edc
[INFO] [stdout]                                at /rustc/6067b36314ab5eb2eb47cecc464545ba58e1ad24/library/std/src/panicking.rs:839:13
[INFO] [stdout]   14:     0x62c4a350363a - std::panicking::begin_panic_handler::{{closure}}::h4f9159cfbc3f6bd3
[INFO] [stdout]                                at /rustc/6067b36314ab5eb2eb47cecc464545ba58e1ad24/library/std/src/panicking.rs:704:13
[INFO] [stdout]   15:     0x62c4a3501f69 - std::sys::backtrace::__rust_end_short_backtrace::h0390abce48353151
[INFO] [stdout]                                at /rustc/6067b36314ab5eb2eb47cecc464545ba58e1ad24/library/std/src/sys/backtrace.rs:168:18
[INFO] [stdout]   16:     0x62c4a35032cd - rust_begin_unwind
[INFO] [stdout]                                at /rustc/6067b36314ab5eb2eb47cecc464545ba58e1ad24/library/std/src/panicking.rs:695:5
[INFO] [stdout]   17:     0x62c4a3527aa0 - core::panicking::panic_fmt::h9e7c637e9e5f29c9
[INFO] [stdout]                                at /rustc/6067b36314ab5eb2eb47cecc464545ba58e1ad24/library/core/src/panicking.rs:75:14
[INFO] [stdout]   18:     0x62c4a3527dc2 - core::panicking::assert_failed_inner::h538bec7c1374cd9c
[INFO] [stdout]   19:     0x62c4a348cc60 - core::panicking::assert_failed::hdae63871cfdbdee3
[INFO] [stdout]                                at /rustc/6067b36314ab5eb2eb47cecc464545ba58e1ad24/library/core/src/panicking.rs:364:5
[INFO] [stdout]   20:     0x62c4a3489586 - soliloquy::core::cpu::cpu_test::cpu_test::testOP_PLP::hf91768ed54beab50
[INFO] [stdout]                                at /opt/rustwide/workdir/src/core/./cpu_test.rs:722:9
[INFO] [stdout]   21:     0x62c4a3489457 - soliloquy::core::cpu::cpu_test::cpu_test::testOP_PLP::{{closure}}::h8a814d2767848fd3
[INFO] [stdout]                                at /opt/rustwide/workdir/src/core/./cpu_test.rs:718:24
[INFO] [stdout]   22:     0x62c4a348b826 - core::ops::function::FnOnce::call_once::h0532969833a67d66
[INFO] [stdout]                                at /rustc/6067b36314ab5eb2eb47cecc464545ba58e1ad24/library/core/src/ops/function.rs:250:5
[INFO] [stdout]   23:     0x62c4a34d07eb - core::ops::function::FnOnce::call_once::he27718dfdd183f43
[INFO] [stdout]                                at /rustc/6067b36314ab5eb2eb47cecc464545ba58e1ad24/library/core/src/ops/function.rs:250:5
[INFO] [stdout]   24:     0x62c4a34d07eb - test::__rust_begin_short_backtrace::h4e84902998457a5d
[INFO] [stdout]                                at /rustc/6067b36314ab5eb2eb47cecc464545ba58e1ad24/library/test/src/lib.rs:632:18
[INFO] [stdout]   25:     0x62c4a34cf723 - test::run_test_in_process::{{closure}}::h7176fd18fc1feca0
[INFO] [stdout]                                at /rustc/6067b36314ab5eb2eb47cecc464545ba58e1ad24/library/test/src/lib.rs:655:60
[INFO] [stdout]   26:     0x62c4a34cf723 - <core::panic::unwind_safe::AssertUnwindSafe<F> as core::ops::function::FnOnce<()>>::call_once::hf79cff2a624d8cf7
[INFO] [stdout]                                at /rustc/6067b36314ab5eb2eb47cecc464545ba58e1ad24/library/core/src/panic/unwind_safe.rs:272:9
[INFO] [stdout]   27:     0x62c4a34cf723 - std::panicking::try::do_call::h3da0561d9ab99c25
[INFO] [stdout]                                at /rustc/6067b36314ab5eb2eb47cecc464545ba58e1ad24/library/std/src/panicking.rs:587:40
[INFO] [stdout]   28:     0x62c4a34cf723 - std::panicking::try::h41c9fa508bc61df6
[INFO] [stdout]                                at /rustc/6067b36314ab5eb2eb47cecc464545ba58e1ad24/library/std/src/panicking.rs:550:19
[INFO] [stdout]   29:     0x62c4a34cf723 - std::panic::catch_unwind::h6b3ff07bb5afad93
[INFO] [stdout]                                at /rustc/6067b36314ab5eb2eb47cecc464545ba58e1ad24/library/std/src/panic.rs:358:14
[INFO] [stdout]   30:     0x62c4a34cf723 - test::run_test_in_process::hc7253dd11b39b9f4
[INFO] [stdout]                                at /rustc/6067b36314ab5eb2eb47cecc464545ba58e1ad24/library/test/src/lib.rs:655:27
[INFO] [stdout]   31:     0x62c4a34cf723 - test::run_test::{{closure}}::hfb2007f8649c30bb
[INFO] [stdout]                                at /rustc/6067b36314ab5eb2eb47cecc464545ba58e1ad24/library/test/src/lib.rs:576:43
[INFO] [stdout]   32:     0x62c4a3492805 - test::run_test::{{closure}}::h56a17aa7a282a9f4
[INFO] [stdout]                                at /rustc/6067b36314ab5eb2eb47cecc464545ba58e1ad24/library/test/src/lib.rs:606:41
[INFO] [stdout]   33:     0x62c4a3492805 - std::sys::backtrace::__rust_begin_short_backtrace::hd2d2d2fb8e8c6aac
[INFO] [stdout]                                at /rustc/6067b36314ab5eb2eb47cecc464545ba58e1ad24/library/std/src/sys/backtrace.rs:152:18
[INFO] [stdout]   34:     0x62c4a34960ea - std::thread::Builder::spawn_unchecked_::{{closure}}::{{closure}}::h4faa3f9db6133423
[INFO] [stdout]                                at /rustc/6067b36314ab5eb2eb47cecc464545ba58e1ad24/library/std/src/thread/mod.rs:559:17
[INFO] [stdout]   35:     0x62c4a34960ea - <core::panic::unwind_safe::AssertUnwindSafe<F> as core::ops::function::FnOnce<()>>::call_once::hf2e855a36a4ea846
[INFO] [stdout]                                at /rustc/6067b36314ab5eb2eb47cecc464545ba58e1ad24/library/core/src/panic/unwind_safe.rs:272:9
[INFO] [stdout]   36:     0x62c4a34960ea - std::panicking::try::do_call::h2f73af3616c35465
[INFO] [stdout]                                at /rustc/6067b36314ab5eb2eb47cecc464545ba58e1ad24/library/std/src/panicking.rs:587:40
[INFO] [stdout]   37:     0x62c4a34960ea - std::panicking::try::hd1660ce9efadef5a
[INFO] [stdout]                                at /rustc/6067b36314ab5eb2eb47cecc464545ba58e1ad24/library/std/src/panicking.rs:550:19
[INFO] [stdout]   38:     0x62c4a34960ea - std::panic::catch_unwind::h5ee8d7823b8ca744
[INFO] [stdout]                                at /rustc/6067b36314ab5eb2eb47cecc464545ba58e1ad24/library/std/src/panic.rs:358:14
[INFO] [stdout]   39:     0x62c4a34960ea - std::thread::Builder::spawn_unchecked_::{{closure}}::h53c3a1894dce8407
[INFO] [stdout]                                at /rustc/6067b36314ab5eb2eb47cecc464545ba58e1ad24/library/std/src/thread/mod.rs:557:30
[INFO] [stdout]   40:     0x62c4a34960ea - core::ops::function::FnOnce::call_once{{vtable.shim}}::h048ce291ad4f62bf
[INFO] [stdout]                                at /rustc/6067b36314ab5eb2eb47cecc464545ba58e1ad24/library/core/src/ops/function.rs:250:5
[INFO] [stdout]   41:     0x62c4a35078bb - <alloc::boxed::Box<F,A> as core::ops::function::FnOnce<Args>>::call_once::ha52bedf99a3b4981
[INFO] [stdout]                                at /rustc/6067b36314ab5eb2eb47cecc464545ba58e1ad24/library/alloc/src/boxed.rs:2013:9
[INFO] [stdout]   42:     0x62c4a35078bb - <alloc::boxed::Box<F,A> as core::ops::function::FnOnce<Args>>::call_once::h567748934d80ccf8
[INFO] [stdout]                                at /rustc/6067b36314ab5eb2eb47cecc464545ba58e1ad24/library/alloc/src/boxed.rs:2013:9
[INFO] [stdout]   43:     0x62c4a35078bb - std::sys::pal::unix::thread::Thread::new::thread_start::h2d970728ae887adc
[INFO] [stdout]                                at /rustc/6067b36314ab5eb2eb47cecc464545ba58e1ad24/library/std/src/sys/pal/unix/thread.rs:106:17
[INFO] [stdout]   44:     0x70b082ddeac3 - <unknown>
[INFO] [stdout]   45:     0x70b082e6fa04 - clone
[INFO] [stdout]   46:                0x0 - <unknown>
[INFO] [stdout] 
[INFO] [stdout] ---- core::cpu::cpu_test::cpu_test::testOP_RTI stdout ----
[INFO] [stdout] 
[INFO] [stdout] thread 'core::cpu::cpu_test::cpu_test::testOP_RTI' panicked at src/core/./cpu_test.rs:691:9:
[INFO] [stdout] assertion failed: false
[INFO] [stdout] stack backtrace:
[INFO] [stdout]    0:     0x62c4a3501a6a - std::backtrace_rs::backtrace::libunwind::trace::hb059275cfc8d6126
[INFO] [stdout]                                at /rustc/6067b36314ab5eb2eb47cecc464545ba58e1ad24/library/std/src/../../backtrace/src/backtrace/libunwind.rs:116:5
[INFO] [stdout]    1:     0x62c4a3501a6a - std::backtrace_rs::backtrace::trace_unsynchronized::h2da071e4327ce3ee
[INFO] [stdout]                                at /rustc/6067b36314ab5eb2eb47cecc464545ba58e1ad24/library/std/src/../../backtrace/src/backtrace/mod.rs:66:5
[INFO] [stdout]    2:     0x62c4a3501a6a - std::sys::backtrace::_print_fmt::h842a1474e6f8d23f
[INFO] [stdout]                                at /rustc/6067b36314ab5eb2eb47cecc464545ba58e1ad24/library/std/src/sys/backtrace.rs:66:9
[INFO] [stdout]    3:     0x62c4a3501a6a - <std::sys::backtrace::BacktraceLock::print::DisplayBacktrace as core::fmt::Display>::fmt::h71a62eb3b9696b12
[INFO] [stdout]                                at /rustc/6067b36314ab5eb2eb47cecc464545ba58e1ad24/library/std/src/sys/backtrace.rs:39:26
[INFO] [stdout]    4:     0x62c4a3528ff3 - core::fmt::rt::Argument::fmt::hdb6b616786b41dc1
[INFO] [stdout]                                at /rustc/6067b36314ab5eb2eb47cecc464545ba58e1ad24/library/core/src/fmt/rt.rs:177:76
[INFO] [stdout]    5:     0x62c4a3528ff3 - core::fmt::write::h2cc1698af7e2d686
[INFO] [stdout]                                at /rustc/6067b36314ab5eb2eb47cecc464545ba58e1ad24/library/core/src/fmt/mod.rs:1440:21
[INFO] [stdout]    6:     0x62c4a34fe5c3 - std::io::Write::write_fmt::hab1b4cd059a79022
[INFO] [stdout]                                at /rustc/6067b36314ab5eb2eb47cecc464545ba58e1ad24/library/std/src/io/mod.rs:1887:15
[INFO] [stdout]    7:     0x62c4a35018b2 - std::sys::backtrace::BacktraceLock::print::h147fe35b4ea13b08
[INFO] [stdout]                                at /rustc/6067b36314ab5eb2eb47cecc464545ba58e1ad24/library/std/src/sys/backtrace.rs:42:9
[INFO] [stdout]    8:     0x62c4a3502e8f - std::panicking::default_hook::{{closure}}::hbd44223dbdc0d208
[INFO] [stdout]                                at /rustc/6067b36314ab5eb2eb47cecc464545ba58e1ad24/library/std/src/panicking.rs:298:22
[INFO] [stdout]    9:     0x62c4a3502ca8 - std::panicking::default_hook::h20f81eb0576efcec
[INFO] [stdout]                                at /rustc/6067b36314ab5eb2eb47cecc464545ba58e1ad24/library/std/src/panicking.rs:322:9
[INFO] [stdout]   10:     0x62c4a34cb093 - <alloc::boxed::Box<F,A> as core::ops::function::Fn<Args>>::call::hdb53814c496a4d34
[INFO] [stdout]                                at /rustc/6067b36314ab5eb2eb47cecc464545ba58e1ad24/library/alloc/src/boxed.rs:2027:9
[INFO] [stdout]   11:     0x62c4a34cb093 - test::test_main::{{closure}}::hc0a4963c59427c24
[INFO] [stdout]                                at /rustc/6067b36314ab5eb2eb47cecc464545ba58e1ad24/library/test/src/lib.rs:134:21
[INFO] [stdout]   12:     0x62c4a3503983 - <alloc::boxed::Box<F,A> as core::ops::function::Fn<Args>>::call::h591b2225413a77e9
[INFO] [stdout]                                at /rustc/6067b36314ab5eb2eb47cecc464545ba58e1ad24/library/alloc/src/boxed.rs:2027:9
[INFO] [stdout]   13:     0x62c4a3503983 - std::panicking::rust_panic_with_hook::h625eea43051b2edc
[INFO] [stdout]                                at /rustc/6067b36314ab5eb2eb47cecc464545ba58e1ad24/library/std/src/panicking.rs:839:13
[INFO] [stdout]   14:     0x62c4a3503606 - std::panicking::begin_panic_handler::{{closure}}::h4f9159cfbc3f6bd3
[INFO] [stdout]                                at /rustc/6067b36314ab5eb2eb47cecc464545ba58e1ad24/library/std/src/panicking.rs:697:13
[INFO] [stdout]   15:     0x62c4a3501f69 - std::sys::backtrace::__rust_end_short_backtrace::h0390abce48353151
[INFO] [stdout]                                at /rustc/6067b36314ab5eb2eb47cecc464545ba58e1ad24/library/std/src/sys/backtrace.rs:168:18
[INFO] [stdout]   16:     0x62c4a35032cd - rust_begin_unwind
[INFO] [stdout]                                at /rustc/6067b36314ab5eb2eb47cecc464545ba58e1ad24/library/std/src/panicking.rs:695:5
[INFO] [stdout]   17:     0x62c4a3527aa0 - core::panicking::panic_fmt::h9e7c637e9e5f29c9
[INFO] [stdout]                                at /rustc/6067b36314ab5eb2eb47cecc464545ba58e1ad24/library/core/src/panicking.rs:75:14
[INFO] [stdout]   18:     0x62c4a3527b2c - core::panicking::panic::haa3255ea20181a33
[INFO] [stdout]                                at /rustc/6067b36314ab5eb2eb47cecc464545ba58e1ad24/library/core/src/panicking.rs:145:5
[INFO] [stdout]   19:     0x62c4a3488ffd - soliloquy::core::cpu::cpu_test::cpu_test::testOP_RTI::h5f549803dfbffd6f
[INFO] [stdout]                                at /opt/rustwide/workdir/src/core/./cpu_test.rs:691:9
[INFO] [stdout]   20:     0x62c4a3488fc7 - soliloquy::core::cpu::cpu_test::cpu_test::testOP_RTI::{{closure}}::h72769648cbe688d5
[INFO] [stdout]                                at /opt/rustwide/workdir/src/core/./cpu_test.rs:690:24
[INFO] [stdout]   21:     0x62c4a348bc66 - core::ops::function::FnOnce::call_once::h452677e22706c15b
[INFO] [stdout]                                at /rustc/6067b36314ab5eb2eb47cecc464545ba58e1ad24/library/core/src/ops/function.rs:250:5
[INFO] [stdout]   22:     0x62c4a34d07eb - core::ops::function::FnOnce::call_once::he27718dfdd183f43
[INFO] [stdout]                                at /rustc/6067b36314ab5eb2eb47cecc464545ba58e1ad24/library/core/src/ops/function.rs:250:5
[INFO] [stdout]   23:     0x62c4a34d07eb - test::__rust_begin_short_backtrace::h4e84902998457a5d
[INFO] [stdout]                                at /rustc/6067b36314ab5eb2eb47cecc464545ba58e1ad24/library/test/src/lib.rs:632:18
[INFO] [stdout]   24:     0x62c4a34cf723 - test::run_test_in_process::{{closure}}::h7176fd18fc1feca0
[INFO] [stdout]                                at /rustc/6067b36314ab5eb2eb47cecc464545ba58e1ad24/library/test/src/lib.rs:655:60
[INFO] [stdout]   25:     0x62c4a34cf723 - <core::panic::unwind_safe::AssertUnwindSafe<F> as core::ops::function::FnOnce<()>>::call_once::hf79cff2a624d8cf7
[INFO] [stdout]                                at /rustc/6067b36314ab5eb2eb47cecc464545ba58e1ad24/library/core/src/panic/unwind_safe.rs:272:9
[INFO] [stdout]   26:     0x62c4a34cf723 - std::panicking::try::do_call::h3da0561d9ab99c25
[INFO] [stdout]                                at /rustc/6067b36314ab5eb2eb47cecc464545ba58e1ad24/library/std/src/panicking.rs:587:40
[INFO] [stdout]   27:     0x62c4a34cf723 - std::panicking::try::h41c9fa508bc61df6
[INFO] [stdout]                                at /rustc/6067b36314ab5eb2eb47cecc464545ba58e1ad24/library/std/src/panicking.rs:550:19
[INFO] [stdout]   28:     0x62c4a34cf723 - std::panic::catch_unwind::h6b3ff07bb5afad93
[INFO] [stdout]                                at /rustc/6067b36314ab5eb2eb47cecc464545ba58e1ad24/library/std/src/panic.rs:358:14
[INFO] [stdout]   29:     0x62c4a34cf723 - test::run_test_in_process::hc7253dd11b39b9f4
[INFO] [stdout]                                at /rustc/6067b36314ab5eb2eb47cecc464545ba58e1ad24/library/test/src/lib.rs:655:27
[INFO] [stdout]   30:     0x62c4a34cf723 - test::run_test::{{closure}}::hfb2007f8649c30bb
[INFO] [stdout]                                at /rustc/6067b36314ab5eb2eb47cecc464545ba58e1ad24/library/test/src/lib.rs:576:43
[INFO] [stdout]   31:     0x62c4a3492805 - test::run_test::{{closure}}::h56a17aa7a282a9f4
[INFO] [stdout]                                at /rustc/6067b36314ab5eb2eb47cecc464545ba58e1ad24/library/test/src/lib.rs:606:41
[INFO] [stdout]   32:     0x62c4a3492805 - std::sys::backtrace::__rust_begin_short_backtrace::hd2d2d2fb8e8c6aac
[INFO] [stdout]                                at /rustc/6067b36314ab5eb2eb47cecc464545ba58e1ad24/library/std/src/sys/backtrace.rs:152:18
[INFO] [stdout]   33:     0x62c4a34960ea - std::thread::Builder::spawn_unchecked_::{{closure}}::{{closure}}::h4faa3f9db6133423
[INFO] [stdout]                                at /rustc/6067b36314ab5eb2eb47cecc464545ba58e1ad24/library/std/src/thread/mod.rs:559:17
[INFO] [stdout]   34:     0x62c4a34960ea - <core::panic::unwind_safe::AssertUnwindSafe<F> as core::ops::function::FnOnce<()>>::call_once::hf2e855a36a4ea846
[INFO] [stdout]                                at /rustc/6067b36314ab5eb2eb47cecc464545ba58e1ad24/library/core/src/panic/unwind_safe.rs:272:9
[INFO] [stdout]   35:     0x62c4a34960ea - std::panicking::try::do_call::h2f73af3616c35465
[INFO] [stdout]                                at /rustc/6067b36314ab5eb2eb47cecc464545ba58e1ad24/library/std/src/panicking.rs:587:40
[INFO] [stdout]   36:     0x62c4a34960ea - std::panicking::try::hd1660ce9efadef5a
[INFO] [stdout]                                at /rustc/6067b36314ab5eb2eb47cecc464545ba58e1ad24/library/std/src/panicking.rs:550:19
[INFO] [stdout]   37:     0x62c4a34960ea - std::panic::catch_unwind::h5ee8d7823b8ca744
[INFO] [stdout]                                at /rustc/6067b36314ab5eb2eb47cecc464545ba58e1ad24/library/std/src/panic.rs:358:14
[INFO] [stdout]   38:     0x62c4a34960ea - std::thread::Builder::spawn_unchecked_::{{closure}}::h53c3a1894dce8407
[INFO] [stdout]                                at /rustc/6067b36314ab5eb2eb47cecc464545ba58e1ad24/library/std/src/thread/mod.rs:557:30
[INFO] [stdout]   39:     0x62c4a34960ea - core::ops::function::FnOnce::call_once{{vtable.shim}}::h048ce291ad4f62bf
[INFO] [stdout]                                at /rustc/6067b36314ab5eb2eb47cecc464545ba58e1ad24/library/core/src/ops/function.rs:250:5
[INFO] [stdout]   40:     0x62c4a35078bb - <alloc::boxed::Box<F,A> as core::ops::function::FnOnce<Args>>::call_once::ha52bedf99a3b4981
[INFO] [stdout]                                at /rustc/6067b36314ab5eb2eb47cecc464545ba58e1ad24/library/alloc/src/boxed.rs:2013:9
[INFO] [stdout]   41:     0x62c4a35078bb - <alloc::boxed::Box<F,A> as core::ops::function::FnOnce<Args>>::call_once::h567748934d80ccf8
[INFO] [stdout]                                at /rustc/6067b36314ab5eb2eb47cecc464545ba58e1ad24/library/alloc/src/boxed.rs:2013:9
[INFO] [stdout]   42:     0x62c4a35078bb - std::sys::pal::unix::thread::Thread::new::thread_start::h2d970728ae887adc
[INFO] [stdout]                                at /rustc/6067b36314ab5eb2eb47cecc464545ba58e1ad24/library/std/src/sys/pal/unix/thread.rs:106:17
[INFO] [stdout]   43:     0x70b082ddeac3 - <unknown>
[INFO] [stdout]   44:     0x70b082e6fa04 - clone
[INFO] [stdout]   45:                0x0 - <unknown>
[INFO] [stdout] 
[INFO] [stdout] ---- core::cpu::cpu_test::cpu_test::testOP_RTS stdout ----
[INFO] [stdout] 
[INFO] [stdout] thread 'core::cpu::cpu_test::cpu_test::testOP_RTS' panicked at src/core/./cpu_test.rs:731:9:
[INFO] [stdout] assertion `left == right` failed: PC != RTS pulls!
[INFO] [stdout]   left: 32769
[INFO] [stdout]  right: 32770
[INFO] [stdout] stack backtrace:
[INFO] [stdout]    0:     0x62c4a3501a6a - std::backtrace_rs::backtrace::libunwind::trace::hb059275cfc8d6126
[INFO] [stdout]                                at /rustc/6067b36314ab5eb2eb47cecc464545ba58e1ad24/library/std/src/../../backtrace/src/backtrace/libunwind.rs:116:5
[INFO] [stdout]    1:     0x62c4a3501a6a - std::backtrace_rs::backtrace::trace_unsynchronized::h2da071e4327ce3ee
[INFO] [stdout]                                at /rustc/6067b36314ab5eb2eb47cecc464545ba58e1ad24/library/std/src/../../backtrace/src/backtrace/mod.rs:66:5
[INFO] [stdout]    2:     0x62c4a3501a6a - std::sys::backtrace::_print_fmt::h842a1474e6f8d23f
[INFO] [stdout]                                at /rustc/6067b36314ab5eb2eb47cecc464545ba58e1ad24/library/std/src/sys/backtrace.rs:66:9
[INFO] [stdout]    3:     0x62c4a3501a6a - <std::sys::backtrace::BacktraceLock::print::DisplayBacktrace as core::fmt::Display>::fmt::h71a62eb3b9696b12
[INFO] [stdout]                                at /rustc/6067b36314ab5eb2eb47cecc464545ba58e1ad24/library/std/src/sys/backtrace.rs:39:26
[INFO] [stdout]    4:     0x62c4a3528ff3 - core::fmt::rt::Argument::fmt::hdb6b616786b41dc1
[INFO] [stdout]                                at /rustc/6067b36314ab5eb2eb47cecc464545ba58e1ad24/library/core/src/fmt/rt.rs:177:76
[INFO] [stdout]    5:     0x62c4a3528ff3 - core::fmt::write::h2cc1698af7e2d686
[INFO] [stdout]                                at /rustc/6067b36314ab5eb2eb47cecc464545ba58e1ad24/library/core/src/fmt/mod.rs:1440:21
[INFO] [stdout]    6:     0x62c4a34fe5c3 - std::io::Write::write_fmt::hab1b4cd059a79022
[INFO] [stdout]                                at /rustc/6067b36314ab5eb2eb47cecc464545ba58e1ad24/library/std/src/io/mod.rs:1887:15
[INFO] [stdout]    7:     0x62c4a35018b2 - std::sys::backtrace::BacktraceLock::print::h147fe35b4ea13b08
[INFO] [stdout]                                at /rustc/6067b36314ab5eb2eb47cecc464545ba58e1ad24/library/std/src/sys/backtrace.rs:42:9
[INFO] [stdout]    8:     0x62c4a3502e8f - std::panicking::default_hook::{{closure}}::hbd44223dbdc0d208
[INFO] [stdout]                                at /rustc/6067b36314ab5eb2eb47cecc464545ba58e1ad24/library/std/src/panicking.rs:298:22
[INFO] [stdout]    9:     0x62c4a3502ca8 - std::panicking::default_hook::h20f81eb0576efcec
[INFO] [stdout]                                at /rustc/6067b36314ab5eb2eb47cecc464545ba58e1ad24/library/std/src/panicking.rs:322:9
[INFO] [stdout]   10:     0x62c4a34cb093 - <alloc::boxed::Box<F,A> as core::ops::function::Fn<Args>>::call::hdb53814c496a4d34
[INFO] [stdout]                                at /rustc/6067b36314ab5eb2eb47cecc464545ba58e1ad24/library/alloc/src/boxed.rs:2027:9
[INFO] [stdout]   11:     0x62c4a34cb093 - test::test_main::{{closure}}::hc0a4963c59427c24
[INFO] [stdout]                                at /rustc/6067b36314ab5eb2eb47cecc464545ba58e1ad24/library/test/src/lib.rs:134:21
[INFO] [stdout]   12:     0x62c4a3503983 - <alloc::boxed::Box<F,A> as core::ops::function::Fn<Args>>::call::h591b2225413a77e9
[INFO] [stdout]                                at /rustc/6067b36314ab5eb2eb47cecc464545ba58e1ad24/library/alloc/src/boxed.rs:2027:9
[INFO] [stdout]   13:     0x62c4a3503983 - std::panicking::rust_panic_with_hook::h625eea43051b2edc
[INFO] [stdout]                                at /rustc/6067b36314ab5eb2eb47cecc464545ba58e1ad24/library/std/src/panicking.rs:839:13
[INFO] [stdout]   14:     0x62c4a350363a - std::panicking::begin_panic_handler::{{closure}}::h4f9159cfbc3f6bd3
[INFO] [stdout]                                at /rustc/6067b36314ab5eb2eb47cecc464545ba58e1ad24/library/std/src/panicking.rs:704:13
[INFO] [stdout]   15:     0x62c4a3501f69 - std::sys::backtrace::__rust_end_short_backtrace::h0390abce48353151
[INFO] [stdout]                                at /rustc/6067b36314ab5eb2eb47cecc464545ba58e1ad24/library/std/src/sys/backtrace.rs:168:18
[INFO] [stdout]   16:     0x62c4a35032cd - rust_begin_unwind
[INFO] [stdout]                                at /rustc/6067b36314ab5eb2eb47cecc464545ba58e1ad24/library/std/src/panicking.rs:695:5
[INFO] [stdout]   17:     0x62c4a3527aa0 - core::panicking::panic_fmt::h9e7c637e9e5f29c9
[INFO] [stdout]                                at /rustc/6067b36314ab5eb2eb47cecc464545ba58e1ad24/library/core/src/panicking.rs:75:14
[INFO] [stdout]   18:     0x62c4a3527dc2 - core::panicking::assert_failed_inner::h538bec7c1374cd9c
[INFO] [stdout]   19:     0x62c4a348cbe4 - core::panicking::assert_failed::h47d48bed88d5a500
[INFO] [stdout]                                at /rustc/6067b36314ab5eb2eb47cecc464545ba58e1ad24/library/core/src/panicking.rs:364:5
[INFO] [stdout]   20:     0x62c4a348971e - soliloquy::core::cpu::cpu_test::cpu_test::testOP_RTS::hd07c325d0324dd50
[INFO] [stdout]                                at /opt/rustwide/workdir/src/core/./cpu_test.rs:731:9
[INFO] [stdout]   21:     0x62c4a34895b7 - soliloquy::core::cpu::cpu_test::cpu_test::testOP_RTS::{{closure}}::h44cf8b506e267169
[INFO] [stdout]                                at /opt/rustwide/workdir/src/core/./cpu_test.rs:726:24
[INFO] [stdout]   22:     0x62c4a348b8e6 - core::ops::function::FnOnce::call_once::h0a0cc62d0d7f923b
[INFO] [stdout]                                at /rustc/6067b36314ab5eb2eb47cecc464545ba58e1ad24/library/core/src/ops/function.rs:250:5
[INFO] [stdout]   23:     0x62c4a34d07eb - core::ops::function::FnOnce::call_once::he27718dfdd183f43
[INFO] [stdout]                                at /rustc/6067b36314ab5eb2eb47cecc464545ba58e1ad24/library/core/src/ops/function.rs:250:5
[INFO] [stdout]   24:     0x62c4a34d07eb - test::__rust_begin_short_backtrace::h4e84902998457a5d
[INFO] [stdout]                                at /rustc/6067b36314ab5eb2eb47cecc464545ba58e1ad24/library/test/src/lib.rs:632:18
[INFO] [stdout]   25:     0x62c4a34cf723 - test::run_test_in_process::{{closure}}::h7176fd18fc1feca0
[INFO] [stdout]                                at /rustc/6067b36314ab5eb2eb47cecc464545ba58e1ad24/library/test/src/lib.rs:655:60
[INFO] [stdout]   26:     0x62c4a34cf723 - <core::panic::unwind_safe::AssertUnwindSafe<F> as core::ops::function::FnOnce<()>>::call_once::hf79cff2a624d8cf7
[INFO] [stdout]                                at /rustc/6067b36314ab5eb2eb47cecc464545ba58e1ad24/library/core/src/panic/unwind_safe.rs:272:9
[INFO] [stdout]   27:     0x62c4a34cf723 - std::panicking::try::do_call::h3da0561d9ab99c25
[INFO] [stdout]                                at /rustc/6067b36314ab5eb2eb47cecc464545ba58e1ad24/library/std/src/panicking.rs:587:40
[INFO] [stdout]   28:     0x62c4a34cf723 - std::panicking::try::h41c9fa508bc61df6
[INFO] [stdout]                                at /rustc/6067b36314ab5eb2eb47cecc464545ba58e1ad24/library/std/src/panicking.rs:550:19
[INFO] [stdout]   29:     0x62c4a34cf723 - std::panic::catch_unwind::h6b3ff07bb5afad93
[INFO] [stdout]                                at /rustc/6067b36314ab5eb2eb47cecc464545ba58e1ad24/library/std/src/panic.rs:358:14
[INFO] [stdout]   30:     0x62c4a34cf723 - test::run_test_in_process::hc7253dd11b39b9f4
[INFO] [stdout]                                at /rustc/6067b36314ab5eb2eb47cecc464545ba58e1ad24/library/test/src/lib.rs:655:27
[INFO] [stdout]   31:     0x62c4a34cf723 - test::run_test::{{closure}}::hfb2007f8649c30bb
[INFO] [stdout]                                at /rustc/6067b36314ab5eb2eb47cecc464545ba58e1ad24/library/test/src/lib.rs:576:43
[INFO] [stdout]   32:     0x62c4a3492805 - test::run_test::{{closure}}::h56a17aa7a282a9f4
[INFO] [stdout]                                at /rustc/6067b36314ab5eb2eb47cecc464545ba58e1ad24/library/test/src/lib.rs:606:41
[INFO] [stdout]   33:     0x62c4a3492805 - std::sys::backtrace::__rust_begin_short_backtrace::hd2d2d2fb8e8c6aac
[INFO] [stdout]                                at /rustc/6067b36314ab5eb2eb47cecc464545ba58e1ad24/library/std/src/sys/backtrace.rs:152:18
[INFO] [stdout]   34:     0x62c4a34960ea - std::thread::Builder::spawn_unchecked_::{{closure}}::{{closure}}::h4faa3f9db6133423
[INFO] [stdout]                                at /rustc/6067b36314ab5eb2eb47cecc464545ba58e1ad24/library/std/src/thread/mod.rs:559:17
[INFO] [stdout]   35:     0x62c4a34960ea - <core::panic::unwind_safe::AssertUnwindSafe<F> as core::ops::function::FnOnce<()>>::call_once::hf2e855a36a4ea846
[INFO] [stdout]                                at /rustc/6067b36314ab5eb2eb47cecc464545ba58e1ad24/library/core/src/panic/unwind_safe.rs:272:9
[INFO] [stdout]   36:     0x62c4a34960ea - std::panicking::try::do_call::h2f73af3616c35465
[INFO] [stdout]                                at /rustc/6067b36314ab5eb2eb47cecc464545ba58e1ad24/library/std/src/panicking.rs:587:40
[INFO] [stdout]   37:     0x62c4a34960ea - std::panicking::try::hd1660ce9efadef5a
[INFO] [stdout]                                at /rustc/6067b36314ab5eb2eb47cecc464545ba58e1ad24/library/std/src/panicking.rs:550:19
[INFO] [stdout]   38:     0x62c4a34960ea - std::panic::catch_unwind::h5ee8d7823b8ca744
[INFO] [stdout]                                at /rustc/6067b36314ab5eb2eb47cecc464545ba58e1ad24/library/std/src/panic.rs:358:14
[INFO] [stdout]   39:     0x62c4a34960ea - std::thread::Builder::spawn_unchecked_::{{closure}}::h53c3a1894dce8407
[INFO] [stdout]                                at /rustc/6067b36314ab5eb2eb47cecc464545ba58e1ad24/library/std/src/thread/mod.rs:557:30
[INFO] [stdout]   40:     0x62c4a34960ea - core::ops::function::FnOnce::call_once{{vtable.shim}}::h048ce291ad4f62bf
[INFO] [stdout]                                at /rustc/6067b36314ab5eb2eb47cecc464545ba58e1ad24/library/core/src/ops/function.rs:250:5
[INFO] [stdout]   41:     0x62c4a35078bb - <alloc::boxed::Box<F,A> as core::ops::function::FnOnce<Args>>::call_once::ha52bedf99a3b4981
[INFO] [stdout]                                at /rustc/6067b36314ab5eb2eb47cecc464545ba58e1ad24/library/alloc/src/boxed.rs:2013:9
[INFO] [stdout]   42:     0x62c4a35078bb - <alloc::boxed::Box<F,A> as core::ops::function::FnOnce<Args>>::call_once::h567748934d80ccf8
[INFO] [stdout]                                at /rustc/6067b36314ab5eb2eb47cecc464545ba58e1ad24/library/alloc/src/boxed.rs:2013:9
[INFO] [stdout]   43:     0x62c4a35078bb - std::sys::pal::unix::thread::Thread::new::thread_start::h2d970728ae887adc
[INFO] [stdout]                                at /rustc/6067b36314ab5eb2eb47cecc464545ba58e1ad24/library/std/src/sys/pal/unix/thread.rs:106:17
[INFO] [stdout]   44:     0x70b082ddeac3 - <unknown>
[INFO] [stdout]   45:     0x70b082e6fa04 - clone
[INFO] [stdout]   46:                0x0 - <unknown>
[INFO] [stdout] 
[INFO] [stdout] ---- core::cpu::cpu_test::cpu_test::test_stack_overflow stdout ----
[INFO] [stdout] 
[INFO] [stdout] thread 'core::cpu::cpu_test::cpu_test::test_stack_overflow' panicked at src/core/./cpu_test.rs:177:9:
[INFO] [stdout] assertion failed: false
[INFO] [stdout] stack backtrace:
[INFO] [stdout]    0:     0x62c4a3501a6a - std::backtrace_rs::backtrace::libunwind::trace::hb059275cfc8d6126
[INFO] [stdout]                                at /rustc/6067b36314ab5eb2eb47cecc464545ba58e1ad24/library/std/src/../../backtrace/src/backtrace/libunwind.rs:116:5
[INFO] [stdout]    1:     0x62c4a3501a6a - std::backtrace_rs::backtrace::trace_unsynchronized::h2da071e4327ce3ee
[INFO] [stdout]                                at /rustc/6067b36314ab5eb2eb47cecc464545ba58e1ad24/library/std/src/../../backtrace/src/backtrace/mod.rs:66:5
[INFO] [stdout]    2:     0x62c4a3501a6a - std::sys::backtrace::_print_fmt::h842a1474e6f8d23f
[INFO] [stdout]                                at /rustc/6067b36314ab5eb2eb47cecc464545ba58e1ad24/library/std/src/sys/backtrace.rs:66:9
[INFO] [stdout]    3:     0x62c4a3501a6a - <std::sys::backtrace::BacktraceLock::print::DisplayBacktrace as core::fmt::Display>::fmt::h71a62eb3b9696b12
[INFO] [stdout]                                at /rustc/6067b36314ab5eb2eb47cecc464545ba58e1ad24/library/std/src/sys/backtrace.rs:39:26
[INFO] [stdout]    4:     0x62c4a3528ff3 - core::fmt::rt::Argument::fmt::hdb6b616786b41dc1
[INFO] [stdout]                                at /rustc/6067b36314ab5eb2eb47cecc464545ba58e1ad24/library/core/src/fmt/rt.rs:177:76
[INFO] [stdout]    5:     0x62c4a3528ff3 - core::fmt::write::h2cc1698af7e2d686
[INFO] [stdout]                                at /rustc/6067b36314ab5eb2eb47cecc464545ba58e1ad24/library/core/src/fmt/mod.rs:1440:21
[INFO] [stdout]    6:     0x62c4a34fe5c3 - std::io::Write::write_fmt::hab1b4cd059a79022
[INFO] [stdout]                                at /rustc/6067b36314ab5eb2eb47cecc464545ba58e1ad24/library/std/src/io/mod.rs:1887:15
[INFO] [stdout]    7:     0x62c4a35018b2 - std::sys::backtrace::BacktraceLock::print::h147fe35b4ea13b08
[INFO] [stdout]                                at /rustc/6067b36314ab5eb2eb47cecc464545ba58e1ad24/library/std/src/sys/backtrace.rs:42:9
[INFO] [stdout]    8:     0x62c4a3502e8f - std::panicking::default_hook::{{closure}}::hbd44223dbdc0d208
[INFO] [stdout]                                at /rustc/6067b36314ab5eb2eb47cecc464545ba58e1ad24/library/std/src/panicking.rs:298:22
[INFO] [stdout]    9:     0x62c4a3502ca8 - std::panicking::default_hook::h20f81eb0576efcec
[INFO] [stdout]                                at /rustc/6067b36314ab5eb2eb47cecc464545ba58e1ad24/library/std/src/panicking.rs:322:9
[INFO] [stdout]   10:     0x62c4a34cb093 - <alloc::boxed::Box<F,A> as core::ops::function::Fn<Args>>::call::hdb53814c496a4d34
[INFO] [stdout]                                at /rustc/6067b36314ab5eb2eb47cecc464545ba58e1ad24/library/alloc/src/boxed.rs:2027:9
[INFO] [stdout]   11:     0x62c4a34cb093 - test::test_main::{{closure}}::hc0a4963c59427c24
[INFO] [stdout]                                at /rustc/6067b36314ab5eb2eb47cecc464545ba58e1ad24/library/test/src/lib.rs:134:21
[INFO] [stdout]   12:     0x62c4a3503983 - <alloc::boxed::Box<F,A> as core::ops::function::Fn<Args>>::call::h591b2225413a77e9
[INFO] [stdout]                                at /rustc/6067b36314ab5eb2eb47cecc464545ba58e1ad24/library/alloc/src/boxed.rs:2027:9
[INFO] [stdout]   13:     0x62c4a3503983 - std::panicking::rust_panic_with_hook::h625eea43051b2edc
[INFO] [stdout]                                at /rustc/6067b36314ab5eb2eb47cecc464545ba58e1ad24/library/std/src/panicking.rs:839:13
[INFO] [stdout]   14:     0x62c4a3503606 - std::panicking::begin_panic_handler::{{closure}}::h4f9159cfbc3f6bd3
[INFO] [stdout]                                at /rustc/6067b36314ab5eb2eb47cecc464545ba58e1ad24/library/std/src/panicking.rs:697:13
[INFO] [stdout]   15:     0x62c4a3501f69 - std::sys::backtrace::__rust_end_short_backtrace::h0390abce48353151
[INFO] [stdout]                                at /rustc/6067b36314ab5eb2eb47cecc464545ba58e1ad24/library/std/src/sys/backtrace.rs:168:18
[INFO] [stdout]   16:     0x62c4a35032cd - rust_begin_unwind
[INFO] [stdout]                                at /rustc/6067b36314ab5eb2eb47cecc464545ba58e1ad24/library/std/src/panicking.rs:695:5
[INFO] [stdout]   17:     0x62c4a3527aa0 - core::panicking::panic_fmt::h9e7c637e9e5f29c9
[INFO] [stdout]                                at /rustc/6067b36314ab5eb2eb47cecc464545ba58e1ad24/library/core/src/panicking.rs:75:14
[INFO] [stdout]   18:     0x62c4a3527b2c - core::panicking::panic::haa3255ea20181a33
[INFO] [stdout]                                at /rustc/6067b36314ab5eb2eb47cecc464545ba58e1ad24/library/core/src/panicking.rs:145:5
[INFO] [stdout]   19:     0x62c4a348440d - soliloquy::core::cpu::cpu_test::cpu_test::test_stack_overflow::h963d1d12e6ee2568
[INFO] [stdout]                                at /opt/rustwide/workdir/src/core/./cpu_test.rs:177:9
[INFO] [stdout]   20:     0x62c4a34843d7 - soliloquy::core::cpu::cpu_test::cpu_test::test_stack_overflow::{{closure}}::h8a8d114608e73d9f
[INFO] [stdout]                                at /opt/rustwide/workdir/src/core/./cpu_test.rs:176:33
[INFO] [stdout]   21:     0x62c4a348c726 - core::ops::function::FnOnce::call_once::hfb78b7e31ee5b3a6
[INFO] [stdout]                                at /rustc/6067b36314ab5eb2eb47cecc464545ba58e1ad24/library/core/src/ops/function.rs:250:5
[INFO] [stdout]   22:     0x62c4a34d07eb - core::ops::function::FnOnce::call_once::he27718dfdd183f43
[INFO] [stdout]                                at /rustc/6067b36314ab5eb2eb47cecc464545ba58e1ad24/library/core/src/ops/function.rs:250:5
[INFO] [stdout]   23:     0x62c4a34d07eb - test::__rust_begin_short_backtrace::h4e84902998457a5d
[INFO] [stdout]                                at /rustc/6067b36314ab5eb2eb47cecc464545ba58e1ad24/library/test/src/lib.rs:632:18
[INFO] [stdout]   24:     0x62c4a34cf723 - test::run_test_in_process::{{closure}}::h7176fd18fc1feca0
[INFO] [stdout]                                at /rustc/6067b36314ab5eb2eb47cecc464545ba58e1ad24/library/test/src/lib.rs:655:60
[INFO] [stdout]   25:     0x62c4a34cf723 - <core::panic::unwind_safe::AssertUnwindSafe<F> as core::ops::function::FnOnce<()>>::call_once::hf79cff2a624d8cf7
[INFO] [stdout]                                at /rustc/6067b36314ab5eb2eb47cecc464545ba58e1ad24/library/core/src/panic/unwind_safe.rs:272:9
[INFO] [stdout]   26:     0x62c4a34cf723 - std::panicking::try::do_call::h3da0561d9ab99c25
[INFO] [stdout]                                at /rustc/6067b36314ab5eb2eb47cecc464545ba58e1ad24/library/std/src/panicking.rs:587:40
[INFO] [stdout]   27:     0x62c4a34cf723 - std::panicking::try::h41c9fa508bc61df6
[INFO] [stdout]                                at /rustc/6067b36314ab5eb2eb47cecc464545ba58e1ad24/library/std/src/panicking.rs:550:19
[INFO] [stdout]   28:     0x62c4a34cf723 - std::panic::catch_unwind::h6b3ff07bb5afad93
[INFO] [stdout]                                at /rustc/6067b36314ab5eb2eb47cecc464545ba58e1ad24/library/std/src/panic.rs:358:14
[INFO] [stdout]   29:     0x62c4a34cf723 - test::run_test_in_process::hc7253dd11b39b9f4
[INFO] [stdout]                                at /rustc/6067b36314ab5eb2eb47cecc464545ba58e1ad24/library/test/src/lib.rs:655:27
[INFO] [stdout]   30:     0x62c4a34cf723 - test::run_test::{{closure}}::hfb2007f8649c30bb
[INFO] [stdout]                                at /rustc/6067b36314ab5eb2eb47cecc464545ba58e1ad24/library/test/src/lib.rs:576:43
[INFO] [stdout]   31:     0x62c4a3492805 - test::run_test::{{closure}}::h56a17aa7a282a9f4
[INFO] [stdout]                                at /rustc/6067b36314ab5eb2eb47cecc464545ba58e1ad24/library/test/src/lib.rs:606:41
[INFO] [stdout]   32:     0x62c4a3492805 - std::sys::backtrace::__rust_begin_short_backtrace::hd2d2d2fb8e8c6aac
[INFO] [stdout]                                at /rustc/6067b36314ab5eb2eb47cecc464545ba58e1ad24/library/std/src/sys/backtrace.rs:152:18
[INFO] [stdout]   33:     0x62c4a34960ea - std::thread::Builder::spawn_unchecked_::{{closure}}::{{closure}}::h4faa3f9db6133423
[INFO] [stdout]                                at /rustc/6067b36314ab5eb2eb47cecc464545ba58e1ad24/library/std/src/thread/mod.rs:559:17
[INFO] [stdout]   34:     0x62c4a34960ea - <core::panic::unwind_safe::AssertUnwindSafe<F> as core::ops::function::FnOnce<()>>::call_once::hf2e855a36a4ea846
[INFO] [stdout]                                at /rustc/6067b36314ab5eb2eb47cecc464545ba58e1ad24/library/core/src/panic/unwind_safe.rs:272:9
[INFO] [stdout]   35:     0x62c4a34960ea - std::panicking::try::do_call::h2f73af3616c35465
[INFO] [stdout]                                at /rustc/6067b36314ab5eb2eb47cecc464545ba58e1ad24/library/std/src/panicking.rs:587:40
[INFO] [stdout]   36:     0x62c4a34960ea - std::panicking::try::hd1660ce9efadef5a
[INFO] [stdout]                                at /rustc/6067b36314ab5eb2eb47cecc464545ba58e1ad24/library/std/src/panicking.rs:550:19
[INFO] [stdout]   37:     0x62c4a34960ea - std::panic::catch_unwind::h5ee8d7823b8ca744
[INFO] [stdout]                                at /rustc/6067b36314ab5eb2eb47cecc464545ba58e1ad24/library/std/src/panic.rs:358:14
[INFO] [stdout]   38:     0x62c4a34960ea - std::thread::Builder::spawn_unchecked_::{{closure}}::h53c3a1894dce8407
[INFO] [stdout]                                at /rustc/6067b36314ab5eb2eb47cecc464545ba58e1ad24/library/std/src/thread/mod.rs:557:30
[INFO] [stdout]   39:     0x62c4a34960ea - core::ops::function::FnOnce::call_once{{vtable.shim}}::h048ce291ad4f62bf
[INFO] [stdout]                                at /rustc/6067b36314ab5eb2eb47cecc464545ba58e1ad24/library/core/src/ops/function.rs:250:5
[INFO] [stdout]   40:     0x62c4a35078bb - <alloc::boxed::Box<F,A> as core::ops::function::FnOnce<Args>>::call_once::ha52bedf99a3b4981
[INFO] [stdout]                                at /rustc/6067b36314ab5eb2eb47cecc464545ba58e1ad24/library/alloc/src/boxed.rs:2013:9
[INFO] [stdout]   41:     0x62c4a35078bb - <alloc::boxed::Box<F,A> as core::ops::function::FnOnce<Args>>::call_once::h567748934d80ccf8
[INFO] [stdout]                                at /rustc/6067b36314ab5eb2eb47cecc464545ba58e1ad24/library/alloc/src/boxed.rs:2013:9
[INFO] [stdout]   42:     0x62c4a35078bb - std::sys::pal::unix::thread::Thread::new::thread_start::h2d970728ae887adc
[INFO] [stdout]                                at /rustc/6067b36314ab5eb2eb47cecc464545ba58e1ad24/library/std/src/sys/pal/unix/thread.rs:106:17
[INFO] [stdout]   43:     0x70b082ddeac3 - <unknown>
[INFO] [stdout]   44:     0x70b082e6fa04 - clone
[INFO] [stdout]   45:                0x0 - <unknown>
[INFO] [stdout] 
[INFO] [stdout] ---- core::cpu::cpu_test::cpu_test::test_cpu_init stdout ----
[INFO] [stdout] 
[INFO] [stdout] thread 'core::cpu::cpu_test::cpu_test::test_cpu_init' panicked at src/core/./cpu_test.rs:22:9:
[INFO] [stdout] assertion `left == right` failed
[INFO] [stdout]   left: 253
[INFO] [stdout]  right: 255
[INFO] [stdout] stack backtrace:
[INFO] [stdout]    0:     0x62c4a3501a6a - std::backtrace_rs::backtrace::libunwind::trace::hb059275cfc8d6126
[INFO] [stdout]                                at /rustc/6067b36314ab5eb2eb47cecc464545ba58e1ad24/library/std/src/../../backtrace/src/backtrace/libunwind.rs:116:5
[INFO] [stdout]    1:     0x62c4a3501a6a - std::backtrace_rs::backtrace::trace_unsynchronized::h2da071e4327ce3ee
[INFO] [stdout]                                at /rustc/6067b36314ab5eb2eb47cecc464545ba58e1ad24/library/std/src/../../backtrace/src/backtrace/mod.rs:66:5
[INFO] [stdout]    2:     0x62c4a3501a6a - std::sys::backtrace::_print_fmt::h842a1474e6f8d23f
[INFO] [stdout]                                at /rustc/6067b36314ab5eb2eb47cecc464545ba58e1ad24/library/std/src/sys/backtrace.rs:66:9
[INFO] [stdout]    3:     0x62c4a3501a6a - <std::sys::backtrace::BacktraceLock::print::DisplayBacktrace as core::fmt::Display>::fmt::h71a62eb3b9696b12
[INFO] [stdout]                                at /rustc/6067b36314ab5eb2eb47cecc464545ba58e1ad24/library/std/src/sys/backtrace.rs:39:26
[INFO] [stdout]    4:     0x62c4a3528ff3 - core::fmt::rt::Argument::fmt::hdb6b616786b41dc1
[INFO] [stdout]                                at /rustc/6067b36314ab5eb2eb47cecc464545ba58e1ad24/library/core/src/fmt/rt.rs:177:76
[INFO] [stdout]    5:     0x62c4a3528ff3 - core::fmt::write::h2cc1698af7e2d686
[INFO] [stdout]                                at /rustc/6067b36314ab5eb2eb47cecc464545ba58e1ad24/library/core/src/fmt/mod.rs:1440:21
[INFO] [stdout]    6:     0x62c4a34fe5c3 - std::io::Write::write_fmt::hab1b4cd059a79022
[INFO] [stdout]                                at /rustc/6067b36314ab5eb2eb47cecc464545ba58e1ad24/library/std/src/io/mod.rs:1887:15
[INFO] [stdout]    7:     0x62c4a35018b2 - std::sys::backtrace::BacktraceLock::print::h147fe35b4ea13b08
[INFO] [stdout]                                at /rustc/6067b36314ab5eb2eb47cecc464545ba58e1ad24/library/std/src/sys/backtrace.rs:42:9
[INFO] [stdout]    8:     0x62c4a3502e8f - std::panicking::default_hook::{{closure}}::hbd44223dbdc0d208
[INFO] [stdout]                                at /rustc/6067b36314ab5eb2eb47cecc464545ba58e1ad24/library/std/src/panicking.rs:298:22
[INFO] [stdout]    9:     0x62c4a3502ca8 - std::panicking::default_hook::h20f81eb0576efcec
[INFO] [stdout]                                at /rustc/6067b36314ab5eb2eb47cecc464545ba58e1ad24/library/std/src/panicking.rs:322:9
[INFO] [stdout]   10:     0x62c4a34cb093 - <alloc::boxed::Box<F,A> as core::ops::function::Fn<Args>>::call::hdb53814c496a4d34
[INFO] [stdout]                                at /rustc/6067b36314ab5eb2eb47cecc464545ba58e1ad24/library/alloc/src/boxed.rs:2027:9
[INFO] [stdout]   11:     0x62c4a34cb093 - test::test_main::{{closure}}::hc0a4963c59427c24
[INFO] [stdout]                                at /rustc/6067b36314ab5eb2eb47cecc464545ba58e1ad24/library/test/src/lib.rs:134:21
[INFO] [stdout]   12:     0x62c4a3503983 - <alloc::boxed::Box<F,A> as core::ops::function::Fn<Args>>::call::h591b2225413a77e9
[INFO] [stdout]                                at /rustc/6067b36314ab5eb2eb47cecc464545ba58e1ad24/library/alloc/src/boxed.rs:2027:9
[INFO] [stdout]   13:     0x62c4a3503983 - std::panicking::rust_panic_with_hook::h625eea43051b2edc
[INFO] [stdout]                                at /rustc/6067b36314ab5eb2eb47cecc464545ba58e1ad24/library/std/src/panicking.rs:839:13
[INFO] [stdout]   14:     0x62c4a350363a - std::panicking::begin_panic_handler::{{closure}}::h4f9159cfbc3f6bd3
[INFO] [stdout]                                at /rustc/6067b36314ab5eb2eb47cecc464545ba58e1ad24/library/std/src/panicking.rs:704:13
[INFO] [stdout]   15:     0x62c4a3501f69 - std::sys::backtrace::__rust_end_short_backtrace::h0390abce48353151
[INFO] [stdout]                                at /rustc/6067b36314ab5eb2eb47cecc464545ba58e1ad24/library/std/src/sys/backtrace.rs:168:18
[INFO] [stdout]   16:     0x62c4a35032cd - rust_begin_unwind
[INFO] [stdout]                                at /rustc/6067b36314ab5eb2eb47cecc464545ba58e1ad24/library/std/src/panicking.rs:695:5
[INFO] [stdout]   17:     0x62c4a3527aa0 - core::panicking::panic_fmt::h9e7c637e9e5f29c9
[INFO] [stdout]                                at /rustc/6067b36314ab5eb2eb47cecc464545ba58e1ad24/library/core/src/panicking.rs:75:14
[INFO] [stdout]   18:     0x62c4a3527dc2 - core::panicking::assert_failed_inner::h538bec7c1374cd9c
[INFO] [stdout]   19:     0x62c4a348cc60 - core::panicking::assert_failed::hdae63871cfdbdee3
[INFO] [stdout]                                at /rustc/6067b36314ab5eb2eb47cecc464545ba58e1ad24/library/core/src/panicking.rs:364:5
[INFO] [stdout]   20:     0x62c4a348277c - soliloquy::core::cpu::cpu_test::cpu_test::test_cpu_init::h8f2664ef1fc4e063
[INFO] [stdout]                                at /opt/rustwide/workdir/src/core/./cpu_test.rs:22:9
[INFO] [stdout]   21:     0x62c4a34825c7 - soliloquy::core::cpu::cpu_test::cpu_test::test_cpu_init::{{closure}}::h4c81b47cf6378f13
[INFO] [stdout]                                at /opt/rustwide/workdir/src/core/./cpu_test.rs:16:23
[INFO] [stdout]   22:     0x62c4a348c666 - core::ops::function::FnOnce::call_once::he67d39c1fa94c5c7
[INFO] [stdout]                                at /rustc/6067b36314ab5eb2eb47cecc464545ba58e1ad24/library/core/src/ops/function.rs:250:5
[INFO] [stdout]   23:     0x62c4a34d07eb - core::ops::function::FnOnce::call_once::he27718dfdd183f43
[INFO] [stdout]                                at /rustc/6067b36314ab5eb2eb47cecc464545ba58e1ad24/library/core/src/ops/function.rs:250:5
[INFO] [stdout]   24:     0x62c4a34d07eb - test::__rust_begin_short_backtrace::h4e84902998457a5d
[INFO] [stdout]                                at /rustc/6067b36314ab5eb2eb47cecc464545ba58e1ad24/library/test/src/lib.rs:632:18
[INFO] [stdout]   25:     0x62c4a34cf723 - test::run_test_in_process::{{closure}}::h7176fd18fc1feca0
[INFO] [stdout]                                at /rustc/6067b36314ab5eb2eb47cecc464545ba58e1ad24/library/test/src/lib.rs:655:60
[INFO] [stdout]   26:     0x62c4a34cf723 - <core::panic::unwind_safe::AssertUnwindSafe<F> as core::ops::function::FnOnce<()>>::call_once::hf79cff2a624d8cf7
[INFO] [stdout]                                at /rustc/6067b36314ab5eb2eb47cecc464545ba58e1ad24/library/core/src/panic/unwind_safe.rs:272:9
[INFO] [stdout]   27:     0x62c4a34cf723 - std::panicking::try::do_call::h3da0561d9ab99c25
[INFO] [stdout]                                at /rustc/6067b36314ab5eb2eb47cecc464545ba58e1ad24/library/std/src/panicking.rs:587:40
[INFO] [stdout]   28:     0x62c4a34cf723 - std::panicking::try::h41c9fa508bc61df6
[INFO] [stdout]                                at /rustc/6067b36314ab5eb2eb47cecc464545ba58e1ad24/library/std/src/panicking.rs:550:19
[INFO] [stdout]   29:     0x62c4a34cf723 - std::panic::catch_unwind::h6b3ff07bb5afad93
[INFO] [stdout]                                at /rustc/6067b36314ab5eb2eb47cecc464545ba58e1ad24/library/std/src/panic.rs:358:14
[INFO] [stdout]   30:     0x62c4a34cf723 - test::run_test_in_process::hc7253dd11b39b9f4
[INFO] [stdout]                                at /rustc/6067b36314ab5eb2eb47cecc464545ba58e1ad24/library/test/src/lib.rs:655:27
[INFO] [stdout]   31:     0x62c4a34cf723 - test::run_test::{{closure}}::hfb2007f8649c30bb
[INFO] [stdout]                                at /rustc/6067b36314ab5eb2eb47cecc464545ba58e1ad24/library/test/src/lib.rs:576:43
[INFO] [stdout]   32:     0x62c4a3492805 - test::run_test::{{closure}}::h56a17aa7a282a9f4
[INFO] [stdout]                                at /rustc/6067b36314ab5eb2eb47cecc464545ba58e1ad24/library/test/src/lib.rs:606:41
[INFO] [stdout]   33:     0x62c4a3492805 - std::sys::backtrace::__rust_begin_short_backtrace::hd2d2d2fb8e8c6aac
[INFO] [stdout]                                at /rustc/6067b36314ab5eb2eb47cecc464545ba58e1ad24/library/std/src/sys/backtrace.rs:152:18
[INFO] [stdout]   34:     0x62c4a34960ea - std::thread::Builder::spawn_unchecked_::{{closure}}::{{closure}}::h4faa3f9db6133423
[INFO] [stdout]                                at /rustc/6067b36314ab5eb2eb47cecc464545ba58e1ad24/library/std/src/thread/mod.rs:559:17
[INFO] [stdout]   35:     0x62c4a34960ea - <core::panic::unwind_safe::AssertUnwindSafe<F> as core::ops::function::FnOnce<()>>::call_once::hf2e855a36a4ea846
[INFO] [stdout]                                at /rustc/6067b36314ab5eb2eb47cecc464545ba58e1ad24/library/core/src/panic/unwind_safe.rs:272:9
[INFO] [stdout]   36:     0x62c4a34960ea - std::panicking::try::do_call::h2f73af3616c35465
[INFO] [stdout]                                at /rustc/6067b36314ab5eb2eb47cecc464545ba58e1ad24/library/std/src/panicking.rs:587:40
[INFO] [stdout]   37:     0x62c4a34960ea - std::panicking::try::hd1660ce9efadef5a
[INFO] [stdout]                                at /rustc/6067b36314ab5eb2eb47cecc464545ba58e1ad24/library/std/src/panicking.rs:550:19
[INFO] [stdout]   38:     0x62c4a34960ea - std::panic::catch_unwind::h5ee8d7823b8ca744
[INFO] [stdout]                                at /rustc/6067b36314ab5eb2eb47cecc464545ba58e1ad24/library/std/src/panic.rs:358:14
[INFO] [stdout]   39:     0x62c4a34960ea - std::thread::Builder::spawn_unchecked_::{{closure}}::h53c3a1894dce8407
[INFO] [stdout]                                at /rustc/6067b36314ab5eb2eb47cecc464545ba58e1ad24/library/std/src/thread/mod.rs:557:30
[INFO] [stdout]   40:     0x62c4a34960ea - core::ops::function::FnOnce::call_once{{vtable.shim}}::h048ce291ad4f62bf
[INFO] [stdout]                                at /rustc/6067b36314ab5eb2eb47cecc464545ba58e1ad24/library/core/src/ops/function.rs:250:5
[INFO] [stdout]   41:     0x62c4a35078bb - <alloc::boxed::Box<F,A> as core::ops::function::FnOnce<Args>>::call_once::ha52bedf99a3b4981
[INFO] [stdout]                                at /rustc/6067b36314ab5eb2eb47cecc464545ba58e1ad24/library/alloc/src/boxed.rs:2013:9
[INFO] [stdout]   42:     0x62c4a35078bb - <alloc::boxed::Box<F,A> as core::ops::function::FnOnce<Args>>::call_once::h567748934d80ccf8
[INFO] [stdout]                                at /rustc/6067b36314ab5eb2eb47cecc464545ba58e1ad24/library/alloc/src/boxed.rs:2013:9
[INFO] [stdout]   43:     0x62c4a35078bb - std::sys::pal::unix::thread::Thread::new::thread_start::h2d970728ae887adc
[INFO] [stdout]                                at /rustc/6067b36314ab5eb2eb47cecc464545ba58e1ad24/library/std/src/sys/pal/unix/thread.rs:106:17
[INFO] [stdout]   44:     0x70b082ddeac3 - <unknown>
[INFO] [stdout]   45:     0x70b082e6fa04 - clone
[INFO] [stdout]   46:                0x0 - <unknown>
[INFO] [stdout] 
[INFO] [stdout] ---- core::cpu::cpu_test::cpu_test::test_stack_underflow stdout ----
[INFO] [stdout] 
[INFO] [stdout] thread 'core::cpu::cpu_test::cpu_test::test_stack_underflow' panicked at src/core/./cpu_test.rs:182:9:
[INFO] [stdout] assertion failed: false
[INFO] [stdout] stack backtrace:
[INFO] [stdout]    0:     0x62c4a3501a6a - std::backtrace_rs::backtrace::libunwind::trace::hb059275cfc8d6126
[INFO] [stdout]                                at /rustc/6067b36314ab5eb2eb47cecc464545ba58e1ad24/library/std/src/../../backtrace/src/backtrace/libunwind.rs:116:5
[INFO] [stdout]    1:     0x62c4a3501a6a - std::backtrace_rs::backtrace::trace_unsynchronized::h2da071e4327ce3ee
[INFO] [stdout]                                at /rustc/6067b36314ab5eb2eb47cecc464545ba58e1ad24/library/std/src/../../backtrace/src/backtrace/mod.rs:66:5
[INFO] [stdout]    2:     0x62c4a3501a6a - std::sys::backtrace::_print_fmt::h842a1474e6f8d23f
[INFO] [stdout]                                at /rustc/6067b36314ab5eb2eb47cecc464545ba58e1ad24/library/std/src/sys/backtrace.rs:66:9
[INFO] [stdout]    3:     0x62c4a3501a6a - <std::sys::backtrace::BacktraceLock::print::DisplayBacktrace as core::fmt::Display>::fmt::h71a62eb3b9696b12
[INFO] [stdout]                                at /rustc/6067b36314ab5eb2eb47cecc464545ba58e1ad24/library/std/src/sys/backtrace.rs:39:26
[INFO] [stdout]    4:     0x62c4a3528ff3 - core::fmt::rt::Argument::fmt::hdb6b616786b41dc1
[INFO] [stdout]                                at /rustc/6067b36314ab5eb2eb47cecc464545ba58e1ad24/library/core/src/fmt/rt.rs:177:76
[INFO] [stdout]    5:     0x62c4a3528ff3 - core::fmt::write::h2cc1698af7e2d686
[INFO] [stdout]                                at /rustc/6067b36314ab5eb2eb47cecc464545ba58e1ad24/library/core/src/fmt/mod.rs:1440:21
[INFO] [stdout]    6:     0x62c4a34fe5c3 - std::io::Write::write_fmt::hab1b4cd059a79022
[INFO] [stdout]                                at /rustc/6067b36314ab5eb2eb47cecc464545ba58e1ad24/library/std/src/io/mod.rs:1887:15
[INFO] [stdout]    7:     0x62c4a35018b2 - std::sys::backtrace::BacktraceLock::print::h147fe35b4ea13b08
[INFO] [stdout]                                at /rustc/6067b36314ab5eb2eb47cecc464545ba58e1ad24/library/std/src/sys/backtrace.rs:42:9
[INFO] [stdout]    8:     0x62c4a3502e8f - std::panicking::default_hook::{{closure}}::hbd44223dbdc0d208
[INFO] [stdout]                                at /rustc/6067b36314ab5eb2eb47cecc464545ba58e1ad24/library/std/src/panicking.rs:298:22
[INFO] [stdout]    9:     0x62c4a3502ca8 - std::panicking::default_hook::h20f81eb0576efcec
[INFO] [stdout]                                at /rustc/6067b36314ab5eb2eb47cecc464545ba58e1ad24/library/std/src/panicking.rs:322:9
[INFO] [stdout]   10:     0x62c4a34cb093 - <alloc::boxed::Box<F,A> as core::ops::function::Fn<Args>>::call::hdb53814c496a4d34
[INFO] [stdout]                                at /rustc/6067b36314ab5eb2eb47cecc464545ba58e1ad24/library/alloc/src/boxed.rs:2027:9
[INFO] [stdout]   11:     0x62c4a34cb093 - test::test_main::{{closure}}::hc0a4963c59427c24
[INFO] [stdout]                                at /rustc/6067b36314ab5eb2eb47cecc464545ba58e1ad24/library/test/src/lib.rs:134:21
[INFO] [stdout]   12:     0x62c4a3503983 - <alloc::boxed::Box<F,A> as core::ops::function::Fn<Args>>::call::h591b2225413a77e9
[INFO] [stdout]                                at /rustc/6067b36314ab5eb2eb47cecc464545ba58e1ad24/library/alloc/src/boxed.rs:2027:9
[INFO] [stdout]   13:     0x62c4a3503983 - std::panicking::rust_panic_with_hook::h625eea43051b2edc
[INFO] [stdout]                                at /rustc/6067b36314ab5eb2eb47cecc464545ba58e1ad24/library/std/src/panicking.rs:839:13
[INFO] [stdout]   14:     0x62c4a3503606 - std::panicking::begin_panic_handler::{{closure}}::h4f9159cfbc3f6bd3
[INFO] [stdout]                                at /rustc/6067b36314ab5eb2eb47cecc464545ba58e1ad24/library/std/src/panicking.rs:697:13
[INFO] [stdout]   15:     0x62c4a3501f69 - std::sys::backtrace::__rust_end_short_backtrace::h0390abce48353151
[INFO] [stdout]                                at /rustc/6067b36314ab5eb2eb47cecc464545ba58e1ad24/library/std/src/sys/backtrace.rs:168:18
[INFO] [stdout]   16:     0x62c4a35032cd - rust_begin_unwind
[INFO] [stdout]                                at /rustc/6067b36314ab5eb2eb47cecc464545ba58e1ad24/library/std/src/panicking.rs:695:5
[INFO] [stdout]   17:     0x62c4a3527aa0 - core::panicking::panic_fmt::h9e7c637e9e5f29c9
[INFO] [stdout]                                at /rustc/6067b36314ab5eb2eb47cecc464545ba58e1ad24/library/core/src/panicking.rs:75:14
[INFO] [stdout]   18:     0x62c4a3527b2c - core::panicking::panic::haa3255ea20181a33
[INFO] [stdout]                                at /rustc/6067b36314ab5eb2eb47cecc464545ba58e1ad24/library/core/src/panicking.rs:145:5
[INFO] [stdout]   19:     0x62c4a348445d - soliloquy::core::cpu::cpu_test::cpu_test::test_stack_underflow::h6db44b9be2c99bd0
[INFO] [stdout]                                at /opt/rustwide/workdir/src/core/./cpu_test.rs:182:9
[INFO] [stdout]   20:     0x62c4a3484427 - soliloquy::core::cpu::cpu_test::cpu_test::test_stack_underflow::{{closure}}::h2959d97c04e66666
[INFO] [stdout]                                at /opt/rustwide/workdir/src/core/./cpu_test.rs:181:34
[INFO] [stdout]   21:     0x62c4a348c2d6 - core::ops::function::FnOnce::call_once::haaf9293c4a299b84
[INFO] [stdout]                                at /rustc/6067b36314ab5eb2eb47cecc464545ba58e1ad24/library/core/src/ops/function.rs:250:5
[INFO] [stdout]   22:     0x62c4a34d07eb - core::ops::function::FnOnce::call_once::he27718dfdd183f43
[INFO] [stdout]                                at /rustc/6067b36314ab5eb2eb47cecc464545ba58e1ad24/library/core/src/ops/function.rs:250:5
[INFO] [stdout]   23:     0x62c4a34d07eb - test::__rust_begin_short_backtrace::h4e84902998457a5d
[INFO] [stdout]                                at /rustc/6067b36314ab5eb2eb47cecc464545ba58e1ad24/library/test/src/lib.rs:632:18
[INFO] [stdout]   24:     0x62c4a34cf723 - test::run_test_in_process::{{closure}}::h7176fd18fc1feca0
[INFO] [stdout]                                at /rustc/6067b36314ab5eb2eb47cecc464545ba58e1ad24/library/test/src/lib.rs:655:60
[INFO] [stdout]   25:     0x62c4a34cf723 - <core::panic::unwind_safe::AssertUnwindSafe<F> as core::ops::function::FnOnce<()>>::call_once::hf79cff2a624d8cf7
[INFO] [stdout]                                at /rustc/6067b36314ab5eb2eb47cecc464545ba58e1ad24/library/core/src/panic/unwind_safe.rs:272:9
[INFO] [stdout]   26:     0x62c4a34cf723 - std::panicking::try::do_call::h3da0561d9ab99c25
[INFO] [stdout]                                at /rustc/6067b36314ab5eb2eb47cecc464545ba58e1ad24/library/std/src/panicking.rs:587:40
[INFO] [stdout]   27:     0x62c4a34cf723 - std::panicking::try::h41c9fa508bc61df6
[INFO] [stdout]                                at /rustc/6067b36314ab5eb2eb47cecc464545ba58e1ad24/library/std/src/panicking.rs:550:19
[INFO] [stdout]   28:     0x62c4a34cf723 - std::panic::catch_unwind::h6b3ff07bb5afad93
[INFO] [stdout]                                at /rustc/6067b36314ab5eb2eb47cecc464545ba58e1ad24/library/std/src/panic.rs:358:14
[INFO] [stdout]   29:     0x62c4a34cf723 - test::run_test_in_process::hc7253dd11b39b9f4
[INFO] [stdout]                                at /rustc/6067b36314ab5eb2eb47cecc464545ba58e1ad24/library/test/src/lib.rs:655:27
[INFO] [stdout]   30:     0x62c4a34cf723 - test::run_test::{{closure}}::hfb2007f8649c30bb
[INFO] [stdout]                                at /rustc/6067b36314ab5eb2eb47cecc464545ba58e1ad24/library/test/src/lib.rs:576:43
[INFO] [stdout]   31:     0x62c4a3492805 - test::run_test::{{closure}}::h56a17aa7a282a9f4
[INFO] [stdout]                                at /rustc/6067b36314ab5eb2eb47cecc464545ba58e1ad24/library/test/src/lib.rs:606:41
[INFO] [stdout]   32:     0x62c4a3492805 - std::sys::backtrace::__rust_begin_short_backtrace::hd2d2d2fb8e8c6aac
[INFO] [stdout]                                at /rustc/6067b36314ab5eb2eb47cecc464545ba58e1ad24/library/std/src/sys/backtrace.rs:152:18
[INFO] [stdout]   33:     0x62c4a34960ea - std::thread::Builder::spawn_unchecked_::{{closure}}::{{closure}}::h4faa3f9db6133423
[INFO] [stdout]                                at /rustc/6067b36314ab5eb2eb47cecc464545ba58e1ad24/library/std/src/thread/mod.rs:559:17
[INFO] [stdout]   34:     0x62c4a34960ea - <core::panic::unwind_safe::AssertUnwindSafe<F> as core::ops::function::FnOnce<()>>::call_once::hf2e855a36a4ea846
[INFO] [stdout]                                at /rustc/6067b36314ab5eb2eb47cecc464545ba58e1ad24/library/core/src/panic/unwind_safe.rs:272:9
[INFO] [stdout]   35:     0x62c4a34960ea - std::panicking::try::do_call::h2f73af3616c35465
[INFO] [stdout]                                at /rustc/6067b36314ab5eb2eb47cecc464545ba58e1ad24/library/std/src/panicking.rs:587:40
[INFO] [stdout]   36:     0x62c4a34960ea - std::panicking::try::hd1660ce9efadef5a
[INFO] [stdout]                                at /rustc/6067b36314ab5eb2eb47cecc464545ba58e1ad24/library/std/src/panicking.rs:550:19
[INFO] [stdout]   37:     0x62c4a34960ea - std::panic::catch_unwind::h5ee8d7823b8ca744
[INFO] [stdout]                                at /rustc/6067b36314ab5eb2eb47cecc464545ba58e1ad24/library/std/src/panic.rs:358:14
[INFO] [stdout]   38:     0x62c4a34960ea - std::thread::Builder::spawn_unchecked_::{{closure}}::h53c3a1894dce8407
[INFO] [stdout]                                at /rustc/6067b36314ab5eb2eb47cecc464545ba58e1ad24/library/std/src/thread/mod.rs:557:30
[INFO] [stdout]   39:     0x62c4a34960ea - core::ops::function::FnOnce::call_once{{vtable.shim}}::h048ce291ad4f62bf
[INFO] [stdout]                                at /rustc/6067b36314ab5eb2eb47cecc464545ba58e1ad24/library/core/src/ops/function.rs:250:5
[INFO] [stdout]   40:     0x62c4a35078bb - <alloc::boxed::Box<F,A> as core::ops::function::FnOnce<Args>>::call_once::ha52bedf99a3b4981
[INFO] [stdout]                                at /rustc/6067b36314ab5eb2eb47cecc464545ba58e1ad24/library/alloc/src/boxed.rs:2013:9
[INFO] [stdout]   41:     0x62c4a35078bb - <alloc::boxed::Box<F,A> as core::ops::function::FnOnce<Args>>::call_once::h567748934d80ccf8
[INFO] [stdout]                                at /rustc/6067b36314ab5eb2eb47cecc464545ba58e1ad24/library/alloc/src/boxed.rs:2013:9
[INFO] [stdout]   42:     0x62c4a35078bb - std::sys::pal::unix::thread::Thread::new::thread_start::h2d970728ae887adc
[INFO] [stdout]                                at /rustc/6067b36314ab5eb2eb47cecc464545ba58e1ad24/library/std/src/sys/pal/unix/thread.rs:106:17
[INFO] [stdout]   43:     0x70b082ddeac3 - <unknown>
[INFO] [stdout]   44:     0x70b082e6fa04 - clone
[INFO] [stdout]   45:                0x0 - <unknown>
[INFO] [stdout] 
[INFO] [stdout] 
[INFO] [stdout] failures:
[INFO] [stdout]     core::cpu::cpu_test::cpu_test::testOP_BRK
[INFO] [stdout]     core::cpu::cpu_test::cpu_test::testOP_JMP
[INFO] [stdout]     core::cpu::cpu_test::cpu_test::testOP_JSR
[INFO] [stdout]     core::cpu::cpu_test::cpu_test::testOP_PLP
[INFO] [stdout]     core::cpu::cpu_test::cpu_test::testOP_RTI
[INFO] [stdout]     core::cpu::cpu_test::cpu_test::testOP_RTS
[INFO] [stdout]     core::cpu::cpu_test::cpu_test::test_cpu_init
[INFO] [stdout]     core::cpu::cpu_test::cpu_test::test_stack_overflow
[INFO] [stdout]     core::cpu::cpu_test::cpu_test::test_stack_underflow
[INFO] [stdout] 
[INFO] [stdout] test result: FAILED. 55 passed; 9 failed; 0 ignored; 0 measured; 0 filtered out; finished in 0.08s
[INFO] [stdout] 
[INFO] [stderr] error: test failed, to rerun pass `--lib`
[INFO] running `Command { std: "docker" "inspect" "54a7799ffa4d7965a03d34fcf0f9ba397ba8935fcc5827115d767ba1b101e115", kill_on_drop: false }`
[INFO] running `Command { std: "docker" "rm" "-f" "54a7799ffa4d7965a03d34fcf0f9ba397ba8935fcc5827115d767ba1b101e115", kill_on_drop: false }`
[INFO] [stdout] 54a7799ffa4d7965a03d34fcf0f9ba397ba8935fcc5827115d767ba1b101e115
