[INFO] cloning repository https://github.com/SongQiPing/KuiperInfer_rs
[INFO] running `Command { std: "git" "-c" "credential.helper=" "-c" "credential.helper=/workspace/cargo-home/bin/git-credential-null" "clone" "--bare" "https://github.com/SongQiPing/KuiperInfer_rs" "/workspace/cache/git-repos/https%3A%2F%2Fgithub.com%2FSongQiPing%2FKuiperInfer_rs", kill_on_drop: false }`
[INFO] [stderr] Cloning into bare repository '/workspace/cache/git-repos/https%3A%2F%2Fgithub.com%2FSongQiPing%2FKuiperInfer_rs'...
[INFO] running `Command { std: "git" "rev-parse" "HEAD", kill_on_drop: false }`
[INFO] [stdout] 40ae51862dffbfca6b0415d57f505de257c30e5a
[INFO] testing SongQiPing/KuiperInfer_rs against nightly-2025-01-18 for randomize-layout-2
[INFO] running `Command { std: "git" "clone" "/workspace/cache/git-repos/https%3A%2F%2Fgithub.com%2FSongQiPing%2FKuiperInfer_rs" "/workspace/builds/worker-4-tc1/source", kill_on_drop: false }`
[INFO] [stderr] Cloning into '/workspace/builds/worker-4-tc1/source'...
[INFO] [stderr] done.
[INFO] validating manifest of git repo https://github.com/SongQiPing/KuiperInfer_rs on toolchain nightly-2025-01-18
[INFO] running `Command { std: CARGO_HOME="/workspace/cargo-home" RUSTUP_HOME="/workspace/rustup-home" "/workspace/cargo-home/bin/cargo" "+nightly-2025-01-18" "metadata" "--manifest-path" "Cargo.toml" "--no-deps", kill_on_drop: false }`
[INFO] started tweaking git repo https://github.com/SongQiPing/KuiperInfer_rs
[INFO] finished tweaking git repo https://github.com/SongQiPing/KuiperInfer_rs
[INFO] tweaked toml for git repo https://github.com/SongQiPing/KuiperInfer_rs written to /workspace/builds/worker-4-tc1/source/Cargo.toml
[INFO] crate git repo https://github.com/SongQiPing/KuiperInfer_rs already has a lockfile, it will not be regenerated
[INFO] running `Command { std: CARGO_HOME="/workspace/cargo-home" RUSTUP_HOME="/workspace/rustup-home" "/workspace/cargo-home/bin/cargo" "+nightly-2025-01-18" "fetch" "--manifest-path" "Cargo.toml", kill_on_drop: false }`
[INFO] [stderr]     Updating crates.io index
[INFO] [stderr]  Downloading crates ...
[INFO] [stderr]   Downloaded test-log v0.2.15
[INFO] [stderr]   Downloaded partial-min-max v0.4.0
[INFO] [stderr]   Downloaded test-log-macros v0.2.15
[INFO] running `Command { std: "docker" "create" "-v" "/var/lib/crater-agent-workspace/builds/worker-4-tc1/target:/opt/rustwide/target:rw,Z" "-v" "/var/lib/crater-agent-workspace/builds/worker-4-tc1/source:/opt/rustwide/workdir:ro,Z" "-v" "/var/lib/crater-agent-workspace/cargo-home:/opt/rustwide/cargo-home:ro,Z" "-v" "/var/lib/crater-agent-workspace/rustup-home:/opt/rustwide/rustup-home:ro,Z" "-e" "SOURCE_DIR=/opt/rustwide/workdir" "-e" "CARGO_TARGET_DIR=/opt/rustwide/target" "-e" "CARGO_HOME=/opt/rustwide/cargo-home" "-e" "RUSTUP_HOME=/opt/rustwide/rustup-home" "-w" "/opt/rustwide/workdir" "-m" "1610612736" "--user" "0:0" "--network" "none" "ghcr.io/rust-lang/crates-build-env/linux@sha256:819108c5571ea2e421544af4d832f968d213c87fbe3707a016657f43d2f853bc" "/opt/rustwide/cargo-home/bin/cargo" "+nightly-2025-01-18" "metadata" "--no-deps" "--format-version=1", kill_on_drop: false }`
[INFO] [stdout] de32e72f8e9c63c6974cd89f0fd26c0ec73e319bc50c9624b1633d482381030b
[INFO] running `Command { std: "docker" "start" "-a" "de32e72f8e9c63c6974cd89f0fd26c0ec73e319bc50c9624b1633d482381030b", kill_on_drop: false }`
[INFO] running `Command { std: "docker" "inspect" "de32e72f8e9c63c6974cd89f0fd26c0ec73e319bc50c9624b1633d482381030b", kill_on_drop: false }`
[INFO] running `Command { std: "docker" "rm" "-f" "de32e72f8e9c63c6974cd89f0fd26c0ec73e319bc50c9624b1633d482381030b", kill_on_drop: false }`
[INFO] [stdout] de32e72f8e9c63c6974cd89f0fd26c0ec73e319bc50c9624b1633d482381030b
[INFO] running `Command { std: "docker" "create" "-v" "/var/lib/crater-agent-workspace/builds/worker-4-tc1/target:/opt/rustwide/target:rw,Z" "-v" "/var/lib/crater-agent-workspace/builds/worker-4-tc1/source:/opt/rustwide/workdir:ro,Z" "-v" "/var/lib/crater-agent-workspace/cargo-home:/opt/rustwide/cargo-home:ro,Z" "-v" "/var/lib/crater-agent-workspace/rustup-home:/opt/rustwide/rustup-home:ro,Z" "-e" "SOURCE_DIR=/opt/rustwide/workdir" "-e" "CARGO_TARGET_DIR=/opt/rustwide/target" "-e" "CARGO_INCREMENTAL=0" "-e" "RUST_BACKTRACE=full" "-e" "RUSTFLAGS=--cap-lints=forbid" "-e" "RUSTDOCFLAGS=--cap-lints=forbid" "-e" "CARGO_HOME=/opt/rustwide/cargo-home" "-e" "RUSTUP_HOME=/opt/rustwide/rustup-home" "-w" "/opt/rustwide/workdir" "-m" "1610612736" "--user" "0:0" "--network" "none" "ghcr.io/rust-lang/crates-build-env/linux@sha256:819108c5571ea2e421544af4d832f968d213c87fbe3707a016657f43d2f853bc" "/opt/rustwide/cargo-home/bin/cargo" "+nightly-2025-01-18" "build" "--frozen" "--message-format=json", kill_on_drop: false }`
[INFO] [stdout] e4cb529e90ce19fa29e918adc2ee5cd599d242901b515e0ef1d46c9b9604e2c4
[INFO] running `Command { std: "docker" "start" "-a" "e4cb529e90ce19fa29e918adc2ee5cd599d242901b515e0ef1d46c9b9604e2c4", kill_on_drop: false }`
[INFO] [stderr]    Compiling libc v0.2.153
[INFO] [stderr]    Compiling libm v0.2.8
[INFO] [stderr]    Compiling num-traits v0.2.18
[INFO] [stderr]    Compiling pkg-config v0.3.30
[INFO] [stderr]    Compiling crossbeam-utils v0.8.19
[INFO] [stderr]    Compiling subtle v2.5.0
[INFO] [stderr]    Compiling rayon-core v1.12.1
[INFO] [stderr]    Compiling proc-macro2 v1.0.78
[INFO] [stderr]    Compiling crc32fast v1.4.0
[INFO] [stderr]    Compiling adler v1.0.2
[INFO] [stderr]    Compiling cpufeatures v0.2.12
[INFO] [stderr]    Compiling matrixmultiply v0.3.8
[INFO] [stderr]    Compiling miniz_oxide v0.4.4
[INFO] [stderr]    Compiling generic-array v0.14.7
[INFO] [stderr]    Compiling either v1.10.0
[INFO] [stderr]    Compiling log v0.4.21
[INFO] [stderr]    Compiling adler32 v1.2.0
[INFO] [stderr]    Compiling zstd-safe v5.0.2+zstd.1.5.2
[INFO] [stderr]    Compiling memchr v2.7.1
[INFO] [stderr]    Compiling byteorder v1.5.0
[INFO] [stderr]    Compiling num-rational v0.3.2
[INFO] [stderr]    Compiling rawpointer v0.2.1
[INFO] [stderr]    Compiling base64ct v1.6.0
[INFO] [stderr]    Compiling weezl v0.1.8
[INFO] [stderr]    Compiling regex-syntax v0.8.2
[INFO] [stderr]    Compiling powerfmt v0.2.0
[INFO] [stderr]    Compiling env_filter v0.1.0
[INFO] [stderr]    Compiling deflate v0.8.6
[INFO] [stderr]    Compiling aho-corasick v1.1.2
[INFO] [stderr]    Compiling deranged v0.3.11
[INFO] [stderr]    Compiling miniz_oxide v0.3.7
[INFO] [stderr]    Compiling quote v1.0.35
[INFO] [stderr]    Compiling miniz_oxide v0.7.2
[INFO] [stderr]    Compiling cc v1.0.88
[INFO] [stderr]    Compiling crossbeam-epoch v0.9.18
[INFO] [stderr]    Compiling crypto-common v0.1.6
[INFO] [stderr]    Compiling block-buffer v0.10.4
[INFO] [stderr]    Compiling getrandom v0.2.12
[INFO] [stderr]    Compiling inout v0.1.3
[INFO] [stderr]    Compiling syn v2.0.52
[INFO] [stderr]    Compiling rand_core v0.6.4
[INFO] [stderr]    Compiling digest v0.10.7
[INFO] [stderr]    Compiling cipher v0.4.4
[INFO] [stderr]    Compiling bitflags v1.3.2
[INFO] [stderr]    Compiling hmac v0.12.1
[INFO] [stderr]    Compiling sha2 v0.10.8
[INFO] [stderr]    Compiling quick-error v1.2.3
[INFO] [stderr]    Compiling num-integer v0.1.46
[INFO] [stderr]    Compiling crossbeam-deque v0.8.5
[INFO] [stderr]    Compiling rand_chacha v0.3.1
[INFO] [stderr]    Compiling password-hash v0.4.2
[INFO] [stderr]    Compiling num-complex v0.4.5
[INFO] [stderr]    Compiling time-core v0.1.2
[INFO] [stderr]    Compiling color_quant v1.1.0
[INFO] [stderr]    Compiling num-conv v0.1.0
[INFO] [stderr]    Compiling aes v0.8.4
[INFO] [stderr]    Compiling rand v0.8.5
[INFO] [stderr]    Compiling gif v0.11.4
[INFO] [stderr]    Compiling num-iter v0.1.44
[INFO] [stderr]    Compiling time v0.3.34
[INFO] [stderr]    Compiling pbkdf2 v0.11.0
[INFO] [stderr]    Compiling humantime v1.3.0
[INFO] [stderr]    Compiling png v0.16.8
[INFO] [stderr]    Compiling sha1 v0.10.6
[INFO] [stderr]    Compiling ndarray v0.15.6
[INFO] [stderr]    Compiling flate2 v1.0.28
[INFO] [stderr]    Compiling zstd-sys v2.0.9+zstd.1.5.5
[INFO] [stderr]    Compiling bzip2-sys v0.1.11+1.0.8
[INFO] [stderr]    Compiling atty v0.2.14
[INFO] [stderr]    Compiling rayon v1.10.0
[INFO] [stderr]    Compiling env_logger v0.11.3
[INFO] [stderr]    Compiling scoped_threadpool v0.1.9
[INFO] [stderr]    Compiling bytemuck v1.15.0
[INFO] [stderr]    Compiling rand_distr v0.4.3
[INFO] [stderr]    Compiling constant_time_eq v0.1.5
[INFO] [stderr]    Compiling regex-automata v0.4.6
[INFO] [stderr]    Compiling termcolor v1.4.1
[INFO] [stderr]    Compiling approx v0.5.1
[INFO] [stderr]    Compiling partial-min-max v0.4.0
[INFO] [stderr]    Compiling lazy_static v1.4.0
[INFO] [stderr]    Compiling bzip2 v0.4.4
[INFO] [stderr]    Compiling test-log-macros v0.2.15
[INFO] [stderr]    Compiling test-log v0.2.15
[INFO] [stderr]    Compiling regex v1.10.3
[INFO] [stderr]    Compiling jpeg-decoder v0.1.22
[INFO] [stderr]    Compiling env_logger v0.6.2
[INFO] [stderr]    Compiling tiff v0.6.1
[INFO] [stderr]    Compiling ndarray-rand v0.14.0
[INFO] [stderr]    Compiling image v0.23.14
[INFO] [stderr]    Compiling zstd v0.11.2+zstd.1.5.2
[INFO] [stderr]    Compiling zip v0.6.6
[INFO] [stderr]    Compiling kuiper_infer v0.1.0 (/opt/rustwide/workdir)
[INFO] [stderr]     Finished `dev` profile [unoptimized + debuginfo] target(s) in 37.78s
[INFO] running `Command { std: "docker" "inspect" "e4cb529e90ce19fa29e918adc2ee5cd599d242901b515e0ef1d46c9b9604e2c4", kill_on_drop: false }`
[INFO] running `Command { std: "docker" "rm" "-f" "e4cb529e90ce19fa29e918adc2ee5cd599d242901b515e0ef1d46c9b9604e2c4", kill_on_drop: false }`
[INFO] [stdout] e4cb529e90ce19fa29e918adc2ee5cd599d242901b515e0ef1d46c9b9604e2c4
[INFO] running `Command { std: "docker" "create" "-v" "/var/lib/crater-agent-workspace/builds/worker-4-tc1/target:/opt/rustwide/target:rw,Z" "-v" "/var/lib/crater-agent-workspace/builds/worker-4-tc1/source:/opt/rustwide/workdir:ro,Z" "-v" "/var/lib/crater-agent-workspace/cargo-home:/opt/rustwide/cargo-home:ro,Z" "-v" "/var/lib/crater-agent-workspace/rustup-home:/opt/rustwide/rustup-home:ro,Z" "-e" "SOURCE_DIR=/opt/rustwide/workdir" "-e" "CARGO_TARGET_DIR=/opt/rustwide/target" "-e" "CARGO_INCREMENTAL=0" "-e" "RUST_BACKTRACE=full" "-e" "RUSTFLAGS=--cap-lints=forbid" "-e" "RUSTDOCFLAGS=--cap-lints=forbid" "-e" "CARGO_HOME=/opt/rustwide/cargo-home" "-e" "RUSTUP_HOME=/opt/rustwide/rustup-home" "-w" "/opt/rustwide/workdir" "-m" "1610612736" "--user" "0:0" "--network" "none" "ghcr.io/rust-lang/crates-build-env/linux@sha256:819108c5571ea2e421544af4d832f968d213c87fbe3707a016657f43d2f853bc" "/opt/rustwide/cargo-home/bin/cargo" "+nightly-2025-01-18" "test" "--frozen" "--no-run" "--message-format=json", kill_on_drop: false }`
[INFO] [stdout] 10193e9fc848722dc3ca28260587c8212338c2a62e5c1facec665f839be5a27e
[INFO] running `Command { std: "docker" "start" "-a" "10193e9fc848722dc3ca28260587c8212338c2a62e5c1facec665f839be5a27e", kill_on_drop: false }`
[INFO] [stderr]    Compiling kuiper_infer v0.1.0 (/opt/rustwide/workdir)
[INFO] [stderr]     Finished `test` profile [unoptimized + debuginfo] target(s) in 4.53s
[INFO] running `Command { std: "docker" "inspect" "10193e9fc848722dc3ca28260587c8212338c2a62e5c1facec665f839be5a27e", kill_on_drop: false }`
[INFO] running `Command { std: "docker" "rm" "-f" "10193e9fc848722dc3ca28260587c8212338c2a62e5c1facec665f839be5a27e", kill_on_drop: false }`
[INFO] [stdout] 10193e9fc848722dc3ca28260587c8212338c2a62e5c1facec665f839be5a27e
[INFO] running `Command { std: "docker" "create" "-v" "/var/lib/crater-agent-workspace/builds/worker-4-tc1/target:/opt/rustwide/target:rw,Z" "-v" "/var/lib/crater-agent-workspace/builds/worker-4-tc1/source:/opt/rustwide/workdir:ro,Z" "-v" "/var/lib/crater-agent-workspace/cargo-home:/opt/rustwide/cargo-home:ro,Z" "-v" "/var/lib/crater-agent-workspace/rustup-home:/opt/rustwide/rustup-home:ro,Z" "-e" "SOURCE_DIR=/opt/rustwide/workdir" "-e" "CARGO_TARGET_DIR=/opt/rustwide/target" "-e" "CARGO_INCREMENTAL=0" "-e" "RUST_BACKTRACE=full" "-e" "RUSTFLAGS=--cap-lints=forbid" "-e" "RUSTDOCFLAGS=--cap-lints=forbid" "-e" "CARGO_HOME=/opt/rustwide/cargo-home" "-e" "RUSTUP_HOME=/opt/rustwide/rustup-home" "-w" "/opt/rustwide/workdir" "-m" "1610612736" "--user" "0:0" "--network" "none" "ghcr.io/rust-lang/crates-build-env/linux@sha256:819108c5571ea2e421544af4d832f968d213c87fbe3707a016657f43d2f853bc" "/opt/rustwide/cargo-home/bin/cargo" "+nightly-2025-01-18" "test" "--frozen", kill_on_drop: false }`
[INFO] [stdout] cb2d9aa66c611afe783e77ebf676434a6ff66b38c0bb2ed7b2ef561cad6e1046
[INFO] running `Command { std: "docker" "start" "-a" "cb2d9aa66c611afe783e77ebf676434a6ff66b38c0bb2ed7b2ef561cad6e1046", kill_on_drop: false }`
[INFO] [stderr]     Finished `test` profile [unoptimized + debuginfo] target(s) in 0.10s
[INFO] [stderr]      Running unittests src/lib.rs (/opt/rustwide/target/debug/deps/kuiper_infer-97af583c6d333427)
[INFO] [stdout] 
[INFO] [stdout] running 73 tests
[INFO] [stdout] test data::tensor::test_tensor::test_set_data ... ok
[INFO] [stdout] test data::tensor::test_tensor::test_index ... ok
[INFO] [stdout] test data::tensor::test_tensor::test_slice ... ok
[INFO] [stdout] test data::tensor::test_tensor::test_tensor_data ... ok
[INFO] [stdout] test data::tensor::test_tensor::test_new_tensor ... ok
[INFO] [stdout] test data::tensor::test_tensor::test_tensor_init1 ... ok
[INFO] [stdout] test data::tensor::test_tensor::test_tensor_init_1d ... ok
[INFO] [stdout] test data::tensor::test_tensor::test_tensor_init_2d ... ok
[INFO] [stdout] test data::tensor::test_tensor::test_tensor_init5 ... ok
[INFO] [stdout] test layer::abstract_layer::layer_factory::test_runtime_operator_util::test_get_relu ... ok
[INFO] [stdout] test layer::details::adaptive_avgpooling::test_sigmoid_layer::test_create_layer_find ... ok
[INFO] [stdout] test layer::details::adaptive_avgpooling::test_sigmoid_layer::test_create_layer_poolingforward ... ok
[INFO] [stdout] test layer::details::adaptive_avgpooling::test_sigmoid_layer::test_create_layer_poolingforward_1 ... ok
[INFO] [stdout] test data::torch_utils::test_torch_utils::test_create_tensor ... ok
[INFO] [stdout] test layer::abstract_layer::layer::test_abrastra_layer::test_forward ... ok
[INFO] [stdout] test data::tensor::test_tensor::test_tensor_init4 ... ok
[INFO] [stdout] test data::tensor::test_tensor::test_tensor_init3 ... ok
[INFO] [stdout] test data::tensor::test_tensor::test_tensor_init2 ... ok
[INFO] [stdout] test layer::details::convolution::test_conv2d_layer::test_create_layer_find ... ok
[INFO] [stdout] test layer::details::flatten::test_sigmoid_layer::test_create_layer_poolingforward ... ok
[INFO] [stdout] test layer::details::flatten::test_sigmoid_layer::test_create_layer_poolingforward_1 ... ok
[INFO] [stdout] test layer::details::linear::test_linear_layer::test_layer_forward ... ok
[INFO] [stdout] test layer::details::linear::test_linear_layer::test ... ok
[INFO] [stdout] test layer::details::convolution::test_conv2d_layer::test_im2col ... ok
[INFO] [stdout] test layer::details::relu::test_abrastra_layer::test_create_layer_reluforward ... ok
[INFO] [stdout] test layer::details::relu::test_abrastra_layer::test_relu_forward ... ok
[INFO] [stdout] test layer::details::maxpooling::test_sigmoid_layer::test_create_layer_poolingforward_1 ... ok
[INFO] [stdout] test layer::details::sigmoid::test_sigmoid_layer::test_create_layer_reluforward ... ok
[INFO] [stdout] test layer::details::linear::test_linear_layer::test_create_layer_find ... ok
[INFO] [stdout] test layer::details::maxpooling::test_sigmoid_layer::test_create_layer_find ... ok
[INFO] [stdout] test layer::details::relu::test_abrastra_layer::test_create_layer_find ... ok
[INFO] [stdout] test layer::details::softmax::test_softmax_layer::test_create_layer_find ... ok
[INFO] [stdout] test layer::details::maxpooling::test_sigmoid_layer::test_new_maxpooling ... ok
[INFO] [stdout] test layer::details::sigmoid::test_sigmoid_layer::test_create_layer_find ... ok
[INFO] [stdout] test layer::details::maxpooling::test_sigmoid_layer::test_create_layer_poolingforward ... ok
[INFO] [stdout] test data::torch_utils::test_torch_utils::test ... ok
[INFO] [stdout] test layer::details::softmax::test_softmax_layer::test_create_layer_reluforward ... ok
[INFO] [stdout] test parser::test_parse::test_parser_generate1 ... ok
[INFO] [stdout] test parser::test_parse::test_parser_reverse_polish ... ok
[INFO] [stdout] test parser::test_parse::test_parser_generate2 ... ok
[INFO] [stdout] test parser::test_parse::test_simple_parser ... ok
[INFO] [stdout] test layer::details::flatten::test_sigmoid_layer::test_create_layer_find ... ok
[INFO] [stdout] test runtime::pnnx::parameter::test_parameter::test_get_bool ... ok
[INFO] [stdout] test parser::test_rust::test_string_slice ... ok
[INFO] [stdout] test runtime::pnnx::parameter::test_parameter::test_get_float ... ok
[INFO] [stdout] test runtime::pnnx::store_zip::test_store_zip_read::new_store_zip ... ok
[INFO] [stdout] test runtime::pnnx::parameter::test_parameter::test_parse_from_string ... ok
[INFO] [stdout] test runtime::runtime_attribute::test_runtime_attribute::test_get_with_float32 ... ok
[INFO] [stdout] test runtime::pnnx::parameter::test_parameter::test_get_int ... ok
[INFO] [stdout] test runtime::pnnx::parameter::test_parameter::test_get_int_list ... ok
[INFO] [stdout] test runtime::runtime_attribute::test_runtime_attribute::test_get_with_u32 ... ok
[INFO] [stdout] test runtime::pnnx::store_zip::test_store_zip_read::open_file ... ok
[INFO] [stdout] test runtime::pnnx::store_zip::test_zip_rs::test_read_local_file_header ... ok
[INFO] [stdout] test runtime::pnnx::parameter::test_parameter::test_get_string ... ok
[INFO] [stdout] test runtime::pnnx::parameter::test_parameter::test_get_float_list ... ok
[INFO] [stdout] test runtime::runtime_graph::test_runrime_graph::test_init ... ok
[INFO] [stdout] test runtime::runtime_operator::test_operator::test_new ... ok
[INFO] [stdout] test runtime::runtime_operator::test_runtime_operator_util::test_init_operator_input ... ok
[INFO] [stdout] test runtime::runtime_graph::test_runrime_graph::test_new_graph ... ok
[INFO] [stdout] test runtime::runtime_attribute::test_runtime_attribute::test_get_with_u8 ... ok
[INFO] [stdout] test layer::details::expression::test_expression_layer::tet_expression_layer ... ok
[INFO] [stdout] test runtime::runtime_graph::test_graph_topo::test_build_output_ops2 ... ok
[INFO] [stdout] test runtime::pnnx::parameter::test_parameter::test_get_string_list ... ok
[INFO] [stdout] test runtime::runtime_graph::test_graph_topo::test_build_output_ops ... ok
[INFO] [stdout] test runtime::runtime_graph::test_graph_topo::test_build_status ... ok
[INFO] [stdout] test runtime::pnnx::store_zip::test_zip_rs::test ... FAILED
[INFO] [stdout] test runtime::runtime_graph::test_runrime_graph::test_init_para_path_empty - should panic ... ok
[INFO] [stdout] test runtime::runtime_graph::test_runrime_graph::test_init_bin_path_empty - should panic ... ok
[INFO] [stdout] test layer::details::convolution::test_conv2d_layer::test_create_layer ... ok
[INFO] [stdout] test runtime::runtime_graph::test_graph_topo::test_build_output_tensors ... ok
[INFO] [stdout] test layer::details::convolution::test_conv2d_layer::test_create_layer_conv2d_forward_from_pnnx ... ok
[INFO] [stdout] test layer::details::convolution::test_conv2d_layer::test_conv2d_forward_groups1 ... ok
[INFO] [stdout] test layer::details::convolution::test_conv2d_layer::test_conv2d_forward_resnet has been running for over 60 seconds
[INFO] [stdout] test layer::details::convolution::test_conv2d_layer::test_conv2d_forward_resnet ... ok
[INFO] [stdout] 
[INFO] [stdout] failures:
[INFO] [stdout] 
[INFO] [stdout] ---- runtime::pnnx::store_zip::test_zip_rs::test stdout ----
[INFO] [stdout] File 0 extracted to "linear.bias" (512 bytes)
[INFO] [stdout] 
[INFO] [stdout] thread 'runtime::pnnx::store_zip::test_zip_rs::test' panicked at src/runtime/pnnx/store_zip.rs:424:62:
[INFO] [stdout] called `Result::unwrap()` on an `Err` value: Os { code: 30, kind: ReadOnlyFilesystem, message: "Read-only file system" }
[INFO] [stdout] stack backtrace:
[INFO] [stdout]    0:     0x59c38e6e3ffa - std::backtrace_rs::backtrace::libunwind::trace::hb059275cfc8d6126
[INFO] [stdout]                                at /rustc/6067b36314ab5eb2eb47cecc464545ba58e1ad24/library/std/src/../../backtrace/src/backtrace/libunwind.rs:116:5
[INFO] [stdout]    1:     0x59c38e6e3ffa - std::backtrace_rs::backtrace::trace_unsynchronized::h2da071e4327ce3ee
[INFO] [stdout]                                at /rustc/6067b36314ab5eb2eb47cecc464545ba58e1ad24/library/std/src/../../backtrace/src/backtrace/mod.rs:66:5
[INFO] [stdout]    2:     0x59c38e6e3ffa - std::sys::backtrace::_print_fmt::h842a1474e6f8d23f
[INFO] [stdout]                                at /rustc/6067b36314ab5eb2eb47cecc464545ba58e1ad24/library/std/src/sys/backtrace.rs:66:9
[INFO] [stdout]    3:     0x59c38e6e3ffa - <std::sys::backtrace::BacktraceLock::print::DisplayBacktrace as core::fmt::Display>::fmt::h71a62eb3b9696b12
[INFO] [stdout]                                at /rustc/6067b36314ab5eb2eb47cecc464545ba58e1ad24/library/std/src/sys/backtrace.rs:39:26
[INFO] [stdout]    4:     0x59c38e70e343 - core::fmt::rt::Argument::fmt::hdb6b616786b41dc1
[INFO] [stdout]                                at /rustc/6067b36314ab5eb2eb47cecc464545ba58e1ad24/library/core/src/fmt/rt.rs:177:76
[INFO] [stdout]    5:     0x59c38e70e343 - core::fmt::write::h2cc1698af7e2d686
[INFO] [stdout]                                at /rustc/6067b36314ab5eb2eb47cecc464545ba58e1ad24/library/core/src/fmt/mod.rs:1440:21
[INFO] [stdout]    6:     0x59c38e6e09d3 - std::io::Write::write_fmt::hab1b4cd059a79022
[INFO] [stdout]                                at /rustc/6067b36314ab5eb2eb47cecc464545ba58e1ad24/library/std/src/io/mod.rs:1887:15
[INFO] [stdout]    7:     0x59c38e6e3e42 - std::sys::backtrace::BacktraceLock::print::h147fe35b4ea13b08
[INFO] [stdout]                                at /rustc/6067b36314ab5eb2eb47cecc464545ba58e1ad24/library/std/src/sys/backtrace.rs:42:9
[INFO] [stdout]    8:     0x59c38e6e541f - std::panicking::default_hook::{{closure}}::hbd44223dbdc0d208
[INFO] [stdout]                                at /rustc/6067b36314ab5eb2eb47cecc464545ba58e1ad24/library/std/src/panicking.rs:298:22
[INFO] [stdout]    9:     0x59c38e6e5238 - std::panicking::default_hook::h20f81eb0576efcec
[INFO] [stdout]                                at /rustc/6067b36314ab5eb2eb47cecc464545ba58e1ad24/library/std/src/panicking.rs:322:9
[INFO] [stdout]   10:     0x59c38e380473 - <alloc::boxed::Box<F,A> as core::ops::function::Fn<Args>>::call::hdb53814c496a4d34
[INFO] [stdout]                                at /rustc/6067b36314ab5eb2eb47cecc464545ba58e1ad24/library/alloc/src/boxed.rs:2027:9
[INFO] [stdout]   11:     0x59c38e380473 - test::test_main::{{closure}}::hc0a4963c59427c24
[INFO] [stdout]                                at /rustc/6067b36314ab5eb2eb47cecc464545ba58e1ad24/library/test/src/lib.rs:134:21
[INFO] [stdout]   12:     0x59c38e6e5f13 - <alloc::boxed::Box<F,A> as core::ops::function::Fn<Args>>::call::h591b2225413a77e9
[INFO] [stdout]                                at /rustc/6067b36314ab5eb2eb47cecc464545ba58e1ad24/library/alloc/src/boxed.rs:2027:9
[INFO] [stdout]   13:     0x59c38e6e5f13 - std::panicking::rust_panic_with_hook::h625eea43051b2edc
[INFO] [stdout]                                at /rustc/6067b36314ab5eb2eb47cecc464545ba58e1ad24/library/std/src/panicking.rs:839:13
[INFO] [stdout]   14:     0x59c38e6e5bca - std::panicking::begin_panic_handler::{{closure}}::h4f9159cfbc3f6bd3
[INFO] [stdout]                                at /rustc/6067b36314ab5eb2eb47cecc464545ba58e1ad24/library/std/src/panicking.rs:704:13
[INFO] [stdout]   15:     0x59c38e6e44f9 - std::sys::backtrace::__rust_end_short_backtrace::h0390abce48353151
[INFO] [stdout]                                at /rustc/6067b36314ab5eb2eb47cecc464545ba58e1ad24/library/std/src/sys/backtrace.rs:168:18
[INFO] [stdout]   16:     0x59c38e6e585d - rust_begin_unwind
[INFO] [stdout]                                at /rustc/6067b36314ab5eb2eb47cecc464545ba58e1ad24/library/std/src/panicking.rs:695:5
[INFO] [stdout]   17:     0x59c38e70bb40 - core::panicking::panic_fmt::h9e7c637e9e5f29c9
[INFO] [stdout]                                at /rustc/6067b36314ab5eb2eb47cecc464545ba58e1ad24/library/core/src/panicking.rs:75:14
[INFO] [stdout]   18:     0x59c38e70c016 - core::result::unwrap_failed::h7979f09313fe1849
[INFO] [stdout]                                at /rustc/6067b36314ab5eb2eb47cecc464545ba58e1ad24/library/core/src/result.rs:1704:5
[INFO] [stdout]   19:     0x59c38e22bf56 - core::result::Result<T,E>::unwrap::h557b272a5467b35e
[INFO] [stdout]                                at /rustc/6067b36314ab5eb2eb47cecc464545ba58e1ad24/library/core/src/result.rs:1109:23
[INFO] [stdout]   20:     0x59c38e22bf56 - kuiper_infer::runtime::pnnx::store_zip::test_zip_rs::test::h1962b35a27f03d18
[INFO] [stdout]                                at /opt/rustwide/workdir/src/runtime/pnnx/store_zip.rs:424:35
[INFO] [stdout]   21:     0x59c38e22b557 - kuiper_infer::runtime::pnnx::store_zip::test_zip_rs::test::{{closure}}::h88d2e2efc8a27a05
[INFO] [stdout]                                at /opt/rustwide/workdir/src/runtime/pnnx/store_zip.rs:389:14
[INFO] [stdout]   22:     0x59c38e1f5b56 - core::ops::function::FnOnce::call_once::h095a033e02acb6db
[INFO] [stdout]                                at /rustc/6067b36314ab5eb2eb47cecc464545ba58e1ad24/library/core/src/ops/function.rs:250:5
[INFO] [stdout]   23:     0x59c38e385bcb - core::ops::function::FnOnce::call_once::he27718dfdd183f43
[INFO] [stdout]                                at /rustc/6067b36314ab5eb2eb47cecc464545ba58e1ad24/library/core/src/ops/function.rs:250:5
[INFO] [stdout]   24:     0x59c38e385bcb - test::__rust_begin_short_backtrace::h4e84902998457a5d
[INFO] [stdout]                                at /rustc/6067b36314ab5eb2eb47cecc464545ba58e1ad24/library/test/src/lib.rs:632:18
[INFO] [stdout]   25:     0x59c38e384b03 - test::run_test_in_process::{{closure}}::h7176fd18fc1feca0
[INFO] [stdout]                                at /rustc/6067b36314ab5eb2eb47cecc464545ba58e1ad24/library/test/src/lib.rs:655:60
[INFO] [stdout]   26:     0x59c38e384b03 - <core::panic::unwind_safe::AssertUnwindSafe<F> as core::ops::function::FnOnce<()>>::call_once::hf79cff2a624d8cf7
[INFO] [stdout]                                at /rustc/6067b36314ab5eb2eb47cecc464545ba58e1ad24/library/core/src/panic/unwind_safe.rs:272:9
[INFO] [stdout]   27:     0x59c38e384b03 - std::panicking::try::do_call::h3da0561d9ab99c25
[INFO] [stdout]                                at /rustc/6067b36314ab5eb2eb47cecc464545ba58e1ad24/library/std/src/panicking.rs:587:40
[INFO] [stdout]   28:     0x59c38e384b03 - std::panicking::try::h41c9fa508bc61df6
[INFO] [stdout]                                at /rustc/6067b36314ab5eb2eb47cecc464545ba58e1ad24/library/std/src/panicking.rs:550:19
[INFO] [stdout]   29:     0x59c38e384b03 - std::panic::catch_unwind::h6b3ff07bb5afad93
[INFO] [stdout]                                at /rustc/6067b36314ab5eb2eb47cecc464545ba58e1ad24/library/std/src/panic.rs:358:14
[INFO] [stdout]   30:     0x59c38e384b03 - test::run_test_in_process::hc7253dd11b39b9f4
[INFO] [stdout]                                at /rustc/6067b36314ab5eb2eb47cecc464545ba58e1ad24/library/test/src/lib.rs:655:27
[INFO] [stdout]   31:     0x59c38e384b03 - test::run_test::{{closure}}::hfb2007f8649c30bb
[INFO] [stdout]                                at /rustc/6067b36314ab5eb2eb47cecc464545ba58e1ad24/library/test/src/lib.rs:576:43
[INFO] [stdout]   32:     0x59c38e347be5 - test::run_test::{{closure}}::h56a17aa7a282a9f4
[INFO] [stdout]                                at /rustc/6067b36314ab5eb2eb47cecc464545ba58e1ad24/library/test/src/lib.rs:606:41
[INFO] [stdout]   33:     0x59c38e347be5 - std::sys::backtrace::__rust_begin_short_backtrace::hd2d2d2fb8e8c6aac
[INFO] [stdout]                                at /rustc/6067b36314ab5eb2eb47cecc464545ba58e1ad24/library/std/src/sys/backtrace.rs:152:18
[INFO] [stdout]   34:     0x59c38e34b4ca - std::thread::Builder::spawn_unchecked_::{{closure}}::{{closure}}::h4faa3f9db6133423
[INFO] [stdout]                                at /rustc/6067b36314ab5eb2eb47cecc464545ba58e1ad24/library/std/src/thread/mod.rs:559:17
[INFO] [stdout]   35:     0x59c38e34b4ca - <core::panic::unwind_safe::AssertUnwindSafe<F> as core::ops::function::FnOnce<()>>::call_once::hf2e855a36a4ea846
[INFO] [stdout]                                at /rustc/6067b36314ab5eb2eb47cecc464545ba58e1ad24/library/core/src/panic/unwind_safe.rs:272:9
[INFO] [stdout]   36:     0x59c38e34b4ca - std::panicking::try::do_call::h2f73af3616c35465
[INFO] [stdout]                                at /rustc/6067b36314ab5eb2eb47cecc464545ba58e1ad24/library/std/src/panicking.rs:587:40
[INFO] [stdout]   37:     0x59c38e34b4ca - std::panicking::try::hd1660ce9efadef5a
[INFO] [stdout]                                at /rustc/6067b36314ab5eb2eb47cecc464545ba58e1ad24/library/std/src/panicking.rs:550:19
[INFO] [stdout]   38:     0x59c38e34b4ca - std::panic::catch_unwind::h5ee8d7823b8ca744
[INFO] [stdout]                                at /rustc/6067b36314ab5eb2eb47cecc464545ba58e1ad24/library/std/src/panic.rs:358:14
[INFO] [stdout]   39:     0x59c38e34b4ca - std::thread::Builder::spawn_unchecked_::{{closure}}::h53c3a1894dce8407
[INFO] [stdout]                                at /rustc/6067b36314ab5eb2eb47cecc464545ba58e1ad24/library/std/src/thread/mod.rs:557:30
[INFO] [stdout]   40:     0x59c38e34b4ca - core::ops::function::FnOnce::call_once{{vtable.shim}}::h048ce291ad4f62bf
[INFO] [stdout]                                at /rustc/6067b36314ab5eb2eb47cecc464545ba58e1ad24/library/core/src/ops/function.rs:250:5
[INFO] [stdout]   41:     0x59c38e6e9f1b - <alloc::boxed::Box<F,A> as core::ops::function::FnOnce<Args>>::call_once::ha52bedf99a3b4981
[INFO] [stdout]                                at /rustc/6067b36314ab5eb2eb47cecc464545ba58e1ad24/library/alloc/src/boxed.rs:2013:9
[INFO] [stdout]   42:     0x59c38e6e9f1b - <alloc::boxed::Box<F,A> as core::ops::function::FnOnce<Args>>::call_once::h567748934d80ccf8
[INFO] [stdout]                                at /rustc/6067b36314ab5eb2eb47cecc464545ba58e1ad24/library/alloc/src/boxed.rs:2013:9
[INFO] [stdout]   43:     0x59c38e6e9f1b - std::sys::pal::unix::thread::Thread::new::thread_start::h2d970728ae887adc
[INFO] [stdout]                                at /rustc/6067b36314ab5eb2eb47cecc464545ba58e1ad24/library/std/src/sys/pal/unix/thread.rs:106:17
[INFO] [stdout]   44:     0x76c5177afac3 - <unknown>
[INFO] [stdout]   45:     0x76c517840a04 - clone
[INFO] [stdout]   46:                0x0 - <unknown>
[INFO] [stdout] 
[INFO] [stdout] 
[INFO] [stdout] failures:
[INFO] [stdout]     runtime::pnnx::store_zip::test_zip_rs::test
[INFO] [stdout] 
[INFO] [stdout] test result: FAILED. 72 passed; 1 failed; 0 ignored; 0 measured; 0 filtered out; finished in 97.87s
[INFO] [stdout] 
[INFO] [stderr] error: test failed, to rerun pass `--lib`
[INFO] running `Command { std: "docker" "inspect" "cb2d9aa66c611afe783e77ebf676434a6ff66b38c0bb2ed7b2ef561cad6e1046", kill_on_drop: false }`
[INFO] running `Command { std: "docker" "rm" "-f" "cb2d9aa66c611afe783e77ebf676434a6ff66b38c0bb2ed7b2ef561cad6e1046", kill_on_drop: false }`
[INFO] [stdout] cb2d9aa66c611afe783e77ebf676434a6ff66b38c0bb2ed7b2ef561cad6e1046
