[INFO] cloning repository https://github.com/Siriusmart/libccanvas
[INFO] running `Command { std: "git" "-c" "credential.helper=" "-c" "credential.helper=/workspace/cargo-home/bin/git-credential-null" "clone" "--bare" "https://github.com/Siriusmart/libccanvas" "/workspace/cache/git-repos/https%3A%2F%2Fgithub.com%2FSiriusmart%2Flibccanvas", kill_on_drop: false }`
[INFO] [stderr] Cloning into bare repository '/workspace/cache/git-repos/https%3A%2F%2Fgithub.com%2FSiriusmart%2Flibccanvas'...
[INFO] running `Command { std: "git" "rev-parse" "HEAD", kill_on_drop: false }`
[INFO] [stdout] e12fc08f81d91791d515a715ecc0372902438fe5
[INFO] testing Siriusmart/libccanvas against nightly-2025-01-18 for randomize-layout-2
[INFO] running `Command { std: "git" "clone" "/workspace/cache/git-repos/https%3A%2F%2Fgithub.com%2FSiriusmart%2Flibccanvas" "/workspace/builds/worker-1-tc1/source", kill_on_drop: false }`
[INFO] [stderr] Cloning into '/workspace/builds/worker-1-tc1/source'...
[INFO] [stderr] done.
[INFO] validating manifest of git repo https://github.com/Siriusmart/libccanvas on toolchain nightly-2025-01-18
[INFO] running `Command { std: CARGO_HOME="/workspace/cargo-home" RUSTUP_HOME="/workspace/rustup-home" "/workspace/cargo-home/bin/cargo" "+nightly-2025-01-18" "metadata" "--manifest-path" "Cargo.toml" "--no-deps", kill_on_drop: false }`
[INFO] started tweaking git repo https://github.com/Siriusmart/libccanvas
[INFO] finished tweaking git repo https://github.com/Siriusmart/libccanvas
[INFO] tweaked toml for git repo https://github.com/Siriusmart/libccanvas written to /workspace/builds/worker-1-tc1/source/Cargo.toml
[INFO] crate git repo https://github.com/Siriusmart/libccanvas already has a lockfile, it will not be regenerated
[INFO] running `Command { std: CARGO_HOME="/workspace/cargo-home" RUSTUP_HOME="/workspace/rustup-home" "/workspace/cargo-home/bin/cargo" "+nightly-2025-01-18" "fetch" "--manifest-path" "Cargo.toml", kill_on_drop: false }`
[INFO] [stderr]     Updating crates.io index
[INFO] [stderr]  Downloading crates ...
[INFO] [stderr]   Downloaded ccanvas-config-derive v0.1.0
[INFO] [stderr]   Downloaded jsonc-parser v0.23.0
[INFO] [stderr]   Downloaded proc-macro2 v1.0.76
[INFO] running `Command { std: "docker" "create" "-v" "/var/lib/crater-agent-workspace/builds/worker-1-tc1/target:/opt/rustwide/target:rw,Z" "-v" "/var/lib/crater-agent-workspace/builds/worker-1-tc1/source:/opt/rustwide/workdir:ro,Z" "-v" "/var/lib/crater-agent-workspace/cargo-home:/opt/rustwide/cargo-home:ro,Z" "-v" "/var/lib/crater-agent-workspace/rustup-home:/opt/rustwide/rustup-home:ro,Z" "-e" "SOURCE_DIR=/opt/rustwide/workdir" "-e" "CARGO_TARGET_DIR=/opt/rustwide/target" "-e" "CARGO_HOME=/opt/rustwide/cargo-home" "-e" "RUSTUP_HOME=/opt/rustwide/rustup-home" "-w" "/opt/rustwide/workdir" "-m" "1610612736" "--user" "0:0" "--network" "none" "ghcr.io/rust-lang/crates-build-env/linux@sha256:819108c5571ea2e421544af4d832f968d213c87fbe3707a016657f43d2f853bc" "/opt/rustwide/cargo-home/bin/cargo" "+nightly-2025-01-18" "metadata" "--no-deps" "--format-version=1", kill_on_drop: false }`
[INFO] [stdout] 0363eebd82668ee1ecc7f52a17f05d0fe7c5604a11d0c384eee14939509c261d
[INFO] running `Command { std: "docker" "start" "-a" "0363eebd82668ee1ecc7f52a17f05d0fe7c5604a11d0c384eee14939509c261d", kill_on_drop: false }`
[INFO] running `Command { std: "docker" "inspect" "0363eebd82668ee1ecc7f52a17f05d0fe7c5604a11d0c384eee14939509c261d", kill_on_drop: false }`
[INFO] running `Command { std: "docker" "rm" "-f" "0363eebd82668ee1ecc7f52a17f05d0fe7c5604a11d0c384eee14939509c261d", kill_on_drop: false }`
[INFO] [stdout] 0363eebd82668ee1ecc7f52a17f05d0fe7c5604a11d0c384eee14939509c261d
[INFO] running `Command { std: "docker" "create" "-v" "/var/lib/crater-agent-workspace/builds/worker-1-tc1/target:/opt/rustwide/target:rw,Z" "-v" "/var/lib/crater-agent-workspace/builds/worker-1-tc1/source:/opt/rustwide/workdir:ro,Z" "-v" "/var/lib/crater-agent-workspace/cargo-home:/opt/rustwide/cargo-home:ro,Z" "-v" "/var/lib/crater-agent-workspace/rustup-home:/opt/rustwide/rustup-home:ro,Z" "-e" "SOURCE_DIR=/opt/rustwide/workdir" "-e" "CARGO_TARGET_DIR=/opt/rustwide/target" "-e" "CARGO_INCREMENTAL=0" "-e" "RUST_BACKTRACE=full" "-e" "RUSTFLAGS=--cap-lints=forbid" "-e" "RUSTDOCFLAGS=--cap-lints=forbid" "-e" "CARGO_HOME=/opt/rustwide/cargo-home" "-e" "RUSTUP_HOME=/opt/rustwide/rustup-home" "-w" "/opt/rustwide/workdir" "-m" "1610612736" "--user" "0:0" "--network" "none" "ghcr.io/rust-lang/crates-build-env/linux@sha256:819108c5571ea2e421544af4d832f968d213c87fbe3707a016657f43d2f853bc" "/opt/rustwide/cargo-home/bin/cargo" "+nightly-2025-01-18" "build" "--frozen" "--message-format=json", kill_on_drop: false }`
[INFO] [stdout] c756ad2948880c4e4449699fb34bd5a50df45de79ba09b90535c7877d0e075be
[INFO] running `Command { std: "docker" "start" "-a" "c756ad2948880c4e4449699fb34bd5a50df45de79ba09b90535c7877d0e075be", kill_on_drop: false }`
[INFO] [stderr]    Compiling proc-macro2 v1.0.76
[INFO] [stderr]    Compiling libc v0.2.151
[INFO] [stderr]    Compiling serde v1.0.195
[INFO] [stderr]    Compiling serde_json v1.0.111
[INFO] [stderr]    Compiling ryu v1.0.16
[INFO] [stderr]    Compiling itoa v1.0.10
[INFO] [stderr]    Compiling quote v1.0.35
[INFO] [stderr]    Compiling num_cpus v1.16.0
[INFO] [stderr]    Compiling syn v2.0.48
[INFO] [stderr]    Compiling tokio v1.35.1
[INFO] [stderr]    Compiling serde_derive v1.0.195
[INFO] [stderr]    Compiling libccanvas v0.2.0 (/opt/rustwide/workdir)
[INFO] [stderr]     Finished `dev` profile [unoptimized + debuginfo] target(s) in 11.48s
[INFO] running `Command { std: "docker" "inspect" "c756ad2948880c4e4449699fb34bd5a50df45de79ba09b90535c7877d0e075be", kill_on_drop: false }`
[INFO] running `Command { std: "docker" "rm" "-f" "c756ad2948880c4e4449699fb34bd5a50df45de79ba09b90535c7877d0e075be", kill_on_drop: false }`
[INFO] [stdout] c756ad2948880c4e4449699fb34bd5a50df45de79ba09b90535c7877d0e075be
[INFO] running `Command { std: "docker" "create" "-v" "/var/lib/crater-agent-workspace/builds/worker-1-tc1/target:/opt/rustwide/target:rw,Z" "-v" "/var/lib/crater-agent-workspace/builds/worker-1-tc1/source:/opt/rustwide/workdir:ro,Z" "-v" "/var/lib/crater-agent-workspace/cargo-home:/opt/rustwide/cargo-home:ro,Z" "-v" "/var/lib/crater-agent-workspace/rustup-home:/opt/rustwide/rustup-home:ro,Z" "-e" "SOURCE_DIR=/opt/rustwide/workdir" "-e" "CARGO_TARGET_DIR=/opt/rustwide/target" "-e" "CARGO_INCREMENTAL=0" "-e" "RUST_BACKTRACE=full" "-e" "RUSTFLAGS=--cap-lints=forbid" "-e" "RUSTDOCFLAGS=--cap-lints=forbid" "-e" "CARGO_HOME=/opt/rustwide/cargo-home" "-e" "RUSTUP_HOME=/opt/rustwide/rustup-home" "-w" "/opt/rustwide/workdir" "-m" "1610612736" "--user" "0:0" "--network" "none" "ghcr.io/rust-lang/crates-build-env/linux@sha256:819108c5571ea2e421544af4d832f968d213c87fbe3707a016657f43d2f853bc" "/opt/rustwide/cargo-home/bin/cargo" "+nightly-2025-01-18" "test" "--frozen" "--no-run" "--message-format=json", kill_on_drop: false }`
[INFO] [stdout] ea927c2cdccca6da7efc775b9b6f4fcf9f1b0fe0fcab0ff6d1a9e8a7d55a16b2
[INFO] running `Command { std: "docker" "start" "-a" "ea927c2cdccca6da7efc775b9b6f4fcf9f1b0fe0fcab0ff6d1a9e8a7d55a16b2", kill_on_drop: false }`
[INFO] [stderr]    Compiling libccanvas v0.2.0 (/opt/rustwide/workdir)
[INFO] [stderr]     Finished `test` profile [unoptimized + debuginfo] target(s) in 0.71s
[INFO] running `Command { std: "docker" "inspect" "ea927c2cdccca6da7efc775b9b6f4fcf9f1b0fe0fcab0ff6d1a9e8a7d55a16b2", kill_on_drop: false }`
[INFO] running `Command { std: "docker" "rm" "-f" "ea927c2cdccca6da7efc775b9b6f4fcf9f1b0fe0fcab0ff6d1a9e8a7d55a16b2", kill_on_drop: false }`
[INFO] [stdout] ea927c2cdccca6da7efc775b9b6f4fcf9f1b0fe0fcab0ff6d1a9e8a7d55a16b2
[INFO] running `Command { std: "docker" "create" "-v" "/var/lib/crater-agent-workspace/builds/worker-1-tc1/target:/opt/rustwide/target:rw,Z" "-v" "/var/lib/crater-agent-workspace/builds/worker-1-tc1/source:/opt/rustwide/workdir:ro,Z" "-v" "/var/lib/crater-agent-workspace/cargo-home:/opt/rustwide/cargo-home:ro,Z" "-v" "/var/lib/crater-agent-workspace/rustup-home:/opt/rustwide/rustup-home:ro,Z" "-e" "SOURCE_DIR=/opt/rustwide/workdir" "-e" "CARGO_TARGET_DIR=/opt/rustwide/target" "-e" "CARGO_INCREMENTAL=0" "-e" "RUST_BACKTRACE=full" "-e" "RUSTFLAGS=--cap-lints=forbid" "-e" "RUSTDOCFLAGS=--cap-lints=forbid" "-e" "CARGO_HOME=/opt/rustwide/cargo-home" "-e" "RUSTUP_HOME=/opt/rustwide/rustup-home" "-w" "/opt/rustwide/workdir" "-m" "1610612736" "--user" "0:0" "--network" "none" "ghcr.io/rust-lang/crates-build-env/linux@sha256:819108c5571ea2e421544af4d832f968d213c87fbe3707a016657f43d2f853bc" "/opt/rustwide/cargo-home/bin/cargo" "+nightly-2025-01-18" "test" "--frozen", kill_on_drop: false }`
[INFO] [stdout] 000a5ca5fa69585d84b4376b50b7fb02e9b8c333131f29e6750c030a67ba0f83
[INFO] running `Command { std: "docker" "start" "-a" "000a5ca5fa69585d84b4376b50b7fb02e9b8c333131f29e6750c030a67ba0f83", kill_on_drop: false }`
[INFO] [stderr]     Finished `test` profile [unoptimized + debuginfo] target(s) in 0.04s
[INFO] [stderr]      Running unittests src/lib.rs (/opt/rustwide/target/debug/deps/libccanvas-b0960f87d84ca1db)
[INFO] [stdout] 
[INFO] [stdout] running 0 tests
[INFO] [stdout] 
[INFO] [stderr]    Doc-tests libccanvas
[INFO] [stdout] test result: ok. 0 passed; 0 failed; 0 ignored; 0 measured; 0 filtered out; finished in 0.00s
[INFO] [stdout] 
[INFO] [stdout] 
[INFO] [stdout] running 1 test
[INFO] [stdout] test src/lib.rs - (line 13) ... FAILED
[INFO] [stdout] 
[INFO] [stdout] failures:
[INFO] [stdout] 
[INFO] [stdout] ---- src/lib.rs - (line 13) stdout ----
[INFO] [stdout] error: expected `{`, found `=>`
[INFO] [stdout]   --> src/lib.rs:37:47
[INFO] [stdout]    |
[INFO] [stdout] 25 |             if key.code == KeyCode::Char('q') => {
[INFO] [stdout]    |                                               ^^ expected `{`
[INFO] [stdout]    |
[INFO] [stdout] note: the `if` expression is missing a block after this condition
[INFO] [stdout]   --> src/lib.rs:37:16
[INFO] [stdout]    |
[INFO] [stdout] 25 |             if key.code == KeyCode::Char('q') => {
[INFO] [stdout]    |                ^^^^^^^^^^^^^^^^^^^^^^^^^^^^^^
[INFO] [stdout] help: you might have meant to write a "greater than or equal to" comparison
[INFO] [stdout]    |
[INFO] [stdout] 25 |             if key.code == KeyCode::Char('q') >= {
[INFO] [stdout]    |                                               ~~
[INFO] [stdout] 
[INFO] [stdout] error[E0433]: failed to resolve: could not find `main` in `tokio`
[INFO] [stdout]  --> src/lib.rs:14:10
[INFO] [stdout]   |
[INFO] [stdout] 2 | #[tokio::main]
[INFO] [stdout]   |          ^^^^ could not find `main` in `tokio`
[INFO] [stdout] 
[INFO] [stdout] error[E0433]: failed to resolve: use of undeclared type `Client`
[INFO] [stdout]  --> src/lib.rs:16:22
[INFO] [stdout]   |
[INFO] [stdout] 4 |     let mut client = Client::new(ClientConfig::default()).await;
[INFO] [stdout]   |                      ^^^^^^ use of undeclared type `Client`
[INFO] [stdout]   |
[INFO] [stdout] help: consider importing this struct
[INFO] [stdout]   |
[INFO] [stdout] 2 + use libccanvas::client::Client;
[INFO] [stdout]   |
[INFO] [stdout] 
[INFO] [stdout] error[E0433]: failed to resolve: use of undeclared type `ClientConfig`
[INFO] [stdout]  --> src/lib.rs:16:34
[INFO] [stdout]   |
[INFO] [stdout] 4 |     let mut client = Client::new(ClientConfig::default()).await;
[INFO] [stdout]   |                                  ^^^^^^^^^^^^ use of undeclared type `ClientConfig`
[INFO] [stdout]   |
[INFO] [stdout] help: consider importing this struct
[INFO] [stdout]   |
[INFO] [stdout] 2 + use libccanvas::client::ClientConfig;
[INFO] [stdout]   |
[INFO] [stdout] 
[INFO] [stdout] error[E0433]: failed to resolve: use of undeclared type `Subscription`
[INFO] [stdout]   --> src/lib.rs:31:22
[INFO] [stdout]    |
[INFO] [stdout] 19 |     client.subscribe(Subscription::AllKeyPresses).await;
[INFO] [stdout]    |                      ^^^^^^^^^^^^ use of undeclared type `Subscription`
[INFO] [stdout]    |
[INFO] [stdout] help: consider importing this enum
[INFO] [stdout]    |
[INFO] [stdout] 2  + use libccanvas::bindings::Subscription;
[INFO] [stdout]    |
[INFO] [stdout] 
[INFO] [stdout] error[E0433]: failed to resolve: use of undeclared type `EventVariant`
[INFO] [stdout]   --> src/lib.rs:36:16
[INFO] [stdout]    |
[INFO] [stdout] 24 |         if let EventVariant::Key(key) = event.get() {
[INFO] [stdout]    |                ^^^^^^^^^^^^ use of undeclared type `EventVariant`
[INFO] [stdout]    |
[INFO] [stdout] help: consider importing this enum
[INFO] [stdout]    |
[INFO] [stdout] 2  + use libccanvas::bindings::EventVariant;
[INFO] [stdout]    |
[INFO] [stdout] 
[INFO] [stdout] error[E0752]: `main` function is not allowed to be `async`
[INFO] [stdout]  --> src/lib.rs:15:1
[INFO] [stdout]   |
[INFO] [stdout] 3 | async fn main() {
[INFO] [stdout]   | ^^^^^^^^^^^^^^^ `main` function is not allowed to be `async`
[INFO] [stdout] 
[INFO] [stdout] error: aborting due to 7 previous errors
[INFO] [stdout] 
[INFO] [stdout] Some errors have detailed explanations: E0433, E0752.
[INFO] [stdout] For more information about an error, try `rustc --explain E0433`.
[INFO] [stdout] Couldn't compile the test.
[INFO] [stdout] 
[INFO] [stdout] failures:
[INFO] [stdout]     src/lib.rs - (line 13)
[INFO] [stdout] 
[INFO] [stdout] test result: FAILED. 0 passed; 1 failed; 0 ignored; 0 measured; 0 filtered out; finished in 0.12s
[INFO] [stderr] error: doctest failed, to rerun pass `--doc`
[INFO] [stdout] 
[INFO] running `Command { std: "docker" "inspect" "000a5ca5fa69585d84b4376b50b7fb02e9b8c333131f29e6750c030a67ba0f83", kill_on_drop: false }`
[INFO] running `Command { std: "docker" "rm" "-f" "000a5ca5fa69585d84b4376b50b7fb02e9b8c333131f29e6750c030a67ba0f83", kill_on_drop: false }`
[INFO] [stdout] 000a5ca5fa69585d84b4376b50b7fb02e9b8c333131f29e6750c030a67ba0f83
