[INFO] cloning repository https://github.com/SingleRust/single-svdlib
[INFO] running `Command { std: "git" "-c" "credential.helper=" "-c" "credential.helper=/workspace/cargo-home/bin/git-credential-null" "clone" "--bare" "https://github.com/SingleRust/single-svdlib" "/workspace/cache/git-repos/https%3A%2F%2Fgithub.com%2FSingleRust%2Fsingle-svdlib", kill_on_drop: false }`
[INFO] [stderr] Cloning into bare repository '/workspace/cache/git-repos/https%3A%2F%2Fgithub.com%2FSingleRust%2Fsingle-svdlib'...
[INFO] running `Command { std: "git" "rev-parse" "HEAD", kill_on_drop: false }`
[INFO] [stdout] 97860b9a046703373fd2b3bd40e85f8868b6d6cb
[INFO] testing SingleRust/single-svdlib against nightly-2025-01-18 for randomize-layout-2
[INFO] running `Command { std: "git" "clone" "/workspace/cache/git-repos/https%3A%2F%2Fgithub.com%2FSingleRust%2Fsingle-svdlib" "/workspace/builds/worker-7-tc1/source", kill_on_drop: false }`
[INFO] [stderr] Cloning into '/workspace/builds/worker-7-tc1/source'...
[INFO] [stderr] done.
[INFO] validating manifest of git repo https://github.com/SingleRust/single-svdlib on toolchain nightly-2025-01-18
[INFO] running `Command { std: CARGO_HOME="/workspace/cargo-home" RUSTUP_HOME="/workspace/rustup-home" "/workspace/cargo-home/bin/cargo" "+nightly-2025-01-18" "metadata" "--manifest-path" "Cargo.toml" "--no-deps", kill_on_drop: false }`
[INFO] started tweaking git repo https://github.com/SingleRust/single-svdlib
[INFO] finished tweaking git repo https://github.com/SingleRust/single-svdlib
[INFO] tweaked toml for git repo https://github.com/SingleRust/single-svdlib written to /workspace/builds/worker-7-tc1/source/Cargo.toml
[INFO] crate git repo https://github.com/SingleRust/single-svdlib already has a lockfile, it will not be regenerated
[INFO] running `Command { std: CARGO_HOME="/workspace/cargo-home" RUSTUP_HOME="/workspace/rustup-home" "/workspace/cargo-home/bin/cargo" "+nightly-2025-01-18" "fetch" "--manifest-path" "Cargo.toml", kill_on_drop: false }`
[INFO] [stderr]     Updating crates.io index
[INFO] [stderr]  Downloading crates ...
[INFO] [stderr]   Downloaded nalgebra-sparse v0.10.0
[INFO] running `Command { std: "docker" "create" "-v" "/var/lib/crater-agent-workspace/builds/worker-7-tc1/target:/opt/rustwide/target:rw,Z" "-v" "/var/lib/crater-agent-workspace/builds/worker-7-tc1/source:/opt/rustwide/workdir:ro,Z" "-v" "/var/lib/crater-agent-workspace/cargo-home:/opt/rustwide/cargo-home:ro,Z" "-v" "/var/lib/crater-agent-workspace/rustup-home:/opt/rustwide/rustup-home:ro,Z" "-e" "SOURCE_DIR=/opt/rustwide/workdir" "-e" "CARGO_TARGET_DIR=/opt/rustwide/target" "-e" "CARGO_HOME=/opt/rustwide/cargo-home" "-e" "RUSTUP_HOME=/opt/rustwide/rustup-home" "-w" "/opt/rustwide/workdir" "-m" "1610612736" "--user" "0:0" "--network" "none" "ghcr.io/rust-lang/crates-build-env/linux@sha256:819108c5571ea2e421544af4d832f968d213c87fbe3707a016657f43d2f853bc" "/opt/rustwide/cargo-home/bin/cargo" "+nightly-2025-01-18" "metadata" "--no-deps" "--format-version=1", kill_on_drop: false }`
[INFO] [stdout] c60c6f867883fc7c4c997f1dba45b384e2a6a9d0cc174798d31c9f261e5f6b24
[INFO] running `Command { std: "docker" "start" "-a" "c60c6f867883fc7c4c997f1dba45b384e2a6a9d0cc174798d31c9f261e5f6b24", kill_on_drop: false }`
[INFO] running `Command { std: "docker" "inspect" "c60c6f867883fc7c4c997f1dba45b384e2a6a9d0cc174798d31c9f261e5f6b24", kill_on_drop: false }`
[INFO] running `Command { std: "docker" "rm" "-f" "c60c6f867883fc7c4c997f1dba45b384e2a6a9d0cc174798d31c9f261e5f6b24", kill_on_drop: false }`
[INFO] [stdout] c60c6f867883fc7c4c997f1dba45b384e2a6a9d0cc174798d31c9f261e5f6b24
[INFO] running `Command { std: "docker" "create" "-v" "/var/lib/crater-agent-workspace/builds/worker-7-tc1/target:/opt/rustwide/target:rw,Z" "-v" "/var/lib/crater-agent-workspace/builds/worker-7-tc1/source:/opt/rustwide/workdir:ro,Z" "-v" "/var/lib/crater-agent-workspace/cargo-home:/opt/rustwide/cargo-home:ro,Z" "-v" "/var/lib/crater-agent-workspace/rustup-home:/opt/rustwide/rustup-home:ro,Z" "-e" "SOURCE_DIR=/opt/rustwide/workdir" "-e" "CARGO_TARGET_DIR=/opt/rustwide/target" "-e" "CARGO_INCREMENTAL=0" "-e" "RUST_BACKTRACE=full" "-e" "RUSTFLAGS=--cap-lints=forbid" "-e" "RUSTDOCFLAGS=--cap-lints=forbid" "-e" "CARGO_HOME=/opt/rustwide/cargo-home" "-e" "RUSTUP_HOME=/opt/rustwide/rustup-home" "-w" "/opt/rustwide/workdir" "-m" "1610612736" "--user" "0:0" "--network" "none" "ghcr.io/rust-lang/crates-build-env/linux@sha256:819108c5571ea2e421544af4d832f968d213c87fbe3707a016657f43d2f853bc" "/opt/rustwide/cargo-home/bin/cargo" "+nightly-2025-01-18" "build" "--frozen" "--message-format=json", kill_on_drop: false }`
[INFO] [stdout] ae6299eafb04702806d7b878aeb12114e4a4a49070c6d400706142a4d0594d3c
[INFO] running `Command { std: "docker" "start" "-a" "ae6299eafb04702806d7b878aeb12114e4a4a49070c6d400706142a4d0594d3c", kill_on_drop: false }`
[INFO] [stderr]    Compiling proc-macro2 v1.0.92
[INFO] [stderr]    Compiling unicode-ident v1.0.14
[INFO] [stderr]    Compiling num-traits v0.2.19
[INFO] [stderr]    Compiling libc v0.2.169
[INFO] [stderr]    Compiling matrixmultiply v0.3.9
[INFO] [stderr]    Compiling bytemuck v1.21.0
[INFO] [stderr]    Compiling paste v1.0.15
[INFO] [stderr]    Compiling byteorder v1.5.0
[INFO] [stderr]    Compiling rawpointer v0.2.1
[INFO] [stderr]    Compiling typenum v1.17.0
[INFO] [stderr]    Compiling thiserror v2.0.9
[INFO] [stderr]    Compiling safe_arch v0.7.4
[INFO] [stderr]    Compiling wide v0.7.30
[INFO] [stderr]    Compiling quote v1.0.37
[INFO] [stderr]    Compiling num-integer v0.1.46
[INFO] [stderr]    Compiling num-complex v0.4.6
[INFO] [stderr]    Compiling approx v0.5.1
[INFO] [stderr]    Compiling getrandom v0.2.15
[INFO] [stderr]    Compiling syn v2.0.91
[INFO] [stderr]    Compiling rand_core v0.6.4
[INFO] [stderr]    Compiling num-rational v0.4.2
[INFO] [stderr]    Compiling ndarray v0.16.1
[INFO] [stderr]    Compiling simba v0.9.0
[INFO] [stderr]    Compiling zerocopy-derive v0.7.35
[INFO] [stderr]    Compiling nalgebra-macros v0.2.2
[INFO] [stderr]    Compiling thiserror-impl v2.0.9
[INFO] [stderr]    Compiling zerocopy v0.7.35
[INFO] [stderr]    Compiling ppv-lite86 v0.2.20
[INFO] [stderr]    Compiling rand_chacha v0.3.1
[INFO] [stderr]    Compiling rand v0.8.5
[INFO] [stderr]    Compiling nalgebra v0.33.2
[INFO] [stderr]    Compiling nalgebra-sparse v0.10.0
[INFO] [stderr]    Compiling single-svdlib v0.1.0 (/opt/rustwide/workdir)
[INFO] [stderr]     Finished `dev` profile [unoptimized + debuginfo] target(s) in 19.32s
[INFO] running `Command { std: "docker" "inspect" "ae6299eafb04702806d7b878aeb12114e4a4a49070c6d400706142a4d0594d3c", kill_on_drop: false }`
[INFO] running `Command { std: "docker" "rm" "-f" "ae6299eafb04702806d7b878aeb12114e4a4a49070c6d400706142a4d0594d3c", kill_on_drop: false }`
[INFO] [stdout] ae6299eafb04702806d7b878aeb12114e4a4a49070c6d400706142a4d0594d3c
[INFO] running `Command { std: "docker" "create" "-v" "/var/lib/crater-agent-workspace/builds/worker-7-tc1/target:/opt/rustwide/target:rw,Z" "-v" "/var/lib/crater-agent-workspace/builds/worker-7-tc1/source:/opt/rustwide/workdir:ro,Z" "-v" "/var/lib/crater-agent-workspace/cargo-home:/opt/rustwide/cargo-home:ro,Z" "-v" "/var/lib/crater-agent-workspace/rustup-home:/opt/rustwide/rustup-home:ro,Z" "-e" "SOURCE_DIR=/opt/rustwide/workdir" "-e" "CARGO_TARGET_DIR=/opt/rustwide/target" "-e" "CARGO_INCREMENTAL=0" "-e" "RUST_BACKTRACE=full" "-e" "RUSTFLAGS=--cap-lints=forbid" "-e" "RUSTDOCFLAGS=--cap-lints=forbid" "-e" "CARGO_HOME=/opt/rustwide/cargo-home" "-e" "RUSTUP_HOME=/opt/rustwide/rustup-home" "-w" "/opt/rustwide/workdir" "-m" "1610612736" "--user" "0:0" "--network" "none" "ghcr.io/rust-lang/crates-build-env/linux@sha256:819108c5571ea2e421544af4d832f968d213c87fbe3707a016657f43d2f853bc" "/opt/rustwide/cargo-home/bin/cargo" "+nightly-2025-01-18" "test" "--frozen" "--no-run" "--message-format=json", kill_on_drop: false }`
[INFO] [stdout] 5b732cd284adc6796cbaa24b0ffa6defa173c72646cb26400074507b0b6f40fe
[INFO] running `Command { std: "docker" "start" "-a" "5b732cd284adc6796cbaa24b0ffa6defa173c72646cb26400074507b0b6f40fe", kill_on_drop: false }`
[INFO] [stderr]    Compiling single-svdlib v0.1.0 (/opt/rustwide/workdir)
[INFO] [stderr]     Finished `test` profile [unoptimized + debuginfo] target(s) in 0.73s
[INFO] running `Command { std: "docker" "inspect" "5b732cd284adc6796cbaa24b0ffa6defa173c72646cb26400074507b0b6f40fe", kill_on_drop: false }`
[INFO] running `Command { std: "docker" "rm" "-f" "5b732cd284adc6796cbaa24b0ffa6defa173c72646cb26400074507b0b6f40fe", kill_on_drop: false }`
[INFO] [stdout] 5b732cd284adc6796cbaa24b0ffa6defa173c72646cb26400074507b0b6f40fe
[INFO] running `Command { std: "docker" "create" "-v" "/var/lib/crater-agent-workspace/builds/worker-7-tc1/target:/opt/rustwide/target:rw,Z" "-v" "/var/lib/crater-agent-workspace/builds/worker-7-tc1/source:/opt/rustwide/workdir:ro,Z" "-v" "/var/lib/crater-agent-workspace/cargo-home:/opt/rustwide/cargo-home:ro,Z" "-v" "/var/lib/crater-agent-workspace/rustup-home:/opt/rustwide/rustup-home:ro,Z" "-e" "SOURCE_DIR=/opt/rustwide/workdir" "-e" "CARGO_TARGET_DIR=/opt/rustwide/target" "-e" "CARGO_INCREMENTAL=0" "-e" "RUST_BACKTRACE=full" "-e" "RUSTFLAGS=--cap-lints=forbid" "-e" "RUSTDOCFLAGS=--cap-lints=forbid" "-e" "CARGO_HOME=/opt/rustwide/cargo-home" "-e" "RUSTUP_HOME=/opt/rustwide/rustup-home" "-w" "/opt/rustwide/workdir" "-m" "1610612736" "--user" "0:0" "--network" "none" "ghcr.io/rust-lang/crates-build-env/linux@sha256:819108c5571ea2e421544af4d832f968d213c87fbe3707a016657f43d2f853bc" "/opt/rustwide/cargo-home/bin/cargo" "+nightly-2025-01-18" "test" "--frozen", kill_on_drop: false }`
[INFO] [stdout] 177572a30a71812402f0eeaf14b2f7425e78afde5e47cd8d6afebeced97c72ad
[INFO] running `Command { std: "docker" "start" "-a" "177572a30a71812402f0eeaf14b2f7425e78afde5e47cd8d6afebeced97c72ad", kill_on_drop: false }`
[INFO] [stderr]     Finished `test` profile [unoptimized + debuginfo] target(s) in 0.05s
[INFO] [stderr]      Running unittests src/lib.rs (/opt/rustwide/target/debug/deps/single_svdlib-6990be7bfdb439e2)
[INFO] [stdout] 
[INFO] [stdout] running 6 tests
[INFO] [stdout] test tests::dynamic_types ... ok
[INFO] [stdout] test tests::identity_3x3 ... ok
[INFO] [stdout] test tests::basic_2x2 ... ok
[INFO] [stdout] test tests::recomp ... ok
[INFO] [stdout] test tests::normal_types ... ok
[INFO] [stdout] test tests::coo_csc_csr ... ok
[INFO] [stdout] 
[INFO] [stdout] test result: ok. 6 passed; 0 failed; 0 ignored; 0 measured; 0 filtered out; finished in 0.01s
[INFO] [stdout] 
[INFO] [stderr]    Doc-tests single_svdlib
[INFO] [stdout] 
[INFO] [stdout] running 6 tests
[INFO] [stdout] test src/lib.rs - (line 41) ... FAILED
[INFO] [stdout] test src/lib.rs - (line 26) ... FAILED
[INFO] [stdout] test src/lib.rs - (line 172) ... FAILED
[INFO] [stdout] test src/lib.rs - (line 102) ... FAILED
[INFO] [stdout] test src/lib.rs - (line 56) ... FAILED
[INFO] [stdout] test src/lib.rs - (line 74) ... ok
[INFO] [stdout] 
[INFO] [stdout] failures:
[INFO] [stdout] 
[INFO] [stdout] ---- src/lib.rs - (line 41) stdout ----
[INFO] [stdout] error[E0432]: unresolved import `svdlibrs`
[INFO] [stdout]  --> src/lib.rs:44:5
[INFO] [stdout]   |
[INFO] [stdout] 5 | use svdlibrs::svd_dim;
[INFO] [stdout]   |     ^^^^^^^^ use of undeclared crate or module `svdlibrs`
[INFO] [stdout] 
[INFO] [stdout] error[E0433]: failed to resolve: use of undeclared crate or module `svdlibrs`
[INFO] [stdout]   --> src/lib.rs:53:10
[INFO] [stdout]    |
[INFO] [stdout] 14 | Ok::<(), svdlibrs::error::SvdLibError>(())
[INFO] [stdout]    |          ^^^^^^^^ use of undeclared crate or module `svdlibrs`
[INFO] [stdout]    |
[INFO] [stderr] error: doctest failed, to rerun pass `--doc`
[INFO] [stdout] help: consider importing this module
[INFO] [stdout]    |
[INFO] [stdout] 2  + use single_svdlib::error;
[INFO] [stdout]    |
[INFO] [stdout] help: if you import `error`, refer to it directly
[INFO] [stdout]    |
[INFO] [stdout] 14 - Ok::<(), svdlibrs::error::SvdLibError>(())
[INFO] [stdout] 14 + Ok::<(), error::SvdLibError>(())
[INFO] [stdout]    |
[INFO] [stdout] 
[INFO] [stdout] error: aborting due to 2 previous errors
[INFO] [stdout] 
[INFO] [stdout] Some errors have detailed explanations: E0432, E0433.
[INFO] [stdout] For more information about an error, try `rustc --explain E0432`.
[INFO] [stdout] Couldn't compile the test.
[INFO] [stdout] ---- src/lib.rs - (line 26) stdout ----
[INFO] [stdout] error[E0432]: unresolved import `svdlibrs`
[INFO] [stdout]  --> src/lib.rs:29:5
[INFO] [stdout]   |
[INFO] [stdout] 5 | use svdlibrs::svd;
[INFO] [stdout]   |     ^^^^^^^^ use of undeclared crate or module `svdlibrs`
[INFO] [stdout] 
[INFO] [stdout] error[E0433]: failed to resolve: use of undeclared crate or module `svdlibrs`
[INFO] [stdout]   --> src/lib.rs:38:10
[INFO] [stdout]    |
[INFO] [stdout] 14 | Ok::<(), svdlibrs::error::SvdLibError>(())
[INFO] [stdout]    |          ^^^^^^^^ use of undeclared crate or module `svdlibrs`
[INFO] [stdout]    |
[INFO] [stdout] help: consider importing this module
[INFO] [stdout]    |
[INFO] [stdout] 2  + use single_svdlib::error;
[INFO] [stdout]    |
[INFO] [stdout] help: if you import `error`, refer to it directly
[INFO] [stdout]    |
[INFO] [stdout] 14 - Ok::<(), svdlibrs::error::SvdLibError>(())
[INFO] [stdout] 14 + Ok::<(), error::SvdLibError>(())
[INFO] [stdout]    |
[INFO] [stdout] 
[INFO] [stdout] error: aborting due to 2 previous errors
[INFO] [stdout] 
[INFO] [stdout] Some errors have detailed explanations: E0432, E0433.
[INFO] [stdout] For more information about an error, try `rustc --explain E0432`.
[INFO] [stdout] Couldn't compile the test.
[INFO] [stdout] ---- src/lib.rs - (line 172) stdout ----
[INFO] [stdout] error[E0432]: unresolved import `svdlibrs`
[INFO] [stdout]  --> src/lib.rs:176:5
[INFO] [stdout]   |
[INFO] [stdout] 6 | use svdlibrs::svd_dim_seed;
[INFO] [stdout]   |     ^^^^^^^^ use of undeclared crate or module `svdlibrs`
[INFO] [stdout] 
[INFO] [stdout] error: aborting due to 1 previous error
[INFO] [stdout] 
[INFO] [stdout] For more information about this error, try `rustc --explain E0432`.
[INFO] [stdout] Couldn't compile the test.
[INFO] [stdout] ---- src/lib.rs - (line 102) stdout ----
[INFO] [stdout] error[E0432]: unresolved import `svdlibrs`
[INFO] [stdout]  --> src/lib.rs:105:5
[INFO] [stdout]   |
[INFO] [stdout] 5 | use svdlibrs::{svd, svd_dim, svd_dim_seed, svdLAS2, SvdRec};
[INFO] [stdout]   |     ^^^^^^^^ use of undeclared crate or module `svdlibrs`
[INFO] [stdout] 
[INFO] [stdout] error[E0433]: failed to resolve: use of undeclared crate or module `svdlibrs`
[INFO] [stdout]   --> src/lib.rs:129:10
[INFO] [stdout]    |
[INFO] [stdout] 29 | Ok::<(), svdlibrs::error::SvdLibError>(())
[INFO] [stdout]    |          ^^^^^^^^ use of undeclared crate or module `svdlibrs`
[INFO] [stdout]    |
[INFO] [stdout] help: consider importing this module
[INFO] [stdout]    |
[INFO] [stdout] 2  + use single_svdlib::error;
[INFO] [stdout]    |
[INFO] [stdout] help: if you import `error`, refer to it directly
[INFO] [stdout]    |
[INFO] [stdout] 29 - Ok::<(), svdlibrs::error::SvdLibError>(())
[INFO] [stdout] 29 + Ok::<(), error::SvdLibError>(())
[INFO] [stdout]    |
[INFO] [stdout] 
[INFO] [stdout] error: aborting due to 2 previous errors
[INFO] [stdout] 
[INFO] [stdout] Some errors have detailed explanations: E0432, E0433.
[INFO] [stdout] For more information about an error, try `rustc --explain E0432`.
[INFO] [stdout] Couldn't compile the test.
[INFO] [stdout] ---- src/lib.rs - (line 56) stdout ----
[INFO] [stdout] error[E0432]: unresolved import `svdlibrs`
[INFO] [stdout]  --> src/lib.rs:59:5
[INFO] [stdout]   |
[INFO] [stdout] 5 | use svdlibrs::svd_dim_seed;
[INFO] [stdout]   |     ^^^^^^^^ use of undeclared crate or module `svdlibrs`
[INFO] [stdout] 
[INFO] [stdout] error[E0433]: failed to resolve: use of undeclared crate or module `svdlibrs`
[INFO] [stdout]   --> src/lib.rs:69:10
[INFO] [stdout]    |
[INFO] [stdout] 15 | Ok::<(), svdlibrs::error::SvdLibError>(())
[INFO] [stdout]    |          ^^^^^^^^ use of undeclared crate or module `svdlibrs`
[INFO] [stdout]    |
[INFO] [stdout] help: consider importing this module
[INFO] [stdout]    |
[INFO] [stdout] 2  + use single_svdlib::error;
[INFO] [stdout]    |
[INFO] [stdout] help: if you import `error`, refer to it directly
[INFO] [stdout]    |
[INFO] [stdout] 15 - Ok::<(), svdlibrs::error::SvdLibError>(())
[INFO] [stdout] 15 + Ok::<(), error::SvdLibError>(())
[INFO] [stdout]    |
[INFO] [stdout] 
[INFO] [stdout] error: aborting due to 2 previous errors
[INFO] [stdout] 
[INFO] [stdout] Some errors have detailed explanations: E0432, E0433.
[INFO] [stdout] For more information about an error, try `rustc --explain E0432`.
[INFO] [stdout] Couldn't compile the test.
[INFO] [stdout] 
[INFO] [stdout] failures:
[INFO] [stdout]     src/lib.rs - (line 102)
[INFO] [stdout]     src/lib.rs - (line 172)
[INFO] [stdout]     src/lib.rs - (line 26)
[INFO] [stdout]     src/lib.rs - (line 41)
[INFO] [stdout]     src/lib.rs - (line 56)
[INFO] [stdout] 
[INFO] [stdout] test result: FAILED. 1 passed; 5 failed; 0 ignored; 0 measured; 0 filtered out; finished in 0.24s
[INFO] [stdout] 
[INFO] running `Command { std: "docker" "inspect" "177572a30a71812402f0eeaf14b2f7425e78afde5e47cd8d6afebeced97c72ad", kill_on_drop: false }`
[INFO] running `Command { std: "docker" "rm" "-f" "177572a30a71812402f0eeaf14b2f7425e78afde5e47cd8d6afebeced97c72ad", kill_on_drop: false }`
[INFO] [stdout] 177572a30a71812402f0eeaf14b2f7425e78afde5e47cd8d6afebeced97c72ad
