[INFO] cloning repository https://github.com/Shuftle/shuftlib
[INFO] running `Command { std: "git" "-c" "credential.helper=" "-c" "credential.helper=/workspace/cargo-home/bin/git-credential-null" "clone" "--bare" "https://github.com/Shuftle/shuftlib" "/workspace/cache/git-repos/https%3A%2F%2Fgithub.com%2FShuftle%2Fshuftlib", kill_on_drop: false }`
[INFO] [stderr] Cloning into bare repository '/workspace/cache/git-repos/https%3A%2F%2Fgithub.com%2FShuftle%2Fshuftlib'...
[INFO] running `Command { std: "git" "rev-parse" "HEAD", kill_on_drop: false }`
[INFO] [stdout] f8138b55a3750d12a31c3ee4064257516d547eec
[INFO] testing Shuftle/shuftlib against nightly-2025-01-18+rustflags=-Zrandomize-layout for randomize-layout-2
[INFO] running `Command { std: "git" "clone" "/workspace/cache/git-repos/https%3A%2F%2Fgithub.com%2FShuftle%2Fshuftlib" "/workspace/builds/worker-6-tc2/source", kill_on_drop: false }`
[INFO] [stderr] Cloning into '/workspace/builds/worker-6-tc2/source'...
[INFO] [stderr] done.
[INFO] validating manifest of git repo https://github.com/Shuftle/shuftlib on toolchain nightly-2025-01-18
[INFO] running `Command { std: CARGO_HOME="/workspace/cargo-home" RUSTUP_HOME="/workspace/rustup-home" "/workspace/cargo-home/bin/cargo" "+nightly-2025-01-18" "metadata" "--manifest-path" "Cargo.toml" "--no-deps", kill_on_drop: false }`
[INFO] started tweaking git repo https://github.com/Shuftle/shuftlib
[INFO] finished tweaking git repo https://github.com/Shuftle/shuftlib
[INFO] tweaked toml for git repo https://github.com/Shuftle/shuftlib written to /workspace/builds/worker-6-tc2/source/Cargo.toml
[INFO] crate git repo https://github.com/Shuftle/shuftlib already has a lockfile, it will not be regenerated
[INFO] running `Command { std: CARGO_HOME="/workspace/cargo-home" RUSTUP_HOME="/workspace/rustup-home" "/workspace/cargo-home/bin/cargo" "+nightly-2025-01-18" "fetch" "--manifest-path" "Cargo.toml", kill_on_drop: false }`
[INFO] running `Command { std: "docker" "create" "-v" "/var/lib/crater-agent-workspace/builds/worker-6-tc2/target:/opt/rustwide/target:rw,Z" "-v" "/var/lib/crater-agent-workspace/builds/worker-6-tc2/source:/opt/rustwide/workdir:ro,Z" "-v" "/var/lib/crater-agent-workspace/cargo-home:/opt/rustwide/cargo-home:ro,Z" "-v" "/var/lib/crater-agent-workspace/rustup-home:/opt/rustwide/rustup-home:ro,Z" "-e" "SOURCE_DIR=/opt/rustwide/workdir" "-e" "CARGO_TARGET_DIR=/opt/rustwide/target" "-e" "CARGO_HOME=/opt/rustwide/cargo-home" "-e" "RUSTUP_HOME=/opt/rustwide/rustup-home" "-w" "/opt/rustwide/workdir" "-m" "1610612736" "--user" "0:0" "--network" "none" "ghcr.io/rust-lang/crates-build-env/linux@sha256:819108c5571ea2e421544af4d832f968d213c87fbe3707a016657f43d2f853bc" "/opt/rustwide/cargo-home/bin/cargo" "+nightly-2025-01-18" "metadata" "--no-deps" "--format-version=1", kill_on_drop: false }`
[INFO] [stdout] 44dafc892640f528116dc6ae2d60ddf01ada9f26f0b222153673346889135416
[INFO] running `Command { std: "docker" "start" "-a" "44dafc892640f528116dc6ae2d60ddf01ada9f26f0b222153673346889135416", kill_on_drop: false }`
[INFO] running `Command { std: "docker" "inspect" "44dafc892640f528116dc6ae2d60ddf01ada9f26f0b222153673346889135416", kill_on_drop: false }`
[INFO] running `Command { std: "docker" "rm" "-f" "44dafc892640f528116dc6ae2d60ddf01ada9f26f0b222153673346889135416", kill_on_drop: false }`
[INFO] [stdout] 44dafc892640f528116dc6ae2d60ddf01ada9f26f0b222153673346889135416
[INFO] running `Command { std: "docker" "create" "-v" "/var/lib/crater-agent-workspace/builds/worker-6-tc2/target:/opt/rustwide/target:rw,Z" "-v" "/var/lib/crater-agent-workspace/builds/worker-6-tc2/source:/opt/rustwide/workdir:ro,Z" "-v" "/var/lib/crater-agent-workspace/cargo-home:/opt/rustwide/cargo-home:ro,Z" "-v" "/var/lib/crater-agent-workspace/rustup-home:/opt/rustwide/rustup-home:ro,Z" "-e" "SOURCE_DIR=/opt/rustwide/workdir" "-e" "CARGO_TARGET_DIR=/opt/rustwide/target" "-e" "CARGO_INCREMENTAL=0" "-e" "RUST_BACKTRACE=full" "-e" "RUSTFLAGS=--cap-lints=forbid -Zrandomize-layout" "-e" "RUSTDOCFLAGS=--cap-lints=forbid" "-e" "CARGO_HOME=/opt/rustwide/cargo-home" "-e" "RUSTUP_HOME=/opt/rustwide/rustup-home" "-w" "/opt/rustwide/workdir" "-m" "1610612736" "--user" "0:0" "--network" "none" "ghcr.io/rust-lang/crates-build-env/linux@sha256:819108c5571ea2e421544af4d832f968d213c87fbe3707a016657f43d2f853bc" "/opt/rustwide/cargo-home/bin/cargo" "+nightly-2025-01-18" "build" "--frozen" "--message-format=json", kill_on_drop: false }`
[INFO] [stdout] 8e7f19f89d04b9188ed3ac167d82efa15a75e92fad39338aad96b4b67843bbda
[INFO] running `Command { std: "docker" "start" "-a" "8e7f19f89d04b9188ed3ac167d82efa15a75e92fad39338aad96b4b67843bbda", kill_on_drop: false }`
[INFO] [stderr]    Compiling proc-macro2 v1.0.86
[INFO] [stderr]    Compiling unicode-ident v1.0.12
[INFO] [stderr]    Compiling libc v0.2.155
[INFO] [stderr]    Compiling autocfg v1.3.0
[INFO] [stderr]    Compiling cfg-if v1.0.0
[INFO] [stderr]    Compiling byteorder v1.5.0
[INFO] [stderr]    Compiling rustversion v1.0.17
[INFO] [stderr]    Compiling anyhow v1.0.89
[INFO] [stderr]    Compiling heck v0.4.1
[INFO] [stderr]    Compiling array-init v2.1.0
[INFO] [stderr]    Compiling num-traits v0.2.19
[INFO] [stderr]    Compiling quote v1.0.36
[INFO] [stderr]    Compiling syn v2.0.72
[INFO] [stderr]    Compiling getrandom v0.2.15
[INFO] [stderr]    Compiling num-integer v0.1.46
[INFO] [stderr]    Compiling rand_core v0.6.4
[INFO] [stderr]    Compiling num-bigint v0.4.6
[INFO] [stderr]    Compiling num-rational v0.4.2
[INFO] [stderr]    Compiling zerocopy-derive v0.7.35
[INFO] [stderr]    Compiling strum_macros v0.25.3
[INFO] [stderr]    Compiling zerocopy v0.7.35
[INFO] [stderr]    Compiling strum v0.25.0
[INFO] [stderr]    Compiling ppv-lite86 v0.2.20
[INFO] [stderr]    Compiling rand_chacha v0.3.1
[INFO] [stderr]    Compiling rand v0.8.5
[INFO] [stderr]    Compiling shuftlib v0.1.1 (/opt/rustwide/workdir)
[INFO] [stderr]     Finished `dev` profile [unoptimized + debuginfo] target(s) in 12.70s
[INFO] running `Command { std: "docker" "inspect" "8e7f19f89d04b9188ed3ac167d82efa15a75e92fad39338aad96b4b67843bbda", kill_on_drop: false }`
[INFO] running `Command { std: "docker" "rm" "-f" "8e7f19f89d04b9188ed3ac167d82efa15a75e92fad39338aad96b4b67843bbda", kill_on_drop: false }`
[INFO] [stdout] 8e7f19f89d04b9188ed3ac167d82efa15a75e92fad39338aad96b4b67843bbda
[INFO] running `Command { std: "docker" "create" "-v" "/var/lib/crater-agent-workspace/builds/worker-6-tc2/target:/opt/rustwide/target:rw,Z" "-v" "/var/lib/crater-agent-workspace/builds/worker-6-tc2/source:/opt/rustwide/workdir:ro,Z" "-v" "/var/lib/crater-agent-workspace/cargo-home:/opt/rustwide/cargo-home:ro,Z" "-v" "/var/lib/crater-agent-workspace/rustup-home:/opt/rustwide/rustup-home:ro,Z" "-e" "SOURCE_DIR=/opt/rustwide/workdir" "-e" "CARGO_TARGET_DIR=/opt/rustwide/target" "-e" "CARGO_INCREMENTAL=0" "-e" "RUST_BACKTRACE=full" "-e" "RUSTFLAGS=--cap-lints=forbid -Zrandomize-layout" "-e" "RUSTDOCFLAGS=--cap-lints=forbid" "-e" "CARGO_HOME=/opt/rustwide/cargo-home" "-e" "RUSTUP_HOME=/opt/rustwide/rustup-home" "-w" "/opt/rustwide/workdir" "-m" "1610612736" "--user" "0:0" "--network" "none" "ghcr.io/rust-lang/crates-build-env/linux@sha256:819108c5571ea2e421544af4d832f968d213c87fbe3707a016657f43d2f853bc" "/opt/rustwide/cargo-home/bin/cargo" "+nightly-2025-01-18" "test" "--frozen" "--no-run" "--message-format=json", kill_on_drop: false }`
[INFO] [stdout] 7d164f37abaef0f38e7cbac354f5bfec06fe1f938fddb64ebbfa4bae6716a70e
[INFO] running `Command { std: "docker" "start" "-a" "7d164f37abaef0f38e7cbac354f5bfec06fe1f938fddb64ebbfa4bae6716a70e", kill_on_drop: false }`
[INFO] [stderr]    Compiling libc v0.2.155
[INFO] [stderr]    Compiling libm v0.2.8
[INFO] [stderr]    Compiling rustix v0.38.34
[INFO] [stderr]    Compiling bitflags v2.6.0
[INFO] [stderr]    Compiling linux-raw-sys v0.4.14
[INFO] [stderr]    Compiling fastrand v2.1.0
[INFO] [stderr]    Compiling once_cell v1.19.0
[INFO] [stderr]    Compiling quick-error v1.2.3
[INFO] [stderr]    Compiling fnv v1.0.7
[INFO] [stderr]    Compiling num-traits v0.2.19
[INFO] [stderr]    Compiling bit-vec v0.6.3
[INFO] [stderr]    Compiling lazy_static v1.5.0
[INFO] [stderr]    Compiling unarray v0.1.4
[INFO] [stderr]    Compiling regex-syntax v0.8.4
[INFO] [stderr]    Compiling bit-set v0.5.3
[INFO] [stderr]    Compiling getrandom v0.2.15
[INFO] [stderr]    Compiling wait-timeout v0.2.0
[INFO] [stderr]    Compiling rand_core v0.6.4
[INFO] [stderr]    Compiling rand_chacha v0.3.1
[INFO] [stderr]    Compiling rand_xorshift v0.3.0
[INFO] [stderr]    Compiling rand v0.8.5
[INFO] [stderr]    Compiling num-integer v0.1.46
[INFO] [stderr]    Compiling num-bigint v0.4.6
[INFO] [stderr]    Compiling tempfile v3.12.0
[INFO] [stderr]    Compiling rusty-fork v0.3.0
[INFO] [stderr]    Compiling proptest v1.5.0
[INFO] [stderr]    Compiling num-rational v0.4.2
[INFO] [stderr]    Compiling shuftlib v0.1.1 (/opt/rustwide/workdir)
[INFO] [stdout] warning: the feature `generic_const_exprs` is incomplete and may not be safe to use and/or cause compiler crashes
[INFO] [stdout]  --> tests/tressette.rs:1:12
[INFO] [stdout]   |
[INFO] [stdout] 1 | #![feature(generic_const_exprs)]
[INFO] [stdout]   |            ^^^^^^^^^^^^^^^^^^^
[INFO] [stdout]   |
[INFO] [stdout]   = note: see issue #76560 <https://github.com/rust-lang/rust/issues/76560> for more information
[INFO] [stdout]   = note: `#[warn(incomplete_features)]` on by default
[INFO] [stdout] 
[INFO] [stdout] 
[INFO] [stdout] warning: missing documentation for the crate
[INFO] [stdout]   --> tests/tressette.rs:1:1
[INFO] [stdout]    |
[INFO] [stdout] 1  | / #![feature(generic_const_exprs)]
[INFO] [stdout] 2  | | use shuftlib::{
[INFO] [stdout] 3  | |     common::{
[INFO] [stdout] 4  | |         cards::Deck,
[INFO] [stdout] ...  |
[INFO] [stdout] 57 | |     assert!(score.0 >= tressette::SCORE_TO_WIN || score.1 >= tressette::SCORE_TO_WIN);
[INFO] [stdout] 58 | | }
[INFO] [stdout]    | |_^
[INFO] [stdout]    |
[INFO] [stdout]    = note: requested on the command line with `-W missing-docs`
[INFO] [stdout] 
[INFO] [stdout] 
[INFO] [stderr]     Finished `test` profile [unoptimized + debuginfo] target(s) in 21.84s
[INFO] running `Command { std: "docker" "inspect" "7d164f37abaef0f38e7cbac354f5bfec06fe1f938fddb64ebbfa4bae6716a70e", kill_on_drop: false }`
[INFO] running `Command { std: "docker" "rm" "-f" "7d164f37abaef0f38e7cbac354f5bfec06fe1f938fddb64ebbfa4bae6716a70e", kill_on_drop: false }`
[INFO] [stdout] 7d164f37abaef0f38e7cbac354f5bfec06fe1f938fddb64ebbfa4bae6716a70e
[INFO] running `Command { std: "docker" "create" "-v" "/var/lib/crater-agent-workspace/builds/worker-6-tc2/target:/opt/rustwide/target:rw,Z" "-v" "/var/lib/crater-agent-workspace/builds/worker-6-tc2/source:/opt/rustwide/workdir:ro,Z" "-v" "/var/lib/crater-agent-workspace/cargo-home:/opt/rustwide/cargo-home:ro,Z" "-v" "/var/lib/crater-agent-workspace/rustup-home:/opt/rustwide/rustup-home:ro,Z" "-e" "SOURCE_DIR=/opt/rustwide/workdir" "-e" "CARGO_TARGET_DIR=/opt/rustwide/target" "-e" "CARGO_INCREMENTAL=0" "-e" "RUST_BACKTRACE=full" "-e" "RUSTFLAGS=--cap-lints=forbid -Zrandomize-layout" "-e" "RUSTDOCFLAGS=--cap-lints=forbid" "-e" "CARGO_HOME=/opt/rustwide/cargo-home" "-e" "RUSTUP_HOME=/opt/rustwide/rustup-home" "-w" "/opt/rustwide/workdir" "-m" "1610612736" "--user" "0:0" "--network" "none" "ghcr.io/rust-lang/crates-build-env/linux@sha256:819108c5571ea2e421544af4d832f968d213c87fbe3707a016657f43d2f853bc" "/opt/rustwide/cargo-home/bin/cargo" "+nightly-2025-01-18" "test" "--frozen", kill_on_drop: false }`
[INFO] [stdout] de64f65bf6abf635665a2208ed097be3fd4a433737061ed2e1c003fd552b0567
[INFO] running `Command { std: "docker" "start" "-a" "de64f65bf6abf635665a2208ed097be3fd4a433737061ed2e1c003fd552b0567", kill_on_drop: false }`
[INFO] [stderr] warning: the feature `generic_const_exprs` is incomplete and may not be safe to use and/or cause compiler crashes
[INFO] [stderr]  --> tests/tressette.rs:1:12
[INFO] [stderr]   |
[INFO] [stderr] 1 | #![feature(generic_const_exprs)]
[INFO] [stderr]   |            ^^^^^^^^^^^^^^^^^^^
[INFO] [stderr]   |
[INFO] [stderr]   = note: see issue #76560 <https://github.com/rust-lang/rust/issues/76560> for more information
[INFO] [stderr]   = note: `#[warn(incomplete_features)]` on by default
[INFO] [stderr] 
[INFO] [stderr] warning: missing documentation for the crate
[INFO] [stderr]   --> tests/tressette.rs:1:1
[INFO] [stderr]    |
[INFO] [stderr] 1  | / #![feature(generic_const_exprs)]
[INFO] [stderr] 2  | | use shuftlib::{
[INFO] [stderr] 3  | |     common::{
[INFO] [stderr] 4  | |         cards::Deck,
[INFO] [stderr] ...  |
[INFO] [stderr] 57 | |     assert!(score.0 >= tressette::SCORE_TO_WIN || score.1 >= tressette::SCORE_TO_WIN);
[INFO] [stderr] 58 | | }
[INFO] [stderr]    | |_^
[INFO] [stderr]    |
[INFO] [stderr]    = note: requested on the command line with `-W missing-docs`
[INFO] [stderr] 
[INFO] [stderr] warning: `shuftlib` (test "tressette") generated 2 warnings
[INFO] [stderr]     Finished `test` profile [unoptimized + debuginfo] target(s) in 0.07s
[INFO] [stderr]      Running unittests src/lib.rs (/opt/rustwide/target/debug/deps/shuftlib-643cb8e9e638c3c5)
[INFO] [stdout] 
[INFO] [stdout] running 9 tests
[INFO] [stdout] test tressette::tests::a_team_won_with_both_above_and_different ... ok
[INFO] [stdout] test tressette::tests::a_team_won_with_both_below ... ok
[INFO] [stdout] test tressette::tests::a_team_won_with_team1_above ... ok
[INFO] [stdout] test tressette::tests::a_team_won_with_both_above_and_same ... ok
[INFO] [stdout] test common::cards::tests::should_shuffle ... ok
[INFO] [stdout] test tressette::tests::a_team_won_with_team2_above ... ok
[INFO] [stdout] test tressette::tests::playable_works ... ok
[INFO] [stdout] test common::hands::tests::play_method_works ... ok
[INFO] [stdout] test common::hands::tests::finish_method_works ... ok
[INFO] [stdout] 
[INFO] [stdout] test result: ok. 9 passed; 0 failed; 0 ignored; 0 measured; 0 filtered out; finished in 0.05s
[INFO] [stdout] 
[INFO] [stderr]      Running tests/tressette.rs (/opt/rustwide/target/debug/deps/tressette-33d9354317e49c0d)
[INFO] [stdout] 
[INFO] [stdout] running 1 test
[INFO] [stdout] test tressette_works ... ok
[INFO] [stdout] 
[INFO] [stdout] test result: ok. 1 passed; 0 failed; 0 ignored; 0 measured; 0 filtered out; finished in 0.00s
[INFO] [stdout] 
[INFO] [stderr]    Doc-tests shuftlib
[INFO] [stdout] 
[INFO] [stdout] running 13 tests
[INFO] [stdout] test src/common/hands.rs - common::hands::Player<G>::give (line 52) ... FAILED
[INFO] [stdout] test src/common/hands.rs - common::hands::OngoingHand<G>::new (line 509) ... FAILED
[INFO] [stdout] test src/tressette.rs - tressette::TressetteCard::value (line 217) ... ok
[INFO] [stdout] test src/common/hands.rs - common::hands::Player<G>::remove (line 73) ... FAILED
[INFO] [stdout] test src/common/hands.rs - common::hands::OngoingTrick<G>::new (line 401) ... FAILED
[INFO] [stdout] test src/common/hands.rs - common::hands::Player<G>::new (line 109) ... FAILED
[INFO] [stdout] test src/tressette.rs - tressette::TressetteRules::playable (line 84) ... FAILED
[INFO] [stdout] test src/common/hands.rs - common::hands::PlayerId<PLAYERS>::inc (line 139) ... ok
[INFO] [stdout] test src/common/hands.rs - common::hands::PlayerId<PLAYERS>::new (line 164) ... ok
[INFO] [stdout] test src/common/hands.rs - common::hands::OngoingTrick<G>::play (line 294) ... ok
[INFO] [stdout] test src/tressette.rs - tressette::TressetteRules::determine_taker (line 36) ... ok
[INFO] [stdout] test src/common/hands.rs - common::hands::OngoingTrick<G>::finish (line 328) ... ok
[INFO] [stdout] test src/tressette.rs - tressette::TressetteCard::new (line 246) ... ok
[INFO] [stdout] 
[INFO] [stdout] failures:
[INFO] [stdout] 
[INFO] [stdout] ---- src/common/hands.rs - common::hands::Player<G>::give (line 52) stdout ----
[INFO] [stdout] note: no errors encountered even though delayed bugs were created
[INFO] [stdout] 
[INFO] [stdout] note: those delayed bugs will now be shown as internal compiler errors
[INFO] [stdout] 
[INFO] [stdout] error: internal compiler error: Encountered anon const with inference variable args but no error reported
[INFO] [stdout]   |
[INFO] [stdout]   = note: delayed at compiler/rustc_trait_selection/src/traits/mod.rs:605:27
[INFO] [stdout]              0: <rustc_errors::DiagCtxtInner>::emit_diagnostic
[INFO] [stdout]              1: <rustc_errors::DiagCtxtHandle>::emit_diagnostic
[INFO] [stdout]              2: <rustc_span::ErrorGuaranteed as rustc_errors::diagnostic::EmissionGuarantee>::emit_producing_guarantee
[INFO] [stdout]              3: <rustc_errors::DiagCtxtHandle>::delayed_bug::<&str>
[INFO] [stdout]              4: rustc_trait_selection::traits::try_evaluate_const.cold
[INFO] [stdout]              5: <rustc_trait_selection::traits::normalize::AssocTypeNormalizer as rustc_type_ir::fold::TypeFolder<rustc_middle::ty::context::TyCtxt>>::fold_const
[INFO] [stdout]              6: <rustc_middle::ty::InstantiatedPredicates as rustc_type_ir::fold::TypeFoldable<rustc_middle::ty::context::TyCtxt>>::try_fold_with::<rustc_trait_selection::traits::normalize::AssocTypeNormalizer>
[INFO] [stdout]              7: <rustc_hir_typeck::fn_ctxt::FnCtxt>::instantiate_value_path
[INFO] [stdout]              8: <rustc_hir_typeck::fn_ctxt::FnCtxt>::check_expr_path
[INFO] [stdout]              9: <rustc_hir_typeck::fn_ctxt::FnCtxt>::check_expr_with_expectation_and_args
[INFO] [stdout]             10: <rustc_hir_typeck::fn_ctxt::FnCtxt>::check_expr_with_expectation_and_args
[INFO] [stdout]             11: <rustc_hir_typeck::fn_ctxt::FnCtxt>::check_decl
[INFO] [stdout]             12: <rustc_hir_typeck::fn_ctxt::FnCtxt>::check_expr_block
[INFO] [stdout]             13: <rustc_hir_typeck::fn_ctxt::FnCtxt>::check_expr_with_expectation_and_args
[INFO] [stdout]             14: rustc_hir_typeck::check::check_fn
[INFO] [stdout]             15: rustc_hir_typeck::typeck_with_fallback::{closure#0}
[INFO] [stdout]             16: rustc_query_impl::plumbing::__rust_begin_short_backtrace::<rustc_query_impl::query_impl::typeck::dynamic_query::{closure#2}::{closure#0}, rustc_middle::query::erase::Erased<[u8; 8]>>
[INFO] [stdout]             17: rustc_query_system::query::plumbing::try_execute_query::<rustc_query_impl::DynamicConfig<rustc_data_structures::vec_cache::VecCache<rustc_span::def_id::LocalDefId, rustc_middle::query::erase::Erased<[u8; 8]>, rustc_query_system::dep_graph::graph::DepNodeIndex>, false, false, false>, rustc_query_impl::plumbing::QueryCtxt, false>
[INFO] [stdout]             18: rustc_query_impl::query_impl::typeck::get_query_non_incr::__rust_end_short_backtrace
[INFO] [stdout]             19: <rustc_middle::hir::map::Map>::par_body_owners::<rustc_hir_analysis::check_crate::{closure#4}>::{closure#0}
[INFO] [stdout]             20: rustc_hir_analysis::check_crate
[INFO] [stdout]             21: rustc_interface::passes::run_required_analyses
[INFO] [stdout]             22: rustc_interface::passes::analysis
[INFO] [stdout]             23: rustc_query_impl::plumbing::__rust_begin_short_backtrace::<rustc_query_impl::query_impl::analysis::dynamic_query::{closure#2}::{closure#0}, rustc_middle::query::erase::Erased<[u8; 0]>>
[INFO] [stdout]             24: rustc_query_system::query::plumbing::try_execute_query::<rustc_query_impl::DynamicConfig<rustc_query_system::query::caches::SingleCache<rustc_middle::query::erase::Erased<[u8; 0]>>, false, false, false>, rustc_query_impl::plumbing::QueryCtxt, false>
[INFO] [stdout]             25: rustc_query_impl::query_impl::analysis::get_query_non_incr::__rust_end_short_backtrace
[INFO] [stdout]             26: rustc_interface::passes::create_and_enter_global_ctxt::<core::option::Option<rustc_interface::queries::Linker>, rustc_driver_impl::run_compiler::{closure#0}::{closure#2}>::{closure#2}::{closure#0}
[INFO] [stdout]             27: rustc_interface::interface::run_compiler::<(), rustc_driver_impl::run_compiler::{closure#0}>::{closure#1}
[INFO] [stdout]             28: std::sys::backtrace::__rust_begin_short_backtrace::<rustc_interface::util::run_in_thread_with_globals<rustc_interface::util::run_in_thread_pool_with_globals<rustc_interface::interface::run_compiler<(), rustc_driver_impl::run_compiler::{closure#0}>::{closure#1}, ()>::{closure#0}, ()>::{closure#0}::{closure#0}, ()>
[INFO] [stdout]             29: <<std::thread::Builder>::spawn_unchecked_<rustc_interface::util::run_in_thread_with_globals<rustc_interface::util::run_in_thread_pool_with_globals<rustc_interface::interface::run_compiler<(), rustc_driver_impl::run_compiler::{closure#0}>::{closure#1}, ()>::{closure#0}, ()>::{closure#0}::{closure#0}, ()>::{closure#1} as core::ops::function::FnOnce<()>>::call_once::{shim:vtable#0}
[INFO] [stdout]             30: std::sys::pal::unix::thread::Thread::new::thread_start
[INFO] [stdout]             31: <unknown>
[INFO] [stdout]             32: clone
[INFO] [stdout]           
[INFO] [stdout] 
[INFO] [stdout] note: we would appreciate a bug report: https://github.com/rust-lang/rust/issues/new?labels=C-bug%2C+I-ICE%2C+T-compiler&template=ice.md
[INFO] [stdout] 
[INFO] [stdout] note: please make sure that you have updated to the latest nightly
[INFO] [stdout] 
[INFO] [stdout] warning: the ICE couldn't be written to `/opt/rustwide/workdir/rustc-ice-2025-01-20T08_09_54-37.txt`: Read-only file system (os error 30)
[INFO] [stdout] 
[INFO] [stdout] note: rustc 1.86.0-nightly (6067b3631 2025-01-17) running on x86_64-unknown-linux-gnu
[INFO] [stdout] 
[INFO] [stdout] query stack during panic:
[INFO] [stdout] end of query stack
[INFO] [stdout] Couldn't compile the test.
[INFO] [stdout] ---- src/common/hands.rs - common::hands::OngoingHand<G>::new (line 509) stdout ----
[INFO] [stdout] note: no errors encountered even though delayed bugs were created
[INFO] [stdout] 
[INFO] [stdout] note: those delayed bugs will now be shown as internal compiler errors
[INFO] [stdout] 
[INFO] [stdout] error: internal compiler error: Encountered anon const with inference variable args but no error reported
[INFO] [stdout]   |
[INFO] [stdout]   = note: delayed at compiler/rustc_trait_selection/src/traits/mod.rs:605:27
[INFO] [stdout]              0: <rustc_errors::DiagCtxtInner>::emit_diagnostic
[INFO] [stdout]              1: <rustc_errors::DiagCtxtHandle>::emit_diagnostic
[INFO] [stdout]              2: <rustc_span::ErrorGuaranteed as rustc_errors::diagnostic::EmissionGuarantee>::emit_producing_guarantee
[INFO] [stdout]              3: <rustc_errors::DiagCtxtHandle>::delayed_bug::<&str>
[INFO] [stdout]              4: rustc_trait_selection::traits::try_evaluate_const.cold
[INFO] [stdout]              5: <rustc_trait_selection::traits::normalize::AssocTypeNormalizer as rustc_type_ir::fold::TypeFolder<rustc_middle::ty::context::TyCtxt>>::fold_const
[INFO] [stdout]              6: <rustc_middle::ty::InstantiatedPredicates as rustc_type_ir::fold::TypeFoldable<rustc_middle::ty::context::TyCtxt>>::try_fold_with::<rustc_trait_selection::traits::normalize::AssocTypeNormalizer>
[INFO] [stdout]              7: <rustc_hir_typeck::fn_ctxt::FnCtxt>::instantiate_value_path
[INFO] [stdout]              8: <rustc_hir_typeck::fn_ctxt::FnCtxt>::check_expr_path
[INFO] [stdout]              9: <rustc_hir_typeck::fn_ctxt::FnCtxt>::check_expr_with_expectation_and_args
[INFO] [stdout]             10: <rustc_hir_typeck::fn_ctxt::FnCtxt>::check_expr_with_expectation_and_args
[INFO] [stdout]             11: <rustc_hir_typeck::fn_ctxt::FnCtxt>::check_decl
[INFO] [stdout]             12: <rustc_hir_typeck::fn_ctxt::FnCtxt>::check_expr_block
[INFO] [stdout]             13: <rustc_hir_typeck::fn_ctxt::FnCtxt>::check_expr_with_expectation_and_args
[INFO] [stdout]             14: rustc_hir_typeck::check::check_fn
[INFO] [stdout]             15: rustc_hir_typeck::typeck_with_fallback::{closure#0}
[INFO] [stdout]             16: rustc_query_impl::plumbing::__rust_begin_short_backtrace::<rustc_query_impl::query_impl::typeck::dynamic_query::{closure#2}::{closure#0}, rustc_middle::query::erase::Erased<[u8; 8]>>
[INFO] [stdout]             17: rustc_query_system::query::plumbing::try_execute_query::<rustc_query_impl::DynamicConfig<rustc_data_structures::vec_cache::VecCache<rustc_span::def_id::LocalDefId, rustc_middle::query::erase::Erased<[u8; 8]>, rustc_query_system::dep_graph::graph::DepNodeIndex>, false, false, false>, rustc_query_impl::plumbing::QueryCtxt, false>
[INFO] [stdout]             18: rustc_query_impl::query_impl::typeck::get_query_non_incr::__rust_end_short_backtrace
[INFO] [stdout]             19: <rustc_middle::hir::map::Map>::par_body_owners::<rustc_hir_analysis::check_crate::{closure#4}>::{closure#0}
[INFO] [stdout]             20: rustc_hir_analysis::check_crate
[INFO] [stdout]             21: rustc_interface::passes::run_required_analyses
[INFO] [stdout]             22: rustc_interface::passes::analysis
[INFO] [stdout]             23: rustc_query_impl::plumbing::__rust_begin_short_backtrace::<rustc_query_impl::query_impl::analysis::dynamic_query::{closure#2}::{closure#0}, rustc_middle::query::erase::Erased<[u8; 0]>>
[INFO] [stdout]             24: rustc_query_system::query::plumbing::try_execute_query::<rustc_query_impl::DynamicConfig<rustc_query_system::query::caches::SingleCache<rustc_middle::query::erase::Erased<[u8; 0]>>, false, false, false>, rustc_query_impl::plumbing::QueryCtxt, false>
[INFO] [stdout]             25: rustc_query_impl::query_impl::analysis::get_query_non_incr::__rust_end_short_backtrace
[INFO] [stdout]             26: rustc_interface::passes::create_and_enter_global_ctxt::<core::option::Option<rustc_interface::queries::Linker>, rustc_driver_impl::run_compiler::{closure#0}::{closure#2}>::{closure#2}::{closure#0}
[INFO] [stdout]             27: rustc_interface::interface::run_compiler::<(), rustc_driver_impl::run_compiler::{closure#0}>::{closure#1}
[INFO] [stdout]             28: std::sys::backtrace::__rust_begin_short_backtrace::<rustc_interface::util::run_in_thread_with_globals<rustc_interface::util::run_in_thread_pool_with_globals<rustc_interface::interface::run_compiler<(), rustc_driver_impl::run_compiler::{closure#0}>::{closure#1}, ()>::{closure#0}, ()>::{closure#0}::{closure#0}, ()>
[INFO] [stdout]             29: <<std::thread::Builder>::spawn_unchecked_<rustc_interface::util::run_in_thread_with_globals<rustc_interface::util::run_in_thread_pool_with_globals<rustc_interface::interface::run_compiler<(), rustc_driver_impl::run_compiler::{closure#0}>::{closure#1}, ()>::{closure#0}, ()>::{closure#0}::{closure#0}, ()>::{closure#1} as core::ops::function::FnOnce<()>>::call_once::{shim:vtable#0}
[INFO] [stdout]             30: std::sys::pal::unix::thread::Thread::new::thread_start
[INFO] [stdout]             31: <unknown>
[INFO] [stdout]             32: clone
[INFO] [stdout]           
[INFO] [stdout] 
[INFO] [stdout] note: we would appreciate a bug report: https://github.com/rust-lang/rust/issues/new?labels=C-bug%2C+I-ICE%2C+T-compiler&template=ice.md
[INFO] [stdout] 
[INFO] [stdout] note: please make sure that you have updated to the latest nightly
[INFO] [stdout] 
[INFO] [stdout] warning: the ICE couldn't be written to `/opt/rustwide/workdir/rustc-ice-2025-01-20T08_09_54-33.txt`: Read-only file system (os error 30)
[INFO] [stdout] 
[INFO] [stdout] note: rustc 1.86.0-nightly (6067b3631 2025-01-17) running on x86_64-unknown-linux-gnu
[INFO] [stdout] 
[INFO] [stdout] query stack during panic:
[INFO] [stdout] end of query stack
[INFO] [stdout] Couldn't compile the test.
[INFO] [stdout] ---- src/common/hands.rs - common::hands::Player<G>::remove (line 73) stdout ----
[INFO] [stdout] note: no errors encountered even though delayed bugs were created
[INFO] [stdout] 
[INFO] [stdout] note: those delayed bugs will now be shown as internal compiler errors
[INFO] [stdout] 
[INFO] [stdout] error: internal compiler error: Encountered anon const with inference variable args but no error reported
[INFO] [stdout]   |
[INFO] [stdout]   = note: delayed at compiler/rustc_trait_selection/src/traits/mod.rs:605:27
[INFO] [stdout]              0: <rustc_errors::DiagCtxtInner>::emit_diagnostic
[INFO] [stdout]              1: <rustc_errors::DiagCtxtHandle>::emit_diagnostic
[INFO] [stdout]              2: <rustc_span::ErrorGuaranteed as rustc_errors::diagnostic::EmissionGuarantee>::emit_producing_guarantee
[INFO] [stdout]              3: <rustc_errors::DiagCtxtHandle>::delayed_bug::<&str>
[INFO] [stdout]              4: rustc_trait_selection::traits::try_evaluate_const.cold
[INFO] [stdout]              5: <rustc_trait_selection::traits::normalize::AssocTypeNormalizer as rustc_type_ir::fold::TypeFolder<rustc_middle::ty::context::TyCtxt>>::fold_const
[INFO] [stdout]              6: <rustc_middle::ty::InstantiatedPredicates as rustc_type_ir::fold::TypeFoldable<rustc_middle::ty::context::TyCtxt>>::try_fold_with::<rustc_trait_selection::traits::normalize::AssocTypeNormalizer>
[INFO] [stdout]              7: <rustc_hir_typeck::fn_ctxt::FnCtxt>::instantiate_value_path
[INFO] [stdout]              8: <rustc_hir_typeck::fn_ctxt::FnCtxt>::check_expr_path
[INFO] [stdout]              9: <rustc_hir_typeck::fn_ctxt::FnCtxt>::check_expr_with_expectation_and_args
[INFO] [stdout]             10: <rustc_hir_typeck::fn_ctxt::FnCtxt>::check_expr_with_expectation_and_args
[INFO] [stdout]             11: <rustc_hir_typeck::fn_ctxt::FnCtxt>::check_decl
[INFO] [stdout]             12: <rustc_hir_typeck::fn_ctxt::FnCtxt>::check_expr_block
[INFO] [stdout]             13: <rustc_hir_typeck::fn_ctxt::FnCtxt>::check_expr_with_expectation_and_args
[INFO] [stdout]             14: rustc_hir_typeck::check::check_fn
[INFO] [stdout]             15: rustc_hir_typeck::typeck_with_fallback::{closure#0}
[INFO] [stdout]             16: rustc_query_impl::plumbing::__rust_begin_short_backtrace::<rustc_query_impl::query_impl::typeck::dynamic_query::{closure#2}::{closure#0}, rustc_middle::query::erase::Erased<[u8; 8]>>
[INFO] [stdout]             17: rustc_query_system::query::plumbing::try_execute_query::<rustc_query_impl::DynamicConfig<rustc_data_structures::vec_cache::VecCache<rustc_span::def_id::LocalDefId, rustc_middle::query::erase::Erased<[u8; 8]>, rustc_query_system::dep_graph::graph::DepNodeIndex>, false, false, false>, rustc_query_impl::plumbing::QueryCtxt, false>
[INFO] [stdout]             18: rustc_query_impl::query_impl::typeck::get_query_non_incr::__rust_end_short_backtrace
[INFO] [stdout]             19: <rustc_middle::hir::map::Map>::par_body_owners::<rustc_hir_analysis::check_crate::{closure#4}>::{closure#0}
[INFO] [stdout]             20: rustc_hir_analysis::check_crate
[INFO] [stdout]             21: rustc_interface::passes::run_required_analyses
[INFO] [stdout]             22: rustc_interface::passes::analysis
[INFO] [stdout]             23: rustc_query_impl::plumbing::__rust_begin_short_backtrace::<rustc_query_impl::query_impl::analysis::dynamic_query::{closure#2}::{closure#0}, rustc_middle::query::erase::Erased<[u8; 0]>>
[INFO] [stdout]             24: rustc_query_system::query::plumbing::try_execute_query::<rustc_query_impl::DynamicConfig<rustc_query_system::query::caches::SingleCache<rustc_middle::query::erase::Erased<[u8; 0]>>, false, false, false>, rustc_query_impl::plumbing::QueryCtxt, false>
[INFO] [stdout]             25: rustc_query_impl::query_impl::analysis::get_query_non_incr::__rust_end_short_backtrace
[INFO] [stdout]             26: rustc_interface::passes::create_and_enter_global_ctxt::<core::option::Option<rustc_interface::queries::Linker>, rustc_driver_impl::run_compiler::{closure#0}::{closure#2}>::{closure#2}::{closure#0}
[INFO] [stdout]             27: rustc_interface::interface::run_compiler::<(), rustc_driver_impl::run_compiler::{closure#0}>::{closure#1}
[INFO] [stdout]             28: std::sys::backtrace::__rust_begin_short_backtrace::<rustc_interface::util::run_in_thread_with_globals<rustc_interface::util::run_in_thread_pool_with_globals<rustc_interface::interface::run_compiler<(), rustc_driver_impl::run_compiler::{closure#0}>::{closure#1}, ()>::{closure#0}, ()>::{closure#0}::{closure#0}, ()>
[INFO] [stdout]             29: <<std::thread::Builder>::spawn_unchecked_<rustc_interface::util::run_in_thread_with_globals<rustc_interface::util::run_in_thread_pool_with_globals<rustc_interface::interface::run_compiler<(), rustc_driver_impl::run_compiler::{closure#0}>::{closure#1}, ()>::{closure#0}, ()>::{closure#0}::{closure#0}, ()>::{closure#1} as core::ops::function::FnOnce<()>>::call_once::{shim:vtable#0}
[INFO] [stdout]             30: std::sys::pal::unix::thread::Thread::new::thread_start
[INFO] [stdout]             31: <unknown>
[INFO] [stdout]             32: clone
[INFO] [stdout]           
[INFO] [stdout] 
[INFO] [stdout] note: we would appreciate a bug report: https://github.com/rust-lang/rust/issues/new?labels=C-bug%2C+I-ICE%2C+T-compiler&template=ice.md
[INFO] [stdout] 
[INFO] [stdout] note: please make sure that you have updated to the latest nightly
[INFO] [stdout] 
[INFO] [stdout] warning: the ICE couldn't be written to `/opt/rustwide/workdir/rustc-ice-2025-01-20T08_09_54-36.txt`: Read-only file system (os error 30)
[INFO] [stdout] 
[INFO] [stdout] note: rustc 1.86.0-nightly (6067b3631 2025-01-17) running on x86_64-unknown-linux-gnu
[INFO] [stdout] 
[INFO] [stdout] query stack during panic:
[INFO] [stdout] end of query stack
[INFO] [stdout] Couldn't compile the test.
[INFO] [stdout] ---- src/common/hands.rs - common::hands::OngoingTrick<G>::new (line 401) stdout ----
[INFO] [stdout] note: no errors encountered even though delayed bugs were created
[INFO] [stdout] 
[INFO] [stdout] note: those delayed bugs will now be shown as internal compiler errors
[INFO] [stdout] 
[INFO] [stdout] error: internal compiler error: Encountered anon const with inference variable args but no error reported
[INFO] [stdout]   |
[INFO] [stdout]   = note: delayed at compiler/rustc_trait_selection/src/traits/mod.rs:605:27
[INFO] [stdout]              0: <rustc_errors::DiagCtxtInner>::emit_diagnostic
[INFO] [stdout]              1: <rustc_errors::DiagCtxtHandle>::emit_diagnostic
[INFO] [stdout]              2: <rustc_span::ErrorGuaranteed as rustc_errors::diagnostic::EmissionGuarantee>::emit_producing_guarantee
[INFO] [stdout]              3: <rustc_errors::DiagCtxtHandle>::delayed_bug::<&str>
[INFO] [stdout]              4: rustc_trait_selection::traits::try_evaluate_const.cold
[INFO] [stdout]              5: <rustc_trait_selection::traits::normalize::AssocTypeNormalizer as rustc_type_ir::fold::TypeFolder<rustc_middle::ty::context::TyCtxt>>::fold_const
[INFO] [stdout]              6: <rustc_middle::ty::InstantiatedPredicates as rustc_type_ir::fold::TypeFoldable<rustc_middle::ty::context::TyCtxt>>::try_fold_with::<rustc_trait_selection::traits::normalize::AssocTypeNormalizer>
[INFO] [stdout]              7: <rustc_hir_typeck::fn_ctxt::FnCtxt>::instantiate_value_path
[INFO] [stdout]              8: <rustc_hir_typeck::fn_ctxt::FnCtxt>::check_expr_path
[INFO] [stdout]              9: <rustc_hir_typeck::fn_ctxt::FnCtxt>::check_expr_with_expectation_and_args
[INFO] [stdout]             10: <rustc_hir_typeck::fn_ctxt::FnCtxt>::check_expr_with_expectation_and_args
[INFO] [stdout]             11: <rustc_hir_typeck::fn_ctxt::FnCtxt>::check_decl
[INFO] [stdout]             12: <rustc_hir_typeck::fn_ctxt::FnCtxt>::check_expr_block
[INFO] [stdout]             13: <rustc_hir_typeck::fn_ctxt::FnCtxt>::check_expr_with_expectation_and_args
[INFO] [stdout]             14: rustc_hir_typeck::check::check_fn
[INFO] [stdout]             15: rustc_hir_typeck::typeck_with_fallback::{closure#0}
[INFO] [stdout]             16: rustc_query_impl::plumbing::__rust_begin_short_backtrace::<rustc_query_impl::query_impl::typeck::dynamic_query::{closure#2}::{closure#0}, rustc_middle::query::erase::Erased<[u8; 8]>>
[INFO] [stdout]             17: rustc_query_system::query::plumbing::try_execute_query::<rustc_query_impl::DynamicConfig<rustc_data_structures::vec_cache::VecCache<rustc_span::def_id::LocalDefId, rustc_middle::query::erase::Erased<[u8; 8]>, rustc_query_system::dep_graph::graph::DepNodeIndex>, false, false, false>, rustc_query_impl::plumbing::QueryCtxt, false>
[INFO] [stdout]             18: rustc_query_impl::query_impl::typeck::get_query_non_incr::__rust_end_short_backtrace
[INFO] [stdout]             19: <rustc_middle::hir::map::Map>::par_body_owners::<rustc_hir_analysis::check_crate::{closure#4}>::{closure#0}
[INFO] [stdout]             20: rustc_hir_analysis::check_crate
[INFO] [stdout]             21: rustc_interface::passes::run_required_analyses
[INFO] [stdout]             22: rustc_interface::passes::analysis
[INFO] [stdout]             23: rustc_query_impl::plumbing::__rust_begin_short_backtrace::<rustc_query_impl::query_impl::analysis::dynamic_query::{closure#2}::{closure#0}, rustc_middle::query::erase::Erased<[u8; 0]>>
[INFO] [stdout]             24: rustc_query_system::query::plumbing::try_execute_query::<rustc_query_impl::DynamicConfig<rustc_query_system::query::caches::SingleCache<rustc_middle::query::erase::Erased<[u8; 0]>>, false, false, false>, rustc_query_impl::plumbing::QueryCtxt, false>
[INFO] [stdout]             25: rustc_query_impl::query_impl::analysis::get_query_non_incr::__rust_end_short_backtrace
[INFO] [stdout]             26: rustc_interface::passes::create_and_enter_global_ctxt::<core::option::Option<rustc_interface::queries::Linker>, rustc_driver_impl::run_compiler::{closure#0}::{closure#2}>::{closure#2}::{closure#0}
[INFO] [stdout]             27: rustc_interface::interface::run_compiler::<(), rustc_driver_impl::run_compiler::{closure#0}>::{closure#1}
[INFO] [stdout]             28: std::sys::backtrace::__rust_begin_short_backtrace::<rustc_interface::util::run_in_thread_with_globals<rustc_interface::util::run_in_thread_pool_with_globals<rustc_interface::interface::run_compiler<(), rustc_driver_impl::run_compiler::{closure#0}>::{closure#1}, ()>::{closure#0}, ()>::{closure#0}::{closure#0}, ()>
[INFO] [stdout]             29: <<std::thread::Builder>::spawn_unchecked_<rustc_interface::util::run_in_thread_with_globals<rustc_interface::util::run_in_thread_pool_with_globals<rustc_interface::interface::run_compiler<(), rustc_driver_impl::run_compiler::{closure#0}>::{closure#1}, ()>::{closure#0}, ()>::{closure#0}::{closure#0}, ()>::{closure#1} as core::ops::function::FnOnce<()>>::call_once::{shim:vtable#0}
[INFO] [stdout]             30: std::sys::pal::unix::thread::Thread::new::thread_start
[INFO] [stdout]             31: <unknown>
[INFO] [stdout]             32: clone
[INFO] [stdout]           
[INFO] [stdout] 
[INFO] [stdout] note: we would appreciate a bug report: https://github.com/rust-lang/rust/issues/new?labels=C-bug%2C+I-ICE%2C+T-compiler&template=ice.md
[INFO] [stdout] 
[INFO] [stdout] note: please make sure that you have updated to the latest nightly
[INFO] [stdout] 
[INFO] [stdout] warning: the ICE couldn't be written to `/opt/rustwide/workdir/rustc-ice-2025-01-20T08_09_54-45.txt`: Read-only file system (os error 30)
[INFO] [stdout] 
[INFO] [stdout] note: rustc 1.86.0-nightly (6067b3631 2025-01-17) running on x86_64-unknown-linux-gnu
[INFO] [stdout] 
[INFO] [stdout] query stack during panic:
[INFO] [stdout] end of query stack
[INFO] [stdout] Couldn't compile the test.
[INFO] [stdout] ---- src/common/hands.rs - common::hands::Player<G>::new (line 109) stdout ----
[INFO] [stdout] note: no errors encountered even though delayed bugs were created
[INFO] [stdout] 
[INFO] [stdout] note: those delayed bugs will now be shown as internal compiler errors
[INFO] [stdout] 
[INFO] [stdout] error: internal compiler error: Encountered anon const with inference variable args but no error reported
[INFO] [stdout]   |
[INFO] [stdout]   = note: delayed at compiler/rustc_trait_selection/src/traits/mod.rs:605:27
[INFO] [stdout]              0: <rustc_errors::DiagCtxtInner>::emit_diagnostic
[INFO] [stdout]              1: <rustc_errors::DiagCtxtHandle>::emit_diagnostic
[INFO] [stdout]              2: <rustc_span::ErrorGuaranteed as rustc_errors::diagnostic::EmissionGuarantee>::emit_producing_guarantee
[INFO] [stdout]              3: <rustc_errors::DiagCtxtHandle>::delayed_bug::<&str>
[INFO] [stdout]              4: rustc_trait_selection::traits::try_evaluate_const.cold
[INFO] [stdout]              5: <rustc_trait_selection::traits::normalize::AssocTypeNormalizer as rustc_type_ir::fold::TypeFolder<rustc_middle::ty::context::TyCtxt>>::fold_const
[INFO] [stdout]              6: <rustc_middle::ty::InstantiatedPredicates as rustc_type_ir::fold::TypeFoldable<rustc_middle::ty::context::TyCtxt>>::try_fold_with::<rustc_trait_selection::traits::normalize::AssocTypeNormalizer>
[INFO] [stdout]              7: <rustc_hir_typeck::fn_ctxt::FnCtxt>::instantiate_value_path
[INFO] [stdout]              8: <rustc_hir_typeck::fn_ctxt::FnCtxt>::check_expr_path
[INFO] [stdout]              9: <rustc_hir_typeck::fn_ctxt::FnCtxt>::check_expr_with_expectation_and_args
[INFO] [stdout]             10: <rustc_hir_typeck::fn_ctxt::FnCtxt>::check_expr_with_expectation_and_args
[INFO] [stdout]             11: <rustc_hir_typeck::fn_ctxt::FnCtxt>::check_decl
[INFO] [stdout]             12: <rustc_hir_typeck::fn_ctxt::FnCtxt>::check_expr_block
[INFO] [stdout]             13: <rustc_hir_typeck::fn_ctxt::FnCtxt>::check_expr_with_expectation_and_args
[INFO] [stdout]             14: rustc_hir_typeck::check::check_fn
[INFO] [stdout]             15: rustc_hir_typeck::typeck_with_fallback::{closure#0}
[INFO] [stdout]             16: rustc_query_impl::plumbing::__rust_begin_short_backtrace::<rustc_query_impl::query_impl::typeck::dynamic_query::{closure#2}::{closure#0}, rustc_middle::query::erase::Erased<[u8; 8]>>
[INFO] [stdout]             17: rustc_query_system::query::plumbing::try_execute_query::<rustc_query_impl::DynamicConfig<rustc_data_structures::vec_cache::VecCache<rustc_span::def_id::LocalDefId, rustc_middle::query::erase::Erased<[u8; 8]>, rustc_query_system::dep_graph::graph::DepNodeIndex>, false, false, false>, rustc_query_impl::plumbing::QueryCtxt, false>
[INFO] [stdout]             18: rustc_query_impl::query_impl::typeck::get_query_non_incr::__rust_end_short_backtrace
[INFO] [stdout]             19: <rustc_middle::hir::map::Map>::par_body_owners::<rustc_hir_analysis::check_crate::{closure#4}>::{closure#0}
[INFO] [stdout]             20: rustc_hir_analysis::check_crate
[INFO] [stdout]             21: rustc_interface::passes::run_required_analyses
[INFO] [stdout]             22: rustc_interface::passes::analysis
[INFO] [stdout]             23: rustc_query_impl::plumbing::__rust_begin_short_backtrace::<rustc_query_impl::query_impl::analysis::dynamic_query::{closure#2}::{closure#0}, rustc_middle::query::erase::Erased<[u8; 0]>>
[INFO] [stdout]             24: rustc_query_system::query::plumbing::try_execute_query::<rustc_query_impl::DynamicConfig<rustc_query_system::query::caches::SingleCache<rustc_middle::query::erase::Erased<[u8; 0]>>, false, false, false>, rustc_query_impl::plumbing::QueryCtxt, false>
[INFO] [stdout]             25: rustc_query_impl::query_impl::analysis::get_query_non_incr::__rust_end_short_backtrace
[INFO] [stdout]             26: rustc_interface::passes::create_and_enter_global_ctxt::<core::option::Option<rustc_interface::queries::Linker>, rustc_driver_impl::run_compiler::{closure#0}::{closure#2}>::{closure#2}::{closure#0}
[INFO] [stdout]             27: rustc_interface::interface::run_compiler::<(), rustc_driver_impl::run_compiler::{closure#0}>::{closure#1}
[INFO] [stdout]             28: std::sys::backtrace::__rust_begin_short_backtrace::<rustc_interface::util::run_in_thread_with_globals<rustc_interface::util::run_in_thread_pool_with_globals<rustc_interface::interface::run_compiler<(), rustc_driver_impl::run_compiler::{closure#0}>::{closure#1}, ()>::{closure#0}, ()>::{closure#0}::{closure#0}, ()>
[INFO] [stdout]             29: <<std::thread::Builder>::spawn_unchecked_<rustc_interface::util::run_in_thread_with_globals<rustc_interface::util::run_in_thread_pool_with_globals<rustc_interface::interface::run_compiler<(), rustc_driver_impl::run_compiler::{closure#0}>::{closure#1}, ()>::{closure#0}, ()>::{closure#0}::{closure#0}, ()>::{closure#1} as core::ops::function::FnOnce<()>>::call_once::{shim:vtable#0}
[INFO] [stdout]             30: std::sys::pal::unix::thread::Thread::new::thread_start
[INFO] [stdout]             31: <unknown>
[INFO] [stdout]             32: clone
[INFO] [stdout]           
[INFO] [stdout] 
[INFO] [stdout] note: we would appreciate a bug report: https://github.com/rust-lang/rust/issues/new?labels=C-bug%2C+I-ICE%2C+T-compiler&template=ice.md
[INFO] [stdout] 
[INFO] [stdout] note: please make sure that you have updated to the latest nightly
[INFO] [stdout] 
[INFO] [stdout] warning: the ICE couldn't be written to `/opt/rustwide/workdir/rustc-ice-2025-01-20T08_09_54-43.txt`: Read-only file system (os error 30)
[INFO] [stdout] 
[INFO] [stdout] note: rustc 1.86.0-nightly (6067b3631 2025-01-17) running on x86_64-unknown-linux-gnu
[INFO] [stdout] 
[INFO] [stdout] query stack during panic:
[INFO] [stdout] end of query stack
[INFO] [stdout] Couldn't compile the test.
[INFO] [stdout] ---- src/tressette.rs - tressette::TressetteRules::playable (line 84) stdout ----
[INFO] [stdout] note: no errors encountered even though delayed bugs were created
[INFO] [stdout] 
[INFO] [stdout] note: those delayed bugs will now be shown as internal compiler errors
[INFO] [stdout] 
[INFO] [stdout] error: internal compiler error: Encountered anon const with inference variable args but no error reported
[INFO] [stdout]   |
[INFO] [stdout]   = note: delayed at compiler/rustc_trait_selection/src/traits/mod.rs:605:27
[INFO] [stdout]              0: <rustc_errors::DiagCtxtInner>::emit_diagnostic
[INFO] [stdout]              1: <rustc_errors::DiagCtxtHandle>::emit_diagnostic
[INFO] [stdout]              2: <rustc_span::ErrorGuaranteed as rustc_errors::diagnostic::EmissionGuarantee>::emit_producing_guarantee
[INFO] [stdout]              3: <rustc_errors::DiagCtxtHandle>::delayed_bug::<&str>
[INFO] [stdout]              4: rustc_trait_selection::traits::try_evaluate_const.cold
[INFO] [stdout]              5: <rustc_trait_selection::traits::normalize::AssocTypeNormalizer as rustc_type_ir::fold::TypeFolder<rustc_middle::ty::context::TyCtxt>>::fold_const
[INFO] [stdout]              6: <rustc_trait_selection::traits::normalize::AssocTypeNormalizer as rustc_type_ir::fold::FallibleTypeFolder<rustc_middle::ty::context::TyCtxt>>::try_fold_binder::<rustc_type_ir::predicate_kind::PredicateKind<rustc_middle::ty::context::TyCtxt>>
[INFO] [stdout]              7: <rustc_trait_selection::traits::select::SelectionContext>::confirm_candidate
[INFO] [stdout]              8: <rustc_trait_selection::traits::select::SelectionContext>::evaluate_trait_predicate_recursively
[INFO] [stdout]              9: <rustc_trait_selection::traits::select::SelectionContext>::evaluate_root_obligation
[INFO] [stdout]             10: rustc_traits::evaluate_obligation::evaluate_obligation
[INFO] [stdout]             11: rustc_query_impl::plumbing::__rust_begin_short_backtrace::<rustc_query_impl::query_impl::evaluate_obligation::dynamic_query::{closure#2}::{closure#0}, rustc_middle::query::erase::Erased<[u8; 2]>>
[INFO] [stdout]             12: rustc_query_system::query::plumbing::try_execute_query::<rustc_query_impl::DynamicConfig<rustc_query_system::query::caches::DefaultCache<rustc_type_ir::canonical::CanonicalQueryInput<rustc_middle::ty::context::TyCtxt, rustc_middle::ty::ParamEnvAnd<rustc_middle::ty::predicate::Predicate>>, rustc_middle::query::erase::Erased<[u8; 2]>>, false, false, false>, rustc_query_impl::plumbing::QueryCtxt, false>
[INFO] [stdout]             13: rustc_query_impl::query_impl::evaluate_obligation::get_query_non_incr::__rust_end_short_backtrace
[INFO] [stdout]             14: <rustc_infer::infer::InferCtxt as rustc_trait_selection::traits::query::evaluate_obligation::InferCtxtExt>::evaluate_obligation_no_overflow
[INFO] [stdout]             15: <core::iter::adapters::filter::Filter<core::iter::adapters::map::Map<core::iter::adapters::filter::Filter<core::slice::iter::Iter<rustc_hir_typeck::method::probe::Candidate>, <rustc_hir_typeck::method::probe::ProbeContext>::consider_candidates::{closure#0}>, <rustc_hir_typeck::method::probe::ProbeContext>::consider_candidates::{closure#1}>, <rustc_hir_typeck::method::probe::ProbeContext>::consider_candidates::{closure#2}> as core::iter::traits::iterator::Iterator>::next
[INFO] [stdout]             16: <rustc_hir_typeck::method::probe::ProbeContext>::pick_method
[INFO] [stdout]             17: <rustc_hir_typeck::method::probe::ProbeContext>::pick_all_method
[INFO] [stdout]             18: <rustc_hir_typeck::fn_ctxt::FnCtxt>::probe_for_name
[INFO] [stdout]             19: <rustc_hir_typeck::fn_ctxt::FnCtxt>::check_expr_path
[INFO] [stdout]             20: <rustc_hir_typeck::fn_ctxt::FnCtxt>::check_expr_with_expectation_and_args
[INFO] [stdout]             21: <rustc_hir_typeck::fn_ctxt::FnCtxt>::check_expr_with_expectation_and_args
[INFO] [stdout]             22: <rustc_hir_typeck::fn_ctxt::FnCtxt>::check_decl
[INFO] [stdout]             23: <rustc_hir_typeck::fn_ctxt::FnCtxt>::check_expr_block
[INFO] [stdout]             24: <rustc_hir_typeck::fn_ctxt::FnCtxt>::check_expr_with_expectation_and_args
[INFO] [stdout]             25: rustc_hir_typeck::check::check_fn
[INFO] [stdout]             26: rustc_hir_typeck::typeck_with_fallback::{closure#0}
[INFO] [stdout]             27: rustc_query_impl::plumbing::__rust_begin_short_backtrace::<rustc_query_impl::query_impl::typeck::dynamic_query::{closure#2}::{closure#0}, rustc_middle::query::erase::Erased<[u8; 8]>>
[INFO] [stdout]             28: rustc_query_system::query::plumbing::try_execute_query::<rustc_query_impl::DynamicConfig<rustc_data_structures::vec_cache::VecCache<rustc_span::def_id::LocalDefId, rustc_middle::query::erase::Erased<[u8; 8]>, rustc_query_system::dep_graph::graph::DepNodeIndex>, false, false, false>, rustc_query_impl::plumbing::QueryCtxt, false>
[INFO] [stdout]             29: rustc_query_impl::query_impl::typeck::get_query_non_incr::__rust_end_short_backtrace
[INFO] [stdout]             30: <rustc_middle::hir::map::Map>::par_body_owners::<rustc_hir_analysis::check_crate::{closure#4}>::{closure#0}
[INFO] [stdout]             31: rustc_hir_analysis::check_crate
[INFO] [stdout]             32: rustc_interface::passes::run_required_analyses
[INFO] [stdout]             33: rustc_interface::passes::analysis
[INFO] [stdout]             34: rustc_query_impl::plumbing::__rust_begin_short_backtrace::<rustc_query_impl::query_impl::analysis::dynamic_query::{closure#2}::{closure#0}, rustc_middle::query::erase::Erased<[u8; 0]>>
[INFO] [stdout]             35: rustc_query_system::query::plumbing::try_execute_query::<rustc_query_impl::DynamicConfig<rustc_query_system::query::caches::SingleCache<rustc_middle::query::erase::Erased<[u8; 0]>>, false, false, false>, rustc_query_impl::plumbing::QueryCtxt, false>
[INFO] [stdout]             36: rustc_query_impl::query_impl::analysis::get_query_non_incr::__rust_end_short_backtrace
[INFO] [stdout]             37: rustc_interface::passes::create_and_enter_global_ctxt::<core::option::Option<rustc_interface::queries::Linker>, rustc_driver_impl::run_compiler::{closure#0}::{closure#2}>::{closure#2}::{closure#0}
[INFO] [stdout]             38: rustc_interface::interface::run_compiler::<(), rustc_driver_impl::run_compiler::{closure#0}>::{closure#1}
[INFO] [stdout]             39: std::sys::backtrace::__rust_begin_short_backtrace::<rustc_interface::util::run_in_thread_with_globals<rustc_interface::util::run_in_thread_pool_with_globals<rustc_interface::interface::run_compiler<(), rustc_driver_impl::run_compiler::{closure#0}>::{closure#1}, ()>::{closure#0}, ()>::{closure#0}::{closure#0}, ()>
[INFO] [stdout]             40: <<std::thread::Builder>::spawn_unchecked_<rustc_interface::util::run_in_thread_with_globals<rustc_interface::util::run_in_thread_pool_with_globals<rustc_interface::interface::run_compiler<(), rustc_driver_impl::run_compiler::{closure#0}>::{closure#1}, ()>::{closure#0}, ()>::{closure#0}::{closure#0}, ()>::{closure#1} as core::ops::function::FnOnce<()>>::call_once::{shim:vtable#0}
[INFO] [stdout]             41: std::sys::pal::unix::thread::Thread::new::thread_start
[INFO] [stdout]             42: <unknown>
[INFO] [stdout]             43: clone
[INFO] [stdout]           
[INFO] [stdout] 
[INFO] [stdout] error: internal compiler error: Encountered anon const with inference variable args but no error reported
[INFO] [stdout]   |
[INFO] [stdout]   = note: delayed at compiler/rustc_trait_selection/src/traits/mod.rs:605:27
[INFO] [stdout]              0: <rustc_errors::DiagCtxtInner>::emit_diagnostic
[INFO] [stdout]              1: <rustc_errors::DiagCtxtHandle>::emit_diagnostic
[INFO] [stdout]              2: <rustc_span::ErrorGuaranteed as rustc_errors::diagnostic::EmissionGuarantee>::emit_producing_guarantee
[INFO] [stdout]              3: <rustc_errors::DiagCtxtHandle>::delayed_bug::<&str>
[INFO] [stdout]              4: rustc_trait_selection::traits::try_evaluate_const.cold
[INFO] [stdout]              5: <rustc_trait_selection::traits::normalize::AssocTypeNormalizer as rustc_type_ir::fold::TypeFolder<rustc_middle::ty::context::TyCtxt>>::fold_const
[INFO] [stdout]              6: rustc_trait_selection::traits::wf::obligations
[INFO] [stdout]              7: <rustc_trait_selection::traits::select::SelectionContext>::evaluate_predicate_recursively
[INFO] [stdout]              8: <rustc_trait_selection::traits::select::SelectionContext>::evaluate_trait_predicate_recursively
[INFO] [stdout]              9: <rustc_trait_selection::traits::select::SelectionContext>::evaluate_root_obligation
[INFO] [stdout]             10: rustc_traits::evaluate_obligation::evaluate_obligation
[INFO] [stdout]             11: rustc_query_impl::plumbing::__rust_begin_short_backtrace::<rustc_query_impl::query_impl::evaluate_obligation::dynamic_query::{closure#2}::{closure#0}, rustc_middle::query::erase::Erased<[u8; 2]>>
[INFO] [stdout]             12: rustc_query_system::query::plumbing::try_execute_query::<rustc_query_impl::DynamicConfig<rustc_query_system::query::caches::DefaultCache<rustc_type_ir::canonical::CanonicalQueryInput<rustc_middle::ty::context::TyCtxt, rustc_middle::ty::ParamEnvAnd<rustc_middle::ty::predicate::Predicate>>, rustc_middle::query::erase::Erased<[u8; 2]>>, false, false, false>, rustc_query_impl::plumbing::QueryCtxt, false>
[INFO] [stdout]             13: rustc_query_impl::query_impl::evaluate_obligation::get_query_non_incr::__rust_end_short_backtrace
[INFO] [stdout]             14: <rustc_infer::infer::InferCtxt as rustc_trait_selection::traits::query::evaluate_obligation::InferCtxtExt>::evaluate_obligation_no_overflow
[INFO] [stdout]             15: <core::iter::adapters::filter::Filter<core::iter::adapters::map::Map<core::iter::adapters::filter::Filter<core::slice::iter::Iter<rustc_hir_typeck::method::probe::Candidate>, <rustc_hir_typeck::method::probe::ProbeContext>::consider_candidates::{closure#0}>, <rustc_hir_typeck::method::probe::ProbeContext>::consider_candidates::{closure#1}>, <rustc_hir_typeck::method::probe::ProbeContext>::consider_candidates::{closure#2}> as core::iter::traits::iterator::Iterator>::next
[INFO] [stdout]             16: <rustc_hir_typeck::method::probe::ProbeContext>::pick_method
[INFO] [stdout]             17: <rustc_hir_typeck::method::probe::ProbeContext>::pick_all_method
[INFO] [stdout]             18: <rustc_hir_typeck::fn_ctxt::FnCtxt>::probe_for_name
[INFO] [stdout]             19: <rustc_hir_typeck::fn_ctxt::FnCtxt>::check_expr_path
[INFO] [stdout]             20: <rustc_hir_typeck::fn_ctxt::FnCtxt>::check_expr_with_expectation_and_args
[INFO] [stdout]             21: <rustc_hir_typeck::fn_ctxt::FnCtxt>::check_expr_with_expectation_and_args
[INFO] [stdout]             22: <rustc_hir_typeck::fn_ctxt::FnCtxt>::check_decl
[INFO] [stdout]             23: <rustc_hir_typeck::fn_ctxt::FnCtxt>::check_expr_block
[INFO] [stdout]             24: <rustc_hir_typeck::fn_ctxt::FnCtxt>::check_expr_with_expectation_and_args
[INFO] [stdout]             25: rustc_hir_typeck::check::check_fn
[INFO] [stdout]             26: rustc_hir_typeck::typeck_with_fallback::{closure#0}
[INFO] [stdout]             27: rustc_query_impl::plumbing::__rust_begin_short_backtrace::<rustc_query_impl::query_impl::typeck::dynamic_query::{closure#2}::{closure#0}, rustc_middle::query::erase::Erased<[u8; 8]>>
[INFO] [stdout]             28: rustc_query_system::query::plumbing::try_execute_query::<rustc_query_impl::DynamicConfig<rustc_data_structures::vec_cache::VecCache<rustc_span::def_id::LocalDefId, rustc_middle::query::erase::Erased<[u8; 8]>, rustc_query_system::dep_graph::graph::DepNodeIndex>, false, false, false>, rustc_query_impl::plumbing::QueryCtxt, false>
[INFO] [stdout]             29: rustc_query_impl::query_impl::typeck::get_query_non_incr::__rust_end_short_backtrace
[INFO] [stdout]             30: <rustc_middle::hir::map::Map>::par_body_owners::<rustc_hir_analysis::check_crate::{closure#4}>::{closure#0}
[INFO] [stdout]             31: rustc_hir_analysis::check_crate
[INFO] [stdout]             32: rustc_interface::passes::run_required_analyses
[INFO] [stdout]             33: rustc_interface::passes::analysis
[INFO] [stdout]             34: rustc_query_impl::plumbing::__rust_begin_short_backtrace::<rustc_query_impl::query_impl::analysis::dynamic_query::{closure#2}::{closure#0}, rustc_middle::query::erase::Erased<[u8; 0]>>
[INFO] [stdout]             35: rustc_query_system::query::plumbing::try_execute_query::<rustc_query_impl::DynamicConfig<rustc_query_system::query::caches::SingleCache<rustc_middle::query::erase::Erased<[u8; 0]>>, false, false, false>, rustc_query_impl::plumbing::QueryCtxt, false>
[INFO] [stdout]             36: rustc_query_impl::query_impl::analysis::get_query_non_incr::__rust_end_short_backtrace
[INFO] [stdout]             37: rustc_interface::passes::create_and_enter_global_ctxt::<core::option::Option<rustc_interface::queries::Linker>, rustc_driver_impl::run_compiler::{closure#0}::{closure#2}>::{closure#2}::{closure#0}
[INFO] [stdout]             38: rustc_interface::interface::run_compiler::<(), rustc_driver_impl::run_compiler::{closure#0}>::{closure#1}
[INFO] [stdout]             39: std::sys::backtrace::__rust_begin_short_backtrace::<rustc_interface::util::run_in_thread_with_globals<rustc_interface::util::run_in_thread_pool_with_globals<rustc_interface::interface::run_compiler<(), rustc_driver_impl::run_compiler::{closure#0}>::{closure#1}, ()>::{closure#0}, ()>::{closure#0}::{closure#0}, ()>
[INFO] [stdout]             40: <<std::thread::Builder>::spawn_unchecked_<rustc_interface::util::run_in_thread_with_globals<rustc_interface::util::run_in_thread_pool_with_globals<rustc_interface::interface::run_compiler<(), rustc_driver_impl::run_compiler::{closure#0}>::{closure#1}, ()>::{closure#0}, ()>::{closure#0}::{closure#0}, ()>::{closure#1} as core::ops::function::FnOnce<()>>::call_once::{shim:vtable#0}
[INFO] [stdout]             41: std::sys::pal::unix::thread::Thread::new::thread_start
[INFO] [stdout]             42: <unknown>
[INFO] [stdout]             43: clone
[INFO] [stdout]           
[INFO] [stdout] 
[INFO] [stdout] error: internal compiler error: Encountered anon const with inference variable args but no error reported
[INFO] [stdout]   |
[INFO] [stdout]   = note: delayed at compiler/rustc_trait_selection/src/traits/mod.rs:605:27
[INFO] [stdout]              0: <rustc_errors::DiagCtxtInner>::emit_diagnostic
[INFO] [stdout]              1: <rustc_errors::DiagCtxtHandle>::emit_diagnostic
[INFO] [stdout]              2: <rustc_span::ErrorGuaranteed as rustc_errors::diagnostic::EmissionGuarantee>::emit_producing_guarantee
[INFO] [stdout]              3: <rustc_errors::DiagCtxtHandle>::delayed_bug::<&str>
[INFO] [stdout]              4: rustc_trait_selection::traits::try_evaluate_const.cold
[INFO] [stdout]              5: rustc_trait_selection::traits::const_evaluatable::is_const_evaluatable.cold
[INFO] [stdout]              6: <rustc_trait_selection::traits::select::SelectionContext>::evaluate_predicate_recursively
[INFO] [stdout]              7: <rustc_trait_selection::traits::select::SelectionContext>::evaluate_predicates_recursively::<thin_vec::ThinVec<rustc_infer::traits::Obligation<rustc_middle::ty::predicate::Predicate>>>
[INFO] [stdout]              8: <rustc_trait_selection::traits::select::SelectionContext>::evaluate_predicate_recursively
[INFO] [stdout]              9: <rustc_trait_selection::traits::select::SelectionContext>::evaluate_trait_predicate_recursively
[INFO] [stdout]             10: <rustc_trait_selection::traits::select::SelectionContext>::evaluate_root_obligation
[INFO] [stdout]             11: rustc_traits::evaluate_obligation::evaluate_obligation
[INFO] [stdout]             12: rustc_query_impl::plumbing::__rust_begin_short_backtrace::<rustc_query_impl::query_impl::evaluate_obligation::dynamic_query::{closure#2}::{closure#0}, rustc_middle::query::erase::Erased<[u8; 2]>>
[INFO] [stdout]             13: rustc_query_system::query::plumbing::try_execute_query::<rustc_query_impl::DynamicConfig<rustc_query_system::query::caches::DefaultCache<rustc_type_ir::canonical::CanonicalQueryInput<rustc_middle::ty::context::TyCtxt, rustc_middle::ty::ParamEnvAnd<rustc_middle::ty::predicate::Predicate>>, rustc_middle::query::erase::Erased<[u8; 2]>>, false, false, false>, rustc_query_impl::plumbing::QueryCtxt, false>
[INFO] [stdout]             14: rustc_query_impl::query_impl::evaluate_obligation::get_query_non_incr::__rust_end_short_backtrace
[INFO] [stdout]             15: <rustc_infer::infer::InferCtxt as rustc_trait_selection::traits::query::evaluate_obligation::InferCtxtExt>::evaluate_obligation_no_overflow
[INFO] [stdout]             16: <core::iter::adapters::filter::Filter<core::iter::adapters::map::Map<core::iter::adapters::filter::Filter<core::slice::iter::Iter<rustc_hir_typeck::method::probe::Candidate>, <rustc_hir_typeck::method::probe::ProbeContext>::consider_candidates::{closure#0}>, <rustc_hir_typeck::method::probe::ProbeContext>::consider_candidates::{closure#1}>, <rustc_hir_typeck::method::probe::ProbeContext>::consider_candidates::{closure#2}> as core::iter::traits::iterator::Iterator>::next
[INFO] [stdout]             17: <rustc_hir_typeck::method::probe::ProbeContext>::pick_method
[INFO] [stdout]             18: <rustc_hir_typeck::method::probe::ProbeContext>::pick_all_method
[INFO] [stdout]             19: <rustc_hir_typeck::fn_ctxt::FnCtxt>::probe_for_name
[INFO] [stdout]             20: <rustc_hir_typeck::fn_ctxt::FnCtxt>::check_expr_path
[INFO] [stdout]             21: <rustc_hir_typeck::fn_ctxt::FnCtxt>::check_expr_with_expectation_and_args
[INFO] [stdout]             22: <rustc_hir_typeck::fn_ctxt::FnCtxt>::check_expr_with_expectation_and_args
[INFO] [stdout]             23: <rustc_hir_typeck::fn_ctxt::FnCtxt>::check_decl
[INFO] [stdout]             24: <rustc_hir_typeck::fn_ctxt::FnCtxt>::check_expr_block
[INFO] [stdout]             25: <rustc_hir_typeck::fn_ctxt::FnCtxt>::check_expr_with_expectation_and_args
[INFO] [stdout]             26: rustc_hir_typeck::check::check_fn
[INFO] [stdout]             27: rustc_hir_typeck::typeck_with_fallback::{closure#0}
[INFO] [stdout]             28: rustc_query_impl::plumbing::__rust_begin_short_backtrace::<rustc_query_impl::query_impl::typeck::dynamic_query::{closure#2}::{closure#0}, rustc_middle::query::erase::Erased<[u8; 8]>>
[INFO] [stdout]             29: rustc_query_system::query::plumbing::try_execute_query::<rustc_query_impl::DynamicConfig<rustc_data_structures::vec_cache::VecCache<rustc_span::def_id::LocalDefId, rustc_middle::query::erase::Erased<[u8; 8]>, rustc_query_system::dep_graph::graph::DepNodeIndex>, false, false, false>, rustc_query_impl::plumbing::QueryCtxt, false>
[INFO] [stdout]             30: rustc_query_impl::query_impl::typeck::get_query_non_incr::__rust_end_short_backtrace
[INFO] [stdout]             31: <rustc_middle::hir::map::Map>::par_body_owners::<rustc_hir_analysis::check_crate::{closure#4}>::{closure#0}
[INFO] [stdout]             32: rustc_hir_analysis::check_crate
[INFO] [stdout]             33: rustc_interface::passes::run_required_analyses
[INFO] [stdout]             34: rustc_interface::passes::analysis
[INFO] [stdout]             35: rustc_query_impl::plumbing::__rust_begin_short_backtrace::<rustc_query_impl::query_impl::analysis::dynamic_query::{closure#2}::{closure#0}, rustc_middle::query::erase::Erased<[u8; 0]>>
[INFO] [stdout]             36: rustc_query_system::query::plumbing::try_execute_query::<rustc_query_impl::DynamicConfig<rustc_query_system::query::caches::SingleCache<rustc_middle::query::erase::Erased<[u8; 0]>>, false, false, false>, rustc_query_impl::plumbing::QueryCtxt, false>
[INFO] [stdout]             37: rustc_query_impl::query_impl::analysis::get_query_non_incr::__rust_end_short_backtrace
[INFO] [stdout]             38: rustc_interface::passes::create_and_enter_global_ctxt::<core::option::Option<rustc_interface::queries::Linker>, rustc_driver_impl::run_compiler::{closure#0}::{closure#2}>::{closure#2}::{closure#0}
[INFO] [stdout]             39: rustc_interface::interface::run_compiler::<(), rustc_driver_impl::run_compiler::{closure#0}>::{closure#1}
[INFO] [stdout]             40: std::sys::backtrace::__rust_begin_short_backtrace::<rustc_interface::util::run_in_thread_with_globals<rustc_interface::util::run_in_thread_pool_with_globals<rustc_interface::interface::run_compiler<(), rustc_driver_impl::run_compiler::{closure#0}>::{closure#1}, ()>::{closure#0}, ()>::{closure#0}::{closure#0}, ()>
[INFO] [stdout]             41: <<std::thread::Builder>::spawn_unchecked_<rustc_interface::util::run_in_thread_with_globals<rustc_interface::util::run_in_thread_pool_with_globals<rustc_interface::interface::run_compiler<(), rustc_driver_impl::run_compiler::{closure#0}>::{closure#1}, ()>::{closure#0}, ()>::{closure#0}::{closure#0}, ()>::{closure#1} as core::ops::function::FnOnce<()>>::call_once::{shim:vtable#0}
[INFO] [stdout]             42: std::sys::pal::unix::thread::Thread::new::thread_start
[INFO] [stdout]             43: <unknown>
[INFO] [stdout]             44: clone
[INFO] [stdout]           
[INFO] [stdout] 
[INFO] [stdout] error: internal compiler error: Encountered anon const with inference variable args but no error reported
[INFO] [stdout]   |
[INFO] [stdout]   = note: delayed at compiler/rustc_trait_selection/src/traits/mod.rs:605:27
[INFO] [stdout]              0: <rustc_errors::DiagCtxtInner>::emit_diagnostic
[INFO] [stdout]              1: <rustc_errors::DiagCtxtHandle>::emit_diagnostic
[INFO] [stdout]              2: <rustc_span::ErrorGuaranteed as rustc_errors::diagnostic::EmissionGuarantee>::emit_producing_guarantee
[INFO] [stdout]              3: <rustc_errors::DiagCtxtHandle>::delayed_bug::<&str>
[INFO] [stdout]              4: rustc_trait_selection::traits::try_evaluate_const.cold
[INFO] [stdout]              5: rustc_trait_selection::traits::const_evaluatable::is_const_evaluatable.cold
[INFO] [stdout]              6: <rustc_trait_selection::traits::select::SelectionContext>::evaluate_predicate_recursively
[INFO] [stdout]              7: <rustc_trait_selection::traits::select::SelectionContext>::evaluate_trait_predicate_recursively
[INFO] [stdout]              8: <rustc_trait_selection::traits::select::SelectionContext>::evaluate_root_obligation
[INFO] [stdout]              9: rustc_traits::evaluate_obligation::evaluate_obligation
[INFO] [stdout]             10: rustc_query_impl::plumbing::__rust_begin_short_backtrace::<rustc_query_impl::query_impl::evaluate_obligation::dynamic_query::{closure#2}::{closure#0}, rustc_middle::query::erase::Erased<[u8; 2]>>
[INFO] [stdout]             11: rustc_query_system::query::plumbing::try_execute_query::<rustc_query_impl::DynamicConfig<rustc_query_system::query::caches::DefaultCache<rustc_type_ir::canonical::CanonicalQueryInput<rustc_middle::ty::context::TyCtxt, rustc_middle::ty::ParamEnvAnd<rustc_middle::ty::predicate::Predicate>>, rustc_middle::query::erase::Erased<[u8; 2]>>, false, false, false>, rustc_query_impl::plumbing::QueryCtxt, false>
[INFO] [stdout]             12: rustc_query_impl::query_impl::evaluate_obligation::get_query_non_incr::__rust_end_short_backtrace
[INFO] [stdout]             13: <rustc_infer::infer::InferCtxt as rustc_trait_selection::traits::query::evaluate_obligation::InferCtxtExt>::evaluate_obligation_no_overflow
[INFO] [stdout]             14: <core::iter::adapters::filter::Filter<core::iter::adapters::map::Map<core::iter::adapters::filter::Filter<core::slice::iter::Iter<rustc_hir_typeck::method::probe::Candidate>, <rustc_hir_typeck::method::probe::ProbeContext>::consider_candidates::{closure#0}>, <rustc_hir_typeck::method::probe::ProbeContext>::consider_candidates::{closure#1}>, <rustc_hir_typeck::method::probe::ProbeContext>::consider_candidates::{closure#2}> as core::iter::traits::iterator::Iterator>::next
[INFO] [stdout]             15: <rustc_hir_typeck::method::probe::ProbeContext>::pick_method
[INFO] [stdout]             16: <rustc_hir_typeck::method::probe::ProbeContext>::pick_all_method
[INFO] [stdout]             17: <rustc_hir_typeck::fn_ctxt::FnCtxt>::probe_for_name
[INFO] [stdout]             18: <rustc_hir_typeck::fn_ctxt::FnCtxt>::check_expr_path
[INFO] [stdout]             19: <rustc_hir_typeck::fn_ctxt::FnCtxt>::check_expr_with_expectation_and_args
[INFO] [stdout]             20: <rustc_hir_typeck::fn_ctxt::FnCtxt>::check_expr_with_expectation_and_args
[INFO] [stdout]             21: <rustc_hir_typeck::fn_ctxt::FnCtxt>::check_decl
[INFO] [stdout]             22: <rustc_hir_typeck::fn_ctxt::FnCtxt>::check_expr_block
[INFO] [stdout]             23: <rustc_hir_typeck::fn_ctxt::FnCtxt>::check_expr_with_expectation_and_args
[INFO] [stdout]             24: rustc_hir_typeck::check::check_fn
[INFO] [stdout]             25: rustc_hir_typeck::typeck_with_fallback::{closure#0}
[INFO] [stdout]             26: rustc_query_impl::plumbing::__rust_begin_short_backtrace::<rustc_query_impl::query_impl::typeck::dynamic_query::{closure#2}::{closure#0}, rustc_middle::query::erase::Erased<[u8; 8]>>
[INFO] [stdout]             27: rustc_query_system::query::plumbing::try_execute_query::<rustc_query_impl::DynamicConfig<rustc_data_structures::vec_cache::VecCache<rustc_span::def_id::LocalDefId, rustc_middle::query::erase::Erased<[u8; 8]>, rustc_query_system::dep_graph::graph::DepNodeIndex>, false, false, false>, rustc_query_impl::plumbing::QueryCtxt, false>
[INFO] [stdout]             28: rustc_query_impl::query_impl::typeck::get_query_non_incr::__rust_end_short_backtrace
[INFO] [stdout]             29: <rustc_middle::hir::map::Map>::par_body_owners::<rustc_hir_analysis::check_crate::{closure#4}>::{closure#0}
[INFO] [stdout]             30: rustc_hir_analysis::check_crate
[INFO] [stdout]             31: rustc_interface::passes::run_required_analyses
[INFO] [stdout]             32: rustc_interface::passes::analysis
[INFO] [stdout]             33: rustc_query_impl::plumbing::__rust_begin_short_backtrace::<rustc_query_impl::query_impl::analysis::dynamic_query::{closure#2}::{closure#0}, rustc_middle::query::erase::Erased<[u8; 0]>>
[INFO] [stdout]             34: rustc_query_system::query::plumbing::try_execute_query::<rustc_query_impl::DynamicConfig<rustc_query_system::query::caches::SingleCache<rustc_middle::query::erase::Erased<[u8; 0]>>, false, false, false>, rustc_query_impl::plumbing::QueryCtxt, false>
[INFO] [stdout]             35: rustc_query_impl::query_impl::analysis::get_query_non_incr::__rust_end_short_backtrace
[INFO] [stdout]             36: rustc_interface::passes::create_and_enter_global_ctxt::<core::option::Option<rustc_interface::queries::Linker>, rustc_driver_impl::run_compiler::{closure#0}::{closure#2}>::{closure#2}::{closure#0}
[INFO] [stdout]             37: rustc_interface::interface::run_compiler::<(), rustc_driver_impl::run_compiler::{closure#0}>::{closure#1}
[INFO] [stdout]             38: std::sys::backtrace::__rust_begin_short_backtrace::<rustc_interface::util::run_in_thread_with_globals<rustc_interface::util::run_in_thread_pool_with_globals<rustc_interface::interface::run_compiler<(), rustc_driver_impl::run_compiler::{closure#0}>::{closure#1}, ()>::{closure#0}, ()>::{closure#0}::{closure#0}, ()>
[INFO] [stdout]             39: <<std::thread::Builder>::spawn_unchecked_<rustc_interface::util::run_in_thread_with_globals<rustc_interface::util::run_in_thread_pool_with_globals<rustc_interface::interface::run_compiler<(), rustc_driver_impl::run_compiler::{closure#0}>::{closure#1}, ()>::{closure#0}, ()>::{closure#0}::{closure#0}, ()>::{closure#1} as core::ops::function::FnOnce<()>>::call_once::{shim:vtable#0}
[INFO] [stdout]             40: std::sys::pal::unix::thread::Thread::new::thread_start
[INFO] [stdout]             41: <unknown>
[INFO] [stdout]             42: clone
[INFO] [stdout]           
[INFO] [stdout] 
[INFO] [stdout] error: internal compiler error: Encountered anon const with inference variable args but no error reported
[INFO] [stdout]   |
[INFO] [stdout]   = note: delayed at compiler/rustc_trait_selection/src/traits/mod.rs:605:27
[INFO] [stdout]              0: <rustc_errors::DiagCtxtInner>::emit_diagnostic
[INFO] [stdout]              1: <rustc_errors::DiagCtxtHandle>::emit_diagnostic
[INFO] [stdout]              2: <rustc_span::ErrorGuaranteed as rustc_errors::diagnostic::EmissionGuarantee>::emit_producing_guarantee
[INFO] [stdout]              3: <rustc_errors::DiagCtxtHandle>::delayed_bug::<&str>
[INFO] [stdout]              4: rustc_trait_selection::traits::try_evaluate_const.cold
[INFO] [stdout]              5: <rustc_trait_selection::traits::normalize::AssocTypeNormalizer as rustc_type_ir::fold::TypeFolder<rustc_middle::ty::context::TyCtxt>>::fold_const
[INFO] [stdout]              6: <rustc_trait_selection::traits::select::SelectionContext>::impl_or_trait_obligations
[INFO] [stdout]              7: <rustc_trait_selection::traits::select::SelectionContext>::poly_select::{closure#0}
[INFO] [stdout]              8: <rustc_trait_selection::traits::fulfill::FulfillProcessor as rustc_data_structures::obligation_forest::ObligationProcessor>::process_obligation
[INFO] [stdout]              9: <rustc_data_structures::obligation_forest::ObligationForest<rustc_trait_selection::traits::fulfill::PendingPredicateObligation>>::process_obligations::<rustc_trait_selection::traits::fulfill::FulfillProcessor>
[INFO] [stdout]             10: <core::iter::adapters::filter::Filter<core::iter::adapters::map::Map<core::iter::adapters::filter::Filter<core::slice::iter::Iter<rustc_hir_typeck::method::probe::Candidate>, <rustc_hir_typeck::method::probe::ProbeContext>::consider_candidates::{closure#0}>, <rustc_hir_typeck::method::probe::ProbeContext>::consider_candidates::{closure#1}>, <rustc_hir_typeck::method::probe::ProbeContext>::consider_candidates::{closure#2}> as core::iter::traits::iterator::Iterator>::next
[INFO] [stdout]             11: <rustc_hir_typeck::method::probe::ProbeContext>::pick_method
[INFO] [stdout]             12: <rustc_hir_typeck::method::probe::ProbeContext>::pick_all_method
[INFO] [stdout]             13: <rustc_hir_typeck::fn_ctxt::FnCtxt>::probe_for_name
[INFO] [stdout]             14: <rustc_hir_typeck::fn_ctxt::FnCtxt>::check_expr_path
[INFO] [stdout]             15: <rustc_hir_typeck::fn_ctxt::FnCtxt>::check_expr_with_expectation_and_args
[INFO] [stdout]             16: <rustc_hir_typeck::fn_ctxt::FnCtxt>::check_expr_with_expectation_and_args
[INFO] [stdout]             17: <rustc_hir_typeck::fn_ctxt::FnCtxt>::check_decl
[INFO] [stdout]             18: <rustc_hir_typeck::fn_ctxt::FnCtxt>::check_expr_block
[INFO] [stdout]             19: <rustc_hir_typeck::fn_ctxt::FnCtxt>::check_expr_with_expectation_and_args
[INFO] [stdout]             20: rustc_hir_typeck::check::check_fn
[INFO] [stdout]             21: rustc_hir_typeck::typeck_with_fallback::{closure#0}
[INFO] [stdout]             22: rustc_query_impl::plumbing::__rust_begin_short_backtrace::<rustc_query_impl::query_impl::typeck::dynamic_query::{closure#2}::{closure#0}, rustc_middle::query::erase::Erased<[u8; 8]>>
[INFO] [stdout]             23: rustc_query_system::query::plumbing::try_execute_query::<rustc_query_impl::DynamicConfig<rustc_data_structures::vec_cache::VecCache<rustc_span::def_id::LocalDefId, rustc_middle::query::erase::Erased<[u8; 8]>, rustc_query_system::dep_graph::graph::DepNodeIndex>, false, false, false>, rustc_query_impl::plumbing::QueryCtxt, false>
[INFO] [stdout]             24: rustc_query_impl::query_impl::typeck::get_query_non_incr::__rust_end_short_backtrace
[INFO] [stdout]             25: <rustc_middle::hir::map::Map>::par_body_owners::<rustc_hir_analysis::check_crate::{closure#4}>::{closure#0}
[INFO] [stdout]             26: rustc_hir_analysis::check_crate
[INFO] [stdout]             27: rustc_interface::passes::run_required_analyses
[INFO] [stdout]             28: rustc_interface::passes::analysis
[INFO] [stdout]             29: rustc_query_impl::plumbing::__rust_begin_short_backtrace::<rustc_query_impl::query_impl::analysis::dynamic_query::{closure#2}::{closure#0}, rustc_middle::query::erase::Erased<[u8; 0]>>
[INFO] [stdout]             30: rustc_query_system::query::plumbing::try_execute_query::<rustc_query_impl::DynamicConfig<rustc_query_system::query::caches::SingleCache<rustc_middle::query::erase::Erased<[u8; 0]>>, false, false, false>, rustc_query_impl::plumbing::QueryCtxt, false>
[INFO] [stdout]             31: rustc_query_impl::query_impl::analysis::get_query_non_incr::__rust_end_short_backtrace
[INFO] [stdout]             32: rustc_interface::passes::create_and_enter_global_ctxt::<core::option::Option<rustc_interface::queries::Linker>, rustc_driver_impl::run_compiler::{closure#0}::{closure#2}>::{closure#2}::{closure#0}
[INFO] [stdout]             33: rustc_interface::interface::run_compiler::<(), rustc_driver_impl::run_compiler::{closure#0}>::{closure#1}
[INFO] [stdout]             34: std::sys::backtrace::__rust_begin_short_backtrace::<rustc_interface::util::run_in_thread_with_globals<rustc_interface::util::run_in_thread_pool_with_globals<rustc_interface::interface::run_compiler<(), rustc_driver_impl::run_compiler::{closure#0}>::{closure#1}, ()>::{closure#0}, ()>::{closure#0}::{closure#0}, ()>
[INFO] [stdout]             35: <<std::thread::Builder>::spawn_unchecked_<rustc_interface::util::run_in_thread_with_globals<rustc_interface::util::run_in_thread_pool_with_globals<rustc_interface::interface::run_compiler<(), rustc_driver_impl::run_compiler::{closure#0}>::{closure#1}, ()>::{closure#0}, ()>::{closure#0}::{closure#0}, ()>::{closure#1} as core::ops::function::FnOnce<()>>::call_once::{shim:vtable#0}
[INFO] [stdout]             36: std::sys::pal::unix::thread::Thread::new::thread_start
[INFO] [stdout]             37: <unknown>
[INFO] [stdout]             38: clone
[INFO] [stdout]           
[INFO] [stdout] 
[INFO] [stdout] error: internal compiler error: Encountered anon const with inference variable args but no error reported
[INFO] [stdout]   |
[INFO] [stdout]   = note: delayed at compiler/rustc_trait_selection/src/traits/mod.rs:605:27
[INFO] [stdout]              0: <rustc_errors::DiagCtxtInner>::emit_diagnostic
[INFO] [stdout]              1: <rustc_errors::DiagCtxtHandle>::emit_diagnostic
[INFO] [stdout]              2: <rustc_span::ErrorGuaranteed as rustc_errors::diagnostic::EmissionGuarantee>::emit_producing_guarantee
[INFO] [stdout]              3: <rustc_errors::DiagCtxtHandle>::delayed_bug::<&str>
[INFO] [stdout]              4: rustc_trait_selection::traits::try_evaluate_const.cold
[INFO] [stdout]              5: <rustc_trait_selection::traits::normalize::AssocTypeNormalizer as rustc_type_ir::fold::TypeFolder<rustc_middle::ty::context::TyCtxt>>::fold_const
[INFO] [stdout]              6: <rustc_trait_selection::traits::fulfill::FulfillProcessor as rustc_data_structures::obligation_forest::ObligationProcessor>::process_obligation
[INFO] [stdout]              7: <rustc_data_structures::obligation_forest::ObligationForest<rustc_trait_selection::traits::fulfill::PendingPredicateObligation>>::process_obligations::<rustc_trait_selection::traits::fulfill::FulfillProcessor>
[INFO] [stdout]              8: <core::iter::adapters::filter::Filter<core::iter::adapters::map::Map<core::iter::adapters::filter::Filter<core::slice::iter::Iter<rustc_hir_typeck::method::probe::Candidate>, <rustc_hir_typeck::method::probe::ProbeContext>::consider_candidates::{closure#0}>, <rustc_hir_typeck::method::probe::ProbeContext>::consider_candidates::{closure#1}>, <rustc_hir_typeck::method::probe::ProbeContext>::consider_candidates::{closure#2}> as core::iter::traits::iterator::Iterator>::next
[INFO] [stdout]              9: <rustc_hir_typeck::method::probe::ProbeContext>::pick_method
[INFO] [stdout]             10: <rustc_hir_typeck::method::probe::ProbeContext>::pick_all_method
[INFO] [stdout]             11: <rustc_hir_typeck::fn_ctxt::FnCtxt>::probe_for_name
[INFO] [stdout]             12: <rustc_hir_typeck::fn_ctxt::FnCtxt>::check_expr_path
[INFO] [stdout]             13: <rustc_hir_typeck::fn_ctxt::FnCtxt>::check_expr_with_expectation_and_args
[INFO] [stdout]             14: <rustc_hir_typeck::fn_ctxt::FnCtxt>::check_expr_with_expectation_and_args
[INFO] [stdout]             15: <rustc_hir_typeck::fn_ctxt::FnCtxt>::check_decl
[INFO] [stdout]             16: <rustc_hir_typeck::fn_ctxt::FnCtxt>::check_expr_block
[INFO] [stdout]             17: <rustc_hir_typeck::fn_ctxt::FnCtxt>::check_expr_with_expectation_and_args
[INFO] [stdout]             18: rustc_hir_typeck::check::check_fn
[INFO] [stdout]             19: rustc_hir_typeck::typeck_with_fallback::{closure#0}
[INFO] [stdout]             20: rustc_query_impl::plumbing::__rust_begin_short_backtrace::<rustc_query_impl::query_impl::typeck::dynamic_query::{closure#2}::{closure#0}, rustc_middle::query::erase::Erased<[u8; 8]>>
[INFO] [stdout]             21: rustc_query_system::query::plumbing::try_execute_query::<rustc_query_impl::DynamicConfig<rustc_data_structures::vec_cache::VecCache<rustc_span::def_id::LocalDefId, rustc_middle::query::erase::Erased<[u8; 8]>, rustc_query_system::dep_graph::graph::DepNodeIndex>, false, false, false>, rustc_query_impl::plumbing::QueryCtxt, false>
[INFO] [stdout]             22: rustc_query_impl::query_impl::typeck::get_query_non_incr::__rust_end_short_backtrace
[INFO] [stdout]             23: <rustc_middle::hir::map::Map>::par_body_owners::<rustc_hir_analysis::check_crate::{closure#4}>::{closure#0}
[INFO] [stdout]             24: rustc_hir_analysis::check_crate
[INFO] [stdout]             25: rustc_interface::passes::run_required_analyses
[INFO] [stdout]             26: rustc_interface::passes::analysis
[INFO] [stdout]             27: rustc_query_impl::plumbing::__rust_begin_short_backtrace::<rustc_query_impl::query_impl::analysis::dynamic_query::{closure#2}::{closure#0}, rustc_middle::query::erase::Erased<[u8; 0]>>
[INFO] [stdout]             28: rustc_query_system::query::plumbing::try_execute_query::<rustc_query_impl::DynamicConfig<rustc_query_system::query::caches::SingleCache<rustc_middle::query::erase::Erased<[u8; 0]>>, false, false, false>, rustc_query_impl::plumbing::QueryCtxt, false>
[INFO] [stdout]             29: rustc_query_impl::query_impl::analysis::get_query_non_incr::__rust_end_short_backtrace
[INFO] [stdout]             30: rustc_interface::passes::create_and_enter_global_ctxt::<core::option::Option<rustc_interface::queries::Linker>, rustc_driver_impl::run_compiler::{closure#0}::{closure#2}>::{closure#2}::{closure#0}
[INFO] [stdout]             31: rustc_interface::interface::run_compiler::<(), rustc_driver_impl::run_compiler::{closure#0}>::{closure#1}
[INFO] [stdout]             32: std::sys::backtrace::__rust_begin_short_backtrace::<rustc_interface::util::run_in_thread_with_globals<rustc_interface::util::run_in_thread_pool_with_globals<rustc_interface::interface::run_compiler<(), rustc_driver_impl::run_compiler::{closure#0}>::{closure#1}, ()>::{closure#0}, ()>::{closure#0}::{closure#0}, ()>
[INFO] [stdout]             33: <<std::thread::Builder>::spawn_unchecked_<rustc_interface::util::run_in_thread_with_globals<rustc_interface::util::run_in_thread_pool_with_globals<rustc_interface::interface::run_compiler<(), rustc_driver_impl::run_compiler::{closure#0}>::{closure#1}, ()>::{closure#0}, ()>::{closure#0}::{closure#0}, ()>::{closure#1} as core::ops::function::FnOnce<()>>::call_once::{shim:vtable#0}
[INFO] [stdout]             34: std::sys::pal::unix::thread::Thread::new::thread_start
[INFO] [stdout]             35: <unknown>
[INFO] [stdout]             36: clone
[INFO] [stdout]           
[INFO] [stdout] 
[INFO] [stdout] error: internal compiler error: Encountered anon const with inference variable args but no error reported
[INFO] [stdout]   |
[INFO] [stdout]   = note: delayed at compiler/rustc_trait_selection/src/traits/mod.rs:605:27
[INFO] [stdout]              0: <rustc_errors::DiagCtxtInner>::emit_diagnostic
[INFO] [stdout]              1: <rustc_errors::DiagCtxtHandle>::emit_diagnostic
[INFO] [stdout]              2: <rustc_span::ErrorGuaranteed as rustc_errors::diagnostic::EmissionGuarantee>::emit_producing_guarantee
[INFO] [stdout]              3: <rustc_errors::DiagCtxtHandle>::delayed_bug::<&str>
[INFO] [stdout]              4: rustc_trait_selection::traits::try_evaluate_const.cold
[INFO] [stdout]              5: <rustc_trait_selection::traits::normalize::AssocTypeNormalizer as rustc_type_ir::fold::TypeFolder<rustc_middle::ty::context::TyCtxt>>::fold_const
[INFO] [stdout]              6: <rustc_trait_selection::traits::normalize::AssocTypeNormalizer as rustc_type_ir::fold::FallibleTypeFolder<rustc_middle::ty::context::TyCtxt>>::try_fold_binder::<rustc_type_ir::predicate_kind::PredicateKind<rustc_middle::ty::context::TyCtxt>>
[INFO] [stdout]              7: rustc_trait_selection::traits::normalize::normalize_with_depth_to::<rustc_middle::ty::predicate::Predicate>
[INFO] [stdout]              8: <rustc_trait_selection::traits::fulfill::FulfillProcessor as rustc_data_structures::obligation_forest::ObligationProcessor>::process_obligation
[INFO] [stdout]              9: <rustc_data_structures::obligation_forest::ObligationForest<rustc_trait_selection::traits::fulfill::PendingPredicateObligation>>::process_obligations::<rustc_trait_selection::traits::fulfill::FulfillProcessor>
[INFO] [stdout]             10: <core::iter::adapters::filter::Filter<core::iter::adapters::map::Map<core::iter::adapters::filter::Filter<core::slice::iter::Iter<rustc_hir_typeck::method::probe::Candidate>, <rustc_hir_typeck::method::probe::ProbeContext>::consider_candidates::{closure#0}>, <rustc_hir_typeck::method::probe::ProbeContext>::consider_candidates::{closure#1}>, <rustc_hir_typeck::method::probe::ProbeContext>::consider_candidates::{closure#2}> as core::iter::traits::iterator::Iterator>::next
[INFO] [stdout]             11: <rustc_hir_typeck::method::probe::ProbeContext>::pick_method
[INFO] [stdout]             12: <rustc_hir_typeck::method::probe::ProbeContext>::pick_all_method
[INFO] [stdout]             13: <rustc_hir_typeck::fn_ctxt::FnCtxt>::probe_for_name
[INFO] [stdout]             14: <rustc_hir_typeck::fn_ctxt::FnCtxt>::check_expr_path
[INFO] [stdout]             15: <rustc_hir_typeck::fn_ctxt::FnCtxt>::check_expr_with_expectation_and_args
[INFO] [stdout]             16: <rustc_hir_typeck::fn_ctxt::FnCtxt>::check_expr_with_expectation_and_args
[INFO] [stdout]             17: <rustc_hir_typeck::fn_ctxt::FnCtxt>::check_decl
[INFO] [stdout]             18: <rustc_hir_typeck::fn_ctxt::FnCtxt>::check_expr_block
[INFO] [stdout]             19: <rustc_hir_typeck::fn_ctxt::FnCtxt>::check_expr_with_expectation_and_args
[INFO] [stdout]             20: rustc_hir_typeck::check::check_fn
[INFO] [stdout]             21: rustc_hir_typeck::typeck_with_fallback::{closure#0}
[INFO] [stdout]             22: rustc_query_impl::plumbing::__rust_begin_short_backtrace::<rustc_query_impl::query_impl::typeck::dynamic_query::{closure#2}::{closure#0}, rustc_middle::query::erase::Erased<[u8; 8]>>
[INFO] [stdout]             23: rustc_query_system::query::plumbing::try_execute_query::<rustc_query_impl::DynamicConfig<rustc_data_structures::vec_cache::VecCache<rustc_span::def_id::LocalDefId, rustc_middle::query::erase::Erased<[u8; 8]>, rustc_query_system::dep_graph::graph::DepNodeIndex>, false, false, false>, rustc_query_impl::plumbing::QueryCtxt, false>
[INFO] [stdout]             24: rustc_query_impl::query_impl::typeck::get_query_non_incr::__rust_end_short_backtrace
[INFO] [stdout]             25: <rustc_middle::hir::map::Map>::par_body_owners::<rustc_hir_analysis::check_crate::{closure#4}>::{closure#0}
[INFO] [stdout]             26: rustc_hir_analysis::check_crate
[INFO] [stdout]             27: rustc_interface::passes::run_required_analyses
[INFO] [stdout]             28: rustc_interface::passes::analysis
[INFO] [stdout]             29: rustc_query_impl::plumbing::__rust_begin_short_backtrace::<rustc_query_impl::query_impl::analysis::dynamic_query::{closure#2}::{closure#0}, rustc_middle::query::erase::Erased<[u8; 0]>>
[INFO] [stdout]             30: rustc_query_system::query::plumbing::try_execute_query::<rustc_query_impl::DynamicConfig<rustc_query_system::query::caches::SingleCache<rustc_middle::query::erase::Erased<[u8; 0]>>, false, false, false>, rustc_query_impl::plumbing::QueryCtxt, false>
[INFO] [stdout]             31: rustc_query_impl::query_impl::analysis::get_query_non_incr::__rust_end_short_backtrace
[INFO] [stdout]             32: rustc_interface::passes::create_and_enter_global_ctxt::<core::option::Option<rustc_interface::queries::Linker>, rustc_driver_impl::run_compiler::{closure#0}::{closure#2}>::{closure#2}::{closure#0}
[INFO] [stdout]             33: rustc_interface::interface::run_compiler::<(), rustc_driver_impl::run_compiler::{closure#0}>::{closure#1}
[INFO] [stdout]             34: std::sys::backtrace::__rust_begin_short_backtrace::<rustc_interface::util::run_in_thread_with_globals<rustc_interface::util::run_in_thread_pool_with_globals<rustc_interface::interface::run_compiler<(), rustc_driver_impl::run_compiler::{closure#0}>::{closure#1}, ()>::{closure#0}, ()>::{closure#0}::{closure#0}, ()>
[INFO] [stdout]             35: <<std::thread::Builder>::spawn_unchecked_<rustc_interface::util::run_in_thread_with_globals<rustc_interface::util::run_in_thread_pool_with_globals<rustc_interface::interface::run_compiler<(), rustc_driver_impl::run_compiler::{closure#0}>::{closure#1}, ()>::{closure#0}, ()>::{closure#0}::{closure#0}, ()>::{closure#1} as core::ops::function::FnOnce<()>>::call_once::{shim:vtable#0}
[INFO] [stdout]             36: std::sys::pal::unix::thread::Thread::new::thread_start
[INFO] [stdout]             37: <unknown>
[INFO] [stdout]             38: clone
[INFO] [stdout]           
[INFO] [stdout] 
[INFO] [stdout] error: internal compiler error: Encountered anon const with inference variable args but no error reported
[INFO] [stdout]   |
[INFO] [stdout]   = note: delayed at compiler/rustc_trait_selection/src/traits/mod.rs:605:27
[INFO] [stdout]              0: <rustc_errors::DiagCtxtInner>::emit_diagnostic
[INFO] [stdout]              1: <rustc_errors::DiagCtxtHandle>::emit_diagnostic
[INFO] [stdout]              2: <rustc_span::ErrorGuaranteed as rustc_errors::diagnostic::EmissionGuarantee>::emit_producing_guarantee
[INFO] [stdout]              3: <rustc_errors::DiagCtxtHandle>::delayed_bug::<&str>
[INFO] [stdout]              4: rustc_trait_selection::traits::try_evaluate_const.cold
[INFO] [stdout]              5: rustc_trait_selection::traits::const_evaluatable::is_const_evaluatable.cold
[INFO] [stdout]              6: <rustc_trait_selection::traits::fulfill::FulfillProcessor as rustc_data_structures::obligation_forest::ObligationProcessor>::process_obligation
[INFO] [stdout]              7: <rustc_data_structures::obligation_forest::ObligationForest<rustc_trait_selection::traits::fulfill::PendingPredicateObligation>>::process_obligations::<rustc_trait_selection::traits::fulfill::FulfillProcessor>
[INFO] [stdout]              8: <core::iter::adapters::filter::Filter<core::iter::adapters::map::Map<core::iter::adapters::filter::Filter<core::slice::iter::Iter<rustc_hir_typeck::method::probe::Candidate>, <rustc_hir_typeck::method::probe::ProbeContext>::consider_candidates::{closure#0}>, <rustc_hir_typeck::method::probe::ProbeContext>::consider_candidates::{closure#1}>, <rustc_hir_typeck::method::probe::ProbeContext>::consider_candidates::{closure#2}> as core::iter::traits::iterator::Iterator>::next
[INFO] [stdout]              9: <rustc_hir_typeck::method::probe::ProbeContext>::pick_method
[INFO] [stdout]             10: <rustc_hir_typeck::method::probe::ProbeContext>::pick_all_method
[INFO] [stdout]             11: <rustc_hir_typeck::fn_ctxt::FnCtxt>::probe_for_name
[INFO] [stdout]             12: <rustc_hir_typeck::fn_ctxt::FnCtxt>::check_expr_path
[INFO] [stdout]             13: <rustc_hir_typeck::fn_ctxt::FnCtxt>::check_expr_with_expectation_and_args
[INFO] [stdout]             14: <rustc_hir_typeck::fn_ctxt::FnCtxt>::check_expr_with_expectation_and_args
[INFO] [stdout]             15: <rustc_hir_typeck::fn_ctxt::FnCtxt>::check_decl
[INFO] [stdout]             16: <rustc_hir_typeck::fn_ctxt::FnCtxt>::check_expr_block
[INFO] [stdout]             17: <rustc_hir_typeck::fn_ctxt::FnCtxt>::check_expr_with_expectation_and_args
[INFO] [stdout]             18: rustc_hir_typeck::check::check_fn
[INFO] [stdout]             19: rustc_hir_typeck::typeck_with_fallback::{closure#0}
[INFO] [stdout]             20: rustc_query_impl::plumbing::__rust_begin_short_backtrace::<rustc_query_impl::query_impl::typeck::dynamic_query::{closure#2}::{closure#0}, rustc_middle::query::erase::Erased<[u8; 8]>>
[INFO] [stdout]             21: rustc_query_system::query::plumbing::try_execute_query::<rustc_query_impl::DynamicConfig<rustc_data_structures::vec_cache::VecCache<rustc_span::def_id::LocalDefId, rustc_middle::query::erase::Erased<[u8; 8]>, rustc_query_system::dep_graph::graph::DepNodeIndex>, false, false, false>, rustc_query_impl::plumbing::QueryCtxt, false>
[INFO] [stdout]             22: rustc_query_impl::query_impl::typeck::get_query_non_incr::__rust_end_short_backtrace
[INFO] [stdout]             23: <rustc_middle::hir::map::Map>::par_body_owners::<rustc_hir_analysis::check_crate::{closure#4}>::{closure#0}
[INFO] [stdout]             24: rustc_hir_analysis::check_crate
[INFO] [stdout]             25: rustc_interface::passes::run_required_analyses
[INFO] [stdout]             26: rustc_interface::passes::analysis
[INFO] [stdout]             27: rustc_query_impl::plumbing::__rust_begin_short_backtrace::<rustc_query_impl::query_impl::analysis::dynamic_query::{closure#2}::{closure#0}, rustc_middle::query::erase::Erased<[u8; 0]>>
[INFO] [stdout]             28: rustc_query_system::query::plumbing::try_execute_query::<rustc_query_impl::DynamicConfig<rustc_query_system::query::caches::SingleCache<rustc_middle::query::erase::Erased<[u8; 0]>>, false, false, false>, rustc_query_impl::plumbing::QueryCtxt, false>
[INFO] [stdout]             29: rustc_query_impl::query_impl::analysis::get_query_non_incr::__rust_end_short_backtrace
[INFO] [stdout]             30: rustc_interface::passes::create_and_enter_global_ctxt::<core::option::Option<rustc_interface::queries::Linker>, rustc_driver_impl::run_compiler::{closure#0}::{closure#2}>::{closure#2}::{closure#0}
[INFO] [stdout]             31: rustc_interface::interface::run_compiler::<(), rustc_driver_impl::run_compiler::{closure#0}>::{closure#1}
[INFO] [stdout]             32: std::sys::backtrace::__rust_begin_short_backtrace::<rustc_interface::util::run_in_thread_with_globals<rustc_interface::util::run_in_thread_pool_with_globals<rustc_interface::interface::run_compiler<(), rustc_driver_impl::run_compiler::{closure#0}>::{closure#1}, ()>::{closure#0}, ()>::{closure#0}::{closure#0}, ()>
[INFO] [stdout]             33: <<std::thread::Builder>::spawn_unchecked_<rustc_interface::util::run_in_thread_with_globals<rustc_interface::util::run_in_thread_pool_with_globals<rustc_interface::interface::run_compiler<(), rustc_driver_impl::run_compiler::{closure#0}>::{closure#1}, ()>::{closure#0}, ()>::{closure#0}::{closure#0}, ()>::{closure#1} as core::ops::function::FnOnce<()>>::call_once::{shim:vtable#0}
[INFO] [stdout]             34: std::sys::pal::unix::thread::Thread::new::thread_start
[INFO] [stdout]             35: <unknown>
[INFO] [stdout]             36: clone
[INFO] [stdout]           
[INFO] [stdout] 
[INFO] [stdout] error: internal compiler error: Encountered anon const with inference variable args but no error reported
[INFO] [stdout]   |
[INFO] [stdout]   = note: delayed at compiler/rustc_trait_selection/src/traits/mod.rs:605:27
[INFO] [stdout]              0: <rustc_errors::DiagCtxtInner>::emit_diagnostic
[INFO] [stdout]              1: <rustc_errors::DiagCtxtHandle>::emit_diagnostic
[INFO] [stdout]              2: <rustc_span::ErrorGuaranteed as rustc_errors::diagnostic::EmissionGuarantee>::emit_producing_guarantee
[INFO] [stdout]              3: <rustc_errors::DiagCtxtHandle>::delayed_bug::<&str>
[INFO] [stdout]              4: rustc_trait_selection::traits::try_evaluate_const.cold
[INFO] [stdout]              5: <rustc_trait_selection::traits::normalize::AssocTypeNormalizer as rustc_type_ir::fold::TypeFolder<rustc_middle::ty::context::TyCtxt>>::fold_const
[INFO] [stdout]              6: <rustc_trait_selection::traits::fulfill::FulfillProcessor as rustc_data_structures::obligation_forest::ObligationProcessor>::process_obligation
[INFO] [stdout]              7: <rustc_data_structures::obligation_forest::ObligationForest<rustc_trait_selection::traits::fulfill::PendingPredicateObligation>>::process_obligations::<rustc_trait_selection::traits::fulfill::FulfillProcessor>
[INFO] [stdout]              8: <rustc_hir_typeck::fn_ctxt::FnCtxt>::try_structurally_resolve_type
[INFO] [stdout]              9: <rustc_hir_typeck::fn_ctxt::FnCtxt>::check_expr_with_expectation_and_args
[INFO] [stdout]             10: <rustc_hir_typeck::fn_ctxt::FnCtxt>::check_expr_with_expectation_and_args
[INFO] [stdout]             11: <rustc_hir_typeck::fn_ctxt::FnCtxt>::check_decl
[INFO] [stdout]             12: <rustc_hir_typeck::fn_ctxt::FnCtxt>::check_expr_block
[INFO] [stdout]             13: <rustc_hir_typeck::fn_ctxt::FnCtxt>::check_expr_with_expectation_and_args
[INFO] [stdout]             14: rustc_hir_typeck::check::check_fn
[INFO] [stdout]             15: rustc_hir_typeck::typeck_with_fallback::{closure#0}
[INFO] [stdout]             16: rustc_query_impl::plumbing::__rust_begin_short_backtrace::<rustc_query_impl::query_impl::typeck::dynamic_query::{closure#2}::{closure#0}, rustc_middle::query::erase::Erased<[u8; 8]>>
[INFO] [stdout]             17: rustc_query_system::query::plumbing::try_execute_query::<rustc_query_impl::DynamicConfig<rustc_data_structures::vec_cache::VecCache<rustc_span::def_id::LocalDefId, rustc_middle::query::erase::Erased<[u8; 8]>, rustc_query_system::dep_graph::graph::DepNodeIndex>, false, false, false>, rustc_query_impl::plumbing::QueryCtxt, false>
[INFO] [stdout]             18: rustc_query_impl::query_impl::typeck::get_query_non_incr::__rust_end_short_backtrace
[INFO] [stdout]             19: <rustc_middle::hir::map::Map>::par_body_owners::<rustc_hir_analysis::check_crate::{closure#4}>::{closure#0}
[INFO] [stdout]             20: rustc_hir_analysis::check_crate
[INFO] [stdout]             21: rustc_interface::passes::run_required_analyses
[INFO] [stdout]             22: rustc_interface::passes::analysis
[INFO] [stdout]             23: rustc_query_impl::plumbing::__rust_begin_short_backtrace::<rustc_query_impl::query_impl::analysis::dynamic_query::{closure#2}::{closure#0}, rustc_middle::query::erase::Erased<[u8; 0]>>
[INFO] [stdout]             24: rustc_query_system::query::plumbing::try_execute_query::<rustc_query_impl::DynamicConfig<rustc_query_system::query::caches::SingleCache<rustc_middle::query::erase::Erased<[u8; 0]>>, false, false, false>, rustc_query_impl::plumbing::QueryCtxt, false>
[INFO] [stdout]             25: rustc_query_impl::query_impl::analysis::get_query_non_incr::__rust_end_short_backtrace
[INFO] [stdout]             26: rustc_interface::passes::create_and_enter_global_ctxt::<core::option::Option<rustc_interface::queries::Linker>, rustc_driver_impl::run_compiler::{closure#0}::{closure#2}>::{closure#2}::{closure#0}
[INFO] [stdout]             27: rustc_interface::interface::run_compiler::<(), rustc_driver_impl::run_compiler::{closure#0}>::{closure#1}
[INFO] [stdout]             28: std::sys::backtrace::__rust_begin_short_backtrace::<rustc_interface::util::run_in_thread_with_globals<rustc_interface::util::run_in_thread_pool_with_globals<rustc_interface::interface::run_compiler<(), rustc_driver_impl::run_compiler::{closure#0}>::{closure#1}, ()>::{closure#0}, ()>::{closure#0}::{closure#0}, ()>
[INFO] [stdout]             29: <<std::thread::Builder>::spawn_unchecked_<rustc_interface::util::run_in_thread_with_globals<rustc_interface::util::run_in_thread_pool_with_globals<rustc_interface::interface::run_compiler<(), rustc_driver_impl::run_compiler::{closure#0}>::{closure#1}, ()>::{closure#0}, ()>::{closure#0}::{closure#0}, ()>::{closure#1} as core::ops::function::FnOnce<()>>::call_once::{shim:vtable#0}
[INFO] [stdout]             30: std::sys::pal::unix::thread::Thread::new::thread_start
[INFO] [stdout]             31: <unknown>
[INFO] [stdout]             32: clone
[INFO] [stdout]           
[INFO] [stdout] 
[INFO] [stdout] error: internal compiler error: Encountered anon const with inference variable args but no error reported
[INFO] [stdout]   |
[INFO] [stdout]   = note: delayed at compiler/rustc_trait_selection/src/traits/mod.rs:605:27
[INFO] [stdout]              0: <rustc_errors::DiagCtxtInner>::emit_diagnostic
[INFO] [stdout]              1: <rustc_errors::DiagCtxtHandle>::emit_diagnostic
[INFO] [stdout]              2: <rustc_span::ErrorGuaranteed as rustc_errors::diagnostic::EmissionGuarantee>::emit_producing_guarantee
[INFO] [stdout]              3: <rustc_errors::DiagCtxtHandle>::delayed_bug::<&str>
[INFO] [stdout]              4: rustc_trait_selection::traits::try_evaluate_const.cold
[INFO] [stdout]              5: <rustc_trait_selection::traits::normalize::AssocTypeNormalizer as rustc_type_ir::fold::TypeFolder<rustc_middle::ty::context::TyCtxt>>::fold_const
[INFO] [stdout]              6: <rustc_trait_selection::traits::select::SelectionContext>::impl_or_trait_obligations
[INFO] [stdout]              7: <rustc_trait_selection::traits::select::SelectionContext>::poly_select::{closure#0}
[INFO] [stdout]              8: <rustc_trait_selection::traits::fulfill::FulfillProcessor as rustc_data_structures::obligation_forest::ObligationProcessor>::process_obligation
[INFO] [stdout]              9: <rustc_data_structures::obligation_forest::ObligationForest<rustc_trait_selection::traits::fulfill::PendingPredicateObligation>>::process_obligations::<rustc_trait_selection::traits::fulfill::FulfillProcessor>
[INFO] [stdout]             10: <rustc_hir_typeck::fn_ctxt::FnCtxt>::try_structurally_resolve_type
[INFO] [stdout]             11: <rustc_hir_typeck::fn_ctxt::FnCtxt>::check_expr_with_expectation_and_args
[INFO] [stdout]             12: <rustc_hir_typeck::fn_ctxt::FnCtxt>::check_expr_with_expectation_and_args
[INFO] [stdout]             13: <rustc_hir_typeck::fn_ctxt::FnCtxt>::check_decl
[INFO] [stdout]             14: <rustc_hir_typeck::fn_ctxt::FnCtxt>::check_expr_block
[INFO] [stdout]             15: <rustc_hir_typeck::fn_ctxt::FnCtxt>::check_expr_with_expectation_and_args
[INFO] [stdout]             16: rustc_hir_typeck::check::check_fn
[INFO] [stdout]             17: rustc_hir_typeck::typeck_with_fallback::{closure#0}
[INFO] [stdout]             18: rustc_query_impl::plumbing::__rust_begin_short_backtrace::<rustc_query_impl::query_impl::typeck::dynamic_query::{closure#2}::{closure#0}, rustc_middle::query::erase::Erased<[u8; 8]>>
[INFO] [stdout]             19: rustc_query_system::query::plumbing::try_execute_query::<rustc_query_impl::DynamicConfig<rustc_data_structures::vec_cache::VecCache<rustc_span::def_id::LocalDefId, rustc_middle::query::erase::Erased<[u8; 8]>, rustc_query_system::dep_graph::graph::DepNodeIndex>, false, false, false>, rustc_query_impl::plumbing::QueryCtxt, false>
[INFO] [stdout]             20: rustc_query_impl::query_impl::typeck::get_query_non_incr::__rust_end_short_backtrace
[INFO] [stdout]             21: <rustc_middle::hir::map::Map>::par_body_owners::<rustc_hir_analysis::check_crate::{closure#4}>::{closure#0}
[INFO] [stdout]             22: rustc_hir_analysis::check_crate
[INFO] [stdout]             23: rustc_interface::passes::run_required_analyses
[INFO] [stdout]             24: rustc_interface::passes::analysis
[INFO] [stdout]             25: rustc_query_impl::plumbing::__rust_begin_short_backtrace::<rustc_query_impl::query_impl::analysis::dynamic_query::{closure#2}::{closure#0}, rustc_middle::query::erase::Erased<[u8; 0]>>
[INFO] [stdout]             26: rustc_query_system::query::plumbing::try_execute_query::<rustc_query_impl::DynamicConfig<rustc_query_system::query::caches::SingleCache<rustc_middle::query::erase::Erased<[u8; 0]>>, false, false, false>, rustc_query_impl::plumbing::QueryCtxt, false>
[INFO] [stdout]             27: rustc_query_impl::query_impl::analysis::get_query_non_incr::__rust_end_short_backtrace
[INFO] [stdout]             28: rustc_interface::passes::create_and_enter_global_ctxt::<core::option::Option<rustc_interface::queries::Linker>, rustc_driver_impl::run_compiler::{closure#0}::{closure#2}>::{closure#2}::{closure#0}
[INFO] [stdout]             29: rustc_interface::interface::run_compiler::<(), rustc_driver_impl::run_compiler::{closure#0}>::{closure#1}
[INFO] [stdout]             30: std::sys::backtrace::__rust_begin_short_backtrace::<rustc_interface::util::run_in_thread_with_globals<rustc_interface::util::run_in_thread_pool_with_globals<rustc_interface::interface::run_compiler<(), rustc_driver_impl::run_compiler::{closure#0}>::{closure#1}, ()>::{closure#0}, ()>::{closure#0}::{closure#0}, ()>
[INFO] [stdout]             31: <<std::thread::Builder>::spawn_unchecked_<rustc_interface::util::run_in_thread_with_globals<rustc_interface::util::run_in_thread_pool_with_globals<rustc_interface::interface::run_compiler<(), rustc_driver_impl::run_compiler::{closure#0}>::{closure#1}, ()>::{closure#0}, ()>::{closure#0}::{closure#0}, ()>::{closure#1} as core::ops::function::FnOnce<()>>::call_once::{shim:vtable#0}
[INFO] [stdout]             32: std::sys::pal::unix::thread::Thread::new::thread_start
[INFO] [stdout]             33: <unknown>
[INFO] [stdout]             34: clone
[INFO] [stdout]           
[INFO] [stdout] 
[INFO] [stdout] error: internal compiler error: Encountered anon const with inference variable args but no error reported
[INFO] [stdout]   |
[INFO] [stdout]   = note: delayed at compiler/rustc_trait_selection/src/traits/mod.rs:605:27
[INFO] [stdout]              0: <rustc_errors::DiagCtxtInner>::emit_diagnostic
[INFO] [stdout]              1: <rustc_errors::DiagCtxtHandle>::emit_diagnostic
[INFO] [stdout]              2: <rustc_span::ErrorGuaranteed as rustc_errors::diagnostic::EmissionGuarantee>::emit_producing_guarantee
[INFO] [stdout]              3: <rustc_errors::DiagCtxtHandle>::delayed_bug::<&str>
[INFO] [stdout]              4: rustc_trait_selection::traits::try_evaluate_const.cold
[INFO] [stdout]              5: <rustc_trait_selection::traits::normalize::AssocTypeNormalizer as rustc_type_ir::fold::TypeFolder<rustc_middle::ty::context::TyCtxt>>::fold_const
[INFO] [stdout]              6: <rustc_trait_selection::traits::normalize::AssocTypeNormalizer as rustc_type_ir::fold::FallibleTypeFolder<rustc_middle::ty::context::TyCtxt>>::try_fold_binder::<rustc_type_ir::predicate_kind::PredicateKind<rustc_middle::ty::context::TyCtxt>>
[INFO] [stdout]              7: rustc_trait_selection::traits::normalize::normalize_with_depth_to::<rustc_middle::ty::predicate::Predicate>
[INFO] [stdout]              8: <rustc_trait_selection::traits::fulfill::FulfillProcessor as rustc_data_structures::obligation_forest::ObligationProcessor>::process_obligation
[INFO] [stdout]              9: <rustc_data_structures::obligation_forest::ObligationForest<rustc_trait_selection::traits::fulfill::PendingPredicateObligation>>::process_obligations::<rustc_trait_selection::traits::fulfill::FulfillProcessor>
[INFO] [stdout]             10: <rustc_hir_typeck::fn_ctxt::FnCtxt>::try_structurally_resolve_type
[INFO] [stdout]             11: <rustc_hir_typeck::fn_ctxt::FnCtxt>::check_expr_with_expectation_and_args
[INFO] [stdout]             12: <rustc_hir_typeck::fn_ctxt::FnCtxt>::check_expr_with_expectation_and_args
[INFO] [stdout]             13: <rustc_hir_typeck::fn_ctxt::FnCtxt>::check_decl
[INFO] [stdout]             14: <rustc_hir_typeck::fn_ctxt::FnCtxt>::check_expr_block
[INFO] [stdout]             15: <rustc_hir_typeck::fn_ctxt::FnCtxt>::check_expr_with_expectation_and_args
[INFO] [stdout]             16: rustc_hir_typeck::check::check_fn
[INFO] [stdout]             17: rustc_hir_typeck::typeck_with_fallback::{closure#0}
[INFO] [stdout]             18: rustc_query_impl::plumbing::__rust_begin_short_backtrace::<rustc_query_impl::query_impl::typeck::dynamic_query::{closure#2}::{closure#0}, rustc_middle::query::erase::Erased<[u8; 8]>>
[INFO] [stdout]             19: rustc_query_system::query::plumbing::try_execute_query::<rustc_query_impl::DynamicConfig<rustc_data_structures::vec_cache::VecCache<rustc_span::def_id::LocalDefId, rustc_middle::query::erase::Erased<[u8; 8]>, rustc_query_system::dep_graph::graph::DepNodeIndex>, false, false, false>, rustc_query_impl::plumbing::QueryCtxt, false>
[INFO] [stdout]             20: rustc_query_impl::query_impl::typeck::get_query_non_incr::__rust_end_short_backtrace
[INFO] [stdout]             21: <rustc_middle::hir::map::Map>::par_body_owners::<rustc_hir_analysis::check_crate::{closure#4}>::{closure#0}
[INFO] [stdout]             22: rustc_hir_analysis::check_crate
[INFO] [stdout]             23: rustc_interface::passes::run_required_analyses
[INFO] [stdout]             24: rustc_interface::passes::analysis
[INFO] [stdout]             25: rustc_query_impl::plumbing::__rust_begin_short_backtrace::<rustc_query_impl::query_impl::analysis::dynamic_query::{closure#2}::{closure#0}, rustc_middle::query::erase::Erased<[u8; 0]>>
[INFO] [stdout]             26: rustc_query_system::query::plumbing::try_execute_query::<rustc_query_impl::DynamicConfig<rustc_query_system::query::caches::SingleCache<rustc_middle::query::erase::Erased<[u8; 0]>>, false, false, false>, rustc_query_impl::plumbing::QueryCtxt, false>
[INFO] [stdout]             27: rustc_query_impl::query_impl::analysis::get_query_non_incr::__rust_end_short_backtrace
[INFO] [stdout]             28: rustc_interface::passes::create_and_enter_global_ctxt::<core::option::Option<rustc_interface::queries::Linker>, rustc_driver_impl::run_compiler::{closure#0}::{closure#2}>::{closure#2}::{closure#0}
[INFO] [stdout]             29: rustc_interface::interface::run_compiler::<(), rustc_driver_impl::run_compiler::{closure#0}>::{closure#1}
[INFO] [stdout]             30: std::sys::backtrace::__rust_begin_short_backtrace::<rustc_interface::util::run_in_thread_with_globals<rustc_interface::util::run_in_thread_pool_with_globals<rustc_interface::interface::run_compiler<(), rustc_driver_impl::run_compiler::{closure#0}>::{closure#1}, ()>::{closure#0}, ()>::{closure#0}::{closure#0}, ()>
[INFO] [stdout]             31: <<std::thread::Builder>::spawn_unchecked_<rustc_interface::util::run_in_thread_with_globals<rustc_interface::util::run_in_thread_pool_with_globals<rustc_interface::interface::run_compiler<(), rustc_driver_impl::run_compiler::{closure#0}>::{closure#1}, ()>::{closure#0}, ()>::{closure#0}::{closure#0}, ()>::{closure#1} as core::ops::function::FnOnce<()>>::call_once::{shim:vtable#0}
[INFO] [stdout]             32: std::sys::pal::unix::thread::Thread::new::thread_start
[INFO] [stdout]             33: <unknown>
[INFO] [stdout]             34: clone
[INFO] [stdout]           
[INFO] [stdout] 
[INFO] [stdout] error: internal compiler error: Encountered anon const with inference variable args but no error reported
[INFO] [stdout]   |
[INFO] [stdout]   = note: delayed at compiler/rustc_trait_selection/src/traits/mod.rs:605:27
[INFO] [stdout]              0: <rustc_errors::DiagCtxtInner>::emit_diagnostic
[INFO] [stdout]              1: <rustc_errors::DiagCtxtHandle>::emit_diagnostic
[INFO] [stdout]              2: <rustc_span::ErrorGuaranteed as rustc_errors::diagnostic::EmissionGuarantee>::emit_producing_guarantee
[INFO] [stdout]              3: <rustc_errors::DiagCtxtHandle>::delayed_bug::<&str>
[INFO] [stdout]              4: rustc_trait_selection::traits::try_evaluate_const.cold
[INFO] [stdout]              5: rustc_trait_selection::traits::const_evaluatable::is_const_evaluatable.cold
[INFO] [stdout]              6: <rustc_trait_selection::traits::fulfill::FulfillProcessor as rustc_data_structures::obligation_forest::ObligationProcessor>::process_obligation
[INFO] [stdout]              7: <rustc_data_structures::obligation_forest::ObligationForest<rustc_trait_selection::traits::fulfill::PendingPredicateObligation>>::process_obligations::<rustc_trait_selection::traits::fulfill::FulfillProcessor>
[INFO] [stdout]              8: <rustc_hir_typeck::fn_ctxt::FnCtxt>::try_structurally_resolve_type
[INFO] [stdout]              9: <rustc_hir_typeck::fn_ctxt::FnCtxt>::check_expr_with_expectation_and_args
[INFO] [stdout]             10: <rustc_hir_typeck::fn_ctxt::FnCtxt>::check_expr_with_expectation_and_args
[INFO] [stdout]             11: <rustc_hir_typeck::fn_ctxt::FnCtxt>::check_decl
[INFO] [stdout]             12: <rustc_hir_typeck::fn_ctxt::FnCtxt>::check_expr_block
[INFO] [stdout]             13: <rustc_hir_typeck::fn_ctxt::FnCtxt>::check_expr_with_expectation_and_args
[INFO] [stdout]             14: rustc_hir_typeck::check::check_fn
[INFO] [stdout]             15: rustc_hir_typeck::typeck_with_fallback::{closure#0}
[INFO] [stdout]             16: rustc_query_impl::plumbing::__rust_begin_short_backtrace::<rustc_query_impl::query_impl::typeck::dynamic_query::{closure#2}::{closure#0}, rustc_middle::query::erase::Erased<[u8; 8]>>
[INFO] [stdout]             17: rustc_query_system::query::plumbing::try_execute_query::<rustc_query_impl::DynamicConfig<rustc_data_structures::vec_cache::VecCache<rustc_span::def_id::LocalDefId, rustc_middle::query::erase::Erased<[u8; 8]>, rustc_query_system::dep_graph::graph::DepNodeIndex>, false, false, false>, rustc_query_impl::plumbing::QueryCtxt, false>
[INFO] [stdout]             18: rustc_query_impl::query_impl::typeck::get_query_non_incr::__rust_end_short_backtrace
[INFO] [stdout]             19: <rustc_middle::hir::map::Map>::par_body_owners::<rustc_hir_analysis::check_crate::{closure#4}>::{closure#0}
[INFO] [stdout]             20: rustc_hir_analysis::check_crate
[INFO] [stdout]             21: rustc_interface::passes::run_required_analyses
[INFO] [stdout]             22: rustc_interface::passes::analysis
[INFO] [stdout]             23: rustc_query_impl::plumbing::__rust_begin_short_backtrace::<rustc_query_impl::query_impl::analysis::dynamic_query::{closure#2}::{closure#0}, rustc_middle::query::erase::Erased<[u8; 0]>>
[INFO] [stdout]             24: rustc_query_system::query::plumbing::try_execute_query::<rustc_query_impl::DynamicConfig<rustc_query_system::query::caches::SingleCache<rustc_middle::query::erase::Erased<[u8; 0]>>, false, false, false>, rustc_query_impl::plumbing::QueryCtxt, false>
[INFO] [stdout]             25: rustc_query_impl::query_impl::analysis::get_query_non_incr::__rust_end_short_backtrace
[INFO] [stdout]             26: rustc_interface::passes::create_and_enter_global_ctxt::<core::option::Option<rustc_interface::queries::Linker>, rustc_driver_impl::run_compiler::{closure#0}::{closure#2}>::{closure#2}::{closure#0}
[INFO] [stdout]             27: rustc_interface::interface::run_compiler::<(), rustc_driver_impl::run_compiler::{closure#0}>::{closure#1}
[INFO] [stdout]             28: std::sys::backtrace::__rust_begin_short_backtrace::<rustc_interface::util::run_in_thread_with_globals<rustc_interface::util::run_in_thread_pool_with_globals<rustc_interface::interface::run_compiler<(), rustc_driver_impl::run_compiler::{closure#0}>::{closure#1}, ()>::{closure#0}, ()>::{closure#0}::{closure#0}, ()>
[INFO] [stdout]             29: <<std::thread::Builder>::spawn_unchecked_<rustc_interface::util::run_in_thread_with_globals<rustc_interface::util::run_in_thread_pool_with_globals<rustc_interface::interface::run_compiler<(), rustc_driver_impl::run_compiler::{closure#0}>::{closure#1}, ()>::{closure#0}, ()>::{closure#0}::{closure#0}, ()>::{closure#1} as core::ops::function::FnOnce<()>>::call_once::{shim:vtable#0}
[INFO] [stdout]             30: std::sys::pal::unix::thread::Thread::new::thread_start
[INFO] [stdout]             31: <unknown>
[INFO] [stdout]             32: clone
[INFO] [stdout]           
[INFO] [stdout] 
[INFO] [stdout] error: internal compiler error: Encountered anon const with inference variable args but no error reported
[INFO] [stdout]   |
[INFO] [stdout]   = note: delayed at compiler/rustc_trait_selection/src/traits/mod.rs:605:27
[INFO] [stdout]              0: <rustc_errors::DiagCtxtInner>::emit_diagnostic
[INFO] [stdout]              1: <rustc_errors::DiagCtxtHandle>::emit_diagnostic
[INFO] [stdout]              2: <rustc_span::ErrorGuaranteed as rustc_errors::diagnostic::EmissionGuarantee>::emit_producing_guarantee
[INFO] [stdout]              3: <rustc_errors::DiagCtxtHandle>::delayed_bug::<&str>
[INFO] [stdout]              4: rustc_trait_selection::traits::try_evaluate_const.cold
[INFO] [stdout]              5: <rustc_trait_selection::traits::normalize::AssocTypeNormalizer as rustc_type_ir::fold::TypeFolder<rustc_middle::ty::context::TyCtxt>>::fold_const
[INFO] [stdout]              6: <rustc_middle::ty::InstantiatedPredicates as rustc_type_ir::fold::TypeFoldable<rustc_middle::ty::context::TyCtxt>>::try_fold_with::<rustc_trait_selection::traits::normalize::AssocTypeNormalizer>
[INFO] [stdout]              7: <core::iter::adapters::filter::Filter<core::iter::adapters::map::Map<core::iter::adapters::filter::Filter<core::slice::iter::Iter<rustc_hir_typeck::method::probe::Candidate>, <rustc_hir_typeck::method::probe::ProbeContext>::consider_candidates::{closure#0}>, <rustc_hir_typeck::method::probe::ProbeContext>::consider_candidates::{closure#1}>, <rustc_hir_typeck::method::probe::ProbeContext>::consider_candidates::{closure#2}> as core::iter::traits::iterator::Iterator>::next
[INFO] [stdout]              8: <rustc_hir_typeck::method::probe::ProbeContext>::pick_method
[INFO] [stdout]              9: <rustc_hir_typeck::method::probe::ProbeContext>::pick_all_method
[INFO] [stdout]             10: <rustc_hir_typeck::fn_ctxt::FnCtxt>::probe_for_name
[INFO] [stdout]             11: <rustc_hir_typeck::fn_ctxt::FnCtxt>::check_expr_with_expectation_and_args
[INFO] [stdout]             12: <rustc_hir_typeck::fn_ctxt::FnCtxt>::check_expr_block
[INFO] [stdout]             13: <rustc_hir_typeck::fn_ctxt::FnCtxt>::check_expr_with_expectation_and_args
[INFO] [stdout]             14: rustc_hir_typeck::check::check_fn
[INFO] [stdout]             15: rustc_hir_typeck::typeck_with_fallback::{closure#0}
[INFO] [stdout]             16: rustc_query_impl::plumbing::__rust_begin_short_backtrace::<rustc_query_impl::query_impl::typeck::dynamic_query::{closure#2}::{closure#0}, rustc_middle::query::erase::Erased<[u8; 8]>>
[INFO] [stdout]             17: rustc_query_system::query::plumbing::try_execute_query::<rustc_query_impl::DynamicConfig<rustc_data_structures::vec_cache::VecCache<rustc_span::def_id::LocalDefId, rustc_middle::query::erase::Erased<[u8; 8]>, rustc_query_system::dep_graph::graph::DepNodeIndex>, false, false, false>, rustc_query_impl::plumbing::QueryCtxt, false>
[INFO] [stdout]             18: rustc_query_impl::query_impl::typeck::get_query_non_incr::__rust_end_short_backtrace
[INFO] [stdout]             19: <rustc_middle::hir::map::Map>::par_body_owners::<rustc_hir_analysis::check_crate::{closure#4}>::{closure#0}
[INFO] [stdout]             20: rustc_hir_analysis::check_crate
[INFO] [stdout]             21: rustc_interface::passes::run_required_analyses
[INFO] [stdout]             22: rustc_interface::passes::analysis
[INFO] [stdout]             23: rustc_query_impl::plumbing::__rust_begin_short_backtrace::<rustc_query_impl::query_impl::analysis::dynamic_query::{closure#2}::{closure#0}, rustc_middle::query::erase::Erased<[u8; 0]>>
[INFO] [stdout]             24: rustc_query_system::query::plumbing::try_execute_query::<rustc_query_impl::DynamicConfig<rustc_query_system::query::caches::SingleCache<rustc_middle::query::erase::Erased<[u8; 0]>>, false, false, false>, rustc_query_impl::plumbing::QueryCtxt, false>
[INFO] [stdout]             25: rustc_query_impl::query_impl::analysis::get_query_non_incr::__rust_end_short_backtrace
[INFO] [stdout]             26: rustc_interface::passes::create_and_enter_global_ctxt::<core::option::Option<rustc_interface::queries::Linker>, rustc_driver_impl::run_compiler::{closure#0}::{closure#2}>::{closure#2}::{closure#0}
[INFO] [stdout]             27: rustc_interface::interface::run_compiler::<(), rustc_driver_impl::run_compiler::{closure#0}>::{closure#1}
[INFO] [stdout]             28: std::sys::backtrace::__rust_begin_short_backtrace::<rustc_interface::util::run_in_thread_with_globals<rustc_interface::util::run_in_thread_pool_with_globals<rustc_interface::interface::run_compiler<(), rustc_driver_impl::run_compiler::{closure#0}>::{closure#1}, ()>::{closure#0}, ()>::{closure#0}::{closure#0}, ()>
[INFO] [stdout]             29: <<std::thread::Builder>::spawn_unchecked_<rustc_interface::util::run_in_thread_with_globals<rustc_interface::util::run_in_thread_pool_with_globals<rustc_interface::interface::run_compiler<(), rustc_driver_impl::run_compiler::{closure#0}>::{closure#1}, ()>::{closure#0}, ()>::{closure#0}::{closure#0}, ()>::{closure#1} as core::ops::function::FnOnce<()>>::call_once::{shim:vtable#0}
[INFO] [stdout]             30: std::sys::pal::unix::thread::Thread::new::thread_start
[INFO] [stdout]             31: <unknown>
[INFO] [stdout]             32: clone
[INFO] [stdout]           
[INFO] [stdout] 
[INFO] [stdout] error: internal compiler error: Encountered anon const with inference variable args but no error reported
[INFO] [stdout]   |
[INFO] [stdout]   = note: delayed at compiler/rustc_trait_selection/src/traits/mod.rs:605:27
[INFO] [stdout]              0: <rustc_errors::DiagCtxtInner>::emit_diagnostic
[INFO] [stdout]              1: <rustc_errors::DiagCtxtHandle>::emit_diagnostic
[INFO] [stdout]              2: <rustc_span::ErrorGuaranteed as rustc_errors::diagnostic::EmissionGuarantee>::emit_producing_guarantee
[INFO] [stdout]              3: <rustc_errors::DiagCtxtHandle>::delayed_bug::<&str>
[INFO] [stdout]              4: rustc_trait_selection::traits::try_evaluate_const.cold
[INFO] [stdout]              5: <rustc_trait_selection::traits::normalize::AssocTypeNormalizer as rustc_type_ir::fold::TypeFolder<rustc_middle::ty::context::TyCtxt>>::fold_const
[INFO] [stdout]              6: <rustc_trait_selection::traits::fulfill::FulfillProcessor as rustc_data_structures::obligation_forest::ObligationProcessor>::process_obligation
[INFO] [stdout]              7: <rustc_data_structures::obligation_forest::ObligationForest<rustc_trait_selection::traits::fulfill::PendingPredicateObligation>>::process_obligations::<rustc_trait_selection::traits::fulfill::FulfillProcessor>
[INFO] [stdout]              8: <core::iter::adapters::filter::Filter<core::iter::adapters::map::Map<core::iter::adapters::filter::Filter<core::slice::iter::Iter<rustc_hir_typeck::method::probe::Candidate>, <rustc_hir_typeck::method::probe::ProbeContext>::consider_candidates::{closure#0}>, <rustc_hir_typeck::method::probe::ProbeContext>::consider_candidates::{closure#1}>, <rustc_hir_typeck::method::probe::ProbeContext>::consider_candidates::{closure#2}> as core::iter::traits::iterator::Iterator>::next
[INFO] [stdout]              9: <rustc_hir_typeck::method::probe::ProbeContext>::pick_method
[INFO] [stdout]             10: <rustc_hir_typeck::method::probe::ProbeContext>::pick_all_method
[INFO] [stdout]             11: <rustc_hir_typeck::fn_ctxt::FnCtxt>::probe_for_name
[INFO] [stdout]             12: <rustc_hir_typeck::fn_ctxt::FnCtxt>::check_expr_with_expectation_and_args
[INFO] [stdout]             13: <rustc_hir_typeck::fn_ctxt::FnCtxt>::check_expr_block
[INFO] [stdout]             14: <rustc_hir_typeck::fn_ctxt::FnCtxt>::check_expr_with_expectation_and_args
[INFO] [stdout]             15: rustc_hir_typeck::check::check_fn
[INFO] [stdout]             16: rustc_hir_typeck::typeck_with_fallback::{closure#0}
[INFO] [stdout]             17: rustc_query_impl::plumbing::__rust_begin_short_backtrace::<rustc_query_impl::query_impl::typeck::dynamic_query::{closure#2}::{closure#0}, rustc_middle::query::erase::Erased<[u8; 8]>>
[INFO] [stdout]             18: rustc_query_system::query::plumbing::try_execute_query::<rustc_query_impl::DynamicConfig<rustc_data_structures::vec_cache::VecCache<rustc_span::def_id::LocalDefId, rustc_middle::query::erase::Erased<[u8; 8]>, rustc_query_system::dep_graph::graph::DepNodeIndex>, false, false, false>, rustc_query_impl::plumbing::QueryCtxt, false>
[INFO] [stdout]             19: rustc_query_impl::query_impl::typeck::get_query_non_incr::__rust_end_short_backtrace
[INFO] [stdout]             20: <rustc_middle::hir::map::Map>::par_body_owners::<rustc_hir_analysis::check_crate::{closure#4}>::{closure#0}
[INFO] [stdout]             21: rustc_hir_analysis::check_crate
[INFO] [stdout]             22: rustc_interface::passes::run_required_analyses
[INFO] [stdout]             23: rustc_interface::passes::analysis
[INFO] [stdout]             24: rustc_query_impl::plumbing::__rust_begin_short_backtrace::<rustc_query_impl::query_impl::analysis::dynamic_query::{closure#2}::{closure#0}, rustc_middle::query::erase::Erased<[u8; 0]>>
[INFO] [stdout]             25: rustc_query_system::query::plumbing::try_execute_query::<rustc_query_impl::DynamicConfig<rustc_query_system::query::caches::SingleCache<rustc_middle::query::erase::Erased<[u8; 0]>>, false, false, false>, rustc_query_impl::plumbing::QueryCtxt, false>
[INFO] [stdout]             26: rustc_query_impl::query_impl::analysis::get_query_non_incr::__rust_end_short_backtrace
[INFO] [stdout]             27: rustc_interface::passes::create_and_enter_global_ctxt::<core::option::Option<rustc_interface::queries::Linker>, rustc_driver_impl::run_compiler::{closure#0}::{closure#2}>::{closure#2}::{closure#0}
[INFO] [stdout]             28: rustc_interface::interface::run_compiler::<(), rustc_driver_impl::run_compiler::{closure#0}>::{closure#1}
[INFO] [stdout]             29: std::sys::backtrace::__rust_begin_short_backtrace::<rustc_interface::util::run_in_thread_with_globals<rustc_interface::util::run_in_thread_pool_with_globals<rustc_interface::interface::run_compiler<(), rustc_driver_impl::run_compiler::{closure#0}>::{closure#1}, ()>::{closure#0}, ()>::{closure#0}::{closure#0}, ()>
[INFO] [stdout]             30: <<std::thread::Builder>::spawn_unchecked_<rustc_interface::util::run_in_thread_with_globals<rustc_interface::util::run_in_thread_pool_with_globals<rustc_interface::interface::run_compiler<(), rustc_driver_impl::run_compiler::{closure#0}>::{closure#1}, ()>::{closure#0}, ()>::{closure#0}::{closure#0}, ()>::{closure#1} as core::ops::function::FnOnce<()>>::call_once::{shim:vtable#0}
[INFO] [stdout]             31: std::sys::pal::unix::thread::Thread::new::thread_start
[INFO] [stdout]             32: <unknown>
[INFO] [stdout]             33: clone
[INFO] [stdout]           
[INFO] [stdout] 
[INFO] [stdout] error: internal compiler error: Encountered anon const with inference variable args but no error reported
[INFO] [stdout]   |
[INFO] [stdout]   = note: delayed at compiler/rustc_trait_selection/src/traits/mod.rs:605:27
[INFO] [stdout]              0: <rustc_errors::DiagCtxtInner>::emit_diagnostic
[INFO] [stdout]              1: <rustc_errors::DiagCtxtHandle>::emit_diagnostic
[INFO] [stdout]              2: <rustc_span::ErrorGuaranteed as rustc_errors::diagnostic::EmissionGuarantee>::emit_producing_guarantee
[INFO] [stdout]              3: <rustc_errors::DiagCtxtHandle>::delayed_bug::<&str>
[INFO] [stdout]              4: rustc_trait_selection::traits::try_evaluate_const.cold
[INFO] [stdout]              5: <rustc_trait_selection::traits::normalize::AssocTypeNormalizer as rustc_type_ir::fold::TypeFolder<rustc_middle::ty::context::TyCtxt>>::fold_const
[INFO] [stdout]              6: <rustc_trait_selection::traits::normalize::AssocTypeNormalizer as rustc_type_ir::fold::FallibleTypeFolder<rustc_middle::ty::context::TyCtxt>>::try_fold_binder::<rustc_type_ir::predicate_kind::PredicateKind<rustc_middle::ty::context::TyCtxt>>
[INFO] [stdout]              7: rustc_trait_selection::traits::normalize::normalize_with_depth_to::<rustc_middle::ty::predicate::Predicate>
[INFO] [stdout]              8: <rustc_trait_selection::traits::fulfill::FulfillProcessor as rustc_data_structures::obligation_forest::ObligationProcessor>::process_obligation
[INFO] [stdout]              9: <rustc_data_structures::obligation_forest::ObligationForest<rustc_trait_selection::traits::fulfill::PendingPredicateObligation>>::process_obligations::<rustc_trait_selection::traits::fulfill::FulfillProcessor>
[INFO] [stdout]             10: <core::iter::adapters::filter::Filter<core::iter::adapters::map::Map<core::iter::adapters::filter::Filter<core::slice::iter::Iter<rustc_hir_typeck::method::probe::Candidate>, <rustc_hir_typeck::method::probe::ProbeContext>::consider_candidates::{closure#0}>, <rustc_hir_typeck::method::probe::ProbeContext>::consider_candidates::{closure#1}>, <rustc_hir_typeck::method::probe::ProbeContext>::consider_candidates::{closure#2}> as core::iter::traits::iterator::Iterator>::next
[INFO] [stdout]             11: <rustc_hir_typeck::method::probe::ProbeContext>::pick_method
[INFO] [stdout]             12: <rustc_hir_typeck::method::probe::ProbeContext>::pick_all_method
[INFO] [stdout]             13: <rustc_hir_typeck::fn_ctxt::FnCtxt>::probe_for_name
[INFO] [stdout]             14: <rustc_hir_typeck::fn_ctxt::FnCtxt>::check_expr_with_expectation_and_args
[INFO] [stdout]             15: <rustc_hir_typeck::fn_ctxt::FnCtxt>::check_expr_block
[INFO] [stdout]             16: <rustc_hir_typeck::fn_ctxt::FnCtxt>::check_expr_with_expectation_and_args
[INFO] [stdout]             17: rustc_hir_typeck::check::check_fn
[INFO] [stdout]             18: rustc_hir_typeck::typeck_with_fallback::{closure#0}
[INFO] [stdout]             19: rustc_query_impl::plumbing::__rust_begin_short_backtrace::<rustc_query_impl::query_impl::typeck::dynamic_query::{closure#2}::{closure#0}, rustc_middle::query::erase::Erased<[u8; 8]>>
[INFO] [stdout]             20: rustc_query_system::query::plumbing::try_execute_query::<rustc_query_impl::DynamicConfig<rustc_data_structures::vec_cache::VecCache<rustc_span::def_id::LocalDefId, rustc_middle::query::erase::Erased<[u8; 8]>, rustc_query_system::dep_graph::graph::DepNodeIndex>, false, false, false>, rustc_query_impl::plumbing::QueryCtxt, false>
[INFO] [stdout]             21: rustc_query_impl::query_impl::typeck::get_query_non_incr::__rust_end_short_backtrace
[INFO] [stdout]             22: <rustc_middle::hir::map::Map>::par_body_owners::<rustc_hir_analysis::check_crate::{closure#4}>::{closure#0}
[INFO] [stdout]             23: rustc_hir_analysis::check_crate
[INFO] [stdout]             24: rustc_interface::passes::run_required_analyses
[INFO] [stdout]             25: rustc_interface::passes::analysis
[INFO] [stdout]             26: rustc_query_impl::plumbing::__rust_begin_short_backtrace::<rustc_query_impl::query_impl::analysis::dynamic_query::{closure#2}::{closure#0}, rustc_middle::query::erase::Erased<[u8; 0]>>
[INFO] [stdout]             27: rustc_query_system::query::plumbing::try_execute_query::<rustc_query_impl::DynamicConfig<rustc_query_system::query::caches::SingleCache<rustc_middle::query::erase::Erased<[u8; 0]>>, false, false, false>, rustc_query_impl::plumbing::QueryCtxt, false>
[INFO] [stdout]             28: rustc_query_impl::query_impl::analysis::get_query_non_incr::__rust_end_short_backtrace
[INFO] [stdout]             29: rustc_interface::passes::create_and_enter_global_ctxt::<core::option::Option<rustc_interface::queries::Linker>, rustc_driver_impl::run_compiler::{closure#0}::{closure#2}>::{closure#2}::{closure#0}
[INFO] [stdout]             30: rustc_interface::interface::run_compiler::<(), rustc_driver_impl::run_compiler::{closure#0}>::{closure#1}
[INFO] [stdout]             31: std::sys::backtrace::__rust_begin_short_backtrace::<rustc_interface::util::run_in_thread_with_globals<rustc_interface::util::run_in_thread_pool_with_globals<rustc_interface::interface::run_compiler<(), rustc_driver_impl::run_compiler::{closure#0}>::{closure#1}, ()>::{closure#0}, ()>::{closure#0}::{closure#0}, ()>
[INFO] [stdout]             32: <<std::thread::Builder>::spawn_unchecked_<rustc_interface::util::run_in_thread_with_globals<rustc_interface::util::run_in_thread_pool_with_globals<rustc_interface::interface::run_compiler<(), rustc_driver_impl::run_compiler::{closure#0}>::{closure#1}, ()>::{closure#0}, ()>::{closure#0}::{closure#0}, ()>::{closure#1} as core::ops::function::FnOnce<()>>::call_once::{shim:vtable#0}
[INFO] [stdout]             33: std::sys::pal::unix::thread::Thread::new::thread_start
[INFO] [stdout]             34: <unknown>
[INFO] [stdout]             35: clone
[INFO] [stdout]           
[INFO] [stdout] 
[INFO] [stdout] error: internal compiler error: Encountered anon const with inference variable args but no error reported
[INFO] [stdout]   |
[INFO] [stdout]   = note: delayed at compiler/rustc_trait_selection/src/traits/mod.rs:605:27
[INFO] [stdout]              0: <rustc_errors::DiagCtxtInner>::emit_diagnostic
[INFO] [stdout]              1: <rustc_errors::DiagCtxtHandle>::emit_diagnostic
[INFO] [stdout]              2: <rustc_span::ErrorGuaranteed as rustc_errors::diagnostic::EmissionGuarantee>::emit_producing_guarantee
[INFO] [stdout]              3: <rustc_errors::DiagCtxtHandle>::delayed_bug::<&str>
[INFO] [stdout]              4: rustc_trait_selection::traits::try_evaluate_const.cold
[INFO] [stdout]              5: rustc_trait_selection::traits::const_evaluatable::is_const_evaluatable.cold
[INFO] [stdout]              6: <rustc_trait_selection::traits::fulfill::FulfillProcessor as rustc_data_structures::obligation_forest::ObligationProcessor>::process_obligation
[INFO] [stdout]              7: <rustc_data_structures::obligation_forest::ObligationForest<rustc_trait_selection::traits::fulfill::PendingPredicateObligation>>::process_obligations::<rustc_trait_selection::traits::fulfill::FulfillProcessor>
[INFO] [stdout]              8: <core::iter::adapters::filter::Filter<core::iter::adapters::map::Map<core::iter::adapters::filter::Filter<core::slice::iter::Iter<rustc_hir_typeck::method::probe::Candidate>, <rustc_hir_typeck::method::probe::ProbeContext>::consider_candidates::{closure#0}>, <rustc_hir_typeck::method::probe::ProbeContext>::consider_candidates::{closure#1}>, <rustc_hir_typeck::method::probe::ProbeContext>::consider_candidates::{closure#2}> as core::iter::traits::iterator::Iterator>::next
[INFO] [stdout]              9: <rustc_hir_typeck::method::probe::ProbeContext>::pick_method
[INFO] [stdout]             10: <rustc_hir_typeck::method::probe::ProbeContext>::pick_all_method
[INFO] [stdout]             11: <rustc_hir_typeck::fn_ctxt::FnCtxt>::probe_for_name
[INFO] [stdout]             12: <rustc_hir_typeck::fn_ctxt::FnCtxt>::check_expr_with_expectation_and_args
[INFO] [stdout]             13: <rustc_hir_typeck::fn_ctxt::FnCtxt>::check_expr_block
[INFO] [stdout]             14: <rustc_hir_typeck::fn_ctxt::FnCtxt>::check_expr_with_expectation_and_args
[INFO] [stdout]             15: rustc_hir_typeck::check::check_fn
[INFO] [stdout]             16: rustc_hir_typeck::typeck_with_fallback::{closure#0}
[INFO] [stdout]             17: rustc_query_impl::plumbing::__rust_begin_short_backtrace::<rustc_query_impl::query_impl::typeck::dynamic_query::{closure#2}::{closure#0}, rustc_middle::query::erase::Erased<[u8; 8]>>
[INFO] [stdout]             18: rustc_query_system::query::plumbing::try_execute_query::<rustc_query_impl::DynamicConfig<rustc_data_structures::vec_cache::VecCache<rustc_span::def_id::LocalDefId, rustc_middle::query::erase::Erased<[u8; 8]>, rustc_query_system::dep_graph::graph::DepNodeIndex>, false, false, false>, rustc_query_impl::plumbing::QueryCtxt, false>
[INFO] [stdout]             19: rustc_query_impl::query_impl::typeck::get_query_non_incr::__rust_end_short_backtrace
[INFO] [stdout]             20: <rustc_middle::hir::map::Map>::par_body_owners::<rustc_hir_analysis::check_crate::{closure#4}>::{closure#0}
[INFO] [stdout]             21: rustc_hir_analysis::check_crate
[INFO] [stdout]             22: rustc_interface::passes::run_required_analyses
[INFO] [stdout]             23: rustc_interface::passes::analysis
[INFO] [stdout]             24: rustc_query_impl::plumbing::__rust_begin_short_backtrace::<rustc_query_impl::query_impl::analysis::dynamic_query::{closure#2}::{closure#0}, rustc_middle::query::erase::Erased<[u8; 0]>>
[INFO] [stdout]             25: rustc_query_system::query::plumbing::try_execute_query::<rustc_query_impl::DynamicConfig<rustc_query_system::query::caches::SingleCache<rustc_middle::query::erase::Erased<[u8; 0]>>, false, false, false>, rustc_query_impl::plumbing::QueryCtxt, false>
[INFO] [stdout]             26: rustc_query_impl::query_impl::analysis::get_query_non_incr::__rust_end_short_backtrace
[INFO] [stdout]             27: rustc_interface::passes::create_and_enter_global_ctxt::<core::option::Option<rustc_interface::queries::Linker>, rustc_driver_impl::run_compiler::{closure#0}::{closure#2}>::{closure#2}::{closure#0}
[INFO] [stdout]             28: rustc_interface::interface::run_compiler::<(), rustc_driver_impl::run_compiler::{closure#0}>::{closure#1}
[INFO] [stdout]             29: std::sys::backtrace::__rust_begin_short_backtrace::<rustc_interface::util::run_in_thread_with_globals<rustc_interface::util::run_in_thread_pool_with_globals<rustc_interface::interface::run_compiler<(), rustc_driver_impl::run_compiler::{closure#0}>::{closure#1}, ()>::{closure#0}, ()>::{closure#0}::{closure#0}, ()>
[INFO] [stdout]             30: <<std::thread::Builder>::spawn_unchecked_<rustc_interface::util::run_in_thread_with_globals<rustc_interface::util::run_in_thread_pool_with_globals<rustc_interface::interface::run_compiler<(), rustc_driver_impl::run_compiler::{closure#0}>::{closure#1}, ()>::{closure#0}, ()>::{closure#0}::{closure#0}, ()>::{closure#1} as core::ops::function::FnOnce<()>>::call_once::{shim:vtable#0}
[INFO] [stdout]             31: std::sys::pal::unix::thread::Thread::new::thread_start
[INFO] [stdout]             32: <unknown>
[INFO] [stdout]             33: clone
[INFO] [stdout]           
[INFO] [stdout] 
[INFO] [stdout] error: internal compiler error: Encountered anon const with inference variable args but no error reported
[INFO] [stdout]   |
[INFO] [stdout]   = note: delayed at compiler/rustc_trait_selection/src/traits/mod.rs:605:27
[INFO] [stdout]              0: <rustc_errors::DiagCtxtInner>::emit_diagnostic
[INFO] [stdout]              1: <rustc_errors::DiagCtxtHandle>::emit_diagnostic
[INFO] [stdout]              2: <rustc_span::ErrorGuaranteed as rustc_errors::diagnostic::EmissionGuarantee>::emit_producing_guarantee
[INFO] [stdout]              3: <rustc_errors::DiagCtxtHandle>::delayed_bug::<&str>
[INFO] [stdout]              4: rustc_trait_selection::traits::try_evaluate_const.cold
[INFO] [stdout]              5: <rustc_trait_selection::traits::normalize::AssocTypeNormalizer as rustc_type_ir::fold::TypeFolder<rustc_middle::ty::context::TyCtxt>>::fold_const
[INFO] [stdout]              6: <rustc_middle::ty::InstantiatedPredicates as rustc_type_ir::fold::TypeFoldable<rustc_middle::ty::context::TyCtxt>>::try_fold_with::<rustc_trait_selection::traits::normalize::AssocTypeNormalizer>
[INFO] [stdout]              7: <rustc_hir_typeck::method::confirm::ConfirmContext>::confirm
[INFO] [stdout]              8: <rustc_hir_typeck::fn_ctxt::FnCtxt>::check_expr_with_expectation_and_args
[INFO] [stdout]              9: <rustc_hir_typeck::fn_ctxt::FnCtxt>::check_expr_block
[INFO] [stdout]             10: <rustc_hir_typeck::fn_ctxt::FnCtxt>::check_expr_with_expectation_and_args
[INFO] [stdout]             11: rustc_hir_typeck::check::check_fn
[INFO] [stdout]             12: rustc_hir_typeck::typeck_with_fallback::{closure#0}
[INFO] [stdout]             13: rustc_query_impl::plumbing::__rust_begin_short_backtrace::<rustc_query_impl::query_impl::typeck::dynamic_query::{closure#2}::{closure#0}, rustc_middle::query::erase::Erased<[u8; 8]>>
[INFO] [stdout]             14: rustc_query_system::query::plumbing::try_execute_query::<rustc_query_impl::DynamicConfig<rustc_data_structures::vec_cache::VecCache<rustc_span::def_id::LocalDefId, rustc_middle::query::erase::Erased<[u8; 8]>, rustc_query_system::dep_graph::graph::DepNodeIndex>, false, false, false>, rustc_query_impl::plumbing::QueryCtxt, false>
[INFO] [stdout]             15: rustc_query_impl::query_impl::typeck::get_query_non_incr::__rust_end_short_backtrace
[INFO] [stdout]             16: <rustc_middle::hir::map::Map>::par_body_owners::<rustc_hir_analysis::check_crate::{closure#4}>::{closure#0}
[INFO] [stdout]             17: rustc_hir_analysis::check_crate
[INFO] [stdout]             18: rustc_interface::passes::run_required_analyses
[INFO] [stdout]             19: rustc_interface::passes::analysis
[INFO] [stdout]             20: rustc_query_impl::plumbing::__rust_begin_short_backtrace::<rustc_query_impl::query_impl::analysis::dynamic_query::{closure#2}::{closure#0}, rustc_middle::query::erase::Erased<[u8; 0]>>
[INFO] [stdout]             21: rustc_query_system::query::plumbing::try_execute_query::<rustc_query_impl::DynamicConfig<rustc_query_system::query::caches::SingleCache<rustc_middle::query::erase::Erased<[u8; 0]>>, false, false, false>, rustc_query_impl::plumbing::QueryCtxt, false>
[INFO] [stdout]             22: rustc_query_impl::query_impl::analysis::get_query_non_incr::__rust_end_short_backtrace
[INFO] [stdout]             23: rustc_interface::passes::create_and_enter_global_ctxt::<core::option::Option<rustc_interface::queries::Linker>, rustc_driver_impl::run_compiler::{closure#0}::{closure#2}>::{closure#2}::{closure#0}
[INFO] [stdout]             24: rustc_interface::interface::run_compiler::<(), rustc_driver_impl::run_compiler::{closure#0}>::{closure#1}
[INFO] [stdout]             25: std::sys::backtrace::__rust_begin_short_backtrace::<rustc_interface::util::run_in_thread_with_globals<rustc_interface::util::run_in_thread_pool_with_globals<rustc_interface::interface::run_compiler<(), rustc_driver_impl::run_compiler::{closure#0}>::{closure#1}, ()>::{closure#0}, ()>::{closure#0}::{closure#0}, ()>
[INFO] [stdout]             26: <<std::thread::Builder>::spawn_unchecked_<rustc_interface::util::run_in_thread_with_globals<rustc_interface::util::run_in_thread_pool_with_globals<rustc_interface::interface::run_compiler<(), rustc_driver_impl::run_compiler::{closure#0}>::{closure#1}, ()>::{closure#0}, ()>::{closure#0}::{closure#0}, ()>::{closure#1} as core::ops::function::FnOnce<()>>::call_once::{shim:vtable#0}
[INFO] [stdout]             27: std::sys::pal::unix::thread::Thread::new::thread_start
[INFO] [stdout]             28: <unknown>
[INFO] [stdout]             29: clone
[INFO] [stdout]           
[INFO] [stdout] 
[INFO] [stdout] error: internal compiler error: Encountered anon const with inference variable args but no error reported
[INFO] [stdout]   |
[INFO] [stdout]   = note: delayed at compiler/rustc_trait_selection/src/traits/mod.rs:605:27
[INFO] [stdout]              0: <rustc_errors::DiagCtxtInner>::emit_diagnostic
[INFO] [stdout]              1: <rustc_errors::DiagCtxtHandle>::emit_diagnostic
[INFO] [stdout]              2: <rustc_span::ErrorGuaranteed as rustc_errors::diagnostic::EmissionGuarantee>::emit_producing_guarantee
[INFO] [stdout]              3: <rustc_errors::DiagCtxtHandle>::delayed_bug::<&str>
[INFO] [stdout]              4: rustc_trait_selection::traits::try_evaluate_const.cold
[INFO] [stdout]              5: <rustc_trait_selection::traits::normalize::AssocTypeNormalizer as rustc_type_ir::fold::TypeFolder<rustc_middle::ty::context::TyCtxt>>::fold_const
[INFO] [stdout]              6: <rustc_trait_selection::traits::fulfill::FulfillProcessor as rustc_data_structures::obligation_forest::ObligationProcessor>::process_obligation
[INFO] [stdout]              7: <rustc_data_structures::obligation_forest::ObligationForest<rustc_trait_selection::traits::fulfill::PendingPredicateObligation>>::process_obligations::<rustc_trait_selection::traits::fulfill::FulfillProcessor>
[INFO] [stdout]              8: <rustc_hir_typeck::fn_ctxt::FnCtxt>::confirm_builtin_call
[INFO] [stdout]              9: <rustc_hir_typeck::fn_ctxt::FnCtxt>::check_expr_with_expectation_and_args
[INFO] [stdout]             10: <rustc_hir_typeck::fn_ctxt::FnCtxt>::check_argument_types
[INFO] [stdout]             11: <rustc_hir_typeck::fn_ctxt::FnCtxt>::check_expr_with_expectation_and_args
[INFO] [stdout]             12: <rustc_hir_typeck::fn_ctxt::FnCtxt>::check_expr_block
[INFO] [stdout]             13: <rustc_hir_typeck::fn_ctxt::FnCtxt>::check_expr_with_expectation_and_args
[INFO] [stdout]             14: rustc_hir_typeck::check::check_fn
[INFO] [stdout]             15: rustc_hir_typeck::typeck_with_fallback::{closure#0}
[INFO] [stdout]             16: rustc_query_impl::plumbing::__rust_begin_short_backtrace::<rustc_query_impl::query_impl::typeck::dynamic_query::{closure#2}::{closure#0}, rustc_middle::query::erase::Erased<[u8; 8]>>
[INFO] [stdout]             17: rustc_query_system::query::plumbing::try_execute_query::<rustc_query_impl::DynamicConfig<rustc_data_structures::vec_cache::VecCache<rustc_span::def_id::LocalDefId, rustc_middle::query::erase::Erased<[u8; 8]>, rustc_query_system::dep_graph::graph::DepNodeIndex>, false, false, false>, rustc_query_impl::plumbing::QueryCtxt, false>
[INFO] [stdout]             18: rustc_query_impl::query_impl::typeck::get_query_non_incr::__rust_end_short_backtrace
[INFO] [stdout]             19: <rustc_middle::hir::map::Map>::par_body_owners::<rustc_hir_analysis::check_crate::{closure#4}>::{closure#0}
[INFO] [stdout]             20: rustc_hir_analysis::check_crate
[INFO] [stdout]             21: rustc_interface::passes::run_required_analyses
[INFO] [stdout]             22: rustc_interface::passes::analysis
[INFO] [stdout]             23: rustc_query_impl::plumbing::__rust_begin_short_backtrace::<rustc_query_impl::query_impl::analysis::dynamic_query::{closure#2}::{closure#0}, rustc_middle::query::erase::Erased<[u8; 0]>>
[INFO] [stdout]             24: rustc_query_system::query::plumbing::try_execute_query::<rustc_query_impl::DynamicConfig<rustc_query_system::query::caches::SingleCache<rustc_middle::query::erase::Erased<[u8; 0]>>, false, false, false>, rustc_query_impl::plumbing::QueryCtxt, false>
[INFO] [stdout]             25: rustc_query_impl::query_impl::analysis::get_query_non_incr::__rust_end_short_backtrace
[INFO] [stdout]             26: rustc_interface::passes::create_and_enter_global_ctxt::<core::option::Option<rustc_interface::queries::Linker>, rustc_driver_impl::run_compiler::{closure#0}::{closure#2}>::{closure#2}::{closure#0}
[INFO] [stdout]             27: rustc_interface::interface::run_compiler::<(), rustc_driver_impl::run_compiler::{closure#0}>::{closure#1}
[INFO] [stdout]             28: std::sys::backtrace::__rust_begin_short_backtrace::<rustc_interface::util::run_in_thread_with_globals<rustc_interface::util::run_in_thread_pool_with_globals<rustc_interface::interface::run_compiler<(), rustc_driver_impl::run_compiler::{closure#0}>::{closure#1}, ()>::{closure#0}, ()>::{closure#0}::{closure#0}, ()>
[INFO] [stdout]             29: <<std::thread::Builder>::spawn_unchecked_<rustc_interface::util::run_in_thread_with_globals<rustc_interface::util::run_in_thread_pool_with_globals<rustc_interface::interface::run_compiler<(), rustc_driver_impl::run_compiler::{closure#0}>::{closure#1}, ()>::{closure#0}, ()>::{closure#0}::{closure#0}, ()>::{closure#1} as core::ops::function::FnOnce<()>>::call_once::{shim:vtable#0}
[INFO] [stdout]             30: std::sys::pal::unix::thread::Thread::new::thread_start
[INFO] [stdout]             31: <unknown>
[INFO] [stdout]             32: clone
[INFO] [stdout]           
[INFO] [stdout] 
[INFO] [stdout] error: internal compiler error: Encountered anon const with inference variable args but no error reported
[INFO] [stdout]   |
[INFO] [stdout]   = note: delayed at compiler/rustc_trait_selection/src/traits/mod.rs:605:27
[INFO] [stdout]              0: <rustc_errors::DiagCtxtInner>::emit_diagnostic
[INFO] [stdout]              1: <rustc_errors::DiagCtxtHandle>::emit_diagnostic
[INFO] [stdout]              2: <rustc_span::ErrorGuaranteed as rustc_errors::diagnostic::EmissionGuarantee>::emit_producing_guarantee
[INFO] [stdout]              3: <rustc_errors::DiagCtxtHandle>::delayed_bug::<&str>
[INFO] [stdout]              4: rustc_trait_selection::traits::try_evaluate_const.cold
[INFO] [stdout]              5: <rustc_trait_selection::traits::normalize::AssocTypeNormalizer as rustc_type_ir::fold::TypeFolder<rustc_middle::ty::context::TyCtxt>>::fold_const
[INFO] [stdout]              6: <rustc_trait_selection::traits::normalize::AssocTypeNormalizer as rustc_type_ir::fold::FallibleTypeFolder<rustc_middle::ty::context::TyCtxt>>::try_fold_binder::<rustc_type_ir::predicate_kind::PredicateKind<rustc_middle::ty::context::TyCtxt>>
[INFO] [stdout]              7: rustc_trait_selection::traits::normalize::normalize_with_depth_to::<rustc_middle::ty::predicate::Predicate>
[INFO] [stdout]              8: <rustc_trait_selection::traits::fulfill::FulfillProcessor as rustc_data_structures::obligation_forest::ObligationProcessor>::process_obligation
[INFO] [stdout]              9: <rustc_data_structures::obligation_forest::ObligationForest<rustc_trait_selection::traits::fulfill::PendingPredicateObligation>>::process_obligations::<rustc_trait_selection::traits::fulfill::FulfillProcessor>
[INFO] [stdout]             10: <rustc_hir_typeck::fn_ctxt::FnCtxt>::confirm_builtin_call
[INFO] [stdout]             11: <rustc_hir_typeck::fn_ctxt::FnCtxt>::check_expr_with_expectation_and_args
[INFO] [stdout]             12: <rustc_hir_typeck::fn_ctxt::FnCtxt>::check_argument_types
[INFO] [stdout]             13: <rustc_hir_typeck::fn_ctxt::FnCtxt>::check_expr_with_expectation_and_args
[INFO] [stdout]             14: <rustc_hir_typeck::fn_ctxt::FnCtxt>::check_expr_block
[INFO] [stdout]             15: <rustc_hir_typeck::fn_ctxt::FnCtxt>::check_expr_with_expectation_and_args
[INFO] [stdout]             16: rustc_hir_typeck::check::check_fn
[INFO] [stdout]             17: rustc_hir_typeck::typeck_with_fallback::{closure#0}
[INFO] [stdout]             18: rustc_query_impl::plumbing::__rust_begin_short_backtrace::<rustc_query_impl::query_impl::typeck::dynamic_query::{closure#2}::{closure#0}, rustc_middle::query::erase::Erased<[u8; 8]>>
[INFO] [stdout]             19: rustc_query_system::query::plumbing::try_execute_query::<rustc_query_impl::DynamicConfig<rustc_data_structures::vec_cache::VecCache<rustc_span::def_id::LocalDefId, rustc_middle::query::erase::Erased<[u8; 8]>, rustc_query_system::dep_graph::graph::DepNodeIndex>, false, false, false>, rustc_query_impl::plumbing::QueryCtxt, false>
[INFO] [stdout]             20: rustc_query_impl::query_impl::typeck::get_query_non_incr::__rust_end_short_backtrace
[INFO] [stdout]             21: <rustc_middle::hir::map::Map>::par_body_owners::<rustc_hir_analysis::check_crate::{closure#4}>::{closure#0}
[INFO] [stdout]             22: rustc_hir_analysis::check_crate
[INFO] [stdout]             23: rustc_interface::passes::run_required_analyses
[INFO] [stdout]             24: rustc_interface::passes::analysis
[INFO] [stdout]             25: rustc_query_impl::plumbing::__rust_begin_short_backtrace::<rustc_query_impl::query_impl::analysis::dynamic_query::{closure#2}::{closure#0}, rustc_middle::query::erase::Erased<[u8; 0]>>
[INFO] [stdout]             26: rustc_query_system::query::plumbing::try_execute_query::<rustc_query_impl::DynamicConfig<rustc_query_system::query::caches::SingleCache<rustc_middle::query::erase::Erased<[u8; 0]>>, false, false, false>, rustc_query_impl::plumbing::QueryCtxt, false>
[INFO] [stdout]             27: rustc_query_impl::query_impl::analysis::get_query_non_incr::__rust_end_short_backtrace
[INFO] [stdout]             28: rustc_interface::passes::create_and_enter_global_ctxt::<core::option::Option<rustc_interface::queries::Linker>, rustc_driver_impl::run_compiler::{closure#0}::{closure#2}>::{closure#2}::{closure#0}
[INFO] [stdout]             29: rustc_interface::interface::run_compiler::<(), rustc_driver_impl::run_compiler::{closure#0}>::{closure#1}
[INFO] [stdout]             30: std::sys::backtrace::__rust_begin_short_backtrace::<rustc_interface::util::run_in_thread_with_globals<rustc_interface::util::run_in_thread_pool_with_globals<rustc_interface::interface::run_compiler<(), rustc_driver_impl::run_compiler::{closure#0}>::{closure#1}, ()>::{closure#0}, ()>::{closure#0}::{closure#0}, ()>
[INFO] [stdout]             31: <<std::thread::Builder>::spawn_unchecked_<rustc_interface::util::run_in_thread_with_globals<rustc_interface::util::run_in_thread_pool_with_globals<rustc_interface::interface::run_compiler<(), rustc_driver_impl::run_compiler::{closure#0}>::{closure#1}, ()>::{closure#0}, ()>::{closure#0}::{closure#0}, ()>::{closure#1} as core::ops::function::FnOnce<()>>::call_once::{shim:vtable#0}
[INFO] [stdout]             32: std::sys::pal::unix::thread::Thread::new::thread_start
[INFO] [stdout]             33: <unknown>
[INFO] [stdout]             34: clone
[INFO] [stdout]           
[INFO] [stdout] 
[INFO] [stdout] error: internal compiler error: Encountered anon const with inference variable args but no error reported
[INFO] [stdout]   |
[INFO] [stdout]   = note: delayed at compiler/rustc_trait_selection/src/traits/mod.rs:605:27
[INFO] [stdout]              0: <rustc_errors::DiagCtxtInner>::emit_diagnostic
[INFO] [stdout]              1: <rustc_errors::DiagCtxtHandle>::emit_diagnostic
[INFO] [stdout]              2: <rustc_span::ErrorGuaranteed as rustc_errors::diagnostic::EmissionGuarantee>::emit_producing_guarantee
[INFO] [stdout]              3: <rustc_errors::DiagCtxtHandle>::delayed_bug::<&str>
[INFO] [stdout]              4: rustc_trait_selection::traits::try_evaluate_const.cold
[INFO] [stdout]              5: rustc_trait_selection::traits::const_evaluatable::is_const_evaluatable.cold
[INFO] [stdout]              6: <rustc_trait_selection::traits::fulfill::FulfillProcessor as rustc_data_structures::obligation_forest::ObligationProcessor>::process_obligation
[INFO] [stdout]              7: <rustc_data_structures::obligation_forest::ObligationForest<rustc_trait_selection::traits::fulfill::PendingPredicateObligation>>::process_obligations::<rustc_trait_selection::traits::fulfill::FulfillProcessor>
[INFO] [stdout]              8: <rustc_hir_typeck::fn_ctxt::FnCtxt>::confirm_builtin_call
[INFO] [stdout]              9: <rustc_hir_typeck::fn_ctxt::FnCtxt>::check_expr_with_expectation_and_args
[INFO] [stdout]             10: <rustc_hir_typeck::fn_ctxt::FnCtxt>::check_argument_types
[INFO] [stdout]             11: <rustc_hir_typeck::fn_ctxt::FnCtxt>::check_expr_with_expectation_and_args
[INFO] [stdout]             12: <rustc_hir_typeck::fn_ctxt::FnCtxt>::check_expr_block
[INFO] [stdout]             13: <rustc_hir_typeck::fn_ctxt::FnCtxt>::check_expr_with_expectation_and_args
[INFO] [stdout]             14: rustc_hir_typeck::check::check_fn
[INFO] [stdout]             15: rustc_hir_typeck::typeck_with_fallback::{closure#0}
[INFO] [stdout]             16: rustc_query_impl::plumbing::__rust_begin_short_backtrace::<rustc_query_impl::query_impl::typeck::dynamic_query::{closure#2}::{closure#0}, rustc_middle::query::erase::Erased<[u8; 8]>>
[INFO] [stdout]             17: rustc_query_system::query::plumbing::try_execute_query::<rustc_query_impl::DynamicConfig<rustc_data_structures::vec_cache::VecCache<rustc_span::def_id::LocalDefId, rustc_middle::query::erase::Erased<[u8; 8]>, rustc_query_system::dep_graph::graph::DepNodeIndex>, false, false, false>, rustc_query_impl::plumbing::QueryCtxt, false>
[INFO] [stdout]             18: rustc_query_impl::query_impl::typeck::get_query_non_incr::__rust_end_short_backtrace
[INFO] [stdout]             19: <rustc_middle::hir::map::Map>::par_body_owners::<rustc_hir_analysis::check_crate::{closure#4}>::{closure#0}
[INFO] [stdout]             20: rustc_hir_analysis::check_crate
[INFO] [stdout]             21: rustc_interface::passes::run_required_analyses
[INFO] [stdout]             22: rustc_interface::passes::analysis
[INFO] [stdout]             23: rustc_query_impl::plumbing::__rust_begin_short_backtrace::<rustc_query_impl::query_impl::analysis::dynamic_query::{closure#2}::{closure#0}, rustc_middle::query::erase::Erased<[u8; 0]>>
[INFO] [stdout]             24: rustc_query_system::query::plumbing::try_execute_query::<rustc_query_impl::DynamicConfig<rustc_query_system::query::caches::SingleCache<rustc_middle::query::erase::Erased<[u8; 0]>>, false, false, false>, rustc_query_impl::plumbing::QueryCtxt, false>
[INFO] [stdout]             25: rustc_query_impl::query_impl::analysis::get_query_non_incr::__rust_end_short_backtrace
[INFO] [stdout]             26: rustc_interface::passes::create_and_enter_global_ctxt::<core::option::Option<rustc_interface::queries::Linker>, rustc_driver_impl::run_compiler::{closure#0}::{closure#2}>::{closure#2}::{closure#0}
[INFO] [stdout]             27: rustc_interface::interface::run_compiler::<(), rustc_driver_impl::run_compiler::{closure#0}>::{closure#1}
[INFO] [stdout]             28: std::sys::backtrace::__rust_begin_short_backtrace::<rustc_interface::util::run_in_thread_with_globals<rustc_interface::util::run_in_thread_pool_with_globals<rustc_interface::interface::run_compiler<(), rustc_driver_impl::run_compiler::{closure#0}>::{closure#1}, ()>::{closure#0}, ()>::{closure#0}::{closure#0}, ()>
[INFO] [stdout]             29: <<std::thread::Builder>::spawn_unchecked_<rustc_interface::util::run_in_thread_with_globals<rustc_interface::util::run_in_thread_pool_with_globals<rustc_interface::interface::run_compiler<(), rustc_driver_impl::run_compiler::{closure#0}>::{closure#1}, ()>::{closure#0}, ()>::{closure#0}::{closure#0}, ()>::{closure#1} as core::ops::function::FnOnce<()>>::call_once::{shim:vtable#0}
[INFO] [stdout]             30: std::sys::pal::unix::thread::Thread::new::thread_start
[INFO] [stdout]             31: <unknown>
[INFO] [stdout]             32: clone
[INFO] [stdout]           
[INFO] [stdout] 
[INFO] [stdout] note: we would appreciate a bug report: https://github.com/rust-lang/rust/issues/new?labels=C-bug%2C+I-ICE%2C+T-compiler&template=ice.md
[INFO] [stdout] 
[INFO] [stdout] note: please make sure that you have updated to the latest nightly
[INFO] [stdout] 
[INFO] [stdout] warning: the ICE couldn't be written to `/opt/rustwide/workdir/rustc-ice-2025-01-20T08_09_54-40.txt`: Read-only file system (os error 30)
[INFO] [stdout] 
[INFO] [stdout] note: rustc 1.86.0-nightly (6067b3631 2025-01-17) running on x86_64-unknown-linux-gnu
[INFO] [stdout] 
[INFO] [stdout] query stack during panic:
[INFO] [stdout] end of query stack
[INFO] [stdout] Couldn't compile the test.
[INFO] [stdout] 
[INFO] [stdout] failures:
[INFO] [stdout]     src/common/hands.rs - common::hands::OngoingHand<G>::new (line 509)
[INFO] [stdout]     src/common/hands.rs - common::hands::OngoingTrick<G>::new (line 401)
[INFO] [stdout]     src/common/hands.rs - common::hands::Player<G>::give (line 52)
[INFO] [stdout]     src/common/hands.rs - common::hands::Player<G>::new (line 109)
[INFO] [stdout]     src/common/hands.rs - common::hands::Player<G>::remove (line 73)
[INFO] [stdout]     src/tressette.rs - tressette::TressetteRules::playable (line 84)
[INFO] [stdout] 
[INFO] [stdout] test result: FAILED. 7 passed; 6 failed; 0 ignored; 0 measured; 0 filtered out; finished in 0.79s
[INFO] [stdout] 
[INFO] [stderr] error: doctest failed, to rerun pass `--doc`
[INFO] running `Command { std: "docker" "inspect" "de64f65bf6abf635665a2208ed097be3fd4a433737061ed2e1c003fd552b0567", kill_on_drop: false }`
[INFO] running `Command { std: "docker" "rm" "-f" "de64f65bf6abf635665a2208ed097be3fd4a433737061ed2e1c003fd552b0567", kill_on_drop: false }`
[INFO] [stdout] de64f65bf6abf635665a2208ed097be3fd4a433737061ed2e1c003fd552b0567
