[INFO] cloning repository https://github.com/SergioRibera/srtemplate
[INFO] running `Command { std: "git" "-c" "credential.helper=" "-c" "credential.helper=/workspace/cargo-home/bin/git-credential-null" "clone" "--bare" "https://github.com/SergioRibera/srtemplate" "/workspace/cache/git-repos/https%3A%2F%2Fgithub.com%2FSergioRibera%2Fsrtemplate", kill_on_drop: false }`
[INFO] [stderr] Cloning into bare repository '/workspace/cache/git-repos/https%3A%2F%2Fgithub.com%2FSergioRibera%2Fsrtemplate'...
[INFO] running `Command { std: "git" "rev-parse" "HEAD", kill_on_drop: false }`
[INFO] [stdout] ce16e878f9dbf9646e647f49ad5364ea3fcadaab
[INFO] testing SergioRibera/srtemplate against nightly-2025-01-18+rustflags=-Zrandomize-layout for randomize-layout-2
[INFO] running `Command { std: "git" "clone" "/workspace/cache/git-repos/https%3A%2F%2Fgithub.com%2FSergioRibera%2Fsrtemplate" "/workspace/builds/worker-7-tc2/source", kill_on_drop: false }`
[INFO] [stderr] Cloning into '/workspace/builds/worker-7-tc2/source'...
[INFO] [stderr] done.
[INFO] validating manifest of git repo https://github.com/SergioRibera/srtemplate on toolchain nightly-2025-01-18
[INFO] running `Command { std: CARGO_HOME="/workspace/cargo-home" RUSTUP_HOME="/workspace/rustup-home" "/workspace/cargo-home/bin/cargo" "+nightly-2025-01-18" "metadata" "--manifest-path" "Cargo.toml" "--no-deps", kill_on_drop: false }`
[INFO] removed /workspace/builds/worker-7-tc2/source/rust-toolchain.toml
[INFO] started tweaking git repo https://github.com/SergioRibera/srtemplate
[INFO] removed 0 missing examples
[INFO] finished tweaking git repo https://github.com/SergioRibera/srtemplate
[INFO] tweaked toml for git repo https://github.com/SergioRibera/srtemplate written to /workspace/builds/worker-7-tc2/source/Cargo.toml
[INFO] crate git repo https://github.com/SergioRibera/srtemplate already has a lockfile, it will not be regenerated
[INFO] running `Command { std: CARGO_HOME="/workspace/cargo-home" RUSTUP_HOME="/workspace/rustup-home" "/workspace/cargo-home/bin/cargo" "+nightly-2025-01-18" "fetch" "--manifest-path" "Cargo.toml", kill_on_drop: false }`
[INFO] [stderr]     Blocking waiting for file lock on package cache
[INFO] [stderr]     Blocking waiting for file lock on package cache
[INFO] running `Command { std: "docker" "create" "-v" "/var/lib/crater-agent-workspace/builds/worker-7-tc2/target:/opt/rustwide/target:rw,Z" "-v" "/var/lib/crater-agent-workspace/builds/worker-7-tc2/source:/opt/rustwide/workdir:ro,Z" "-v" "/var/lib/crater-agent-workspace/cargo-home:/opt/rustwide/cargo-home:ro,Z" "-v" "/var/lib/crater-agent-workspace/rustup-home:/opt/rustwide/rustup-home:ro,Z" "-e" "SOURCE_DIR=/opt/rustwide/workdir" "-e" "CARGO_TARGET_DIR=/opt/rustwide/target" "-e" "CARGO_HOME=/opt/rustwide/cargo-home" "-e" "RUSTUP_HOME=/opt/rustwide/rustup-home" "-w" "/opt/rustwide/workdir" "-m" "1610612736" "--user" "0:0" "--network" "none" "ghcr.io/rust-lang/crates-build-env/linux@sha256:819108c5571ea2e421544af4d832f968d213c87fbe3707a016657f43d2f853bc" "/opt/rustwide/cargo-home/bin/cargo" "+nightly-2025-01-18" "metadata" "--no-deps" "--format-version=1", kill_on_drop: false }`
[INFO] [stdout] 0af5ea78e775812c341659c2c4fe43e7f4338ff53cc3d0229104d5b98425a716
[INFO] running `Command { std: "docker" "start" "-a" "0af5ea78e775812c341659c2c4fe43e7f4338ff53cc3d0229104d5b98425a716", kill_on_drop: false }`
[INFO] running `Command { std: "docker" "inspect" "0af5ea78e775812c341659c2c4fe43e7f4338ff53cc3d0229104d5b98425a716", kill_on_drop: false }`
[INFO] running `Command { std: "docker" "rm" "-f" "0af5ea78e775812c341659c2c4fe43e7f4338ff53cc3d0229104d5b98425a716", kill_on_drop: false }`
[INFO] [stdout] 0af5ea78e775812c341659c2c4fe43e7f4338ff53cc3d0229104d5b98425a716
[INFO] running `Command { std: "docker" "create" "-v" "/var/lib/crater-agent-workspace/builds/worker-7-tc2/target:/opt/rustwide/target:rw,Z" "-v" "/var/lib/crater-agent-workspace/builds/worker-7-tc2/source:/opt/rustwide/workdir:ro,Z" "-v" "/var/lib/crater-agent-workspace/cargo-home:/opt/rustwide/cargo-home:ro,Z" "-v" "/var/lib/crater-agent-workspace/rustup-home:/opt/rustwide/rustup-home:ro,Z" "-e" "SOURCE_DIR=/opt/rustwide/workdir" "-e" "CARGO_TARGET_DIR=/opt/rustwide/target" "-e" "CARGO_INCREMENTAL=0" "-e" "RUST_BACKTRACE=full" "-e" "RUSTFLAGS=--cap-lints=forbid -Zrandomize-layout" "-e" "RUSTDOCFLAGS=--cap-lints=forbid" "-e" "CARGO_HOME=/opt/rustwide/cargo-home" "-e" "RUSTUP_HOME=/opt/rustwide/rustup-home" "-w" "/opt/rustwide/workdir" "-m" "1610612736" "--user" "0:0" "--network" "none" "ghcr.io/rust-lang/crates-build-env/linux@sha256:819108c5571ea2e421544af4d832f968d213c87fbe3707a016657f43d2f853bc" "/opt/rustwide/cargo-home/bin/cargo" "+nightly-2025-01-18" "build" "--frozen" "--message-format=json", kill_on_drop: false }`
[INFO] [stdout] 99aebadc2568402bdb66952d729c468524b14302e7ec82ea67e62a454730c565
[INFO] running `Command { std: "docker" "start" "-a" "99aebadc2568402bdb66952d729c468524b14302e7ec82ea67e62a454730c565", kill_on_drop: false }`
[INFO] [stderr]    Compiling proc-macro2 v1.0.92
[INFO] [stderr]    Compiling libc v0.2.148
[INFO] [stderr]    Compiling parking_lot_core v0.9.8
[INFO] [stderr]    Compiling smallvec v1.11.1
[INFO] [stderr]    Compiling cfg-if v1.0.0
[INFO] [stderr]    Compiling paste v1.0.14
[INFO] [stderr]    Compiling scopeguard v1.2.0
[INFO] [stderr]    Compiling thiserror v1.0.49
[INFO] [stderr]    Compiling hashbrown v0.14.1
[INFO] [stderr]    Compiling once_cell v1.18.0
[INFO] [stderr]    Compiling lock_api v0.4.10
[INFO] [stderr]    Compiling quote v1.0.38
[INFO] [stderr]    Compiling syn v2.0.37
[INFO] [stderr]    Compiling dashmap v5.5.3
[INFO] [stderr]    Compiling thiserror-impl v1.0.49
[INFO] [stderr]    Compiling srtemplate v0.3.1 (/opt/rustwide/workdir)
[INFO] [stderr]     Finished `dev` profile [optimized + debuginfo] target(s) in 7.77s
[INFO] running `Command { std: "docker" "inspect" "99aebadc2568402bdb66952d729c468524b14302e7ec82ea67e62a454730c565", kill_on_drop: false }`
[INFO] running `Command { std: "docker" "rm" "-f" "99aebadc2568402bdb66952d729c468524b14302e7ec82ea67e62a454730c565", kill_on_drop: false }`
[INFO] [stdout] 99aebadc2568402bdb66952d729c468524b14302e7ec82ea67e62a454730c565
[INFO] running `Command { std: "docker" "create" "-v" "/var/lib/crater-agent-workspace/builds/worker-7-tc2/target:/opt/rustwide/target:rw,Z" "-v" "/var/lib/crater-agent-workspace/builds/worker-7-tc2/source:/opt/rustwide/workdir:ro,Z" "-v" "/var/lib/crater-agent-workspace/cargo-home:/opt/rustwide/cargo-home:ro,Z" "-v" "/var/lib/crater-agent-workspace/rustup-home:/opt/rustwide/rustup-home:ro,Z" "-e" "SOURCE_DIR=/opt/rustwide/workdir" "-e" "CARGO_TARGET_DIR=/opt/rustwide/target" "-e" "CARGO_INCREMENTAL=0" "-e" "RUST_BACKTRACE=full" "-e" "RUSTFLAGS=--cap-lints=forbid -Zrandomize-layout" "-e" "RUSTDOCFLAGS=--cap-lints=forbid" "-e" "CARGO_HOME=/opt/rustwide/cargo-home" "-e" "RUSTUP_HOME=/opt/rustwide/rustup-home" "-w" "/opt/rustwide/workdir" "-m" "1610612736" "--user" "0:0" "--network" "none" "ghcr.io/rust-lang/crates-build-env/linux@sha256:819108c5571ea2e421544af4d832f968d213c87fbe3707a016657f43d2f853bc" "/opt/rustwide/cargo-home/bin/cargo" "+nightly-2025-01-18" "test" "--frozen" "--no-run" "--message-format=json", kill_on_drop: false }`
[INFO] [stdout] bb57fd53b3b132f0398702e6556f237e749694cbca59524d3571bceb21bc0706
[INFO] running `Command { std: "docker" "start" "-a" "bb57fd53b3b132f0398702e6556f237e749694cbca59524d3571bceb21bc0706", kill_on_drop: false }`
[INFO] [stderr]    Compiling rustix v0.38.21
[INFO] [stderr]    Compiling bitflags v2.6.0
[INFO] [stderr]    Compiling linux-raw-sys v0.4.14
[INFO] [stderr]    Compiling clap_lex v0.7.2
[INFO] [stderr]    Compiling anstyle v1.0.8
[INFO] [stderr]    Compiling condtype v1.3.0
[INFO] [stderr]    Compiling regex-lite v0.1.6
[INFO] [stderr]    Compiling syn v2.0.37
[INFO] [stderr]    Compiling terminal_size v0.4.0
[INFO] [stderr]    Compiling clap_builder v4.5.20
[INFO] [stderr]    Compiling thiserror-impl v1.0.49
[INFO] [stderr]    Compiling divan-macros v0.1.14
[INFO] [stderr]    Compiling clap v4.5.20
[INFO] [stderr]    Compiling divan v0.1.14
[INFO] [stderr]    Compiling thiserror v1.0.49
[INFO] [stderr]    Compiling srtemplate v0.3.1 (/opt/rustwide/workdir)
[INFO] [stderr]     Finished `test` profile [optimized + debuginfo] target(s) in 22.90s
[INFO] running `Command { std: "docker" "inspect" "bb57fd53b3b132f0398702e6556f237e749694cbca59524d3571bceb21bc0706", kill_on_drop: false }`
[INFO] running `Command { std: "docker" "rm" "-f" "bb57fd53b3b132f0398702e6556f237e749694cbca59524d3571bceb21bc0706", kill_on_drop: false }`
[INFO] [stdout] bb57fd53b3b132f0398702e6556f237e749694cbca59524d3571bceb21bc0706
[INFO] running `Command { std: "docker" "create" "-v" "/var/lib/crater-agent-workspace/builds/worker-7-tc2/target:/opt/rustwide/target:rw,Z" "-v" "/var/lib/crater-agent-workspace/builds/worker-7-tc2/source:/opt/rustwide/workdir:ro,Z" "-v" "/var/lib/crater-agent-workspace/cargo-home:/opt/rustwide/cargo-home:ro,Z" "-v" "/var/lib/crater-agent-workspace/rustup-home:/opt/rustwide/rustup-home:ro,Z" "-e" "SOURCE_DIR=/opt/rustwide/workdir" "-e" "CARGO_TARGET_DIR=/opt/rustwide/target" "-e" "CARGO_INCREMENTAL=0" "-e" "RUST_BACKTRACE=full" "-e" "RUSTFLAGS=--cap-lints=forbid -Zrandomize-layout" "-e" "RUSTDOCFLAGS=--cap-lints=forbid" "-e" "CARGO_HOME=/opt/rustwide/cargo-home" "-e" "RUSTUP_HOME=/opt/rustwide/rustup-home" "-w" "/opt/rustwide/workdir" "-m" "1610612736" "--user" "0:0" "--network" "none" "ghcr.io/rust-lang/crates-build-env/linux@sha256:819108c5571ea2e421544af4d832f968d213c87fbe3707a016657f43d2f853bc" "/opt/rustwide/cargo-home/bin/cargo" "+nightly-2025-01-18" "test" "--frozen", kill_on_drop: false }`
[INFO] [stdout] 765fcb089d72cedfe13b10ce7f8184314b5fe007730cdb03b071f9960a9efbc9
[INFO] running `Command { std: "docker" "start" "-a" "765fcb089d72cedfe13b10ce7f8184314b5fe007730cdb03b071f9960a9efbc9", kill_on_drop: false }`
[INFO] [stderr]     Finished `test` profile [optimized + debuginfo] target(s) in 0.09s
[INFO] [stderr]      Running unittests src/lib.rs (/opt/rustwide/target/debug/deps/srtemplate-45b06a4d8a94c3c9)
[INFO] [stdout] 
[INFO] [stdout] running 37 tests
[INFO] [stdout] test parser::literals::tests::test_number_literal_integer ... ok
[INFO] [stdout] test helper::test::incomplete_parse_args ... ok
[INFO] [stdout] test parser::literals::tests::test_number_literal_multiple_dots ... ok
[INFO] [stdout] test helper::test::complete_parse_args ... ok
[INFO] [stdout] test helper::test::bad_parse_args ... ok
[INFO] [stdout] test helper::test::simple_parse_args ... ok
[INFO] [stdout] test parser::literals::tests::test_number_literal_float ... ok
[INFO] [stdout] test parser::literals::tests::test_number_literal_invalid_character ... ok
[INFO] [stdout] test parser::literals::tests::test_string_literal_escaped_quote ... ok
[INFO] [stdout] test parser::test::curl_in_text ... ok
[INFO] [stdout] test parser::literals::tests::test_string_literal_success ... ok
[INFO] [stdout] test parser::test::function_outside ... ok
[INFO] [stdout] test parser::test::function_syntax ... ok
[INFO] [stdout] test parser::test::inner_function_raw_text ... ok
[INFO] [stdout] test parser::test::invalid_numbers ... ok
[INFO] [stdout] test parser::test::invalid_syntax_simple ... ok
[INFO] [stdout] test parser::test::not_template ... ok
[INFO] [stdout] test parser::test::raw_text ... ok
[INFO] [stdout] test parser::test::numbers ... ok
[INFO] [stdout] test parser::test::invalid_syntax ... ok
[INFO] [stdout] test parser::test::test_function_multiple_param ... ok
[INFO] [stdout] test parser::test::test_function_without_args ... ok
[INFO] [stdout] test parser::literals::tests::test_string_literal_unterminated ... ok
[INFO] [stdout] test parser::test::test_parser ... ok
[INFO] [stdout] test parser::test::test_function_parser ... ok
[INFO] [stdout] test parser::test::recursive_function_syntax ... ok
[INFO] [stdout] test parser::test::valid_syntax ... ok
[INFO] [stdout] test render::tests::basic_function_render ... ok
[INFO] [stdout] test render::tests::raw_string_render ... ok
[INFO] [stdout] test render::tests::basic_render ... ok
[INFO] [stdout] test render::tests::recursive_function_render ... ok
[INFO] [stdout] test template::validations::tests::test_arg_max_len ... ok
[INFO] [stdout] test template::validations::tests::test_arg_max_out_len ... ok
[INFO] [stdout] test template::validations::tests::test_arg_min_err_len ... ok
[INFO] [stdout] test template::validations::tests::test_arg_min_len ... ok
[INFO] [stdout] test template::validations::tests::test_arg_type ... ok
[INFO] [stdout] test parser::test::incomplete_syntax ... ok
[INFO] [stdout] 
[INFO] [stdout] test result: ok. 37 passed; 0 failed; 0 ignored; 0 measured; 0 filtered out; finished in 0.03s
[INFO] [stdout] 
[INFO] [stderr]    Doc-tests srtemplate
[INFO] [stdout] 
[INFO] [stdout] running 9 tests
[INFO] [stdout] test src/template.rs - template::SrTemplate (line 26) - compile ... ok
[INFO] [stdout] test src/lib.rs - (line 21) - compile ... ok
[INFO] [stdout] test src/builtin.rs - builtin::to_typed_args (line 34) ... FAILED
[INFO] [stdout] test src/template.rs - template::SrTemplate<'a>::render (line 150) ... ok
[INFO] [stdout] test src/template/validations.rs - template::validations::args_min_len (line 22) ... ok
[INFO] [stdout] test src/template/validations.rs - template::validations::arg_type (line 87) ... ok
[INFO] [stdout] test src/template.rs - template::SrTemplate<'a>::contains_variable (line 75) ... ok
[INFO] [stdout] test src/template/validations.rs - template::validations::args_max_len (line 55) ... ok
[INFO] [stdout] test src/helper/serialize.rs - helper::serialize::FromArgs::from_args (line 37) ... ok
[INFO] [stdout] 
[INFO] [stdout] failures:
[INFO] [stdout] 
[INFO] [stdout] ---- src/builtin.rs - builtin::to_typed_args (line 34) stdout ----
[INFO] [stdout] error[E0599]: no variant or associated item named `ArgumentsIncomplete` found for enum `FromArgsError` in the current scope
[INFO] [stdout]   --> src/builtin.rs:46:60
[INFO] [stdout]    |
[INFO] [stdout] 15 |             return Err(srtemplate::prelude::FromArgsError::ArgumentsIncomplete(args.len(), 2));
[INFO] [stdout]    |                                                            ^^^^^^^^^^^^^^^^^^^ variant or associated item not found in `FromArgsError`
[INFO] [stdout] 
[INFO] [stdout] error: aborting due to 1 previous error
[INFO] [stdout] 
[INFO] [stdout] For more information about this error, try `rustc --explain E0599`.
[INFO] [stdout] Couldn't compile the test.
[INFO] [stdout] 
[INFO] [stdout] failures:
[INFO] [stdout]     src/builtin.rs - builtin::to_typed_args (line 34)
[INFO] [stdout] 
[INFO] [stdout] test result: FAILED. 8 passed; 1 failed; 0 ignored; 0 measured; 0 filtered out; finished in 0.83s
[INFO] [stdout] 
[INFO] [stderr] error: doctest failed, to rerun pass `--doc`
[INFO] running `Command { std: "docker" "inspect" "765fcb089d72cedfe13b10ce7f8184314b5fe007730cdb03b071f9960a9efbc9", kill_on_drop: false }`
[INFO] running `Command { std: "docker" "rm" "-f" "765fcb089d72cedfe13b10ce7f8184314b5fe007730cdb03b071f9960a9efbc9", kill_on_drop: false }`
[INFO] [stdout] 765fcb089d72cedfe13b10ce7f8184314b5fe007730cdb03b071f9960a9efbc9
