[INFO] cloning repository https://github.com/SecondarySkyler/ap-exercises
[INFO] running `Command { std: "git" "-c" "credential.helper=" "-c" "credential.helper=/workspace/cargo-home/bin/git-credential-null" "clone" "--bare" "https://github.com/SecondarySkyler/ap-exercises" "/workspace/cache/git-repos/https%3A%2F%2Fgithub.com%2FSecondarySkyler%2Fap-exercises", kill_on_drop: false }`
[INFO] [stderr] Cloning into bare repository '/workspace/cache/git-repos/https%3A%2F%2Fgithub.com%2FSecondarySkyler%2Fap-exercises'...
[INFO] running `Command { std: "git" "rev-parse" "HEAD", kill_on_drop: false }`
[INFO] [stdout] 323178f0dd75243a7de9241a8a4172cdbd45d949
[INFO] testing SecondarySkyler/ap-exercises against nightly-2025-01-18+rustflags=-Zrandomize-layout for randomize-layout-2
[INFO] running `Command { std: "git" "clone" "/workspace/cache/git-repos/https%3A%2F%2Fgithub.com%2FSecondarySkyler%2Fap-exercises" "/workspace/builds/worker-7-tc2/source", kill_on_drop: false }`
[INFO] [stderr] Cloning into '/workspace/builds/worker-7-tc2/source'...
[INFO] [stderr] done.
[INFO] validating manifest of git repo https://github.com/SecondarySkyler/ap-exercises on toolchain nightly-2025-01-18
[INFO] running `Command { std: CARGO_HOME="/workspace/cargo-home" RUSTUP_HOME="/workspace/rustup-home" "/workspace/cargo-home/bin/cargo" "+nightly-2025-01-18" "metadata" "--manifest-path" "Cargo.toml" "--no-deps", kill_on_drop: false }`
[INFO] started tweaking git repo https://github.com/SecondarySkyler/ap-exercises
[INFO] finished tweaking git repo https://github.com/SecondarySkyler/ap-exercises
[INFO] tweaked toml for git repo https://github.com/SecondarySkyler/ap-exercises written to /workspace/builds/worker-7-tc2/source/Cargo.toml
[INFO] crate git repo https://github.com/SecondarySkyler/ap-exercises already has a lockfile, it will not be regenerated
[INFO] running `Command { std: CARGO_HOME="/workspace/cargo-home" RUSTUP_HOME="/workspace/rustup-home" "/workspace/cargo-home/bin/cargo" "+nightly-2025-01-18" "fetch" "--manifest-path" "Cargo.toml", kill_on_drop: false }`
[INFO] running `Command { std: "docker" "create" "-v" "/var/lib/crater-agent-workspace/builds/worker-7-tc2/target:/opt/rustwide/target:rw,Z" "-v" "/var/lib/crater-agent-workspace/builds/worker-7-tc2/source:/opt/rustwide/workdir:ro,Z" "-v" "/var/lib/crater-agent-workspace/cargo-home:/opt/rustwide/cargo-home:ro,Z" "-v" "/var/lib/crater-agent-workspace/rustup-home:/opt/rustwide/rustup-home:ro,Z" "-e" "SOURCE_DIR=/opt/rustwide/workdir" "-e" "CARGO_TARGET_DIR=/opt/rustwide/target" "-e" "CARGO_HOME=/opt/rustwide/cargo-home" "-e" "RUSTUP_HOME=/opt/rustwide/rustup-home" "-w" "/opt/rustwide/workdir" "-m" "1610612736" "--user" "0:0" "--network" "none" "ghcr.io/rust-lang/crates-build-env/linux@sha256:819108c5571ea2e421544af4d832f968d213c87fbe3707a016657f43d2f853bc" "/opt/rustwide/cargo-home/bin/cargo" "+nightly-2025-01-18" "metadata" "--no-deps" "--format-version=1", kill_on_drop: false }`
[INFO] [stdout] c75c886e4e9f44de130046d3f9111ca62bd0a489399d3acd738245cac44b9e70
[INFO] running `Command { std: "docker" "start" "-a" "c75c886e4e9f44de130046d3f9111ca62bd0a489399d3acd738245cac44b9e70", kill_on_drop: false }`
[INFO] running `Command { std: "docker" "inspect" "c75c886e4e9f44de130046d3f9111ca62bd0a489399d3acd738245cac44b9e70", kill_on_drop: false }`
[INFO] running `Command { std: "docker" "rm" "-f" "c75c886e4e9f44de130046d3f9111ca62bd0a489399d3acd738245cac44b9e70", kill_on_drop: false }`
[INFO] [stdout] c75c886e4e9f44de130046d3f9111ca62bd0a489399d3acd738245cac44b9e70
[INFO] running `Command { std: "docker" "create" "-v" "/var/lib/crater-agent-workspace/builds/worker-7-tc2/target:/opt/rustwide/target:rw,Z" "-v" "/var/lib/crater-agent-workspace/builds/worker-7-tc2/source:/opt/rustwide/workdir:ro,Z" "-v" "/var/lib/crater-agent-workspace/cargo-home:/opt/rustwide/cargo-home:ro,Z" "-v" "/var/lib/crater-agent-workspace/rustup-home:/opt/rustwide/rustup-home:ro,Z" "-e" "SOURCE_DIR=/opt/rustwide/workdir" "-e" "CARGO_TARGET_DIR=/opt/rustwide/target" "-e" "CARGO_INCREMENTAL=0" "-e" "RUST_BACKTRACE=full" "-e" "RUSTFLAGS=--cap-lints=forbid -Zrandomize-layout" "-e" "RUSTDOCFLAGS=--cap-lints=forbid" "-e" "CARGO_HOME=/opt/rustwide/cargo-home" "-e" "RUSTUP_HOME=/opt/rustwide/rustup-home" "-w" "/opt/rustwide/workdir" "-m" "1610612736" "--user" "0:0" "--network" "none" "ghcr.io/rust-lang/crates-build-env/linux@sha256:819108c5571ea2e421544af4d832f968d213c87fbe3707a016657f43d2f853bc" "/opt/rustwide/cargo-home/bin/cargo" "+nightly-2025-01-18" "build" "--frozen" "--message-format=json", kill_on_drop: false }`
[INFO] [stdout] ea91c1641fd848625a6c1e5e9e2bebefcdcd9d19b90b17a87a9173943e25cb0a
[INFO] running `Command { std: "docker" "start" "-a" "ea91c1641fd848625a6c1e5e9e2bebefcdcd9d19b90b17a87a9173943e25cb0a", kill_on_drop: false }`
[INFO] [stderr]    Compiling proc-macro2 v1.0.88
[INFO] [stderr]    Compiling unicode-ident v1.0.13
[INFO] [stderr]    Compiling libc v0.2.161
[INFO] [stderr]    Compiling byteorder v1.5.0
[INFO] [stderr]    Compiling quote v1.0.37
[INFO] [stderr]    Compiling syn v2.0.81
[INFO] [stderr]    Compiling getrandom v0.2.15
[INFO] [stderr]    Compiling rand_core v0.6.4
[INFO] [stderr]    Compiling zerocopy-derive v0.7.35
[INFO] [stderr]    Compiling zerocopy v0.7.35
[INFO] [stderr]    Compiling ppv-lite86 v0.2.20
[INFO] [stderr]    Compiling rand_chacha v0.3.1
[INFO] [stderr]    Compiling rand v0.8.5
[INFO] [stderr]    Compiling ap v0.1.0 (/opt/rustwide/workdir)
[INFO] [stderr]     Finished `dev` profile [unoptimized + debuginfo] target(s) in 7.56s
[INFO] running `Command { std: "docker" "inspect" "ea91c1641fd848625a6c1e5e9e2bebefcdcd9d19b90b17a87a9173943e25cb0a", kill_on_drop: false }`
[INFO] running `Command { std: "docker" "rm" "-f" "ea91c1641fd848625a6c1e5e9e2bebefcdcd9d19b90b17a87a9173943e25cb0a", kill_on_drop: false }`
[INFO] [stdout] ea91c1641fd848625a6c1e5e9e2bebefcdcd9d19b90b17a87a9173943e25cb0a
[INFO] running `Command { std: "docker" "create" "-v" "/var/lib/crater-agent-workspace/builds/worker-7-tc2/target:/opt/rustwide/target:rw,Z" "-v" "/var/lib/crater-agent-workspace/builds/worker-7-tc2/source:/opt/rustwide/workdir:ro,Z" "-v" "/var/lib/crater-agent-workspace/cargo-home:/opt/rustwide/cargo-home:ro,Z" "-v" "/var/lib/crater-agent-workspace/rustup-home:/opt/rustwide/rustup-home:ro,Z" "-e" "SOURCE_DIR=/opt/rustwide/workdir" "-e" "CARGO_TARGET_DIR=/opt/rustwide/target" "-e" "CARGO_INCREMENTAL=0" "-e" "RUST_BACKTRACE=full" "-e" "RUSTFLAGS=--cap-lints=forbid -Zrandomize-layout" "-e" "RUSTDOCFLAGS=--cap-lints=forbid" "-e" "CARGO_HOME=/opt/rustwide/cargo-home" "-e" "RUSTUP_HOME=/opt/rustwide/rustup-home" "-w" "/opt/rustwide/workdir" "-m" "1610612736" "--user" "0:0" "--network" "none" "ghcr.io/rust-lang/crates-build-env/linux@sha256:819108c5571ea2e421544af4d832f968d213c87fbe3707a016657f43d2f853bc" "/opt/rustwide/cargo-home/bin/cargo" "+nightly-2025-01-18" "test" "--frozen" "--no-run" "--message-format=json", kill_on_drop: false }`
[INFO] [stdout] 53d703a66f3cebb43ca04cebb5863aa8b98ac53f7fc45f00ca1476e3e3423ff8
[INFO] running `Command { std: "docker" "start" "-a" "53d703a66f3cebb43ca04cebb5863aa8b98ac53f7fc45f00ca1476e3e3423ff8", kill_on_drop: false }`
[INFO] [stderr]    Compiling ap v0.1.0 (/opt/rustwide/workdir)
[INFO] [stderr]     Finished `test` profile [unoptimized + debuginfo] target(s) in 1.78s
[INFO] running `Command { std: "docker" "inspect" "53d703a66f3cebb43ca04cebb5863aa8b98ac53f7fc45f00ca1476e3e3423ff8", kill_on_drop: false }`
[INFO] running `Command { std: "docker" "rm" "-f" "53d703a66f3cebb43ca04cebb5863aa8b98ac53f7fc45f00ca1476e3e3423ff8", kill_on_drop: false }`
[INFO] [stdout] 53d703a66f3cebb43ca04cebb5863aa8b98ac53f7fc45f00ca1476e3e3423ff8
[INFO] running `Command { std: "docker" "create" "-v" "/var/lib/crater-agent-workspace/builds/worker-7-tc2/target:/opt/rustwide/target:rw,Z" "-v" "/var/lib/crater-agent-workspace/builds/worker-7-tc2/source:/opt/rustwide/workdir:ro,Z" "-v" "/var/lib/crater-agent-workspace/cargo-home:/opt/rustwide/cargo-home:ro,Z" "-v" "/var/lib/crater-agent-workspace/rustup-home:/opt/rustwide/rustup-home:ro,Z" "-e" "SOURCE_DIR=/opt/rustwide/workdir" "-e" "CARGO_TARGET_DIR=/opt/rustwide/target" "-e" "CARGO_INCREMENTAL=0" "-e" "RUST_BACKTRACE=full" "-e" "RUSTFLAGS=--cap-lints=forbid -Zrandomize-layout" "-e" "RUSTDOCFLAGS=--cap-lints=forbid" "-e" "CARGO_HOME=/opt/rustwide/cargo-home" "-e" "RUSTUP_HOME=/opt/rustwide/rustup-home" "-w" "/opt/rustwide/workdir" "-m" "1610612736" "--user" "0:0" "--network" "none" "ghcr.io/rust-lang/crates-build-env/linux@sha256:819108c5571ea2e421544af4d832f968d213c87fbe3707a016657f43d2f853bc" "/opt/rustwide/cargo-home/bin/cargo" "+nightly-2025-01-18" "test" "--frozen", kill_on_drop: false }`
[INFO] [stdout] 127a1999b66cc0fa327eca4aa355009d614a173e8a3240e36e064e366b3a8ec2
[INFO] running `Command { std: "docker" "start" "-a" "127a1999b66cc0fa327eca4aa355009d614a173e8a3240e36e064e366b3a8ec2", kill_on_drop: false }`
[INFO] [stderr]     Finished `test` profile [unoptimized + debuginfo] target(s) in 0.03s
[INFO] [stderr]      Running unittests src/main.rs (/opt/rustwide/target/debug/deps/ap-e9af2790a091c68b)
[INFO] [stdout] 
[INFO] [stdout] running 95 tests
[INFO] [stdout] test assignment1::test1::test_bigger ... ok
[INFO] [stdout] test assignment2::test2::test_count_characters ... ok
[INFO] [stdout] test assignment3::test3::test_contains ... ok
[INFO] [stdout] test assignment3::test3::test_is_it_luhn ... ok
[INFO] [stdout] test assignment5::test5::test_ex2 ... ok
[INFO] [stdout] test assignment5::test5::test_ex3 ... ok
[INFO] [stdout] test assignment4::test4::test_find_equal ... ok
[INFO] [stdout] test assignment5::test5::test_ex5 ... ok
[INFO] [stdout] test assignment6::test6::test_ex1 ... ok
[INFO] [stdout] test assignment5::test5::test_ex4 ... ok
[INFO] [stdout] test assignment6::test6::test_ex2 ... ok
[INFO] [stdout] test assignment6::test6::test_ex3 ... ok
[INFO] [stdout] test assignment6::test6::test_ex5 ... ok
[INFO] [stdout] test assignment6::test6::test_ex4 ... ok
[INFO] [stdout] test assignment6::test6::test_ex6 ... ok
[INFO] [stdout] test ds::bst::test_bst::test_insert ... ok
[INFO] [stdout] test ds::bst::test_bst::test_search ... ok
[INFO] [stdout] test ds::graph::test_graph_ds::test_add_node ... ok
[INFO] [stdout] test ds::graph::test_graph_ds::test_neighbors ... ok
[INFO] [stdout] test ds::linked_list::test_ll::test_front_insert ... ok
[INFO] [stdout] test ds::linked_list::test_ll::test_iter ... ok
[INFO] [stdout] test ds::linked_list::test_ll::test_itermut ... ok
[INFO] [stdout] test ds::linked_list::test_ll::test_pop_head ... ok
[INFO] [stdout] test ds::linked_list::test_ll::test_size ... ok
[INFO] [stdout] test midterm_10_10_2023::test_mt_2023::test_ex10 ... ok
[INFO] [stdout] test midterm_10_10_2023::test_mt_2023::test_ex11 ... ok
[INFO] [stdout] test midterm_10_10_2023::test_mt_2023::test_ex12 ... ok
[INFO] [stdout] test midterm_10_10_2023::test_mt_2023::test_ex16 ... ok
[INFO] [stdout] test midterm_10_10_2023::test_mt_2023::test_ex13 ... ok
[INFO] [stdout] test midterm_10_10_2023::test_mt_2023::test_ex17 ... ok
[INFO] [stdout] test midterm_10_10_2023::test_mt_2023::test_ex9 ... ok
[INFO] [stdout] test midterm_11_10_2022::test_mt_2022::test_ex1 ... ok
[INFO] [stdout] test midterm_11_10_2022::test_mt_2022::test_ex10 ... ok
[INFO] [stdout] test midterm_11_10_2022::test_mt_2022::test_ex2 ... ok
[INFO] [stdout] test midterm_11_10_2022::test_mt_2022::test_ex3 ... ok
[INFO] [stdout] test midterm_11_10_2022::test_mt_2022::test_ex4 ... ok
[INFO] [stdout] test midterm_11_10_2022::test_mt_2022::test_ex5 ... ok
[INFO] [stdout] test midterm_11_10_2022::test_mt_2022::test_ex6 ... ok
[INFO] [stdout] test midterm_11_10_2022::test_mt_2022::test_ex7 ... ok
[INFO] [stdout] test midterm_11_10_2022::test_mt_2022::test_ex8 ... ok
[INFO] [stdout] test midterm_10_10_2023::test_mt_2023::test_ex15 ... ok
[INFO] [stdout] test midterm_2::test_mt2::clone_double ... ok
[INFO] [stdout] test midterm_2::test_mt2::tasker ... ok
[INFO] [stdout] test midterm_2::test_mt2::test_bfs ... ok
[INFO] [stdout] test midterm_2::test_mt2::test_dll ... ok
[INFO] [stdout] test midterm_2::test_mt2::test_dll_de_iter ... ok
[INFO] [stdout] test midterm_11_10_2022::test_mt_2022::test_ex9 ... ok
[INFO] [stdout] test midterm_2::test_mt2::test_dll_iter ... ok
[INFO] [stdout] test midterm_2::test_mt2::test_unknown ... ok
[INFO] [stdout] test midterm_2_18_11_2024::mt_2_18_11_2024::test_appendable ... ok
[INFO] [stdout] test midterm_2_18_11_2024::mt_2_18_11_2024::test_powerfull_half ... ok
[INFO] [stdout] test midterm_2_18_11_2024::mt_2_18_11_2024::test_range ... ok
[INFO] [stdout] test midterm_2_18_11_2024_v2::mt_2_18_11_2024_v2::test_circular ... ok
[INFO] [stdout] test midterm_2_18_11_2024_v2::mt_2_18_11_2024_v2::test_content ... ok
[INFO] [stdout] test midterm_2_18_11_2024_v2::mt_2_18_11_2024_v2::test_is_there ... ok
[INFO] [stdout] test midterm_2_18_11_2024_v2::mt_2_18_11_2024_v2::test_printable ... ok
[INFO] [stdout] test midterm_2::test_mt2::test_graph ... ok
[INFO] [stdout] test midterm_2_18_11_2024_v2::mt_2_18_11_2024_v2::test_server ... ok
[INFO] [stdout] test midterm_2_18_11_2024_v2::mt_2_18_11_2024_v2::test_subtractor ... ok
[INFO] [stdout] test midterm_2_22_01_2024::mt_2_22_01_2024::test_bb_sum ... ok
[INFO] [stdout] test midterm_2_22_11_2022::mt_2_2022::test_ex1 ... ok
[INFO] [stdout] test midterm_2_18_11_2024_v2::mt_2_18_11_2024_v2::test_sixfold ... ok
[INFO] [stdout] test midterm_2_22_01_2024::mt_2_22_01_2024::test_it ... ok
[INFO] [stdout] test midterm_2_18_11_2024_v2::mt_2_18_11_2024_v2::test_tree_content ... ok
[INFO] [stdout] test midterm_2_22_11_2022::mt_2_2022::test_add_ex4 ... ok
[INFO] [stdout] test midterm_2_22_11_2022::mt_2_2022::test_alt_ex3 ... ok
[INFO] [stdout] test midterm_2_22_11_2022::mt_2_2022::test_append_ex4 ... ok
[INFO] [stdout] test midterm_2_22_01_2024::mt_2_22_01_2024::test_wallet ... ok
[INFO] [stdout] test midterm_2_22_01_2024::mt_2_22_01_2024::test_gimme_next ... ok
[INFO] [stdout] test midterm_2_22_11_2022::mt_2_2022::test_get_ex4 ... ok
[INFO] [stdout] test midterm_2_22_01_2024::mt_2_22_01_2024::test_clock ... ok
[INFO] [stdout] test midterm_2_22_11_2022::mt_2_2022::test_ex2 ... ok
[INFO] [stdout] test midterm_2_22_01_2024::mt_2_22_01_2024::test_tree ... ok
[INFO] [stdout] test midterm_2_22_11_2022::mt_2_2022::test_list_pop_head ... ok
[INFO] [stdout] test midterm_2_22_11_2022::mt_2_2022::test_remove_ex4 ... ok
[INFO] [stdout] test midterm_2_22_11_2022::mt_2_2022::test_samebool ... ok
[INFO] [stdout] test midterm_2_24_01_2023::mt_2_24_01_2023::test_basic_box_inc ... ok
[INFO] [stdout] test midterm_2_22_11_2022::mt_2_2022::test_ex3 ... ok
[INFO] [stdout] test midterm_2_22_11_2022::mt_2_2022::test_eq ... ok
[INFO] [stdout] test midterm_2_24_01_2023::mt_2_24_01_2023::test_basic_box_inc_v2 ... ok
[INFO] [stdout] test midterm_2_22_11_2022::mt_2_2022::test_graph ... ok
[INFO] [stdout] test midterm_2_24_01_2023::mt_2_24_01_2023::test_gimme_double ... ok
[INFO] [stdout] test midterm_2_22_11_2022::mt_2_2022::test_new_ex4 ... ok
[INFO] [stdout] test midterm_2_24_01_2023::mt_2_24_01_2023::test_list_add_rec_2 ... ok
[INFO] [stdout] test midterm_2_24_01_2023::mt_2_24_01_2023::test_weird_tree ... ok
[INFO] [stdout] test midterm_2_24_01_2023::mt_2_24_01_2023::test_wi ... ok
[INFO] [stdout] test midterm_2_24_01_2023::mt_2_24_01_2023::test_wiv2 ... ok
[INFO] [stdout] test midterm_2_24_01_2023::mt_2_24_01_2023::test_list_add_rec_ ... ok
[INFO] [stdout] test midterm_2_24_01_2023::mt_2_24_01_2023::test_list_add_rec_3 ... ok
[INFO] [stdout] test midterm_2_24_01_2023::mt_2_24_01_2023::test_list ... ok
[INFO] [stdout] test midterm_2_22_11_2022::mt_2_2022::test_list_pop_back ... ok
[INFO] [stdout] test midterm_2_24_01_2023::mt_2_24_01_2023::test_list_2 ... ok
[INFO] [stdout] test midterm_2_24_01_2023::mt_2_24_01_2023::test_list_3 ... ok
[INFO] [stdout] test midterm_2::test_mt2::test_getter_func ... ok
[INFO] [stdout] test midterm_10_10_2023::test_mt_2023::test_ex19 ... FAILED
[INFO] [stdout] 
[INFO] [stdout] failures:
[INFO] [stdout] 
[INFO] [stdout] ---- midterm_10_10_2023::test_mt_2023::test_ex19 stdout ----
[INFO] [stdout] 
[INFO] [stdout] thread 'midterm_10_10_2023::test_mt_2023::test_ex19' panicked at src/midterm_10_10_2023.rs:314:25:
[INFO] [stdout] called `Option::unwrap()` on a `None` value
[INFO] [stdout] stack backtrace:
[INFO] [stdout]    0:     0x5beacce785ba - std::backtrace_rs::backtrace::libunwind::trace::hb059275cfc8d6126
[INFO] [stdout]                                at /rustc/6067b36314ab5eb2eb47cecc464545ba58e1ad24/library/std/src/../../backtrace/src/backtrace/libunwind.rs:116:5
[INFO] [stdout]    1:     0x5beacce785ba - std::backtrace_rs::backtrace::trace_unsynchronized::h2da071e4327ce3ee
[INFO] [stdout]                                at /rustc/6067b36314ab5eb2eb47cecc464545ba58e1ad24/library/std/src/../../backtrace/src/backtrace/mod.rs:66:5
[INFO] [stdout]    2:     0x5beacce785ba - std::sys::backtrace::_print_fmt::h842a1474e6f8d23f
[INFO] [stdout]                                at /rustc/6067b36314ab5eb2eb47cecc464545ba58e1ad24/library/std/src/sys/backtrace.rs:66:9
[INFO] [stdout]    3:     0x5beacce785ba - <std::sys::backtrace::BacktraceLock::print::DisplayBacktrace as core::fmt::Display>::fmt::h71a62eb3b9696b12
[INFO] [stdout]                                at /rustc/6067b36314ab5eb2eb47cecc464545ba58e1ad24/library/std/src/sys/backtrace.rs:39:26
[INFO] [stdout]    4:     0x5beaccea0a63 - core::fmt::rt::Argument::fmt::hdb6b616786b41dc1
[INFO] [stdout]                                at /rustc/6067b36314ab5eb2eb47cecc464545ba58e1ad24/library/core/src/fmt/rt.rs:177:76
[INFO] [stdout]    5:     0x5beaccea0a63 - core::fmt::write::h2cc1698af7e2d686
[INFO] [stdout]                                at /rustc/6067b36314ab5eb2eb47cecc464545ba58e1ad24/library/core/src/fmt/mod.rs:1440:21
[INFO] [stdout]    6:     0x5beacce75113 - std::io::Write::write_fmt::hab1b4cd059a79022
[INFO] [stdout]                                at /rustc/6067b36314ab5eb2eb47cecc464545ba58e1ad24/library/std/src/io/mod.rs:1887:15
[INFO] [stdout]    7:     0x5beacce78402 - std::sys::backtrace::BacktraceLock::print::h147fe35b4ea13b08
[INFO] [stdout]                                at /rustc/6067b36314ab5eb2eb47cecc464545ba58e1ad24/library/std/src/sys/backtrace.rs:42:9
[INFO] [stdout]    8:     0x5beacce799df - std::panicking::default_hook::{{closure}}::hbd44223dbdc0d208
[INFO] [stdout]                                at /rustc/6067b36314ab5eb2eb47cecc464545ba58e1ad24/library/std/src/panicking.rs:298:22
[INFO] [stdout]    9:     0x5beacce797f8 - std::panicking::default_hook::h20f81eb0576efcec
[INFO] [stdout]                                at /rustc/6067b36314ab5eb2eb47cecc464545ba58e1ad24/library/std/src/panicking.rs:322:9
[INFO] [stdout]   10:     0x5beacce41a13 - <alloc::boxed::Box<F,A> as core::ops::function::Fn<Args>>::call::hdb53814c496a4d34
[INFO] [stdout]                                at /rustc/6067b36314ab5eb2eb47cecc464545ba58e1ad24/library/alloc/src/boxed.rs:2027:9
[INFO] [stdout]   11:     0x5beacce41a13 - test::test_main::{{closure}}::hc0a4963c59427c24
[INFO] [stdout]                                at /rustc/6067b36314ab5eb2eb47cecc464545ba58e1ad24/library/test/src/lib.rs:134:21
[INFO] [stdout]   12:     0x5beacce7a4d3 - <alloc::boxed::Box<F,A> as core::ops::function::Fn<Args>>::call::h591b2225413a77e9
[INFO] [stdout]                                at /rustc/6067b36314ab5eb2eb47cecc464545ba58e1ad24/library/alloc/src/boxed.rs:2027:9
[INFO] [stdout]   13:     0x5beacce7a4d3 - std::panicking::rust_panic_with_hook::h625eea43051b2edc
[INFO] [stdout]                                at /rustc/6067b36314ab5eb2eb47cecc464545ba58e1ad24/library/std/src/panicking.rs:839:13
[INFO] [stdout]   14:     0x5beacce7a156 - std::panicking::begin_panic_handler::{{closure}}::h4f9159cfbc3f6bd3
[INFO] [stdout]                                at /rustc/6067b36314ab5eb2eb47cecc464545ba58e1ad24/library/std/src/panicking.rs:697:13
[INFO] [stdout]   15:     0x5beacce78ab9 - std::sys::backtrace::__rust_end_short_backtrace::h0390abce48353151
[INFO] [stdout]                                at /rustc/6067b36314ab5eb2eb47cecc464545ba58e1ad24/library/std/src/sys/backtrace.rs:168:18
[INFO] [stdout]   16:     0x5beacce79e1d - rust_begin_unwind
[INFO] [stdout]                                at /rustc/6067b36314ab5eb2eb47cecc464545ba58e1ad24/library/std/src/panicking.rs:695:5
[INFO] [stdout]   17:     0x5beacce9f070 - core::panicking::panic_fmt::h9e7c637e9e5f29c9
[INFO] [stdout]                                at /rustc/6067b36314ab5eb2eb47cecc464545ba58e1ad24/library/core/src/panicking.rs:75:14
[INFO] [stdout]   18:     0x5beacce9f0fc - core::panicking::panic::haa3255ea20181a33
[INFO] [stdout]                                at /rustc/6067b36314ab5eb2eb47cecc464545ba58e1ad24/library/core/src/panicking.rs:145:5
[INFO] [stdout]   19:     0x5beacce9efe9 - core::option::unwrap_failed::h5e50c20db1c9e8f1
[INFO] [stdout]                                at /rustc/6067b36314ab5eb2eb47cecc464545ba58e1ad24/library/core/src/option.rs:2015:5
[INFO] [stdout]   20:     0x5beaccdd6b5e - core::option::Option<T>::unwrap::h871cd853a4554c42
[INFO] [stdout]                                at /rustc/6067b36314ab5eb2eb47cecc464545ba58e1ad24/library/core/src/option.rs:978:21
[INFO] [stdout]   21:     0x5beaccdd6b5e - ap::midterm_10_10_2023::test_mt_2023::test_ex19::h65b9b9c794a4ee8c
[INFO] [stdout]                                at /opt/rustwide/workdir/src/midterm_10_10_2023.rs:314:20
[INFO] [stdout]   22:     0x5beaccdd6a07 - ap::midterm_10_10_2023::test_mt_2023::test_ex19::{{closure}}::heabb25e2c814cdff
[INFO] [stdout]                                at /opt/rustwide/workdir/src/midterm_10_10_2023.rs:304:19
[INFO] [stdout]   23:     0x5beaccdf6f46 - core::ops::function::FnOnce::call_once::h0dfd111feb1d138e
[INFO] [stdout]                                at /rustc/6067b36314ab5eb2eb47cecc464545ba58e1ad24/library/core/src/ops/function.rs:250:5
[INFO] [stdout]   24:     0x5beacce4716b - core::ops::function::FnOnce::call_once::he27718dfdd183f43
[INFO] [stdout]                                at /rustc/6067b36314ab5eb2eb47cecc464545ba58e1ad24/library/core/src/ops/function.rs:250:5
[INFO] [stdout]   25:     0x5beacce4716b - test::__rust_begin_short_backtrace::h4e84902998457a5d
[INFO] [stdout]                                at /rustc/6067b36314ab5eb2eb47cecc464545ba58e1ad24/library/test/src/lib.rs:632:18
[INFO] [stdout]   26:     0x5beacce460a3 - test::run_test_in_process::{{closure}}::h7176fd18fc1feca0
[INFO] [stdout]                                at /rustc/6067b36314ab5eb2eb47cecc464545ba58e1ad24/library/test/src/lib.rs:655:60
[INFO] [stdout]   27:     0x5beacce460a3 - <core::panic::unwind_safe::AssertUnwindSafe<F> as core::ops::function::FnOnce<()>>::call_once::hf79cff2a624d8cf7
[INFO] [stdout]                                at /rustc/6067b36314ab5eb2eb47cecc464545ba58e1ad24/library/core/src/panic/unwind_safe.rs:272:9
[INFO] [stdout]   28:     0x5beacce460a3 - std::panicking::try::do_call::h3da0561d9ab99c25
[INFO] [stdout]                                at /rustc/6067b36314ab5eb2eb47cecc464545ba58e1ad24/library/std/src/panicking.rs:587:40
[INFO] [stdout]   29:     0x5beacce460a3 - std::panicking::try::h41c9fa508bc61df6
[INFO] [stdout]                                at /rustc/6067b36314ab5eb2eb47cecc464545ba58e1ad24/library/std/src/panicking.rs:550:19
[INFO] [stdout]   30:     0x5beacce460a3 - std::panic::catch_unwind::h6b3ff07bb5afad93
[INFO] [stdout]                                at /rustc/6067b36314ab5eb2eb47cecc464545ba58e1ad24/library/std/src/panic.rs:358:14
[INFO] [stdout]   31:     0x5beacce460a3 - test::run_test_in_process::hc7253dd11b39b9f4
[INFO] [stdout]                                at /rustc/6067b36314ab5eb2eb47cecc464545ba58e1ad24/library/test/src/lib.rs:655:27
[INFO] [stdout]   32:     0x5beacce460a3 - test::run_test::{{closure}}::hfb2007f8649c30bb
[INFO] [stdout]                                at /rustc/6067b36314ab5eb2eb47cecc464545ba58e1ad24/library/test/src/lib.rs:576:43
[INFO] [stdout]   33:     0x5beacce09185 - test::run_test::{{closure}}::h56a17aa7a282a9f4
[INFO] [stdout]                                at /rustc/6067b36314ab5eb2eb47cecc464545ba58e1ad24/library/test/src/lib.rs:606:41
[INFO] [stdout]   34:     0x5beacce09185 - std::sys::backtrace::__rust_begin_short_backtrace::hd2d2d2fb8e8c6aac
[INFO] [stdout]                                at /rustc/6067b36314ab5eb2eb47cecc464545ba58e1ad24/library/std/src/sys/backtrace.rs:152:18
[INFO] [stdout]   35:     0x5beacce0ca6a - std::thread::Builder::spawn_unchecked_::{{closure}}::{{closure}}::h4faa3f9db6133423
[INFO] [stdout]                                at /rustc/6067b36314ab5eb2eb47cecc464545ba58e1ad24/library/std/src/thread/mod.rs:559:17
[INFO] [stdout]   36:     0x5beacce0ca6a - <core::panic::unwind_safe::AssertUnwindSafe<F> as core::ops::function::FnOnce<()>>::call_once::hf2e855a36a4ea846
[INFO] [stdout]                                at /rustc/6067b36314ab5eb2eb47cecc464545ba58e1ad24/library/core/src/panic/unwind_safe.rs:272:9
[INFO] [stdout]   37:     0x5beacce0ca6a - std::panicking::try::do_call::h2f73af3616c35465
[INFO] [stdout]                                at /rustc/6067b36314ab5eb2eb47cecc464545ba58e1ad24/library/std/src/panicking.rs:587:40
[INFO] [stdout]   38:     0x5beacce0ca6a - std::panicking::try::hd1660ce9efadef5a
[INFO] [stdout]                                at /rustc/6067b36314ab5eb2eb47cecc464545ba58e1ad24/library/std/src/panicking.rs:550:19
[INFO] [stdout]   39:     0x5beacce0ca6a - std::panic::catch_unwind::h5ee8d7823b8ca744
[INFO] [stdout]                                at /rustc/6067b36314ab5eb2eb47cecc464545ba58e1ad24/library/std/src/panic.rs:358:14
[INFO] [stdout]   40:     0x5beacce0ca6a - std::thread::Builder::spawn_unchecked_::{{closure}}::h53c3a1894dce8407
[INFO] [stdout]                                at /rustc/6067b36314ab5eb2eb47cecc464545ba58e1ad24/library/std/src/thread/mod.rs:557:30
[INFO] [stdout]   41:     0x5beacce0ca6a - core::ops::function::FnOnce::call_once{{vtable.shim}}::h048ce291ad4f62bf
[INFO] [stdout]                                at /rustc/6067b36314ab5eb2eb47cecc464545ba58e1ad24/library/core/src/ops/function.rs:250:5
[INFO] [stdout]   42:     0x5beacce7e40b - <alloc::boxed::Box<F,A> as core::ops::function::FnOnce<Args>>::call_once::ha52bedf99a3b4981
[INFO] [stdout]                                at /rustc/6067b36314ab5eb2eb47cecc464545ba58e1ad24/library/alloc/src/boxed.rs:2013:9
[INFO] [stdout]   43:     0x5beacce7e40b - <alloc::boxed::Box<F,A> as core::ops::function::FnOnce<Args>>::call_once::h567748934d80ccf8
[INFO] [stdout]                                at /rustc/6067b36314ab5eb2eb47cecc464545ba58e1ad24/library/alloc/src/boxed.rs:2013:9
[INFO] [stdout]   44:     0x5beacce7e40b - std::sys::pal::unix::thread::Thread::new::thread_start::h2d970728ae887adc
[INFO] [stdout]                                at /rustc/6067b36314ab5eb2eb47cecc464545ba58e1ad24/library/std/src/sys/pal/unix/thread.rs:106:17
[INFO] [stdout]   45:     0x76cc7f03aac3 - <unknown>
[INFO] [stdout]   46:     0x76cc7f0cba04 - clone
[INFO] [stdout]   47:                0x0 - <unknown>
[INFO] [stdout] 
[INFO] [stdout] 
[INFO] [stdout] failures:
[INFO] [stdout]     midterm_10_10_2023::test_mt_2023::test_ex19
[INFO] [stdout] 
[INFO] [stdout] test result: FAILED. 94 passed; 1 failed; 0 ignored; 0 measured; 0 filtered out; finished in 0.05s
[INFO] [stdout] 
[INFO] [stderr] error: test failed, to rerun pass `--bin ap`
[INFO] running `Command { std: "docker" "inspect" "127a1999b66cc0fa327eca4aa355009d614a173e8a3240e36e064e366b3a8ec2", kill_on_drop: false }`
[INFO] running `Command { std: "docker" "rm" "-f" "127a1999b66cc0fa327eca4aa355009d614a173e8a3240e36e064e366b3a8ec2", kill_on_drop: false }`
[INFO] [stdout] 127a1999b66cc0fa327eca4aa355009d614a173e8a3240e36e064e366b3a8ec2
