[INFO] cloning repository https://github.com/SamHSmith/network_sim
[INFO] running `Command { std: "git" "-c" "credential.helper=" "-c" "credential.helper=/workspace/cargo-home/bin/git-credential-null" "clone" "--bare" "https://github.com/SamHSmith/network_sim" "/workspace/cache/git-repos/https%3A%2F%2Fgithub.com%2FSamHSmith%2Fnetwork_sim", kill_on_drop: false }`
[INFO] [stderr] Cloning into bare repository '/workspace/cache/git-repos/https%3A%2F%2Fgithub.com%2FSamHSmith%2Fnetwork_sim'...
[INFO] running `Command { std: "git" "rev-parse" "HEAD", kill_on_drop: false }`
[INFO] [stdout] 4c7e7c8a86788f52e1e9bd18e998dd6181c751bd
[INFO] testing SamHSmith/network_sim against nightly-2025-01-18+rustflags=-Zrandomize-layout for randomize-layout-2
[INFO] running `Command { std: "git" "clone" "/workspace/cache/git-repos/https%3A%2F%2Fgithub.com%2FSamHSmith%2Fnetwork_sim" "/workspace/builds/worker-0-tc2/source", kill_on_drop: false }`
[INFO] [stderr] Cloning into '/workspace/builds/worker-0-tc2/source'...
[INFO] [stderr] done.
[INFO] validating manifest of git repo https://github.com/SamHSmith/network_sim on toolchain nightly-2025-01-18
[INFO] running `Command { std: CARGO_HOME="/workspace/cargo-home" RUSTUP_HOME="/workspace/rustup-home" "/workspace/cargo-home/bin/cargo" "+nightly-2025-01-18" "metadata" "--manifest-path" "Cargo.toml" "--no-deps", kill_on_drop: false }`
[INFO] started tweaking git repo https://github.com/SamHSmith/network_sim
[INFO] finished tweaking git repo https://github.com/SamHSmith/network_sim
[INFO] tweaked toml for git repo https://github.com/SamHSmith/network_sim written to /workspace/builds/worker-0-tc2/source/Cargo.toml
[INFO] crate git repo https://github.com/SamHSmith/network_sim already has a lockfile, it will not be regenerated
[INFO] running `Command { std: CARGO_HOME="/workspace/cargo-home" RUSTUP_HOME="/workspace/rustup-home" "/workspace/cargo-home/bin/cargo" "+nightly-2025-01-18" "fetch" "--manifest-path" "Cargo.toml", kill_on_drop: false }`
[INFO] running `Command { std: "docker" "create" "-v" "/var/lib/crater-agent-workspace/builds/worker-0-tc2/target:/opt/rustwide/target:rw,Z" "-v" "/var/lib/crater-agent-workspace/builds/worker-0-tc2/source:/opt/rustwide/workdir:ro,Z" "-v" "/var/lib/crater-agent-workspace/cargo-home:/opt/rustwide/cargo-home:ro,Z" "-v" "/var/lib/crater-agent-workspace/rustup-home:/opt/rustwide/rustup-home:ro,Z" "-e" "SOURCE_DIR=/opt/rustwide/workdir" "-e" "CARGO_TARGET_DIR=/opt/rustwide/target" "-e" "CARGO_HOME=/opt/rustwide/cargo-home" "-e" "RUSTUP_HOME=/opt/rustwide/rustup-home" "-w" "/opt/rustwide/workdir" "-m" "1610612736" "--user" "0:0" "--network" "none" "ghcr.io/rust-lang/crates-build-env/linux@sha256:819108c5571ea2e421544af4d832f968d213c87fbe3707a016657f43d2f853bc" "/opt/rustwide/cargo-home/bin/cargo" "+nightly-2025-01-18" "metadata" "--no-deps" "--format-version=1", kill_on_drop: false }`
[INFO] [stdout] ffe245673e06b2fb9ae4258a4779af639932a7e94cd8ed2594f8040bc0345bdb
[INFO] running `Command { std: "docker" "start" "-a" "ffe245673e06b2fb9ae4258a4779af639932a7e94cd8ed2594f8040bc0345bdb", kill_on_drop: false }`
[INFO] running `Command { std: "docker" "inspect" "ffe245673e06b2fb9ae4258a4779af639932a7e94cd8ed2594f8040bc0345bdb", kill_on_drop: false }`
[INFO] running `Command { std: "docker" "rm" "-f" "ffe245673e06b2fb9ae4258a4779af639932a7e94cd8ed2594f8040bc0345bdb", kill_on_drop: false }`
[INFO] [stdout] ffe245673e06b2fb9ae4258a4779af639932a7e94cd8ed2594f8040bc0345bdb
[INFO] running `Command { std: "docker" "create" "-v" "/var/lib/crater-agent-workspace/builds/worker-0-tc2/target:/opt/rustwide/target:rw,Z" "-v" "/var/lib/crater-agent-workspace/builds/worker-0-tc2/source:/opt/rustwide/workdir:ro,Z" "-v" "/var/lib/crater-agent-workspace/cargo-home:/opt/rustwide/cargo-home:ro,Z" "-v" "/var/lib/crater-agent-workspace/rustup-home:/opt/rustwide/rustup-home:ro,Z" "-e" "SOURCE_DIR=/opt/rustwide/workdir" "-e" "CARGO_TARGET_DIR=/opt/rustwide/target" "-e" "CARGO_INCREMENTAL=0" "-e" "RUST_BACKTRACE=full" "-e" "RUSTFLAGS=--cap-lints=forbid -Zrandomize-layout" "-e" "RUSTDOCFLAGS=--cap-lints=forbid" "-e" "CARGO_HOME=/opt/rustwide/cargo-home" "-e" "RUSTUP_HOME=/opt/rustwide/rustup-home" "-w" "/opt/rustwide/workdir" "-m" "1610612736" "--user" "0:0" "--network" "none" "ghcr.io/rust-lang/crates-build-env/linux@sha256:819108c5571ea2e421544af4d832f968d213c87fbe3707a016657f43d2f853bc" "/opt/rustwide/cargo-home/bin/cargo" "+nightly-2025-01-18" "build" "--frozen" "--message-format=json", kill_on_drop: false }`
[INFO] [stdout] 6a74f281174dea3b0a55be2e87c592e80eb66607767cffa873db88a1430328e9
[INFO] running `Command { std: "docker" "start" "-a" "6a74f281174dea3b0a55be2e87c592e80eb66607767cffa873db88a1430328e9", kill_on_drop: false }`
[INFO] [stderr]    Compiling proc-macro2 v1.0.92
[INFO] [stderr]    Compiling unicode-ident v1.0.14
[INFO] [stderr]    Compiling libc v0.2.169
[INFO] [stderr]    Compiling byteorder v1.5.0
[INFO] [stderr]    Compiling quote v1.0.38
[INFO] [stderr]    Compiling syn v2.0.95
[INFO] [stderr]    Compiling getrandom v0.2.15
[INFO] [stderr]    Compiling rand_core v0.6.4
[INFO] [stderr]    Compiling zerocopy-derive v0.7.35
[INFO] [stderr]    Compiling zerocopy v0.7.35
[INFO] [stderr]    Compiling ppv-lite86 v0.2.20
[INFO] [stderr]    Compiling rand_chacha v0.3.1
[INFO] [stderr]    Compiling rand v0.8.5
[INFO] [stderr]    Compiling network_sim v0.1.0 (/opt/rustwide/workdir)
[INFO] [stderr]     Finished `dev` profile [unoptimized + debuginfo] target(s) in 7.49s
[INFO] running `Command { std: "docker" "inspect" "6a74f281174dea3b0a55be2e87c592e80eb66607767cffa873db88a1430328e9", kill_on_drop: false }`
[INFO] running `Command { std: "docker" "rm" "-f" "6a74f281174dea3b0a55be2e87c592e80eb66607767cffa873db88a1430328e9", kill_on_drop: false }`
[INFO] [stdout] 6a74f281174dea3b0a55be2e87c592e80eb66607767cffa873db88a1430328e9
[INFO] running `Command { std: "docker" "create" "-v" "/var/lib/crater-agent-workspace/builds/worker-0-tc2/target:/opt/rustwide/target:rw,Z" "-v" "/var/lib/crater-agent-workspace/builds/worker-0-tc2/source:/opt/rustwide/workdir:ro,Z" "-v" "/var/lib/crater-agent-workspace/cargo-home:/opt/rustwide/cargo-home:ro,Z" "-v" "/var/lib/crater-agent-workspace/rustup-home:/opt/rustwide/rustup-home:ro,Z" "-e" "SOURCE_DIR=/opt/rustwide/workdir" "-e" "CARGO_TARGET_DIR=/opt/rustwide/target" "-e" "CARGO_INCREMENTAL=0" "-e" "RUST_BACKTRACE=full" "-e" "RUSTFLAGS=--cap-lints=forbid -Zrandomize-layout" "-e" "RUSTDOCFLAGS=--cap-lints=forbid" "-e" "CARGO_HOME=/opt/rustwide/cargo-home" "-e" "RUSTUP_HOME=/opt/rustwide/rustup-home" "-w" "/opt/rustwide/workdir" "-m" "1610612736" "--user" "0:0" "--network" "none" "ghcr.io/rust-lang/crates-build-env/linux@sha256:819108c5571ea2e421544af4d832f968d213c87fbe3707a016657f43d2f853bc" "/opt/rustwide/cargo-home/bin/cargo" "+nightly-2025-01-18" "test" "--frozen" "--no-run" "--message-format=json", kill_on_drop: false }`
[INFO] [stdout] 34c351683132efae212a481cd2fc96ba0e465d9f2b8ee03029f63a213d75025a
[INFO] running `Command { std: "docker" "start" "-a" "34c351683132efae212a481cd2fc96ba0e465d9f2b8ee03029f63a213d75025a", kill_on_drop: false }`
[INFO] [stderr]    Compiling network_sim v0.1.0 (/opt/rustwide/workdir)
[INFO] [stderr]     Finished `test` profile [unoptimized + debuginfo] target(s) in 0.37s
[INFO] running `Command { std: "docker" "inspect" "34c351683132efae212a481cd2fc96ba0e465d9f2b8ee03029f63a213d75025a", kill_on_drop: false }`
[INFO] running `Command { std: "docker" "rm" "-f" "34c351683132efae212a481cd2fc96ba0e465d9f2b8ee03029f63a213d75025a", kill_on_drop: false }`
[INFO] [stdout] 34c351683132efae212a481cd2fc96ba0e465d9f2b8ee03029f63a213d75025a
[INFO] running `Command { std: "docker" "create" "-v" "/var/lib/crater-agent-workspace/builds/worker-0-tc2/target:/opt/rustwide/target:rw,Z" "-v" "/var/lib/crater-agent-workspace/builds/worker-0-tc2/source:/opt/rustwide/workdir:ro,Z" "-v" "/var/lib/crater-agent-workspace/cargo-home:/opt/rustwide/cargo-home:ro,Z" "-v" "/var/lib/crater-agent-workspace/rustup-home:/opt/rustwide/rustup-home:ro,Z" "-e" "SOURCE_DIR=/opt/rustwide/workdir" "-e" "CARGO_TARGET_DIR=/opt/rustwide/target" "-e" "CARGO_INCREMENTAL=0" "-e" "RUST_BACKTRACE=full" "-e" "RUSTFLAGS=--cap-lints=forbid -Zrandomize-layout" "-e" "RUSTDOCFLAGS=--cap-lints=forbid" "-e" "CARGO_HOME=/opt/rustwide/cargo-home" "-e" "RUSTUP_HOME=/opt/rustwide/rustup-home" "-w" "/opt/rustwide/workdir" "-m" "1610612736" "--user" "0:0" "--network" "none" "ghcr.io/rust-lang/crates-build-env/linux@sha256:819108c5571ea2e421544af4d832f968d213c87fbe3707a016657f43d2f853bc" "/opt/rustwide/cargo-home/bin/cargo" "+nightly-2025-01-18" "test" "--frozen", kill_on_drop: false }`
[INFO] [stdout] 012b3276adfb00c369ca48ff923987b5039f63228329738406cecbe8916576b4
[INFO] running `Command { std: "docker" "start" "-a" "012b3276adfb00c369ca48ff923987b5039f63228329738406cecbe8916576b4", kill_on_drop: false }`
[INFO] [stderr]     Finished `test` profile [unoptimized + debuginfo] target(s) in 0.03s
[INFO] [stderr]      Running unittests src/lib.rs (/opt/rustwide/target/debug/deps/network_sim-46aabba8de7907bc)
[INFO] [stdout] 
[INFO] [stdout] running 3 tests
[INFO] [stdout] test tests::simulation_speed_benchmark ... ok
[INFO] [stdout] test tests::all_nodes_have_the_same_chain_after_4_minutes ... ok
[INFO] [stdout] test tests::more_than_100_blocks_per_minute_for_5_minutes ... ok
[INFO] [stdout] 
[INFO] [stdout] test result: ok. 3 passed; 0 failed; 0 ignored; 0 measured; 0 filtered out; finished in 1.25s
[INFO] [stdout] 
[INFO] [stderr]    Doc-tests network_sim
[INFO] [stdout] 
[INFO] [stdout] running 3 tests
[INFO] [stdout] test src/lib.rs - (line 5) ... FAILED
[INFO] [stdout] test src/lib.rs - (line 50) ... FAILED
[INFO] [stdout] test src/lib.rs - (line 22) ... FAILED
[INFO] [stdout] 
[INFO] [stdout] failures:
[INFO] [stdout] 
[INFO] [stdout] ---- src/lib.rs - (line 5) stdout ----
[INFO] [stdout] error: expected one of `->`, `where`, or `{`, found `}`
[INFO] [stdout]   --> src/lib.rs:20:1
[INFO] [stdout]    |
[INFO] [stdout] 9  |     pub fn pretend_consensus_node_callback(
[INFO] [stdout]    |            ------------------------------- while parsing this `fn`
[INFO] [stdout] ...
[INFO] [stdout] 16 |     )
[INFO] [stdout]    |      - expected one of `->`, `where`, or `{`
[INFO] [stdout] 17 | } _doctest_main_src_lib_rs_5_0() }
[INFO] [stdout]    | ^ unexpected token
[INFO] [stdout] 
[INFO] [stdout] error: free function without a body
[INFO] [stdout]   --> src/lib.rs:12:5
[INFO] [stdout]    |
[INFO] [stdout] 9  | /     pub fn pretend_consensus_node_callback(
[INFO] [stdout] 10 | |         net: &mut Network,
[INFO] [stdout] 11 | |         node_data: &mut PretendConsensusNodeData,
[INFO] [stdout] 12 | |         node_id: u64,
[INFO] [stdout] ...  |
[INFO] [stdout] 15 | |         input_message: Option<Vec<u8>>,
[INFO] [stdout] 16 | |     )
[INFO] [stdout]    | |     ^- help: provide a definition for the function: `{ <body> }`
[INFO] [stdout]    | |_____|
[INFO] [stdout]    |
[INFO] [stdout] 
[INFO] [stdout] error[E0412]: cannot find type `Network` in this scope
[INFO] [stdout]   --> src/lib.rs:13:19
[INFO] [stdout]    |
[INFO] [stdout] 10 |         net: &mut Network,
[INFO] [stdout]    |                   ^^^^^^^ not found in this scope
[INFO] [stdout]    |
[INFO] [stdout] help: consider importing this struct
[INFO] [stdout]    |
[INFO] [stdout] 2  + use network_sim::Network;
[INFO] [stdout]    |
[INFO] [stdout] 
[INFO] [stdout] error[E0412]: cannot find type `SmallRng` in this scope
[INFO] [stdout]   --> src/lib.rs:17:19
[INFO] [stdout]    |
[INFO] [stdout] 14 |         rng: &mut SmallRng,
[INFO] [stdout]    |                   ^^^^^^^^ not found in this scope
[INFO] [stdout]    |
[INFO] [stdout] help: consider importing this struct
[INFO] [stdout]    |
[INFO] [stdout] 2  + use rand::rngs::SmallRng;
[INFO] [stdout]    |
[INFO] [stdout] 
[INFO] [stdout] error: aborting due to 4 previous errors
[INFO] [stdout] 
[INFO] [stdout] For more information about this error, try `rustc --explain E0412`.
[INFO] [stdout] Couldn't compile the test.
[INFO] [stdout] ---- src/lib.rs - (line 50) stdout ----
[INFO] [stdout] error[E0425]: cannot find value `sim` in this scope
[INFO] [stdout]  --> src/lib.rs:51:1
[INFO] [stdout]   |
[INFO] [stdout] 3 | sim.step_n_milliseconds(60 * 1000); // simulate 1 minute
[INFO] [stdout]   | ^^^ not found in this scope
[INFO] [stdout] 
[INFO] [stdout] error[E0425]: cannot find value `sim` in this scope
[INFO] [stdout]  --> src/lib.rs:52:43
[INFO] [stdout]   |
[INFO] [stdout] 4 |         println!("Node 1 has {} blocks.", sim.node_data[0].blockchain.len());
[INFO] [stdout]   |                                           ^^^ not found in this scope
[INFO] [stdout] 
[INFO] [stdout] error[E0425]: cannot find value `sim` in this scope
[INFO] [stdout]  --> src/lib.rs:53:9
[INFO] [stdout]   |
[INFO] [stdout] 5 |         sim.step_n_milliseconds(60 * 1000); // simulate another minute
[INFO] [stdout]   |         ^^^ not found in this scope
[INFO] [stdout] 
[INFO] [stdout] error: aborting due to 3 previous errors
[INFO] [stdout] 
[INFO] [stdout] For more information about this error, try `rustc --explain E0425`.
[INFO] [stdout] Couldn't compile the test.
[INFO] [stdout] ---- src/lib.rs - (line 22) stdout ----
[INFO] [stdout] error: expected `;`, found `}`
[INFO] [stdout]   --> src/lib.rs:47:10
[INFO] [stdout]    |
[INFO] [stdout] 27 |         }
[INFO] [stdout]    |          ^ help: add `;` here
[INFO] [stdout] 28 | } _doctest_main_src_lib_rs_22_0() }
[INFO] [stdout]    | - unexpected token
[INFO] [stdout] 
[INFO] [stdout] error[E0422]: cannot find struct, variant or union type `PretendConsensusNodeData` in this scope
[INFO] [stdout]  --> src/lib.rs:23:25
[INFO] [stdout]   |
[INFO] [stdout] 3 | let initial_node_data = PretendConsensusNodeData {
[INFO] [stdout]   |                         ^^^^^^^^^^^^^^^^^^^^^^^^ not found in this scope
[INFO] [stdout]   |
[INFO] [stdout] help: consider importing this struct
[INFO] [stdout]   |
[INFO] [stdout] 2 + use network_sim::pretend_consensus_example::PretendConsensusNodeData;
[INFO] [stdout]   |
[INFO] [stdout] 
[INFO] [stdout] error[E0422]: cannot find struct, variant or union type `Simulation` in this scope
[INFO] [stdout]  --> src/lib.rs:28:23
[INFO] [stdout]   |
[INFO] [stdout] 8 |         let mut sim = Simulation::<PretendConsensusNodeData> {
[INFO] [stdout]   |                       ^^^^^^^^^^ not found in this scope
[INFO] [stdout]   |
[INFO] [stdout] help: consider importing this struct
[INFO] [stdout]   |
[INFO] [stdout] 2 + use network_sim::Simulation;
[INFO] [stdout]   |
[INFO] [stdout] 
[INFO] [stdout] error[E0412]: cannot find type `PretendConsensusNodeData` in this scope
[INFO] [stdout]  --> src/lib.rs:28:36
[INFO] [stdout]   |
[INFO] [stdout] 8 |         let mut sim = Simulation::<PretendConsensusNodeData> {
[INFO] [stdout]   |                                    ^^^^^^^^^^^^^^^^^^^^^^^^ not found in this scope
[INFO] [stdout]   |
[INFO] [stdout] help: consider importing this struct
[INFO] [stdout]   |
[INFO] [stdout] 2 + use network_sim::pretend_consensus_example::PretendConsensusNodeData;
[INFO] [stdout]   |
[INFO] [stdout] 
[INFO] [stdout] error[E0425]: cannot find value `pretend_consensus_node_callback` in this scope
[INFO] [stdout]   --> src/lib.rs:34:28
[INFO] [stdout]    |
[INFO] [stdout] 14 |             node_callback: pretend_consensus_node_callback,
[INFO] [stdout]    |                            ^^^^^^^^^^^^^^^^^^^^^^^^^^^^^^^ not found in this scope
[INFO] [stdout]    |
[INFO] [stdout] help: consider importing this function
[INFO] [stdout]    |
[INFO] [stdout] 2  + use network_sim::pretend_consensus_example::pretend_consensus_node_callback;
[INFO] [stdout]    |
[INFO] [stdout] 
[INFO] [stdout] error[E0422]: cannot find struct, variant or union type `Network` in this scope
[INFO] [stdout]   --> src/lib.rs:35:22
[INFO] [stdout]    |
[INFO] [stdout] 15 |             network: Network {
[INFO] [stdout]    |                      ^^^^^^^ not found in this scope
[INFO] [stdout]    |
[INFO] [stdout] help: consider importing this struct
[INFO] [stdout]    |
[INFO] [stdout] 2  + use network_sim::Network;
[INFO] [stdout]    |
[INFO] [stdout] 
[INFO] [stdout] error[E0433]: failed to resolve: use of undeclared type `SmallRng`
[INFO] [stdout]   --> src/lib.rs:40:35
[INFO] [stdout]    |
[INFO] [stdout] 20 |                 message_send_rng: SmallRng::seed_from_u64(0),
[INFO] [stdout]    |                                   ^^^^^^^^ use of undeclared type `SmallRng`
[INFO] [stdout]    |
[INFO] [stdout] help: consider importing this struct
[INFO] [stdout]    |
[INFO] [stdout] 2  + use rand::rngs::SmallRng;
[INFO] [stdout]    |
[INFO] [stdout] 
[INFO] [stdout] error[E0433]: failed to resolve: use of undeclared type `NodeMessageQueue`
[INFO] [stdout]   --> src/lib.rs:42:21
[INFO] [stdout]    |
[INFO] [stdout] 22 |                     NodeMessageQueue::default(),
[INFO] [stdout]    |                     ^^^^^^^^^^^^^^^^ use of undeclared type `NodeMessageQueue`
[INFO] [stdout]    |
[INFO] [stdout] help: consider importing this struct
[INFO] [stdout]    |
[INFO] [stdout] 2  + use network_sim::NodeMessageQueue;
[INFO] [stdout]    |
[INFO] [stdout] 
[INFO] [stdout] error[E0433]: failed to resolve: use of undeclared type `NodeMessageQueue`
[INFO] [stdout]   --> src/lib.rs:43:21
[INFO] [stdout]    |
[INFO] [stdout] 23 |                     NodeMessageQueue::default(),
[INFO] [stdout]    |                     ^^^^^^^^^^^^^^^^ use of undeclared type `NodeMessageQueue`
[INFO] [stdout]    |
[INFO] [stdout] help: consider importing this struct
[INFO] [stdout]    |
[INFO] [stdout] 2  + use network_sim::NodeMessageQueue;
[INFO] [stdout]    |
[INFO] [stdout] 
[INFO] [stdout] error[E0433]: failed to resolve: use of undeclared type `NodeMessageQueue`
[INFO] [stdout]   --> src/lib.rs:44:21
[INFO] [stdout]    |
[INFO] [stdout] 24 |                     NodeMessageQueue::default(),
[INFO] [stdout]    |                     ^^^^^^^^^^^^^^^^ use of undeclared type `NodeMessageQueue`
[INFO] [stdout]    |
[INFO] [stdout] help: consider importing this struct
[INFO] [stdout]    |
[INFO] [stdout] 2  + use network_sim::NodeMessageQueue;
[INFO] [stdout]    |
[INFO] [stdout] 
[INFO] [stdout] error: aborting due to 10 previous errors
[INFO] [stdout] 
[INFO] [stdout] Some errors have detailed explanations: E0412, E0422, E0425, E0433.
[INFO] [stdout] For more information about an error, try `rustc --explain E0412`.
[INFO] [stdout] Couldn't compile the test.
[INFO] [stdout] 
[INFO] [stdout] failures:
[INFO] [stdout]     src/lib.rs - (line 22)
[INFO] [stdout]     src/lib.rs - (line 5)
[INFO] [stdout]     src/lib.rs - (line 50)
[INFO] [stdout] 
[INFO] [stdout] test result: FAILED. 0 passed; 3 failed; 0 ignored; 0 measured; 0 filtered out; finished in 0.10s
[INFO] [stdout] 
[INFO] [stderr] error: doctest failed, to rerun pass `--doc`
[INFO] running `Command { std: "docker" "inspect" "012b3276adfb00c369ca48ff923987b5039f63228329738406cecbe8916576b4", kill_on_drop: false }`
[INFO] running `Command { std: "docker" "rm" "-f" "012b3276adfb00c369ca48ff923987b5039f63228329738406cecbe8916576b4", kill_on_drop: false }`
[INFO] [stdout] 012b3276adfb00c369ca48ff923987b5039f63228329738406cecbe8916576b4
