[INFO] cloning repository https://github.com/SaladDressings/HRTF_Renderer
[INFO] running `Command { std: "git" "-c" "credential.helper=" "-c" "credential.helper=/workspace/cargo-home/bin/git-credential-null" "clone" "--bare" "https://github.com/SaladDressings/HRTF_Renderer" "/workspace/cache/git-repos/https%3A%2F%2Fgithub.com%2FSaladDressings%2FHRTF_Renderer", kill_on_drop: false }`
[INFO] [stderr] Cloning into bare repository '/workspace/cache/git-repos/https%3A%2F%2Fgithub.com%2FSaladDressings%2FHRTF_Renderer'...
[INFO] running `Command { std: "git" "rev-parse" "HEAD", kill_on_drop: false }`
[INFO] [stdout] e4c9cde5c030cef0cd6560c71b58e1ad0e9d65e8
[INFO] testing SaladDressings/HRTF_Renderer against nightly-2025-01-18 for randomize-layout-2
[INFO] running `Command { std: "git" "clone" "/workspace/cache/git-repos/https%3A%2F%2Fgithub.com%2FSaladDressings%2FHRTF_Renderer" "/workspace/builds/worker-0-tc1/source", kill_on_drop: false }`
[INFO] [stderr] Cloning into '/workspace/builds/worker-0-tc1/source'...
[INFO] [stderr] done.
[INFO] validating manifest of git repo https://github.com/SaladDressings/HRTF_Renderer on toolchain nightly-2025-01-18
[INFO] running `Command { std: CARGO_HOME="/workspace/cargo-home" RUSTUP_HOME="/workspace/rustup-home" "/workspace/cargo-home/bin/cargo" "+nightly-2025-01-18" "metadata" "--manifest-path" "Cargo.toml" "--no-deps", kill_on_drop: false }`
[INFO] started tweaking git repo https://github.com/SaladDressings/HRTF_Renderer
[INFO] finished tweaking git repo https://github.com/SaladDressings/HRTF_Renderer
[INFO] tweaked toml for git repo https://github.com/SaladDressings/HRTF_Renderer written to /workspace/builds/worker-0-tc1/source/Cargo.toml
[INFO] crate git repo https://github.com/SaladDressings/HRTF_Renderer already has a lockfile, it will not be regenerated
[INFO] running `Command { std: CARGO_HOME="/workspace/cargo-home" RUSTUP_HOME="/workspace/rustup-home" "/workspace/cargo-home/bin/cargo" "+nightly-2025-01-18" "fetch" "--manifest-path" "Cargo.toml", kill_on_drop: false }`
[INFO] [stderr]  Downloading crates ...
[INFO] [stderr]   Downloaded jack v0.11.4
[INFO] [stderr]   Downloaded portable-atomic v1.8.0
[INFO] running `Command { std: "docker" "create" "-v" "/var/lib/crater-agent-workspace/builds/worker-0-tc1/target:/opt/rustwide/target:rw,Z" "-v" "/var/lib/crater-agent-workspace/builds/worker-0-tc1/source:/opt/rustwide/workdir:ro,Z" "-v" "/var/lib/crater-agent-workspace/cargo-home:/opt/rustwide/cargo-home:ro,Z" "-v" "/var/lib/crater-agent-workspace/rustup-home:/opt/rustwide/rustup-home:ro,Z" "-e" "SOURCE_DIR=/opt/rustwide/workdir" "-e" "CARGO_TARGET_DIR=/opt/rustwide/target" "-e" "CARGO_HOME=/opt/rustwide/cargo-home" "-e" "RUSTUP_HOME=/opt/rustwide/rustup-home" "-w" "/opt/rustwide/workdir" "-m" "1610612736" "--user" "0:0" "--network" "none" "ghcr.io/rust-lang/crates-build-env/linux@sha256:819108c5571ea2e421544af4d832f968d213c87fbe3707a016657f43d2f853bc" "/opt/rustwide/cargo-home/bin/cargo" "+nightly-2025-01-18" "metadata" "--no-deps" "--format-version=1", kill_on_drop: false }`
[INFO] [stdout] 9b45c5a59941f402fbbefe81fcdeb9e47bfa05b143baac0d0137a41079e7f944
[INFO] running `Command { std: "docker" "start" "-a" "9b45c5a59941f402fbbefe81fcdeb9e47bfa05b143baac0d0137a41079e7f944", kill_on_drop: false }`
[INFO] running `Command { std: "docker" "inspect" "9b45c5a59941f402fbbefe81fcdeb9e47bfa05b143baac0d0137a41079e7f944", kill_on_drop: false }`
[INFO] running `Command { std: "docker" "rm" "-f" "9b45c5a59941f402fbbefe81fcdeb9e47bfa05b143baac0d0137a41079e7f944", kill_on_drop: false }`
[INFO] [stdout] 9b45c5a59941f402fbbefe81fcdeb9e47bfa05b143baac0d0137a41079e7f944
[INFO] running `Command { std: "docker" "create" "-v" "/var/lib/crater-agent-workspace/builds/worker-0-tc1/target:/opt/rustwide/target:rw,Z" "-v" "/var/lib/crater-agent-workspace/builds/worker-0-tc1/source:/opt/rustwide/workdir:ro,Z" "-v" "/var/lib/crater-agent-workspace/cargo-home:/opt/rustwide/cargo-home:ro,Z" "-v" "/var/lib/crater-agent-workspace/rustup-home:/opt/rustwide/rustup-home:ro,Z" "-e" "SOURCE_DIR=/opt/rustwide/workdir" "-e" "CARGO_TARGET_DIR=/opt/rustwide/target" "-e" "CARGO_INCREMENTAL=0" "-e" "RUST_BACKTRACE=full" "-e" "RUSTFLAGS=--cap-lints=forbid" "-e" "RUSTDOCFLAGS=--cap-lints=forbid" "-e" "CARGO_HOME=/opt/rustwide/cargo-home" "-e" "RUSTUP_HOME=/opt/rustwide/rustup-home" "-w" "/opt/rustwide/workdir" "-m" "1610612736" "--user" "0:0" "--network" "none" "ghcr.io/rust-lang/crates-build-env/linux@sha256:819108c5571ea2e421544af4d832f968d213c87fbe3707a016657f43d2f853bc" "/opt/rustwide/cargo-home/bin/cargo" "+nightly-2025-01-18" "build" "--frozen" "--message-format=json", kill_on_drop: false }`
[INFO] [stdout] 0e62e921a5cf88181011135060b4f5010e65080717230fdd7fa188914755e6b4
[INFO] running `Command { std: "docker" "start" "-a" "0e62e921a5cf88181011135060b4f5010e65080717230fdd7fa188914755e6b4", kill_on_drop: false }`
[INFO] [stderr]    Compiling autocfg v1.3.0
[INFO] [stderr]    Compiling pkg-config v0.3.30
[INFO] [stderr]    Compiling bitflags v1.3.2
[INFO] [stderr]    Compiling libc v0.2.158
[INFO] [stderr]    Compiling serde v1.0.210
[INFO] [stderr]    Compiling libloading v0.7.4
[INFO] [stderr]    Compiling log v0.4.22
[INFO] [stderr]    Compiling lazy_static v1.5.0
[INFO] [stderr]    Compiling memchr v2.7.4
[INFO] [stderr]    Compiling jack v0.11.4
[INFO] [stderr]    Compiling ryu v1.0.18
[INFO] [stderr]    Compiling itoa v1.0.11
[INFO] [stderr]    Compiling num-traits v0.2.19
[INFO] [stderr]    Compiling matrixmultiply v0.3.9
[INFO] [stderr]    Compiling jack-sys v0.5.1
[INFO] [stderr]    Compiling csv-core v0.1.11
[INFO] [stderr]    Compiling num-complex v0.4.6
[INFO] [stderr]    Compiling num-integer v0.1.46
[INFO] [stderr]    Compiling ndarray v0.16.1
[INFO] [stderr]    Compiling csv v1.3.0
[INFO] [stderr]    Compiling HRTF_Renderer v0.1.0 (/opt/rustwide/workdir)
[INFO] [stdout] warning: unused import: `arr2`
[INFO] [stdout]  --> src/main.rs:2:29
[INFO] [stdout]   |
[INFO] [stdout] 2 | use ndarray::{s, ArrayBase, arr2};
[INFO] [stdout]   |                             ^^^^
[INFO] [stdout]   |
[INFO] [stdout]   = note: `#[warn(unused_imports)]` on by default
[INFO] [stdout] 
[INFO] [stdout] 
[INFO] [stdout] warning: unused variable: `sample_rate`
[INFO] [stdout]   --> src/main.rs:48:9
[INFO] [stdout]    |
[INFO] [stdout] 48 |     let sample_rate = 48000;
[INFO] [stdout]    |         ^^^^^^^^^^^ help: if this is intentional, prefix it with an underscore: `_sample_rate`
[INFO] [stdout]    |
[INFO] [stdout]    = note: `#[warn(unused_variables)]` on by default
[INFO] [stdout] 
[INFO] [stdout] 
[INFO] [stdout] warning: unused variable: `process_callback`
[INFO] [stdout]   --> src/main.rs:60:9
[INFO] [stdout]    |
[INFO] [stdout] 60 |     let process_callback = move |_: &jack::Client, ps: &jack::ProcessScope| -> jack::Control {
[INFO] [stdout]    |         ^^^^^^^^^^^^^^^^ help: if this is intentional, prefix it with an underscore: `_process_callback`
[INFO] [stdout] 
[INFO] [stdout] 
[INFO] [stdout] warning: unused variable: `hrir_r`
[INFO] [stdout]   --> src/main.rs:87:13
[INFO] [stdout]    |
[INFO] [stdout] 87 |         let hrir_r: Vec<f32> = hrir[0..384].to_vec();
[INFO] [stdout]    |             ^^^^^^ help: if this is intentional, prefix it with an underscore: `_hrir_r`
[INFO] [stdout] 
[INFO] [stdout] 
[INFO] [stdout] warning: unused variable: `hrir_l`
[INFO] [stdout]   --> src/main.rs:88:13
[INFO] [stdout]    |
[INFO] [stdout] 88 |         let hrir_l: Vec<f32> = hrir[384..768].to_vec();
[INFO] [stdout]    |             ^^^^^^ help: if this is intentional, prefix it with an underscore: `_hrir_l`
[INFO] [stdout] 
[INFO] [stdout] 
[INFO] [stdout] warning: unused variable: `delay`
[INFO] [stdout]   --> src/main.rs:90:13
[INFO] [stdout]    |
[INFO] [stdout] 90 |         let delay: isize = itd[[0, final_idx]].round() as isize;
[INFO] [stdout]    |             ^^^^^ help: if this is intentional, prefix it with an underscore: `_delay`
[INFO] [stdout] 
[INFO] [stdout] 
[INFO] [stdout] warning: unused variable: `o`
[INFO] [stdout]   --> src/main.rs:93:36
[INFO] [stdout]    |
[INFO] [stdout] 93 |         out_p.iter_mut().for_each(|o| {
[INFO] [stdout]    |                                    ^ help: if this is intentional, prefix it with an underscore: `_o`
[INFO] [stdout] 
[INFO] [stdout] 
[INFO] [stderr]     Finished `dev` profile [unoptimized + debuginfo] target(s) in 11.02s
[INFO] running `Command { std: "docker" "inspect" "0e62e921a5cf88181011135060b4f5010e65080717230fdd7fa188914755e6b4", kill_on_drop: false }`
[INFO] running `Command { std: "docker" "rm" "-f" "0e62e921a5cf88181011135060b4f5010e65080717230fdd7fa188914755e6b4", kill_on_drop: false }`
[INFO] [stdout] 0e62e921a5cf88181011135060b4f5010e65080717230fdd7fa188914755e6b4
[INFO] running `Command { std: "docker" "create" "-v" "/var/lib/crater-agent-workspace/builds/worker-0-tc1/target:/opt/rustwide/target:rw,Z" "-v" "/var/lib/crater-agent-workspace/builds/worker-0-tc1/source:/opt/rustwide/workdir:ro,Z" "-v" "/var/lib/crater-agent-workspace/cargo-home:/opt/rustwide/cargo-home:ro,Z" "-v" "/var/lib/crater-agent-workspace/rustup-home:/opt/rustwide/rustup-home:ro,Z" "-e" "SOURCE_DIR=/opt/rustwide/workdir" "-e" "CARGO_TARGET_DIR=/opt/rustwide/target" "-e" "CARGO_INCREMENTAL=0" "-e" "RUST_BACKTRACE=full" "-e" "RUSTFLAGS=--cap-lints=forbid" "-e" "RUSTDOCFLAGS=--cap-lints=forbid" "-e" "CARGO_HOME=/opt/rustwide/cargo-home" "-e" "RUSTUP_HOME=/opt/rustwide/rustup-home" "-w" "/opt/rustwide/workdir" "-m" "1610612736" "--user" "0:0" "--network" "none" "ghcr.io/rust-lang/crates-build-env/linux@sha256:819108c5571ea2e421544af4d832f968d213c87fbe3707a016657f43d2f853bc" "/opt/rustwide/cargo-home/bin/cargo" "+nightly-2025-01-18" "test" "--frozen" "--no-run" "--message-format=json", kill_on_drop: false }`
[INFO] [stdout] 8e8bce386594ec9c85f2ce18337bd39e0f291b5ed513be4f41a581fdcda4d2db
[INFO] running `Command { std: "docker" "start" "-a" "8e8bce386594ec9c85f2ce18337bd39e0f291b5ed513be4f41a581fdcda4d2db", kill_on_drop: false }`
[INFO] [stderr]    Compiling HRTF_Renderer v0.1.0 (/opt/rustwide/workdir)
[INFO] [stdout] warning: unused variable: `sample_rate`
[INFO] [stdout]   --> src/main.rs:48:9
[INFO] [stdout]    |
[INFO] [stdout] 48 |     let sample_rate = 48000;
[INFO] [stdout]    |         ^^^^^^^^^^^ help: if this is intentional, prefix it with an underscore: `_sample_rate`
[INFO] [stdout]    |
[INFO] [stdout]    = note: `#[warn(unused_variables)]` on by default
[INFO] [stdout] 
[INFO] [stdout] 
[INFO] [stdout] warning: unused variable: `process_callback`
[INFO] [stdout]   --> src/main.rs:60:9
[INFO] [stdout]    |
[INFO] [stdout] 60 |     let process_callback = move |_: &jack::Client, ps: &jack::ProcessScope| -> jack::Control {
[INFO] [stdout]    |         ^^^^^^^^^^^^^^^^ help: if this is intentional, prefix it with an underscore: `_process_callback`
[INFO] [stdout] 
[INFO] [stdout] 
[INFO] [stdout] warning: unused variable: `hrir_r`
[INFO] [stdout]   --> src/main.rs:87:13
[INFO] [stdout]    |
[INFO] [stdout] 87 |         let hrir_r: Vec<f32> = hrir[0..384].to_vec();
[INFO] [stdout]    |             ^^^^^^ help: if this is intentional, prefix it with an underscore: `_hrir_r`
[INFO] [stdout] 
[INFO] [stdout] 
[INFO] [stdout] warning: unused variable: `hrir_l`
[INFO] [stdout]   --> src/main.rs:88:13
[INFO] [stdout]    |
[INFO] [stdout] 88 |         let hrir_l: Vec<f32> = hrir[384..768].to_vec();
[INFO] [stdout]    |             ^^^^^^ help: if this is intentional, prefix it with an underscore: `_hrir_l`
[INFO] [stdout] 
[INFO] [stdout] 
[INFO] [stdout] warning: unused variable: `delay`
[INFO] [stdout]   --> src/main.rs:90:13
[INFO] [stdout]    |
[INFO] [stdout] 90 |         let delay: isize = itd[[0, final_idx]].round() as isize;
[INFO] [stdout]    |             ^^^^^ help: if this is intentional, prefix it with an underscore: `_delay`
[INFO] [stdout] 
[INFO] [stdout] 
[INFO] [stdout] warning: unused variable: `o`
[INFO] [stdout]   --> src/main.rs:93:36
[INFO] [stdout]    |
[INFO] [stdout] 93 |         out_p.iter_mut().for_each(|o| {
[INFO] [stdout]    |                                    ^ help: if this is intentional, prefix it with an underscore: `_o`
[INFO] [stdout] 
[INFO] [stdout] 
[INFO] [stderr]     Finished `test` profile [unoptimized + debuginfo] target(s) in 0.58s
[INFO] running `Command { std: "docker" "inspect" "8e8bce386594ec9c85f2ce18337bd39e0f291b5ed513be4f41a581fdcda4d2db", kill_on_drop: false }`
[INFO] running `Command { std: "docker" "rm" "-f" "8e8bce386594ec9c85f2ce18337bd39e0f291b5ed513be4f41a581fdcda4d2db", kill_on_drop: false }`
[INFO] [stdout] 8e8bce386594ec9c85f2ce18337bd39e0f291b5ed513be4f41a581fdcda4d2db
[INFO] running `Command { std: "docker" "create" "-v" "/var/lib/crater-agent-workspace/builds/worker-0-tc1/target:/opt/rustwide/target:rw,Z" "-v" "/var/lib/crater-agent-workspace/builds/worker-0-tc1/source:/opt/rustwide/workdir:ro,Z" "-v" "/var/lib/crater-agent-workspace/cargo-home:/opt/rustwide/cargo-home:ro,Z" "-v" "/var/lib/crater-agent-workspace/rustup-home:/opt/rustwide/rustup-home:ro,Z" "-e" "SOURCE_DIR=/opt/rustwide/workdir" "-e" "CARGO_TARGET_DIR=/opt/rustwide/target" "-e" "CARGO_INCREMENTAL=0" "-e" "RUST_BACKTRACE=full" "-e" "RUSTFLAGS=--cap-lints=forbid" "-e" "RUSTDOCFLAGS=--cap-lints=forbid" "-e" "CARGO_HOME=/opt/rustwide/cargo-home" "-e" "RUSTUP_HOME=/opt/rustwide/rustup-home" "-w" "/opt/rustwide/workdir" "-m" "1610612736" "--user" "0:0" "--network" "none" "ghcr.io/rust-lang/crates-build-env/linux@sha256:819108c5571ea2e421544af4d832f968d213c87fbe3707a016657f43d2f853bc" "/opt/rustwide/cargo-home/bin/cargo" "+nightly-2025-01-18" "test" "--frozen", kill_on_drop: false }`
[INFO] [stdout] fbaf4f3b8af5cece5dd905fae0a8030125ebe6b3e9953b6093288e7ecc414395
[INFO] running `Command { std: "docker" "start" "-a" "fbaf4f3b8af5cece5dd905fae0a8030125ebe6b3e9953b6093288e7ecc414395", kill_on_drop: false }`
[INFO] [stderr] warning: unused variable: `sample_rate`
[INFO] [stderr]   --> src/main.rs:48:9
[INFO] [stderr]    |
[INFO] [stderr] 48 |     let sample_rate = 48000;
[INFO] [stderr]    |         ^^^^^^^^^^^ help: if this is intentional, prefix it with an underscore: `_sample_rate`
[INFO] [stderr]    |
[INFO] [stderr]    = note: `#[warn(unused_variables)]` on by default
[INFO] [stderr] 
[INFO] [stderr] warning: unused variable: `process_callback`
[INFO] [stderr]   --> src/main.rs:60:9
[INFO] [stderr]    |
[INFO] [stderr] 60 |     let process_callback = move |_: &jack::Client, ps: &jack::ProcessScope| -> jack::Control {
[INFO] [stderr]    |         ^^^^^^^^^^^^^^^^ help: if this is intentional, prefix it with an underscore: `_process_callback`
[INFO] [stderr] 
[INFO] [stderr] warning: unused variable: `hrir_r`
[INFO] [stderr]   --> src/main.rs:87:13
[INFO] [stderr]    |
[INFO] [stderr] 87 |         let hrir_r: Vec<f32> = hrir[0..384].to_vec();
[INFO] [stderr]    |             ^^^^^^ help: if this is intentional, prefix it with an underscore: `_hrir_r`
[INFO] [stderr] 
[INFO] [stderr] warning: unused variable: `hrir_l`
[INFO] [stderr]   --> src/main.rs:88:13
[INFO] [stderr]    |
[INFO] [stderr] 88 |         let hrir_l: Vec<f32> = hrir[384..768].to_vec();
[INFO] [stderr]    |             ^^^^^^ help: if this is intentional, prefix it with an underscore: `_hrir_l`
[INFO] [stderr] 
[INFO] [stderr] warning: unused variable: `delay`
[INFO] [stderr]   --> src/main.rs:90:13
[INFO] [stderr]    |
[INFO] [stderr] 90 |         let delay: isize = itd[[0, final_idx]].round() as isize;
[INFO] [stderr]    |             ^^^^^ help: if this is intentional, prefix it with an underscore: `_delay`
[INFO] [stderr] 
[INFO] [stderr] warning: unused variable: `o`
[INFO] [stderr]   --> src/main.rs:93:36
[INFO] [stderr]    |
[INFO] [stderr] 93 |         out_p.iter_mut().for_each(|o| {
[INFO] [stderr]    |                                    ^ help: if this is intentional, prefix it with an underscore: `_o`
[INFO] [stderr] 
[INFO] [stderr] warning: `HRTF_Renderer` (bin "HRTF_Renderer" test) generated 6 warnings
[INFO] [stderr]     Finished `test` profile [unoptimized + debuginfo] target(s) in 0.03s
[INFO] [stderr]      Running unittests src/main.rs (/opt/rustwide/target/debug/deps/HRTF_Renderer-de334c31b8f1e4bb)
[INFO] [stdout] 
[INFO] [stdout] running 1 test
[INFO] [stdout] test tests::test_read_csv ... FAILED
[INFO] [stdout] 
[INFO] [stdout] failures:
[INFO] [stdout] 
[INFO] [stdout] ---- tests::test_read_csv stdout ----
[INFO] [stdout] 
[INFO] [stdout] thread 'tests::test_read_csv' panicked at src/main.rs:13:75:
[INFO] [stdout] called `Result::unwrap()` on an `Err` value: Error(Io(Os { code: 2, kind: NotFound, message: "No such file or directory" }))
[INFO] [stdout] stack backtrace:
[INFO] [stdout]    0:     0x62f04bc77d2a - std::backtrace_rs::backtrace::libunwind::trace::hb059275cfc8d6126
[INFO] [stdout]                                at /rustc/6067b36314ab5eb2eb47cecc464545ba58e1ad24/library/std/src/../../backtrace/src/backtrace/libunwind.rs:116:5
[INFO] [stdout]    1:     0x62f04bc77d2a - std::backtrace_rs::backtrace::trace_unsynchronized::h2da071e4327ce3ee
[INFO] [stdout]                                at /rustc/6067b36314ab5eb2eb47cecc464545ba58e1ad24/library/std/src/../../backtrace/src/backtrace/mod.rs:66:5
[INFO] [stdout]    2:     0x62f04bc77d2a - std::sys::backtrace::_print_fmt::h842a1474e6f8d23f
[INFO] [stdout]                                at /rustc/6067b36314ab5eb2eb47cecc464545ba58e1ad24/library/std/src/sys/backtrace.rs:66:9
[INFO] [stdout]    3:     0x62f04bc77d2a - <std::sys::backtrace::BacktraceLock::print::DisplayBacktrace as core::fmt::Display>::fmt::h71a62eb3b9696b12
[INFO] [stdout]                                at /rustc/6067b36314ab5eb2eb47cecc464545ba58e1ad24/library/std/src/sys/backtrace.rs:39:26
[INFO] [stdout]    4:     0x62f04bca02f3 - core::fmt::rt::Argument::fmt::hdb6b616786b41dc1
[INFO] [stdout]                                at /rustc/6067b36314ab5eb2eb47cecc464545ba58e1ad24/library/core/src/fmt/rt.rs:177:76
[INFO] [stdout]    5:     0x62f04bca02f3 - core::fmt::write::h2cc1698af7e2d686
[INFO] [stdout]                                at /rustc/6067b36314ab5eb2eb47cecc464545ba58e1ad24/library/core/src/fmt/mod.rs:1440:21
[INFO] [stdout]    6:     0x62f04bc74883 - std::io::Write::write_fmt::hab1b4cd059a79022
[INFO] [stdout]                                at /rustc/6067b36314ab5eb2eb47cecc464545ba58e1ad24/library/std/src/io/mod.rs:1887:15
[INFO] [stdout]    7:     0x62f04bc77b72 - std::sys::backtrace::BacktraceLock::print::h147fe35b4ea13b08
[INFO] [stdout]                                at /rustc/6067b36314ab5eb2eb47cecc464545ba58e1ad24/library/std/src/sys/backtrace.rs:42:9
[INFO] [stdout]    8:     0x62f04bc7914f - std::panicking::default_hook::{{closure}}::hbd44223dbdc0d208
[INFO] [stdout]                                at /rustc/6067b36314ab5eb2eb47cecc464545ba58e1ad24/library/std/src/panicking.rs:298:22
[INFO] [stdout]    9:     0x62f04bc78f68 - std::panicking::default_hook::h20f81eb0576efcec
[INFO] [stdout]                                at /rustc/6067b36314ab5eb2eb47cecc464545ba58e1ad24/library/std/src/panicking.rs:322:9
[INFO] [stdout]   10:     0x62f04bc335a3 - <alloc::boxed::Box<F,A> as core::ops::function::Fn<Args>>::call::hdb53814c496a4d34
[INFO] [stdout]                                at /rustc/6067b36314ab5eb2eb47cecc464545ba58e1ad24/library/alloc/src/boxed.rs:2027:9
[INFO] [stdout]   11:     0x62f04bc335a3 - test::test_main::{{closure}}::hc0a4963c59427c24
[INFO] [stdout]                                at /rustc/6067b36314ab5eb2eb47cecc464545ba58e1ad24/library/test/src/lib.rs:134:21
[INFO] [stdout]   12:     0x62f04bc79c43 - <alloc::boxed::Box<F,A> as core::ops::function::Fn<Args>>::call::h591b2225413a77e9
[INFO] [stdout]                                at /rustc/6067b36314ab5eb2eb47cecc464545ba58e1ad24/library/alloc/src/boxed.rs:2027:9
[INFO] [stdout]   13:     0x62f04bc79c43 - std::panicking::rust_panic_with_hook::h625eea43051b2edc
[INFO] [stdout]                                at /rustc/6067b36314ab5eb2eb47cecc464545ba58e1ad24/library/std/src/panicking.rs:839:13
[INFO] [stdout]   14:     0x62f04bc798fa - std::panicking::begin_panic_handler::{{closure}}::h4f9159cfbc3f6bd3
[INFO] [stdout]                                at /rustc/6067b36314ab5eb2eb47cecc464545ba58e1ad24/library/std/src/panicking.rs:704:13
[INFO] [stdout]   15:     0x62f04bc78229 - std::sys::backtrace::__rust_end_short_backtrace::h0390abce48353151
[INFO] [stdout]                                at /rustc/6067b36314ab5eb2eb47cecc464545ba58e1ad24/library/std/src/sys/backtrace.rs:168:18
[INFO] [stdout]   16:     0x62f04bc7958d - rust_begin_unwind
[INFO] [stdout]                                at /rustc/6067b36314ab5eb2eb47cecc464545ba58e1ad24/library/std/src/panicking.rs:695:5
[INFO] [stdout]   17:     0x62f04bc9ecd0 - core::panicking::panic_fmt::h9e7c637e9e5f29c9
[INFO] [stdout]                                at /rustc/6067b36314ab5eb2eb47cecc464545ba58e1ad24/library/core/src/panicking.rs:75:14
[INFO] [stdout]   18:     0x62f04bc9f146 - core::result::unwrap_failed::h7979f09313fe1849
[INFO] [stdout]                                at /rustc/6067b36314ab5eb2eb47cecc464545ba58e1ad24/library/core/src/result.rs:1704:5
[INFO] [stdout]   19:     0x62f04bbf07dc - core::result::Result<T,E>::unwrap::h01d498ba27d37c35
[INFO] [stdout]                                at /rustc/6067b36314ab5eb2eb47cecc464545ba58e1ad24/library/core/src/result.rs:1109:23
[INFO] [stdout]   20:     0x62f04bbf07dc - HRTF_Renderer::read_csv::h76293fb137f15109
[INFO] [stdout]                                at /opt/rustwide/workdir/src/main.rs:13:19
[INFO] [stdout]   21:     0x62f04bbed950 - HRTF_Renderer::tests::test_read_csv::he7e3a7b00894313a
[INFO] [stdout]                                at /opt/rustwide/workdir/src/main.rs:35:17
[INFO] [stdout]   22:     0x62f04bbed8f7 - HRTF_Renderer::tests::test_read_csv::{{closure}}::h665df138f13228c3
[INFO] [stdout]                                at /opt/rustwide/workdir/src/main.rs:33:23
[INFO] [stdout]   23:     0x62f04bbf8066 - core::ops::function::FnOnce::call_once::h98bd61c89a5c8350
[INFO] [stdout]                                at /rustc/6067b36314ab5eb2eb47cecc464545ba58e1ad24/library/core/src/ops/function.rs:250:5
[INFO] [stdout]   24:     0x62f04bc38cfb - core::ops::function::FnOnce::call_once::he27718dfdd183f43
[INFO] [stdout]                                at /rustc/6067b36314ab5eb2eb47cecc464545ba58e1ad24/library/core/src/ops/function.rs:250:5
[INFO] [stdout]   25:     0x62f04bc38cfb - test::__rust_begin_short_backtrace::h4e84902998457a5d
[INFO] [stdout]                                at /rustc/6067b36314ab5eb2eb47cecc464545ba58e1ad24/library/test/src/lib.rs:632:18
[INFO] [stdout]   26:     0x62f04bc37c33 - test::run_test_in_process::{{closure}}::h7176fd18fc1feca0
[INFO] [stdout]                                at /rustc/6067b36314ab5eb2eb47cecc464545ba58e1ad24/library/test/src/lib.rs:655:60
[INFO] [stdout]   27:     0x62f04bc37c33 - <core::panic::unwind_safe::AssertUnwindSafe<F> as core::ops::function::FnOnce<()>>::call_once::hf79cff2a624d8cf7
[INFO] [stdout]                                at /rustc/6067b36314ab5eb2eb47cecc464545ba58e1ad24/library/core/src/panic/unwind_safe.rs:272:9
[INFO] [stdout]   28:     0x62f04bc37c33 - std::panicking::try::do_call::h3da0561d9ab99c25
[INFO] [stdout]                                at /rustc/6067b36314ab5eb2eb47cecc464545ba58e1ad24/library/std/src/panicking.rs:587:40
[INFO] [stdout]   29:     0x62f04bc37c33 - std::panicking::try::h41c9fa508bc61df6
[INFO] [stdout]                                at /rustc/6067b36314ab5eb2eb47cecc464545ba58e1ad24/library/std/src/panicking.rs:550:19
[INFO] [stdout]   30:     0x62f04bc37c33 - std::panic::catch_unwind::h6b3ff07bb5afad93
[INFO] [stdout]                                at /rustc/6067b36314ab5eb2eb47cecc464545ba58e1ad24/library/std/src/panic.rs:358:14
[INFO] [stdout]   31:     0x62f04bc37c33 - test::run_test_in_process::hc7253dd11b39b9f4
[INFO] [stdout]                                at /rustc/6067b36314ab5eb2eb47cecc464545ba58e1ad24/library/test/src/lib.rs:655:27
[INFO] [stdout]   32:     0x62f04bc37c33 - test::run_test::{{closure}}::hfb2007f8649c30bb
[INFO] [stdout]                                at /rustc/6067b36314ab5eb2eb47cecc464545ba58e1ad24/library/test/src/lib.rs:576:43
[INFO] [stdout]   33:     0x62f04bbfad15 - test::run_test::{{closure}}::h56a17aa7a282a9f4
[INFO] [stdout]                                at /rustc/6067b36314ab5eb2eb47cecc464545ba58e1ad24/library/test/src/lib.rs:606:41
[INFO] [stdout]   34:     0x62f04bbfad15 - std::sys::backtrace::__rust_begin_short_backtrace::hd2d2d2fb8e8c6aac
[INFO] [stdout]                                at /rustc/6067b36314ab5eb2eb47cecc464545ba58e1ad24/library/std/src/sys/backtrace.rs:152:18
[INFO] [stdout]   35:     0x62f04bbfe5fa - std::thread::Builder::spawn_unchecked_::{{closure}}::{{closure}}::h4faa3f9db6133423
[INFO] [stdout]                                at /rustc/6067b36314ab5eb2eb47cecc464545ba58e1ad24/library/std/src/thread/mod.rs:559:17
[INFO] [stdout]   36:     0x62f04bbfe5fa - <core::panic::unwind_safe::AssertUnwindSafe<F> as core::ops::function::FnOnce<()>>::call_once::hf2e855a36a4ea846
[INFO] [stdout]                                at /rustc/6067b36314ab5eb2eb47cecc464545ba58e1ad24/library/core/src/panic/unwind_safe.rs:272:9
[INFO] [stdout]   37:     0x62f04bbfe5fa - std::panicking::try::do_call::h2f73af3616c35465
[INFO] [stdout]                                at /rustc/6067b36314ab5eb2eb47cecc464545ba58e1ad24/library/std/src/panicking.rs:587:40
[INFO] [stdout]   38:     0x62f04bbfe5fa - std::panicking::try::hd1660ce9efadef5a
[INFO] [stdout]                                at /rustc/6067b36314ab5eb2eb47cecc464545ba58e1ad24/library/std/src/panicking.rs:550:19
[INFO] [stdout]   39:     0x62f04bbfe5fa - std::panic::catch_unwind::h5ee8d7823b8ca744
[INFO] [stdout]                                at /rustc/6067b36314ab5eb2eb47cecc464545ba58e1ad24/library/std/src/panic.rs:358:14
[INFO] [stdout]   40:     0x62f04bbfe5fa - std::thread::Builder::spawn_unchecked_::{{closure}}::h53c3a1894dce8407
[INFO] [stdout]                                at /rustc/6067b36314ab5eb2eb47cecc464545ba58e1ad24/library/std/src/thread/mod.rs:557:30
[INFO] [stdout]   41:     0x62f04bbfe5fa - core::ops::function::FnOnce::call_once{{vtable.shim}}::h048ce291ad4f62bf
[INFO] [stdout]                                at /rustc/6067b36314ab5eb2eb47cecc464545ba58e1ad24/library/core/src/ops/function.rs:250:5
[INFO] [stdout]   42:     0x62f04bc7db8b - <alloc::boxed::Box<F,A> as core::ops::function::FnOnce<Args>>::call_once::ha52bedf99a3b4981
[INFO] [stdout]                                at /rustc/6067b36314ab5eb2eb47cecc464545ba58e1ad24/library/alloc/src/boxed.rs:2013:9
[INFO] [stdout]   43:     0x62f04bc7db8b - <alloc::boxed::Box<F,A> as core::ops::function::FnOnce<Args>>::call_once::h567748934d80ccf8
[INFO] [stdout]                                at /rustc/6067b36314ab5eb2eb47cecc464545ba58e1ad24/library/alloc/src/boxed.rs:2013:9
[INFO] [stdout]   44:     0x62f04bc7db8b - std::sys::pal::unix::thread::Thread::new::thread_start::h2d970728ae887adc
[INFO] [stdout]                                at /rustc/6067b36314ab5eb2eb47cecc464545ba58e1ad24/library/std/src/sys/pal/unix/thread.rs:106:17
[INFO] [stdout]   45:     0x7ac6c7403ac3 - <unknown>
[INFO] [stdout]   46:     0x7ac6c7494a04 - clone
[INFO] [stdout]   47:                0x0 - <unknown>
[INFO] [stdout] 
[INFO] [stdout] 
[INFO] [stdout] failures:
[INFO] [stdout]     tests::test_read_csv
[INFO] [stdout] 
[INFO] [stdout] test result: FAILED. 0 passed; 1 failed; 0 ignored; 0 measured; 0 filtered out; finished in 0.05s
[INFO] [stdout] 
[INFO] [stderr] error: test failed, to rerun pass `--bin HRTF_Renderer`
[INFO] running `Command { std: "docker" "inspect" "fbaf4f3b8af5cece5dd905fae0a8030125ebe6b3e9953b6093288e7ecc414395", kill_on_drop: false }`
[INFO] running `Command { std: "docker" "rm" "-f" "fbaf4f3b8af5cece5dd905fae0a8030125ebe6b3e9953b6093288e7ecc414395", kill_on_drop: false }`
[INFO] [stdout] fbaf4f3b8af5cece5dd905fae0a8030125ebe6b3e9953b6093288e7ecc414395
