[INFO] cloning repository https://github.com/SShkut/aoc2023
[INFO] running `Command { std: "git" "-c" "credential.helper=" "-c" "credential.helper=/workspace/cargo-home/bin/git-credential-null" "clone" "--bare" "https://github.com/SShkut/aoc2023" "/workspace/cache/git-repos/https%3A%2F%2Fgithub.com%2FSShkut%2Faoc2023", kill_on_drop: false }`
[INFO] [stderr] Cloning into bare repository '/workspace/cache/git-repos/https%3A%2F%2Fgithub.com%2FSShkut%2Faoc2023'...
[INFO] running `Command { std: "git" "rev-parse" "HEAD", kill_on_drop: false }`
[INFO] [stdout] 022bb2f4eb9b64889b2d2adab91e7ed8f9abb47c
[INFO] testing SShkut/aoc2023 against nightly-2025-01-18 for randomize-layout-2
[INFO] running `Command { std: "git" "clone" "/workspace/cache/git-repos/https%3A%2F%2Fgithub.com%2FSShkut%2Faoc2023" "/workspace/builds/worker-1-tc1/source", kill_on_drop: false }`
[INFO] [stderr] Cloning into '/workspace/builds/worker-1-tc1/source'...
[INFO] [stderr] done.
[INFO] validating manifest of git repo https://github.com/SShkut/aoc2023 on toolchain nightly-2025-01-18
[INFO] running `Command { std: CARGO_HOME="/workspace/cargo-home" RUSTUP_HOME="/workspace/rustup-home" "/workspace/cargo-home/bin/cargo" "+nightly-2025-01-18" "metadata" "--manifest-path" "Cargo.toml" "--no-deps", kill_on_drop: false }`
[INFO] started tweaking git repo https://github.com/SShkut/aoc2023
[INFO] finished tweaking git repo https://github.com/SShkut/aoc2023
[INFO] tweaked toml for git repo https://github.com/SShkut/aoc2023 written to /workspace/builds/worker-1-tc1/source/Cargo.toml
[INFO] crate git repo https://github.com/SShkut/aoc2023 already has a lockfile, it will not be regenerated
[INFO] running `Command { std: CARGO_HOME="/workspace/cargo-home" RUSTUP_HOME="/workspace/rustup-home" "/workspace/cargo-home/bin/cargo" "+nightly-2025-01-18" "fetch" "--manifest-path" "Cargo.toml", kill_on_drop: false }`
[INFO] running `Command { std: "docker" "create" "-v" "/var/lib/crater-agent-workspace/builds/worker-1-tc1/target:/opt/rustwide/target:rw,Z" "-v" "/var/lib/crater-agent-workspace/builds/worker-1-tc1/source:/opt/rustwide/workdir:ro,Z" "-v" "/var/lib/crater-agent-workspace/cargo-home:/opt/rustwide/cargo-home:ro,Z" "-v" "/var/lib/crater-agent-workspace/rustup-home:/opt/rustwide/rustup-home:ro,Z" "-e" "SOURCE_DIR=/opt/rustwide/workdir" "-e" "CARGO_TARGET_DIR=/opt/rustwide/target" "-e" "CARGO_HOME=/opt/rustwide/cargo-home" "-e" "RUSTUP_HOME=/opt/rustwide/rustup-home" "-w" "/opt/rustwide/workdir" "-m" "1610612736" "--user" "0:0" "--network" "none" "ghcr.io/rust-lang/crates-build-env/linux@sha256:819108c5571ea2e421544af4d832f968d213c87fbe3707a016657f43d2f853bc" "/opt/rustwide/cargo-home/bin/cargo" "+nightly-2025-01-18" "metadata" "--no-deps" "--format-version=1", kill_on_drop: false }`
[INFO] [stdout] ec565392e3b5017b7b6c64f84690a30f9f3ec4a24c024b4f33b859586781effd
[INFO] running `Command { std: "docker" "start" "-a" "ec565392e3b5017b7b6c64f84690a30f9f3ec4a24c024b4f33b859586781effd", kill_on_drop: false }`
[INFO] running `Command { std: "docker" "inspect" "ec565392e3b5017b7b6c64f84690a30f9f3ec4a24c024b4f33b859586781effd", kill_on_drop: false }`
[INFO] running `Command { std: "docker" "rm" "-f" "ec565392e3b5017b7b6c64f84690a30f9f3ec4a24c024b4f33b859586781effd", kill_on_drop: false }`
[INFO] [stdout] ec565392e3b5017b7b6c64f84690a30f9f3ec4a24c024b4f33b859586781effd
[INFO] running `Command { std: "docker" "create" "-v" "/var/lib/crater-agent-workspace/builds/worker-1-tc1/target:/opt/rustwide/target:rw,Z" "-v" "/var/lib/crater-agent-workspace/builds/worker-1-tc1/source:/opt/rustwide/workdir:ro,Z" "-v" "/var/lib/crater-agent-workspace/cargo-home:/opt/rustwide/cargo-home:ro,Z" "-v" "/var/lib/crater-agent-workspace/rustup-home:/opt/rustwide/rustup-home:ro,Z" "-e" "SOURCE_DIR=/opt/rustwide/workdir" "-e" "CARGO_TARGET_DIR=/opt/rustwide/target" "-e" "CARGO_INCREMENTAL=0" "-e" "RUST_BACKTRACE=full" "-e" "RUSTFLAGS=--cap-lints=forbid" "-e" "RUSTDOCFLAGS=--cap-lints=forbid" "-e" "CARGO_HOME=/opt/rustwide/cargo-home" "-e" "RUSTUP_HOME=/opt/rustwide/rustup-home" "-w" "/opt/rustwide/workdir" "-m" "1610612736" "--user" "0:0" "--network" "none" "ghcr.io/rust-lang/crates-build-env/linux@sha256:819108c5571ea2e421544af4d832f968d213c87fbe3707a016657f43d2f853bc" "/opt/rustwide/cargo-home/bin/cargo" "+nightly-2025-01-18" "build" "--frozen" "--message-format=json", kill_on_drop: false }`
[INFO] [stdout] 9177b6847fb13f68485ef88002d0a0c6353168c0b4cab0180b28ff2b03c3cc5f
[INFO] running `Command { std: "docker" "start" "-a" "9177b6847fb13f68485ef88002d0a0c6353168c0b4cab0180b28ff2b03c3cc5f", kill_on_drop: false }`
[INFO] [stderr]    Compiling memchr v2.6.4
[INFO] [stderr]    Compiling minimal-lexical v0.2.1
[INFO] [stderr]    Compiling day-3 v0.1.0 (/opt/rustwide/workdir/day-3)
[INFO] [stderr]    Compiling day-1 v0.1.0 (/opt/rustwide/workdir/day-1)
[INFO] [stdout] warning: fields `y`, `x`, and `value` are never read
[INFO] [stdout]  --> day-3/src/gear_ratios.rs:3:5
[INFO] [stdout]   |
[INFO] [stdout] 2 | struct Position {
[INFO] [stdout]   |        -------- fields in this struct
[INFO] [stdout] 3 |     y: i32,
[INFO] [stdout]   |     ^
[INFO] [stdout] 4 |     x: i32,
[INFO] [stdout]   |     ^
[INFO] [stdout] 5 |     value: char
[INFO] [stdout]   |     ^^^^^
[INFO] [stdout]   |
[INFO] [stdout]   = note: `Position` has a derived impl for the trait `Debug`, but this is intentionally ignored during dead code analysis
[INFO] [stdout]   = note: `#[warn(dead_code)]` on by default
[INFO] [stdout] 
[INFO] [stdout] 
[INFO] [stderr]    Compiling nom v7.1.3
[INFO] [stderr]    Compiling day-2 v0.1.0 (/opt/rustwide/workdir/day-2)
[INFO] [stderr]     Finished `dev` profile [unoptimized + debuginfo] target(s) in 4.28s
[INFO] running `Command { std: "docker" "inspect" "9177b6847fb13f68485ef88002d0a0c6353168c0b4cab0180b28ff2b03c3cc5f", kill_on_drop: false }`
[INFO] running `Command { std: "docker" "rm" "-f" "9177b6847fb13f68485ef88002d0a0c6353168c0b4cab0180b28ff2b03c3cc5f", kill_on_drop: false }`
[INFO] [stdout] 9177b6847fb13f68485ef88002d0a0c6353168c0b4cab0180b28ff2b03c3cc5f
[INFO] running `Command { std: "docker" "create" "-v" "/var/lib/crater-agent-workspace/builds/worker-1-tc1/target:/opt/rustwide/target:rw,Z" "-v" "/var/lib/crater-agent-workspace/builds/worker-1-tc1/source:/opt/rustwide/workdir:ro,Z" "-v" "/var/lib/crater-agent-workspace/cargo-home:/opt/rustwide/cargo-home:ro,Z" "-v" "/var/lib/crater-agent-workspace/rustup-home:/opt/rustwide/rustup-home:ro,Z" "-e" "SOURCE_DIR=/opt/rustwide/workdir" "-e" "CARGO_TARGET_DIR=/opt/rustwide/target" "-e" "CARGO_INCREMENTAL=0" "-e" "RUST_BACKTRACE=full" "-e" "RUSTFLAGS=--cap-lints=forbid" "-e" "RUSTDOCFLAGS=--cap-lints=forbid" "-e" "CARGO_HOME=/opt/rustwide/cargo-home" "-e" "RUSTUP_HOME=/opt/rustwide/rustup-home" "-w" "/opt/rustwide/workdir" "-m" "1610612736" "--user" "0:0" "--network" "none" "ghcr.io/rust-lang/crates-build-env/linux@sha256:819108c5571ea2e421544af4d832f968d213c87fbe3707a016657f43d2f853bc" "/opt/rustwide/cargo-home/bin/cargo" "+nightly-2025-01-18" "test" "--frozen" "--no-run" "--message-format=json", kill_on_drop: false }`
[INFO] [stdout] 43fa5cbe2c320888196b3f9f16a292d46f9631b29f337836be0edd431cbb1cd3
[INFO] running `Command { std: "docker" "start" "-a" "43fa5cbe2c320888196b3f9f16a292d46f9631b29f337836be0edd431cbb1cd3", kill_on_drop: false }`
[INFO] [stdout] warning: fields `y`, `x`, and `value` are never read
[INFO] [stdout]  --> day-3/src/gear_ratios.rs:3:5
[INFO] [stdout]   |
[INFO] [stdout] 2 | struct Position {
[INFO] [stdout]   |        -------- fields in this struct
[INFO] [stdout] 3 |     y: i32,
[INFO] [stdout]   |     ^
[INFO] [stdout] 4 |     x: i32,
[INFO] [stdout]   |     ^
[INFO] [stdout] 5 |     value: char
[INFO] [stdout]   |     ^^^^^
[INFO] [stdout]   |
[INFO] [stdout]   = note: `Position` has a derived impl for the trait `Debug`, but this is intentionally ignored during dead code analysis
[INFO] [stdout]   = note: `#[warn(dead_code)]` on by default
[INFO] [stdout] 
[INFO] [stdout] 
[INFO] [stderr]    Compiling day-1 v0.1.0 (/opt/rustwide/workdir/day-1)
[INFO] [stderr]    Compiling day-3 v0.1.0 (/opt/rustwide/workdir/day-3)
[INFO] [stderr]    Compiling day-2 v0.1.0 (/opt/rustwide/workdir/day-2)
[INFO] [stdout] warning: fields `y`, `x`, and `value` are never read
[INFO] [stdout]  --> day-3/src/gear_ratios.rs:3:5
[INFO] [stdout]   |
[INFO] [stdout] 2 | struct Position {
[INFO] [stdout]   |        -------- fields in this struct
[INFO] [stdout] 3 |     y: i32,
[INFO] [stdout]   |     ^
[INFO] [stdout] 4 |     x: i32,
[INFO] [stdout]   |     ^
[INFO] [stdout] 5 |     value: char
[INFO] [stdout]   |     ^^^^^
[INFO] [stdout]   |
[INFO] [stdout]   = note: `Position` has a derived impl for the trait `Debug`, but this is intentionally ignored during dead code analysis
[INFO] [stdout]   = note: `#[warn(dead_code)]` on by default
[INFO] [stdout] 
[INFO] [stdout] 
[INFO] [stderr]     Finished `test` profile [unoptimized + debuginfo] target(s) in 1.76s
[INFO] running `Command { std: "docker" "inspect" "43fa5cbe2c320888196b3f9f16a292d46f9631b29f337836be0edd431cbb1cd3", kill_on_drop: false }`
[INFO] running `Command { std: "docker" "rm" "-f" "43fa5cbe2c320888196b3f9f16a292d46f9631b29f337836be0edd431cbb1cd3", kill_on_drop: false }`
[INFO] [stdout] 43fa5cbe2c320888196b3f9f16a292d46f9631b29f337836be0edd431cbb1cd3
[INFO] running `Command { std: "docker" "create" "-v" "/var/lib/crater-agent-workspace/builds/worker-1-tc1/target:/opt/rustwide/target:rw,Z" "-v" "/var/lib/crater-agent-workspace/builds/worker-1-tc1/source:/opt/rustwide/workdir:ro,Z" "-v" "/var/lib/crater-agent-workspace/cargo-home:/opt/rustwide/cargo-home:ro,Z" "-v" "/var/lib/crater-agent-workspace/rustup-home:/opt/rustwide/rustup-home:ro,Z" "-e" "SOURCE_DIR=/opt/rustwide/workdir" "-e" "CARGO_TARGET_DIR=/opt/rustwide/target" "-e" "CARGO_INCREMENTAL=0" "-e" "RUST_BACKTRACE=full" "-e" "RUSTFLAGS=--cap-lints=forbid" "-e" "RUSTDOCFLAGS=--cap-lints=forbid" "-e" "CARGO_HOME=/opt/rustwide/cargo-home" "-e" "RUSTUP_HOME=/opt/rustwide/rustup-home" "-w" "/opt/rustwide/workdir" "-m" "1610612736" "--user" "0:0" "--network" "none" "ghcr.io/rust-lang/crates-build-env/linux@sha256:819108c5571ea2e421544af4d832f968d213c87fbe3707a016657f43d2f853bc" "/opt/rustwide/cargo-home/bin/cargo" "+nightly-2025-01-18" "test" "--frozen", kill_on_drop: false }`
[INFO] [stdout] 605c30c0b5548d7e8b3307266f42c74b534f5acdb49cdae1408488545a5a2a5f
[INFO] running `Command { std: "docker" "start" "-a" "605c30c0b5548d7e8b3307266f42c74b534f5acdb49cdae1408488545a5a2a5f", kill_on_drop: false }`
[INFO] [stderr] warning: fields `y`, `x`, and `value` are never read
[INFO] [stderr]  --> day-3/src/gear_ratios.rs:3:5
[INFO] [stderr]   |
[INFO] [stderr] 2 | struct Position {
[INFO] [stderr]   |        -------- fields in this struct
[INFO] [stderr] 3 |     y: i32,
[INFO] [stderr]   |     ^
[INFO] [stderr] 4 |     x: i32,
[INFO] [stderr]   |     ^
[INFO] [stderr] 5 |     value: char
[INFO] [stderr]   |     ^^^^^
[INFO] [stderr]   |
[INFO] [stderr]   = note: `Position` has a derived impl for the trait `Debug`, but this is intentionally ignored during dead code analysis
[INFO] [stderr]   = note: `#[warn(dead_code)]` on by default
[INFO] [stderr] 
[INFO] [stderr] warning: `day-3` (lib) generated 1 warning
[INFO] [stderr] warning: `day-3` (lib test) generated 1 warning (1 duplicate)
[INFO] [stderr]     Finished `test` profile [unoptimized + debuginfo] target(s) in 0.02s
[INFO] [stderr]      Running unittests src/lib.rs (/opt/rustwide/target/debug/deps/day_1-87e778c1eceba900)
[INFO] [stdout] 
[INFO] [stdout] running 3 tests
[INFO] [stdout] test trebuchet::tests::test_process_part1 ... ignored
[INFO] [stdout] test trebuchet::tests::test_process_empty ... ok
[INFO] [stdout] test trebuchet::tests::test_process_part2 ... ok
[INFO] [stdout] 
[INFO] [stdout] test result: ok. 2 passed; 0 failed; 1 ignored; 0 measured; 0 filtered out; finished in 0.01s
[INFO] [stdout] 
[INFO] [stderr]      Running unittests src/bin/day-1.rs (/opt/rustwide/target/debug/deps/day_1-60ece47f793ad063)
[INFO] [stdout] 
[INFO] [stdout] running 0 tests
[INFO] [stdout] 
[INFO] [stdout] test result: ok. 0 passed; 0 failed; 0 ignored; 0 measured; 0 filtered out; finished in 0.00s
[INFO] [stdout] 
[INFO] [stdout] 
[INFO] [stdout] running 2 tests
[INFO] [stdout] test cube_conundrum::test_process_part2 ... ok
[INFO] [stderr]      Running unittests src/lib.rs (/opt/rustwide/target/debug/deps/day_2-a9314e6f965c963a)
[INFO] [stdout] test cube_conundrum::tests::test_process_part1 ... ok
[INFO] [stdout] 
[INFO] [stdout] test result: ok. 2 passed; 0 failed; 0 ignored; 0 measured; 0 filtered out; finished in 0.01s
[INFO] [stdout] 
[INFO] [stderr]      Running unittests src/bin/day-2.rs (/opt/rustwide/target/debug/deps/day_2-b9e43250e27a9c29)
[INFO] [stdout] 
[INFO] [stdout] running 0 tests
[INFO] [stdout] 
[INFO] [stdout] test result: ok. 0 passed; 0 failed; 0 ignored; 0 measured; 0 filtered out; finished in 0.00s
[INFO] [stdout] 
[INFO] [stderr]      Running unittests src/lib.rs (/opt/rustwide/target/debug/deps/day_3-0b41d6c290d483c9)
[INFO] [stdout] 
[INFO] [stdout] running 1 test
[INFO] [stdout] test gear_ratios::tests::it_works ... FAILED
[INFO] [stdout] 
[INFO] [stdout] failures:
[INFO] [stdout] 
[INFO] [stdout] ---- gear_ratios::tests::it_works stdout ----
[INFO] [stdout] [[Position { y: 0, x: 0, value: '4' }, Position { y: 0, x: 1, value: '6' }, Position { y: 0, x: 2, value: '7' }, Position { y: 0, x: 3, value: '.' }, Position { y: 0, x: 4, value: '.' }, Position { y: 0, x: 5, value: '1' }, Position { y: 0, x: 6, value: '1' }, Position { y: 0, x: 7, value: '4' }, Position { y: 0, x: 8, value: '.' }, Position { y: 0, x: 9, value: '.' }], [Position { y: 1, x: 0, value: '.' }, Position { y: 1, x: 1, value: '.' }, Position { y: 1, x: 2, value: '.' }, Position { y: 1, x: 3, value: '*' }, Position { y: 1, x: 4, value: '.' }, Position { y: 1, x: 5, value: '.' }, Position { y: 1, x: 6, value: '.' }, Position { y: 1, x: 7, value: '.' }, Position { y: 1, x: 8, value: '.' }, Position { y: 1, x: 9, value: '.' }], [Position { y: 2, x: 0, value: '.' }, Position { y: 2, x: 1, value: '.' }, Position { y: 2, x: 2, value: '3' }, Position { y: 2, x: 3, value: '5' }, Position { y: 2, x: 4, value: '.' }, Position { y: 2, x: 5, value: '.' }, Position { y: 2, x: 6, value: '6' }, Position { y: 2, x: 7, value: '3' }, Position { y: 2, x: 8, value: '3' }, Position { y: 2, x: 9, value: '.' }], [Position { y: 3, x: 0, value: '.' }, Position { y: 3, x: 1, value: '.' }, Position { y: 3, x: 2, value: '.' }, Position { y: 3, x: 3, value: '.' }, Position { y: 3, x: 4, value: '.' }, Position { y: 3, x: 5, value: '.' }, Position { y: 3, x: 6, value: '#' }, Position { y: 3, x: 7, value: '.' }, Position { y: 3, x: 8, value: '.' }, Position { y: 3, x: 9, value: '.' }], [Position { y: 4, x: 0, value: '6' }, Position { y: 4, x: 1, value: '1' }, Position { y: 4, x: 2, value: '7' }, Position { y: 4, x: 3, value: '*' }, Position { y: 4, x: 4, value: '.' }, Position { y: 4, x: 5, value: '.' }, Position { y: 4, x: 6, value: '.' }, Position { y: 4, x: 7, value: '.' }, Position { y: 4, x: 8, value: '.' }, Position { y: 4, x: 9, value: '.' }], [Position { y: 5, x: 0, value: '.' }, Position { y: 5, x: 1, value: '.' }, Position { y: 5, x: 2, value: '.' }, Position { y: 5, x: 3, value: '.' }, Position { y: 5, x: 4, value: '.' }, Position { y: 5, x: 5, value: '+' }, Position { y: 5, x: 6, value: '.' }, Position { y: 5, x: 7, value: '5' }, Position { y: 5, x: 8, value: '8' }, Position { y: 5, x: 9, value: '.' }], [Position { y: 6, x: 0, value: '.' }, Position { y: 6, x: 1, value: '.' }, Position { y: 6, x: 2, value: '5' }, Position { y: 6, x: 3, value: '9' }, Position { y: 6, x: 4, value: '2' }, Position { y: 6, x: 5, value: '.' }, Position { y: 6, x: 6, value: '.' }, Position { y: 6, x: 7, value: '.' }, Position { y: 6, x: 8, value: '.' }, Position { y: 6, x: 9, value: '.' }], [Position { y: 7, x: 0, value: '.' }, Position { y: 7, x: 1, value: '.' }, Position { y: 7, x: 2, value: '.' }, Position { y: 7, x: 3, value: '.' }, Position { y: 7, x: 4, value: '.' }, Position { y: 7, x: 5, value: '.' }, Position { y: 7, x: 6, value: '7' }, Position { y: 7, x: 7, value: '5' }, Position { y: 7, x: 8, value: '5' }, Position { y: 7, x: 9, value: '.' }], [Position { y: 8, x: 0, value: '.' }, Position { y: 8, x: 1, value: '.' }, Position { y: 8, x: 2, value: '.' }, Position { y: 8, x: 3, value: '$' }, Position { y: 8, x: 4, value: '.' }, Position { y: 8, x: 5, value: '*' }, Position { y: 8, x: 6, value: '.' }, Position { y: 8, x: 7, value: '.' }, Position { y: 8, x: 8, value: '.' }, Position { y: 8, x: 9, value: '.' }], [Position { y: 9, x: 0, value: '.' }, Position { y: 9, x: 1, value: '6' }, Position { y: 9, x: 2, value: '6' }, Position { y: 9, x: 3, value: '4' }, Position { y: 9, x: 4, value: '.' }, Position { y: 9, x: 5, value: '5' }, Position { y: 9, x: 6, value: '9' }, Position { y: 9, x: 7, value: '8' }, Position { y: 9, x: 8, value: '.' }, Position { y: 9, x: 9, value: '.' }]]
[INFO] [stdout] 
[INFO] [stdout] thread 'gear_ratios::tests::it_works' panicked at day-3/src/gear_ratios.rs:45:9:
[INFO] [stdout] assertion `left == right` failed
[INFO] [stdout]   left: 4361
[INFO] [stdout]  right: 0
[INFO] [stdout] stack backtrace:
[INFO] [stdout]    0:     0x61c2c7a0b3da - std::backtrace_rs::backtrace::libunwind::trace::hb059275cfc8d6126
[INFO] [stdout]                                at /rustc/6067b36314ab5eb2eb47cecc464545ba58e1ad24/library/std/src/../../backtrace/src/backtrace/libunwind.rs:116:5
[INFO] [stdout]    1:     0x61c2c7a0b3da - std::backtrace_rs::backtrace::trace_unsynchronized::h2da071e4327ce3ee
[INFO] [stdout]                                at /rustc/6067b36314ab5eb2eb47cecc464545ba58e1ad24/library/std/src/../../backtrace/src/backtrace/mod.rs:66:5
[INFO] [stdout]    2:     0x61c2c7a0b3da - std::sys::backtrace::_print_fmt::h842a1474e6f8d23f
[INFO] [stdout]                                at /rustc/6067b36314ab5eb2eb47cecc464545ba58e1ad24/library/std/src/sys/backtrace.rs:66:9
[INFO] [stdout]    3:     0x61c2c7a0b3da - <std::sys::backtrace::BacktraceLock::print::DisplayBacktrace as core::fmt::Display>::fmt::h71a62eb3b9696b12
[INFO] [stdout]                                at /rustc/6067b36314ab5eb2eb47cecc464545ba58e1ad24/library/std/src/sys/backtrace.rs:39:26
[INFO] [stdout]    4:     0x61c2c7a32963 - core::fmt::rt::Argument::fmt::hdb6b616786b41dc1
[INFO] [stdout]                                at /rustc/6067b36314ab5eb2eb47cecc464545ba58e1ad24/library/core/src/fmt/rt.rs:177:76
[INFO] [stdout]    5:     0x61c2c7a32963 - core::fmt::write::h2cc1698af7e2d686
[INFO] [stdout]                                at /rustc/6067b36314ab5eb2eb47cecc464545ba58e1ad24/library/core/src/fmt/mod.rs:1440:21
[INFO] [stdout]    6:     0x61c2c7a07f33 - std::io::Write::write_fmt::hab1b4cd059a79022
[INFO] [stdout]                                at /rustc/6067b36314ab5eb2eb47cecc464545ba58e1ad24/library/std/src/io/mod.rs:1887:15
[INFO] [stdout]    7:     0x61c2c7a0b222 - std::sys::backtrace::BacktraceLock::print::h147fe35b4ea13b08
[INFO] [stdout]                                at /rustc/6067b36314ab5eb2eb47cecc464545ba58e1ad24/library/std/src/sys/backtrace.rs:42:9
[INFO] [stdout]    8:     0x61c2c7a0c7ff - std::panicking::default_hook::{{closure}}::hbd44223dbdc0d208
[INFO] [stdout]                                at /rustc/6067b36314ab5eb2eb47cecc464545ba58e1ad24/library/std/src/panicking.rs:298:22
[INFO] [stdout]    9:     0x61c2c7a0c618 - std::panicking::default_hook::h20f81eb0576efcec
[INFO] [stdout]                                at /rustc/6067b36314ab5eb2eb47cecc464545ba58e1ad24/library/std/src/panicking.rs:322:9
[INFO] [stdout]   10:     0x61c2c79d5433 - <alloc::boxed::Box<F,A> as core::ops::function::Fn<Args>>::call::hdb53814c496a4d34
[INFO] [stdout]                                at /rustc/6067b36314ab5eb2eb47cecc464545ba58e1ad24/library/alloc/src/boxed.rs:2027:9
[INFO] [stdout]   11:     0x61c2c79d5433 - test::test_main::{{closure}}::hc0a4963c59427c24
[INFO] [stdout]                                at /rustc/6067b36314ab5eb2eb47cecc464545ba58e1ad24/library/test/src/lib.rs:134:21
[INFO] [stdout]   12:     0x61c2c7a0d2f3 - <alloc::boxed::Box<F,A> as core::ops::function::Fn<Args>>::call::h591b2225413a77e9
[INFO] [stdout]                                at /rustc/6067b36314ab5eb2eb47cecc464545ba58e1ad24/library/alloc/src/boxed.rs:2027:9
[INFO] [stdout]   13:     0x61c2c7a0d2f3 - std::panicking::rust_panic_with_hook::h625eea43051b2edc
[INFO] [stdout]                                at /rustc/6067b36314ab5eb2eb47cecc464545ba58e1ad24/library/std/src/panicking.rs:839:13
[INFO] [stdout]   14:     0x61c2c7a0cfaa - std::panicking::begin_panic_handler::{{closure}}::h4f9159cfbc3f6bd3
[INFO] [stdout]                                at /rustc/6067b36314ab5eb2eb47cecc464545ba58e1ad24/library/std/src/panicking.rs:704:13
[INFO] [stdout]   15:     0x61c2c7a0b8d9 - std::sys::backtrace::__rust_end_short_backtrace::h0390abce48353151
[INFO] [stdout]                                at /rustc/6067b36314ab5eb2eb47cecc464545ba58e1ad24/library/std/src/sys/backtrace.rs:168:18
[INFO] [stdout]   16:     0x61c2c7a0cc3d - rust_begin_unwind
[INFO] [stdout]                                at /rustc/6067b36314ab5eb2eb47cecc464545ba58e1ad24/library/std/src/panicking.rs:695:5
[INFO] [stdout]   17:     0x61c2c7a31410 - core::panicking::panic_fmt::h9e7c637e9e5f29c9
[INFO] [stdout]                                at /rustc/6067b36314ab5eb2eb47cecc464545ba58e1ad24/library/core/src/panicking.rs:75:14
[INFO] [stdout]   18:     0x61c2c7a31732 - core::panicking::assert_failed_inner::h538bec7c1374cd9c
[INFO] [stdout]   19:     0x61c2c799946a - core::panicking::assert_failed::h5ef3814b997a76a2
[INFO] [stdout]                                at /rustc/6067b36314ab5eb2eb47cecc464545ba58e1ad24/library/core/src/panicking.rs:364:5
[INFO] [stdout]   20:     0x61c2c799b321 - day_3::gear_ratios::tests::it_works::hcbba40f984b9c1f5
[INFO] [stdout]                                at /opt/rustwide/workdir/day-3/src/gear_ratios.rs:45:9
[INFO] [stdout]   21:     0x61c2c799b187 - day_3::gear_ratios::tests::it_works::{{closure}}::h45c81b043b789c80
[INFO] [stdout]                                at /opt/rustwide/workdir/day-3/src/gear_ratios.rs:32:18
[INFO] [stdout]   22:     0x61c2c7998186 - core::ops::function::FnOnce::call_once::h8a8bcbcf32d7ee53
[INFO] [stdout]                                at /rustc/6067b36314ab5eb2eb47cecc464545ba58e1ad24/library/core/src/ops/function.rs:250:5
[INFO] [stdout]   23:     0x61c2c79dab8b - core::ops::function::FnOnce::call_once::he27718dfdd183f43
[INFO] [stdout]                                at /rustc/6067b36314ab5eb2eb47cecc464545ba58e1ad24/library/core/src/ops/function.rs:250:5
[INFO] [stdout]   24:     0x61c2c79dab8b - test::__rust_begin_short_backtrace::h4e84902998457a5d
[INFO] [stdout]                                at /rustc/6067b36314ab5eb2eb47cecc464545ba58e1ad24/library/test/src/lib.rs:632:18
[INFO] [stdout]   25:     0x61c2c79d9ac3 - test::run_test_in_process::{{closure}}::h7176fd18fc1feca0
[INFO] [stdout]                                at /rustc/6067b36314ab5eb2eb47cecc464545ba58e1ad24/library/test/src/lib.rs:655:60
[INFO] [stdout]   26:     0x61c2c79d9ac3 - <core::panic::unwind_safe::AssertUnwindSafe<F> as core::ops::function::FnOnce<()>>::call_once::hf79cff2a624d8cf7
[INFO] [stdout]                                at /rustc/6067b36314ab5eb2eb47cecc464545ba58e1ad24/library/core/src/panic/unwind_safe.rs:272:9
[INFO] [stdout]   27:     0x61c2c79d9ac3 - std::panicking::try::do_call::h3da0561d9ab99c25
[INFO] [stdout]                                at /rustc/6067b36314ab5eb2eb47cecc464545ba58e1ad24/library/std/src/panicking.rs:587:40
[INFO] [stdout]   28:     0x61c2c79d9ac3 - std::panicking::try::h41c9fa508bc61df6
[INFO] [stdout]                                at /rustc/6067b36314ab5eb2eb47cecc464545ba58e1ad24/library/std/src/panicking.rs:550:19
[INFO] [stdout]   29:     0x61c2c79d9ac3 - std::panic::catch_unwind::h6b3ff07bb5afad93
[INFO] [stdout]                                at /rustc/6067b36314ab5eb2eb47cecc464545ba58e1ad24/library/std/src/panic.rs:358:14
[INFO] [stdout]   30:     0x61c2c79d9ac3 - test::run_test_in_process::hc7253dd11b39b9f4
[INFO] [stdout]                                at /rustc/6067b36314ab5eb2eb47cecc464545ba58e1ad24/library/test/src/lib.rs:655:27
[INFO] [stdout]   31:     0x61c2c79d9ac3 - test::run_test::{{closure}}::hfb2007f8649c30bb
[INFO] [stdout]                                at /rustc/6067b36314ab5eb2eb47cecc464545ba58e1ad24/library/test/src/lib.rs:576:43
[INFO] [stdout]   32:     0x61c2c799cba5 - test::run_test::{{closure}}::h56a17aa7a282a9f4
[INFO] [stdout]                                at /rustc/6067b36314ab5eb2eb47cecc464545ba58e1ad24/library/test/src/lib.rs:606:41
[INFO] [stdout]   33:     0x61c2c799cba5 - std::sys::backtrace::__rust_begin_short_backtrace::hd2d2d2fb8e8c6aac
[INFO] [stdout]                                at /rustc/6067b36314ab5eb2eb47cecc464545ba58e1ad24/library/std/src/sys/backtrace.rs:152:18
[INFO] [stdout]   34:     0x61c2c79a048a - std::thread::Builder::spawn_unchecked_::{{closure}}::{{closure}}::h4faa3f9db6133423
[INFO] [stdout]                                at /rustc/6067b36314ab5eb2eb47cecc464545ba58e1ad24/library/std/src/thread/mod.rs:559:17
[INFO] [stdout]   35:     0x61c2c79a048a - <core::panic::unwind_safe::AssertUnwindSafe<F> as core::ops::function::FnOnce<()>>::call_once::hf2e855a36a4ea846
[INFO] [stdout]                                at /rustc/6067b36314ab5eb2eb47cecc464545ba58e1ad24/library/core/src/panic/unwind_safe.rs:272:9
[INFO] [stdout]   36:     0x61c2c79a048a - std::panicking::try::do_call::h2f73af3616c35465
[INFO] [stdout]                                at /rustc/6067b36314ab5eb2eb47cecc464545ba58e1ad24/library/std/src/panicking.rs:587:40
[INFO] [stdout]   37:     0x61c2c79a048a - std::panicking::try::hd1660ce9efadef5a
[INFO] [stdout]                                at /rustc/6067b36314ab5eb2eb47cecc464545ba58e1ad24/library/std/src/panicking.rs:550:19
[INFO] [stdout]   38:     0x61c2c79a048a - std::panic::catch_unwind::h5ee8d7823b8ca744
[INFO] [stdout]                                at /rustc/6067b36314ab5eb2eb47cecc464545ba58e1ad24/library/std/src/panic.rs:358:14
[INFO] [stdout]   39:     0x61c2c79a048a - std::thread::Builder::spawn_unchecked_::{{closure}}::h53c3a1894dce8407
[INFO] [stdout]                                at /rustc/6067b36314ab5eb2eb47cecc464545ba58e1ad24/library/std/src/thread/mod.rs:557:30
[INFO] [stdout]   40:     0x61c2c79a048a - core::ops::function::FnOnce::call_once{{vtable.shim}}::h048ce291ad4f62bf
[INFO] [stdout]                                at /rustc/6067b36314ab5eb2eb47cecc464545ba58e1ad24/library/core/src/ops/function.rs:250:5
[INFO] [stdout]   41:     0x61c2c7a1122b - <alloc::boxed::Box<F,A> as core::ops::function::FnOnce<Args>>::call_once::ha52bedf99a3b4981
[INFO] [stdout]                                at /rustc/6067b36314ab5eb2eb47cecc464545ba58e1ad24/library/alloc/src/boxed.rs:2013:9
[INFO] [stdout]   42:     0x61c2c7a1122b - <alloc::boxed::Box<F,A> as core::ops::function::FnOnce<Args>>::call_once::h567748934d80ccf8
[INFO] [stdout]                                at /rustc/6067b36314ab5eb2eb47cecc464545ba58e1ad24/library/alloc/src/boxed.rs:2013:9
[INFO] [stdout]   43:     0x61c2c7a1122b - std::sys::pal::unix::thread::Thread::new::thread_start::h2d970728ae887adc
[INFO] [stdout]                                at /rustc/6067b36314ab5eb2eb47cecc464545ba58e1ad24/library/std/src/sys/pal/unix/thread.rs:106:17
[INFO] [stdout]   44:     0x7b15a0994ac3 - <unknown>
[INFO] [stdout]   45:     0x7b15a0a25a04 - clone
[INFO] [stdout]   46:                0x0 - <unknown>
[INFO] [stdout] 
[INFO] [stdout] 
[INFO] [stdout] failures:
[INFO] [stdout]     gear_ratios::tests::it_works
[INFO] [stdout] 
[INFO] [stdout] test result: FAILED. 0 passed; 1 failed; 0 ignored; 0 measured; 0 filtered out; finished in 0.04s
[INFO] [stdout] 
[INFO] [stderr] error: test failed, to rerun pass `-p day-3 --lib`
[INFO] running `Command { std: "docker" "inspect" "605c30c0b5548d7e8b3307266f42c74b534f5acdb49cdae1408488545a5a2a5f", kill_on_drop: false }`
[INFO] running `Command { std: "docker" "rm" "-f" "605c30c0b5548d7e8b3307266f42c74b534f5acdb49cdae1408488545a5a2a5f", kill_on_drop: false }`
[INFO] [stdout] 605c30c0b5548d7e8b3307266f42c74b534f5acdb49cdae1408488545a5a2a5f
