[INFO] cloning repository https://github.com/Rynoxx/clipaha-rs
[INFO] running `Command { std: "git" "-c" "credential.helper=" "-c" "credential.helper=/workspace/cargo-home/bin/git-credential-null" "clone" "--bare" "https://github.com/Rynoxx/clipaha-rs" "/workspace/cache/git-repos/https%3A%2F%2Fgithub.com%2FRynoxx%2Fclipaha-rs", kill_on_drop: false }`
[INFO] [stderr] Cloning into bare repository '/workspace/cache/git-repos/https%3A%2F%2Fgithub.com%2FRynoxx%2Fclipaha-rs'...
[INFO] running `Command { std: "git" "rev-parse" "HEAD", kill_on_drop: false }`
[INFO] [stdout] 64bfdb3d1d517ebb177aae2ed1403e0454acf8c6
[INFO] testing Rynoxx/clipaha-rs against nightly-2025-01-18+rustflags=-Zrandomize-layout for randomize-layout-2
[INFO] running `Command { std: "git" "clone" "/workspace/cache/git-repos/https%3A%2F%2Fgithub.com%2FRynoxx%2Fclipaha-rs" "/workspace/builds/worker-0-tc2/source", kill_on_drop: false }`
[INFO] [stderr] Cloning into '/workspace/builds/worker-0-tc2/source'...
[INFO] [stderr] done.
[INFO] validating manifest of git repo https://github.com/Rynoxx/clipaha-rs on toolchain nightly-2025-01-18
[INFO] running `Command { std: CARGO_HOME="/workspace/cargo-home" RUSTUP_HOME="/workspace/rustup-home" "/workspace/cargo-home/bin/cargo" "+nightly-2025-01-18" "metadata" "--manifest-path" "Cargo.toml" "--no-deps", kill_on_drop: false }`
[INFO] started tweaking git repo https://github.com/Rynoxx/clipaha-rs
[INFO] finished tweaking git repo https://github.com/Rynoxx/clipaha-rs
[INFO] tweaked toml for git repo https://github.com/Rynoxx/clipaha-rs written to /workspace/builds/worker-0-tc2/source/Cargo.toml
[INFO] crate git repo https://github.com/Rynoxx/clipaha-rs already has a lockfile, it will not be regenerated
[INFO] running `Command { std: CARGO_HOME="/workspace/cargo-home" RUSTUP_HOME="/workspace/rustup-home" "/workspace/cargo-home/bin/cargo" "+nightly-2025-01-18" "fetch" "--manifest-path" "Cargo.toml", kill_on_drop: false }`
[INFO] running `Command { std: "docker" "create" "-v" "/var/lib/crater-agent-workspace/builds/worker-0-tc2/target:/opt/rustwide/target:rw,Z" "-v" "/var/lib/crater-agent-workspace/builds/worker-0-tc2/source:/opt/rustwide/workdir:ro,Z" "-v" "/var/lib/crater-agent-workspace/cargo-home:/opt/rustwide/cargo-home:ro,Z" "-v" "/var/lib/crater-agent-workspace/rustup-home:/opt/rustwide/rustup-home:ro,Z" "-e" "SOURCE_DIR=/opt/rustwide/workdir" "-e" "CARGO_TARGET_DIR=/opt/rustwide/target" "-e" "CARGO_HOME=/opt/rustwide/cargo-home" "-e" "RUSTUP_HOME=/opt/rustwide/rustup-home" "-w" "/opt/rustwide/workdir" "-m" "1610612736" "--user" "0:0" "--network" "none" "ghcr.io/rust-lang/crates-build-env/linux@sha256:819108c5571ea2e421544af4d832f968d213c87fbe3707a016657f43d2f853bc" "/opt/rustwide/cargo-home/bin/cargo" "+nightly-2025-01-18" "metadata" "--no-deps" "--format-version=1", kill_on_drop: false }`
[INFO] [stdout] cf9fbae26fae1fb0020e925aae833c45baadc528615f5af0089ecc0f3ae6a36a
[INFO] running `Command { std: "docker" "start" "-a" "cf9fbae26fae1fb0020e925aae833c45baadc528615f5af0089ecc0f3ae6a36a", kill_on_drop: false }`
[INFO] running `Command { std: "docker" "inspect" "cf9fbae26fae1fb0020e925aae833c45baadc528615f5af0089ecc0f3ae6a36a", kill_on_drop: false }`
[INFO] running `Command { std: "docker" "rm" "-f" "cf9fbae26fae1fb0020e925aae833c45baadc528615f5af0089ecc0f3ae6a36a", kill_on_drop: false }`
[INFO] [stdout] cf9fbae26fae1fb0020e925aae833c45baadc528615f5af0089ecc0f3ae6a36a
[INFO] running `Command { std: "docker" "create" "-v" "/var/lib/crater-agent-workspace/builds/worker-0-tc2/target:/opt/rustwide/target:rw,Z" "-v" "/var/lib/crater-agent-workspace/builds/worker-0-tc2/source:/opt/rustwide/workdir:ro,Z" "-v" "/var/lib/crater-agent-workspace/cargo-home:/opt/rustwide/cargo-home:ro,Z" "-v" "/var/lib/crater-agent-workspace/rustup-home:/opt/rustwide/rustup-home:ro,Z" "-e" "SOURCE_DIR=/opt/rustwide/workdir" "-e" "CARGO_TARGET_DIR=/opt/rustwide/target" "-e" "CARGO_INCREMENTAL=0" "-e" "RUST_BACKTRACE=full" "-e" "RUSTFLAGS=--cap-lints=forbid -Zrandomize-layout" "-e" "RUSTDOCFLAGS=--cap-lints=forbid" "-e" "CARGO_HOME=/opt/rustwide/cargo-home" "-e" "RUSTUP_HOME=/opt/rustwide/rustup-home" "-w" "/opt/rustwide/workdir" "-m" "1610612736" "--user" "0:0" "--network" "none" "ghcr.io/rust-lang/crates-build-env/linux@sha256:819108c5571ea2e421544af4d832f968d213c87fbe3707a016657f43d2f853bc" "/opt/rustwide/cargo-home/bin/cargo" "+nightly-2025-01-18" "build" "--frozen" "--message-format=json", kill_on_drop: false }`
[INFO] [stdout] d46378c95a310cfaaf2e89a97ba2ac24158656b5a574805a70fea381a6f65d4f
[INFO] running `Command { std: "docker" "start" "-a" "d46378c95a310cfaaf2e89a97ba2ac24158656b5a574805a70fea381a6f65d4f", kill_on_drop: false }`
[INFO] [stderr]    Compiling typenum v1.16.0
[INFO] [stderr]    Compiling version_check v0.9.4
[INFO] [stderr]    Compiling subtle v2.5.0
[INFO] [stderr]    Compiling base64ct v1.6.0
[INFO] [stderr]    Compiling rand_core v0.6.4
[INFO] [stderr]    Compiling password-hash v0.5.0
[INFO] [stderr]    Compiling generic-array v0.14.7
[INFO] [stderr]    Compiling crypto-common v0.1.6
[INFO] [stderr]    Compiling block-buffer v0.10.4
[INFO] [stderr]    Compiling digest v0.10.7
[INFO] [stderr]    Compiling blake2 v0.10.6
[INFO] [stderr]    Compiling argon2 v0.5.0
[INFO] [stderr]    Compiling clipaha-rs v0.9.0 (/opt/rustwide/workdir)
[INFO] [stderr]     Finished `dev` profile [unoptimized + debuginfo] target(s) in 4.48s
[INFO] running `Command { std: "docker" "inspect" "d46378c95a310cfaaf2e89a97ba2ac24158656b5a574805a70fea381a6f65d4f", kill_on_drop: false }`
[INFO] running `Command { std: "docker" "rm" "-f" "d46378c95a310cfaaf2e89a97ba2ac24158656b5a574805a70fea381a6f65d4f", kill_on_drop: false }`
[INFO] [stdout] d46378c95a310cfaaf2e89a97ba2ac24158656b5a574805a70fea381a6f65d4f
[INFO] running `Command { std: "docker" "create" "-v" "/var/lib/crater-agent-workspace/builds/worker-0-tc2/target:/opt/rustwide/target:rw,Z" "-v" "/var/lib/crater-agent-workspace/builds/worker-0-tc2/source:/opt/rustwide/workdir:ro,Z" "-v" "/var/lib/crater-agent-workspace/cargo-home:/opt/rustwide/cargo-home:ro,Z" "-v" "/var/lib/crater-agent-workspace/rustup-home:/opt/rustwide/rustup-home:ro,Z" "-e" "SOURCE_DIR=/opt/rustwide/workdir" "-e" "CARGO_TARGET_DIR=/opt/rustwide/target" "-e" "CARGO_INCREMENTAL=0" "-e" "RUST_BACKTRACE=full" "-e" "RUSTFLAGS=--cap-lints=forbid -Zrandomize-layout" "-e" "RUSTDOCFLAGS=--cap-lints=forbid" "-e" "CARGO_HOME=/opt/rustwide/cargo-home" "-e" "RUSTUP_HOME=/opt/rustwide/rustup-home" "-w" "/opt/rustwide/workdir" "-m" "1610612736" "--user" "0:0" "--network" "none" "ghcr.io/rust-lang/crates-build-env/linux@sha256:819108c5571ea2e421544af4d832f968d213c87fbe3707a016657f43d2f853bc" "/opt/rustwide/cargo-home/bin/cargo" "+nightly-2025-01-18" "test" "--frozen" "--no-run" "--message-format=json", kill_on_drop: false }`
[INFO] [stdout] 055c8192c47a24bbd01c6845bd9802b9b12d23225da47b4813fcd80c3269220d
[INFO] running `Command { std: "docker" "start" "-a" "055c8192c47a24bbd01c6845bd9802b9b12d23225da47b4813fcd80c3269220d", kill_on_drop: false }`
[INFO] [stderr]    Compiling clipaha-rs v0.9.0 (/opt/rustwide/workdir)
[INFO] [stderr]     Finished `test` profile [unoptimized + debuginfo] target(s) in 1.17s
[INFO] running `Command { std: "docker" "inspect" "055c8192c47a24bbd01c6845bd9802b9b12d23225da47b4813fcd80c3269220d", kill_on_drop: false }`
[INFO] running `Command { std: "docker" "rm" "-f" "055c8192c47a24bbd01c6845bd9802b9b12d23225da47b4813fcd80c3269220d", kill_on_drop: false }`
[INFO] [stdout] 055c8192c47a24bbd01c6845bd9802b9b12d23225da47b4813fcd80c3269220d
[INFO] running `Command { std: "docker" "create" "-v" "/var/lib/crater-agent-workspace/builds/worker-0-tc2/target:/opt/rustwide/target:rw,Z" "-v" "/var/lib/crater-agent-workspace/builds/worker-0-tc2/source:/opt/rustwide/workdir:ro,Z" "-v" "/var/lib/crater-agent-workspace/cargo-home:/opt/rustwide/cargo-home:ro,Z" "-v" "/var/lib/crater-agent-workspace/rustup-home:/opt/rustwide/rustup-home:ro,Z" "-e" "SOURCE_DIR=/opt/rustwide/workdir" "-e" "CARGO_TARGET_DIR=/opt/rustwide/target" "-e" "CARGO_INCREMENTAL=0" "-e" "RUST_BACKTRACE=full" "-e" "RUSTFLAGS=--cap-lints=forbid -Zrandomize-layout" "-e" "RUSTDOCFLAGS=--cap-lints=forbid" "-e" "CARGO_HOME=/opt/rustwide/cargo-home" "-e" "RUSTUP_HOME=/opt/rustwide/rustup-home" "-w" "/opt/rustwide/workdir" "-m" "1610612736" "--user" "0:0" "--network" "none" "ghcr.io/rust-lang/crates-build-env/linux@sha256:819108c5571ea2e421544af4d832f968d213c87fbe3707a016657f43d2f853bc" "/opt/rustwide/cargo-home/bin/cargo" "+nightly-2025-01-18" "test" "--frozen", kill_on_drop: false }`
[INFO] [stdout] c3c410e4426da23eb39a77643d24c89fbfb9b922f6e77907b4d2c100d8b76556
[INFO] running `Command { std: "docker" "start" "-a" "c3c410e4426da23eb39a77643d24c89fbfb9b922f6e77907b4d2c100d8b76556", kill_on_drop: false }`
[INFO] [stderr]     Finished `test` profile [unoptimized + debuginfo] target(s) in 0.02s
[INFO] [stderr]      Running unittests src/lib.rs (/opt/rustwide/target/debug/deps/clipaha_rs-b9f8e28bafb30d19)
[INFO] [stdout] 
[INFO] [stdout] running 8 tests
[INFO] [stdout] test test::test_try_from_str_invalid ... ok
[INFO] [stdout] test test::test_try_from_str_medium ... ok
[INFO] [stdout] test test::test_try_from_str_ultra ... ok
[INFO] [stdout] test test::test_try_from_str_low ... ok
[INFO] [stdout] test test::test_try_from_string ... ok
[INFO] [stdout] test test::test_try_from_str_high ... ok
[INFO] [stdout] test test::test_salt_different_domains has been running for over 60 seconds
[INFO] [stdout] test test::test_salt_different_users has been running for over 60 seconds
[INFO] [stdout] test test::test_salt_different_users ... ok
[INFO] [stdout] test test::test_salt_different_domains ... ok
[INFO] [stdout] 
[INFO] [stdout] test result: ok. 8 passed; 0 failed; 0 ignored; 0 measured; 0 filtered out; finished in 94.40s
[INFO] [stdout] 
[INFO] [stderr]    Doc-tests clipaha_rs
[INFO] [stdout] 
[INFO] [stdout] running 7 tests
[INFO] [stdout] test src/lib.rs - (line 8) - compile ... ok
[INFO] [stdout] test src/lib.rs - create_salt (line 106) ... ok
[INFO] [stdout] test src/lib.rs - create_salt (line 114) ... ok
[INFO] [stdout] test src/lib.rs - hash (line 164) ... FAILED
[INFO] [stdout] test src/lib.rs - hash (line 174) ... FAILED
[INFO] [stdout] test src/lib.rs - hash (line 144) ... ok
[INFO] [stdout] test src/lib.rs - hash (line 154) has been running for over 60 seconds
[INFO] [stdout] test src/lib.rs - hash (line 154) ... ok
[INFO] [stdout] 
[INFO] [stdout] failures:
[INFO] [stdout] 
[INFO] [stdout] ---- src/lib.rs - hash (line 164) stdout ----
[INFO] [stdout] Test executable failed (signal: 9 (SIGKILL)).
[INFO] [stdout] 
[INFO] [stdout] ---- src/lib.rs - hash (line 174) stdout ----
[INFO] [stdout] Test executable failed (signal: 9 (SIGKILL)).
[INFO] [stdout] 
[INFO] [stdout] 
[INFO] [stdout] failures:
[INFO] [stdout]     src/lib.rs - hash (line 164)
[INFO] [stdout]     src/lib.rs - hash (line 174)
[INFO] [stdout] 
[INFO] [stdout] test result: FAILED. 5 passed; 2 failed; 0 ignored; 0 measured; 0 filtered out; finished in 73.95s
[INFO] [stdout] 
[INFO] [stderr] error: doctest failed, to rerun pass `--doc`
[INFO] running `Command { std: "docker" "inspect" "c3c410e4426da23eb39a77643d24c89fbfb9b922f6e77907b4d2c100d8b76556", kill_on_drop: false }`
[INFO] running `Command { std: "docker" "rm" "-f" "c3c410e4426da23eb39a77643d24c89fbfb9b922f6e77907b4d2c100d8b76556", kill_on_drop: false }`
[INFO] [stdout] c3c410e4426da23eb39a77643d24c89fbfb9b922f6e77907b4d2c100d8b76556
