[INFO] cloning repository https://github.com/RobbingDaHood/my_little_rpg
[INFO] running `Command { std: "git" "-c" "credential.helper=" "-c" "credential.helper=/workspace/cargo-home/bin/git-credential-null" "clone" "--bare" "https://github.com/RobbingDaHood/my_little_rpg" "/workspace/cache/git-repos/https%3A%2F%2Fgithub.com%2FRobbingDaHood%2Fmy_little_rpg", kill_on_drop: false }`
[INFO] [stderr] Cloning into bare repository '/workspace/cache/git-repos/https%3A%2F%2Fgithub.com%2FRobbingDaHood%2Fmy_little_rpg'...
[INFO] running `Command { std: "git" "rev-parse" "HEAD", kill_on_drop: false }`
[INFO] [stdout] 3ad20b373aab1a76be7351258a68febc7291b571
[INFO] testing RobbingDaHood/my_little_rpg against nightly-2025-01-18+rustflags=-Zrandomize-layout for randomize-layout-2
[INFO] running `Command { std: "git" "clone" "/workspace/cache/git-repos/https%3A%2F%2Fgithub.com%2FRobbingDaHood%2Fmy_little_rpg" "/workspace/builds/worker-0-tc2/source", kill_on_drop: false }`
[INFO] [stderr] Cloning into '/workspace/builds/worker-0-tc2/source'...
[INFO] [stderr] done.
[INFO] validating manifest of git repo https://github.com/RobbingDaHood/my_little_rpg on toolchain nightly-2025-01-18
[INFO] running `Command { std: CARGO_HOME="/workspace/cargo-home" RUSTUP_HOME="/workspace/rustup-home" "/workspace/cargo-home/bin/cargo" "+nightly-2025-01-18" "metadata" "--manifest-path" "Cargo.toml" "--no-deps", kill_on_drop: false }`
[INFO] removed /workspace/builds/worker-0-tc2/source/rust-toolchain.toml
[INFO] started tweaking git repo https://github.com/RobbingDaHood/my_little_rpg
[INFO] finished tweaking git repo https://github.com/RobbingDaHood/my_little_rpg
[INFO] tweaked toml for git repo https://github.com/RobbingDaHood/my_little_rpg written to /workspace/builds/worker-0-tc2/source/Cargo.toml
[INFO] crate git repo https://github.com/RobbingDaHood/my_little_rpg already has a lockfile, it will not be regenerated
[INFO] running `Command { std: CARGO_HOME="/workspace/cargo-home" RUSTUP_HOME="/workspace/rustup-home" "/workspace/cargo-home/bin/cargo" "+nightly-2025-01-18" "fetch" "--manifest-path" "Cargo.toml", kill_on_drop: false }`
[INFO] running `Command { std: "docker" "create" "-v" "/var/lib/crater-agent-workspace/builds/worker-0-tc2/target:/opt/rustwide/target:rw,Z" "-v" "/var/lib/crater-agent-workspace/builds/worker-0-tc2/source:/opt/rustwide/workdir:ro,Z" "-v" "/var/lib/crater-agent-workspace/cargo-home:/opt/rustwide/cargo-home:ro,Z" "-v" "/var/lib/crater-agent-workspace/rustup-home:/opt/rustwide/rustup-home:ro,Z" "-e" "SOURCE_DIR=/opt/rustwide/workdir" "-e" "CARGO_TARGET_DIR=/opt/rustwide/target" "-e" "CARGO_HOME=/opt/rustwide/cargo-home" "-e" "RUSTUP_HOME=/opt/rustwide/rustup-home" "-w" "/opt/rustwide/workdir" "-m" "1610612736" "--user" "0:0" "--network" "none" "ghcr.io/rust-lang/crates-build-env/linux@sha256:819108c5571ea2e421544af4d832f968d213c87fbe3707a016657f43d2f853bc" "/opt/rustwide/cargo-home/bin/cargo" "+nightly-2025-01-18" "metadata" "--no-deps" "--format-version=1", kill_on_drop: false }`
[INFO] [stdout] db584ef7c1cdcf90c94293853f46010a0b0e68cb0751ce8b9f3687886d8b015a
[INFO] running `Command { std: "docker" "start" "-a" "db584ef7c1cdcf90c94293853f46010a0b0e68cb0751ce8b9f3687886d8b015a", kill_on_drop: false }`
[INFO] running `Command { std: "docker" "inspect" "db584ef7c1cdcf90c94293853f46010a0b0e68cb0751ce8b9f3687886d8b015a", kill_on_drop: false }`
[INFO] running `Command { std: "docker" "rm" "-f" "db584ef7c1cdcf90c94293853f46010a0b0e68cb0751ce8b9f3687886d8b015a", kill_on_drop: false }`
[INFO] [stdout] db584ef7c1cdcf90c94293853f46010a0b0e68cb0751ce8b9f3687886d8b015a
[INFO] running `Command { std: "docker" "create" "-v" "/var/lib/crater-agent-workspace/builds/worker-0-tc2/target:/opt/rustwide/target:rw,Z" "-v" "/var/lib/crater-agent-workspace/builds/worker-0-tc2/source:/opt/rustwide/workdir:ro,Z" "-v" "/var/lib/crater-agent-workspace/cargo-home:/opt/rustwide/cargo-home:ro,Z" "-v" "/var/lib/crater-agent-workspace/rustup-home:/opt/rustwide/rustup-home:ro,Z" "-e" "SOURCE_DIR=/opt/rustwide/workdir" "-e" "CARGO_TARGET_DIR=/opt/rustwide/target" "-e" "CARGO_INCREMENTAL=0" "-e" "RUST_BACKTRACE=full" "-e" "RUSTFLAGS=--cap-lints=forbid -Zrandomize-layout" "-e" "RUSTDOCFLAGS=--cap-lints=forbid" "-e" "CARGO_HOME=/opt/rustwide/cargo-home" "-e" "RUSTUP_HOME=/opt/rustwide/rustup-home" "-w" "/opt/rustwide/workdir" "-m" "1610612736" "--user" "0:0" "--network" "none" "ghcr.io/rust-lang/crates-build-env/linux@sha256:819108c5571ea2e421544af4d832f968d213c87fbe3707a016657f43d2f853bc" "/opt/rustwide/cargo-home/bin/cargo" "+nightly-2025-01-18" "build" "--frozen" "--message-format=json", kill_on_drop: false }`
[INFO] [stdout] d7c940e6ddfde4439553a4948d211f397146a2c6e81025de797d41bdc2ec1836
[INFO] running `Command { std: "docker" "start" "-a" "d7c940e6ddfde4439553a4948d211f397146a2c6e81025de797d41bdc2ec1836", kill_on_drop: false }`
[INFO] [stderr]    Compiling proc-macro2 v1.0.69
[INFO] [stderr]    Compiling unicode-ident v1.0.12
[INFO] [stderr]    Compiling libc v0.2.149
[INFO] [stderr]    Compiling syn v1.0.109
[INFO] [stderr]    Compiling serde v1.0.189
[INFO] [stderr]    Compiling unicode-width v0.1.11
[INFO] [stderr]    Compiling proc-macro-error-attr v1.0.4
[INFO] [stderr]    Compiling proc-macro-error v1.0.4
[INFO] [stderr]    Compiling unicode-segmentation v1.10.1
[INFO] [stderr]    Compiling textwrap v0.11.0
[INFO] [stderr]    Compiling bitflags v1.3.2
[INFO] [stderr]    Compiling vec_map v0.8.2
[INFO] [stderr]    Compiling ppv-lite86 v0.2.17
[INFO] [stderr]    Compiling ansi_term v0.12.1
[INFO] [stderr]    Compiling strsim v0.8.0
[INFO] [stderr]    Compiling serde_json v1.0.107
[INFO] [stderr]    Compiling itoa v1.0.9
[INFO] [stderr]    Compiling heck v0.3.3
[INFO] [stderr]    Compiling ryu v1.0.15
[INFO] [stderr]    Compiling quote v1.0.33
[INFO] [stderr]    Compiling syn v2.0.38
[INFO] [stderr]    Compiling getrandom v0.2.10
[INFO] [stderr]    Compiling atty v0.2.14
[INFO] [stderr]    Compiling clap v2.34.0
[INFO] [stderr]    Compiling rand_core v0.6.4
[INFO] [stderr]    Compiling rand_chacha v0.3.1
[INFO] [stderr]    Compiling rand v0.8.5
[INFO] [stderr]    Compiling serde_derive v1.0.189
[INFO] [stderr]    Compiling structopt-derive v0.4.18
[INFO] [stderr]    Compiling structopt v0.3.26
[INFO] [stderr]    Compiling rand_pcg v0.3.1
[INFO] [stderr]    Compiling my_little_rpg v0.2.0 (/opt/rustwide/workdir)
[INFO] [stderr]     Finished `dev` profile [unoptimized + debuginfo] target(s) in 34.65s
[INFO] running `Command { std: "docker" "inspect" "d7c940e6ddfde4439553a4948d211f397146a2c6e81025de797d41bdc2ec1836", kill_on_drop: false }`
[INFO] running `Command { std: "docker" "rm" "-f" "d7c940e6ddfde4439553a4948d211f397146a2c6e81025de797d41bdc2ec1836", kill_on_drop: false }`
[INFO] [stdout] d7c940e6ddfde4439553a4948d211f397146a2c6e81025de797d41bdc2ec1836
[INFO] running `Command { std: "docker" "create" "-v" "/var/lib/crater-agent-workspace/builds/worker-0-tc2/target:/opt/rustwide/target:rw,Z" "-v" "/var/lib/crater-agent-workspace/builds/worker-0-tc2/source:/opt/rustwide/workdir:ro,Z" "-v" "/var/lib/crater-agent-workspace/cargo-home:/opt/rustwide/cargo-home:ro,Z" "-v" "/var/lib/crater-agent-workspace/rustup-home:/opt/rustwide/rustup-home:ro,Z" "-e" "SOURCE_DIR=/opt/rustwide/workdir" "-e" "CARGO_TARGET_DIR=/opt/rustwide/target" "-e" "CARGO_INCREMENTAL=0" "-e" "RUST_BACKTRACE=full" "-e" "RUSTFLAGS=--cap-lints=forbid -Zrandomize-layout" "-e" "RUSTDOCFLAGS=--cap-lints=forbid" "-e" "CARGO_HOME=/opt/rustwide/cargo-home" "-e" "RUSTUP_HOME=/opt/rustwide/rustup-home" "-w" "/opt/rustwide/workdir" "-m" "1610612736" "--user" "0:0" "--network" "none" "ghcr.io/rust-lang/crates-build-env/linux@sha256:819108c5571ea2e421544af4d832f968d213c87fbe3707a016657f43d2f853bc" "/opt/rustwide/cargo-home/bin/cargo" "+nightly-2025-01-18" "test" "--frozen" "--no-run" "--message-format=json", kill_on_drop: false }`
[INFO] [stdout] cf6ee6d51010a61908e0d0975021011b8d8f269b1ebef511ebdb1bcde50ecddc
[INFO] running `Command { std: "docker" "start" "-a" "cf6ee6d51010a61908e0d0975021011b8d8f269b1ebef511ebdb1bcde50ecddc", kill_on_drop: false }`
[INFO] [stderr]    Compiling my_little_rpg v0.2.0 (/opt/rustwide/workdir)
[INFO] [stderr]     Finished `test` profile [unoptimized + debuginfo] target(s) in 5.45s
[INFO] running `Command { std: "docker" "inspect" "cf6ee6d51010a61908e0d0975021011b8d8f269b1ebef511ebdb1bcde50ecddc", kill_on_drop: false }`
[INFO] running `Command { std: "docker" "rm" "-f" "cf6ee6d51010a61908e0d0975021011b8d8f269b1ebef511ebdb1bcde50ecddc", kill_on_drop: false }`
[INFO] [stdout] cf6ee6d51010a61908e0d0975021011b8d8f269b1ebef511ebdb1bcde50ecddc
[INFO] running `Command { std: "docker" "create" "-v" "/var/lib/crater-agent-workspace/builds/worker-0-tc2/target:/opt/rustwide/target:rw,Z" "-v" "/var/lib/crater-agent-workspace/builds/worker-0-tc2/source:/opt/rustwide/workdir:ro,Z" "-v" "/var/lib/crater-agent-workspace/cargo-home:/opt/rustwide/cargo-home:ro,Z" "-v" "/var/lib/crater-agent-workspace/rustup-home:/opt/rustwide/rustup-home:ro,Z" "-e" "SOURCE_DIR=/opt/rustwide/workdir" "-e" "CARGO_TARGET_DIR=/opt/rustwide/target" "-e" "CARGO_INCREMENTAL=0" "-e" "RUST_BACKTRACE=full" "-e" "RUSTFLAGS=--cap-lints=forbid -Zrandomize-layout" "-e" "RUSTDOCFLAGS=--cap-lints=forbid" "-e" "CARGO_HOME=/opt/rustwide/cargo-home" "-e" "RUSTUP_HOME=/opt/rustwide/rustup-home" "-w" "/opt/rustwide/workdir" "-m" "1610612736" "--user" "0:0" "--network" "none" "ghcr.io/rust-lang/crates-build-env/linux@sha256:819108c5571ea2e421544af4d832f968d213c87fbe3707a016657f43d2f853bc" "/opt/rustwide/cargo-home/bin/cargo" "+nightly-2025-01-18" "test" "--frozen", kill_on_drop: false }`
[INFO] [stdout] b4f7a13b94d69f9f38e3075ca79e8f50733b6f046d79558dcb2267e9801587b8
[INFO] running `Command { std: "docker" "start" "-a" "b4f7a13b94d69f9f38e3075ca79e8f50733b6f046d79558dcb2267e9801587b8", kill_on_drop: false }`
[INFO] [stderr]     Finished `test` profile [unoptimized + debuginfo] target(s) in 0.07s
[INFO] [stderr]      Running unittests src/main.rs (/opt/rustwide/target/debug/deps/my_little_rpg-4ee7f52ea96cf7a6)
[INFO] [stdout] 
[INFO] [stdout] running 84 tests
[INFO] [stdout] test command::craft_expand_modifier::tests::tests_int::test_execute_expand_modifiers_absolute ... ok
[INFO] [stdout] test command::craft_expand_modifier::tests::tests_int::test_execute_expand_modifiers_relative_negative ... ok
[INFO] [stdout] test command::craft_reroll_modifier::tests::tests_int::test_execute_craft_item_mixed ... ok
[INFO] [stdout] test command::craft_reroll_modifier::tests::tests_int::test_execute_craft_item ... ok
[INFO] [stdout] test command::craft_expand_modifier::tests::tests_int::test_execute_expand_modifiers_relative_mix ... ok
[INFO] [stdout] test command::craft_expand_modifier::tests::tests_int::test_execute_expand_modifiers_relative_positive ... ok
[INFO] [stdout] test command::craft_reroll_modifier::tests::tests_int::test_execute_craft_item_negative ... ok
[INFO] [stdout] test command::craft_reroll_modifier::tests::tests_int::test_execute_craft_item_positive ... ok
[INFO] [stdout] test command::equip_swap::tests::tests_int::test_execute_equip_item_equipment_out_of_bounds ... ok
[INFO] [stdout] test command::equip_swap::tests::tests_int::test_execute_swap_equipped_item_equipped_item_1_out_of_bounds ... ok
[INFO] [stdout] test command::equip_swap::tests::tests_int::test_execute_swap_equipped_item ... ok
[INFO] [stdout] test command::equip_swap::tests::tests_int::test_execute_swap_equipped_item_equipped_item_1_and_2_are_the_same ... ok
[INFO] [stdout] test command::equip_swap::tests::tests_int::test_execute_equip_item_inventory_out_of_bounds ... ok
[INFO] [stdout] test command::expand_equipment_slots::tests::tests_int::test_execute_expand_equipment_slots ... ok
[INFO] [stdout] test command::equip_swap::tests::tests_int::test_execute_equip_item ... ok
[INFO] [stdout] test command::expand_max_element::tests::tests_int::test_execute_expand_max_element ... ok
[INFO] [stdout] test command::equip_swap::tests::tests_int::test_execute_swap_equipped_item_equipped_item_2_out_of_bounds ... ok
[INFO] [stdout] test command::expand_max_element::tests::tests_int::test_that_all_elements_can_be_hit ... ok
[INFO] [stdout] test command::expand_max_simultaneous_element::tests::tests_int::test_execute_expand_max_simultaneous_element ... ok
[INFO] [stdout] test command::craft_reroll_modifier::tests::tests_int::many_runs_test ... ok
[INFO] [stdout] test command::expand_min_element::tests::tests_int::test_that_all_elements_can_be_hit ... ok
[INFO] [stdout] test command::expand_min_simultanius_element::tests::tests_int::test_execute_expand_min_simultaneous_element ... ok
[INFO] [stdout] test command::expand_elements::tests::tests_int::seeding_test ... ok
[INFO] [stdout] test command::expand_max_element::tests::tests_int::seeding_test ... ok
[INFO] [stdout] test command::expand_min_element::tests::tests_int::test_execute_expand_min_element ... ok
[INFO] [stdout] test command::expand_elements::tests::tests_int::test_execute_expand_elements ... ok
[INFO] [stdout] test command::expand_places::tests::tests_int::test_execute_expand_places ... ok
[INFO] [stdout] test command::r#move::tests::tests_int::test_add_flatdamage_againstmaxresistance_too_little_does_not_work ... ok
[INFO] [stdout] test command::r#move::tests::tests_int::test_add_flatdamage_againstminresistance_works ... ok
[INFO] [stdout] test command::expand_places::tests::tests_int::many_runs_test ... ok
[INFO] [stdout] test command::r#move::tests::tests_int::test_add_flatdamage_againstmaxresistance_works ... ok
[INFO] [stdout] test command::r#move::tests::tests_int::test_add_flatdamage_too_little_does_not_work ... ok
[INFO] [stdout] test command::r#move::tests::tests_int::test_add_flatdamage_againstminresistance_too_little_does_not_work ... ok
[INFO] [stdout] test command::r#move::tests::tests_int::test_add_flatresistancereduction_works ... ok
[INFO] [stdout] test command::r#move::tests::tests_int::test_add_flatdamage_wrong_type_does_not_work ... ok
[INFO] [stdout] test command::r#move::tests::tests_int::test_add_flatdamage_works ... ok
[INFO] [stdout] test command::r#move::tests::tests_int::test_add_flatresistancereduction_too_little_does_not_work ... ok
[INFO] [stdout] test command::r#move::tests::tests_int::test_add_percentage_againstmaxresistance_increase_too_early_does_not_work ... ok
[INFO] [stdout] test command::r#move::tests::tests_int::test_add_flatresistancereduction_wrong_type_does_not_work ... ok
[INFO] [stdout] test command::r#move::tests::tests_int::test_add_percentage_againstmaxresistance_increase_works ... ok
[INFO] [stdout] test command::r#move::tests::tests_int::test_add_percentage_againstmaxresistance_increase_too_little_does_not_work ... ok
[INFO] [stdout] test command::r#move::tests::tests_int::test_add_percentage_againstminresistance_increase_works ... ok
[INFO] [stdout] test command::r#move::tests::tests_int::test_add_percentage_againstminresistance_increase_too_early_does_not_work ... ok
[INFO] [stdout] test command::r#move::tests::tests_int::test_add_percentage_againstminresistance_increase_too_little_does_not_work ... ok
[INFO] [stdout] test command::r#move::tests::tests_int::test_add_percentage_increase_treasure_works ... ok
[INFO] [stdout] test command::r#move::tests::tests_int::test_add_items_reward_works ... ok
[INFO] [stdout] test command::r#move::tests::tests_int::test_add_percentage_increase_too_little_does_not_work ... ok
[INFO] [stdout] test command::r#move::tests::tests_int::test_add_percentage_increase_works ... ok
[INFO] [stdout] test command::r#move::tests::tests_int::test_add_percentage_increase_wrong_type_does_not_work ... ok
[INFO] [stdout] test command::r#move::tests::tests_int::test_add_percentage_increase_too_early_does_not_work ... ok
[INFO] [stdout] test command::r#move::tests::tests_int::test_add_percentageresistancereduction_to_early_does_not_work ... ok
[INFO] [stdout] test command::r#move::tests::tests_int::test_add_percentageresistancereduction_works ... ok
[INFO] [stdout] test command::expand_min_element::tests::tests_int::seeding_test ... ok
[INFO] [stdout] test command::r#move::tests::tests_int::test_add_percentageresistancereduction_too_little_does_not_work ... ok
[INFO] [stdout] test command::r#move::tests::tests_int::test_execute_move_command_index_out_of_bounds ... ok
[INFO] [stdout] test command::r#move::tests::tests_int::test_execute_move_command_accumulate_resource_even_when_losing ... ok
[INFO] [stdout] test command::reorder_inventory::tests::tests_int::test_execute_equip_item ... ok
[INFO] [stdout] test command::reduce_difficulty::tests::tests_int::test_execute_reduce_difficulty ... ok
[INFO] [stdout] test command::roll_modifier::tests::tests_int::basic_test ... ok
[INFO] [stdout] test command::r#move::tests::tests_int::test_add_percentageresistancereduction_wrong_type_does_not_work ... ok
[INFO] [stdout] test command::r#move::tests::tests_int::test_manually_adding_five_mana_gets_standard_setup_to_work ... ok
[INFO] [stdout] test command::save_load::tests::tests_int::save_the_world_special_chars ... FAILED
[INFO] [stdout] test command::roll_modifier::tests::tests_int::test_many_runs ... ok
[INFO] [stdout] test command::save_load::tests::tests_int::seeding_test ... FAILED
[INFO] [stdout] test generator::place::tests::tests_int::many_runs_test ... ok
[INFO] [stdout] test generator::game::tests::tests_int::seeding_test_generate_new_game ... ok
[INFO] [stdout] test generator::place::tests::tests_int::test_generate_place ... ok
[INFO] [stdout] test generator::place::tests::tests_int::test_generate_place_one_element ... ok
[INFO] [stdout] test parser::basetype_parser::tests::tests_int::test_try_parse_possible_relative_indexes ... ok
[INFO] [stdout] test parser::basetype_parser::tests::tests_int::test_try_parse_usize ... ok
[INFO] [stdout] test parser::basetype_parser::tests::tests_int::test_try_parse_usize_error_negative_number ... ok
[INFO] [stdout] test parser::basetype_parser::tests::tests_int::test_try_parse_usize_error_not_a_number ... ok
[INFO] [stdout] test parser::commands::tests::tests_int::try_from ... ok
[INFO] [stdout] test parser::hex_encoder::tests::tests_int::hex_encode_decode ... ok
[INFO] [stdout] test the_world::place::tests_int::claim_rewards_all_resistance ... ok
[INFO] [stdout] test the_world::place::tests_int::claim_rewards_all_resistance_one_missing ... ok
[INFO] [stdout] test the_world::place::tests_int::claim_rewards_no_resistance ... ok
[INFO] [stdout] test command::craft_reroll_modifier::tests::tests_int::seeding_test ... ok
[INFO] [stdout] test command::craft_expand_modifier::tests::tests_int::seeding_test ... ok
[INFO] [stdout] test command::roll_modifier::tests::tests_int::seeding_test ... ok
[INFO] [stdout] test command::reduce_difficulty::tests::tests_int::seeding_test ... ok
[INFO] [stdout] test command::expand_places::tests::tests_int::seeding_test ... ok
[INFO] [stdout] test generator::game::tests::tests_int::seeding_test_generate_testing_game ... ok
[INFO] [stdout] test generator::place::tests::tests_int::seeding_test ... ok
[INFO] [stdout] 
[INFO] [stdout] failures:
[INFO] [stdout] 
[INFO] [stdout] ---- command::save_load::tests::tests_int::save_the_world_special_chars stdout ----
[INFO] [stdout] Using seed: 01010101010101010101010101010101
[INFO] [stdout] 
[INFO] [stdout] thread 'command::save_load::tests::tests_int::save_the_world_special_chars' panicked at src/command/save_load/tests.rs:20:94:
[INFO] [stdout] called `Result::unwrap()` on an `Err` value: SaveLoad { error_message: "Failed creating the folder for the save games, Reason: Read-only file system (os error 30)" }
[INFO] [stdout] stack backtrace:
[INFO] [stdout]    0:     0x61c905f0a36a - std::backtrace_rs::backtrace::libunwind::trace::hb059275cfc8d6126
[INFO] [stdout]                                at /rustc/6067b36314ab5eb2eb47cecc464545ba58e1ad24/library/std/src/../../backtrace/src/backtrace/libunwind.rs:116:5
[INFO] [stdout]    1:     0x61c905f0a36a - std::backtrace_rs::backtrace::trace_unsynchronized::h2da071e4327ce3ee
[INFO] [stdout]                                at /rustc/6067b36314ab5eb2eb47cecc464545ba58e1ad24/library/std/src/../../backtrace/src/backtrace/mod.rs:66:5
[INFO] [stdout]    2:     0x61c905f0a36a - std::sys::backtrace::_print_fmt::h842a1474e6f8d23f
[INFO] [stdout]                                at /rustc/6067b36314ab5eb2eb47cecc464545ba58e1ad24/library/std/src/sys/backtrace.rs:66:9
[INFO] [stdout]    3:     0x61c905f0a36a - <std::sys::backtrace::BacktraceLock::print::DisplayBacktrace as core::fmt::Display>::fmt::h71a62eb3b9696b12
[INFO] [stdout]                                at /rustc/6067b36314ab5eb2eb47cecc464545ba58e1ad24/library/std/src/sys/backtrace.rs:39:26
[INFO] [stdout]    4:     0x61c905f32973 - core::fmt::rt::Argument::fmt::hdb6b616786b41dc1
[INFO] [stdout]                                at /rustc/6067b36314ab5eb2eb47cecc464545ba58e1ad24/library/core/src/fmt/rt.rs:177:76
[INFO] [stdout]    5:     0x61c905f32973 - core::fmt::write::h2cc1698af7e2d686
[INFO] [stdout]                                at /rustc/6067b36314ab5eb2eb47cecc464545ba58e1ad24/library/core/src/fmt/mod.rs:1440:21
[INFO] [stdout]    6:     0x61c905f06e13 - std::io::Write::write_fmt::hab1b4cd059a79022
[INFO] [stdout]                                at /rustc/6067b36314ab5eb2eb47cecc464545ba58e1ad24/library/std/src/io/mod.rs:1887:15
[INFO] [stdout]    7:     0x61c905f0a1b2 - std::sys::backtrace::BacktraceLock::print::h147fe35b4ea13b08
[INFO] [stdout]                                at /rustc/6067b36314ab5eb2eb47cecc464545ba58e1ad24/library/std/src/sys/backtrace.rs:42:9
[INFO] [stdout]    8:     0x61c905f0b78f - std::panicking::default_hook::{{closure}}::hbd44223dbdc0d208
[INFO] [stdout]                                at /rustc/6067b36314ab5eb2eb47cecc464545ba58e1ad24/library/std/src/panicking.rs:298:22
[INFO] [stdout]    9:     0x61c905f0b5a8 - std::panicking::default_hook::h20f81eb0576efcec
[INFO] [stdout]                                at /rustc/6067b36314ab5eb2eb47cecc464545ba58e1ad24/library/std/src/panicking.rs:322:9
[INFO] [stdout]   10:     0x61c905ea18d3 - <alloc::boxed::Box<F,A> as core::ops::function::Fn<Args>>::call::hdb53814c496a4d34
[INFO] [stdout]                                at /rustc/6067b36314ab5eb2eb47cecc464545ba58e1ad24/library/alloc/src/boxed.rs:2027:9
[INFO] [stdout]   11:     0x61c905ea18d3 - test::test_main::{{closure}}::hc0a4963c59427c24
[INFO] [stdout]                                at /rustc/6067b36314ab5eb2eb47cecc464545ba58e1ad24/library/test/src/lib.rs:134:21
[INFO] [stdout]   12:     0x61c905f0c283 - <alloc::boxed::Box<F,A> as core::ops::function::Fn<Args>>::call::h591b2225413a77e9
[INFO] [stdout]                                at /rustc/6067b36314ab5eb2eb47cecc464545ba58e1ad24/library/alloc/src/boxed.rs:2027:9
[INFO] [stdout]   13:     0x61c905f0c283 - std::panicking::rust_panic_with_hook::h625eea43051b2edc
[INFO] [stdout]                                at /rustc/6067b36314ab5eb2eb47cecc464545ba58e1ad24/library/std/src/panicking.rs:839:13
[INFO] [stdout]   14:     0x61c905f0bf3a - std::panicking::begin_panic_handler::{{closure}}::h4f9159cfbc3f6bd3
[INFO] [stdout]                                at /rustc/6067b36314ab5eb2eb47cecc464545ba58e1ad24/library/std/src/panicking.rs:704:13
[INFO] [stdout]   15:     0x61c905f0a869 - std::sys::backtrace::__rust_end_short_backtrace::h0390abce48353151
[INFO] [stdout]                                at /rustc/6067b36314ab5eb2eb47cecc464545ba58e1ad24/library/std/src/sys/backtrace.rs:168:18
[INFO] [stdout]   16:     0x61c905f0bbcd - rust_begin_unwind
[INFO] [stdout]                                at /rustc/6067b36314ab5eb2eb47cecc464545ba58e1ad24/library/std/src/panicking.rs:695:5
[INFO] [stdout]   17:     0x61c905f31000 - core::panicking::panic_fmt::h9e7c637e9e5f29c9
[INFO] [stdout]                                at /rustc/6067b36314ab5eb2eb47cecc464545ba58e1ad24/library/core/src/panicking.rs:75:14
[INFO] [stdout]   18:     0x61c905f31476 - core::result::unwrap_failed::h7979f09313fe1849
[INFO] [stdout]                                at /rustc/6067b36314ab5eb2eb47cecc464545ba58e1ad24/library/core/src/result.rs:1704:5
[INFO] [stdout]   19:     0x61c905e42c66 - core::result::Result<T,E>::unwrap::ha1f4e6a6078f06e2
[INFO] [stdout]                                at /rustc/6067b36314ab5eb2eb47cecc464545ba58e1ad24/library/core/src/result.rs:1109:23
[INFO] [stdout]   20:     0x61c905e42c66 - my_little_rpg::command::save_load::tests::tests_int::save_the_world_special_chars::hebc79f315f1547a5
[INFO] [stdout]                                at /opt/rustwide/workdir/src/command/save_load/tests.rs:20:13
[INFO] [stdout]   21:     0x61c905e42a97 - my_little_rpg::command::save_load::tests::tests_int::save_the_world_special_chars::{{closure}}::h7484792d6cd7098c
[INFO] [stdout]                                at /opt/rustwide/workdir/src/command/save_load/tests.rs:15:38
[INFO] [stdout]   22:     0x61c905e12376 - core::ops::function::FnOnce::call_once::h72fac5b4aeac16c0
[INFO] [stdout]                                at /rustc/6067b36314ab5eb2eb47cecc464545ba58e1ad24/library/core/src/ops/function.rs:250:5
[INFO] [stdout]   23:     0x61c905ea702b - core::ops::function::FnOnce::call_once::he27718dfdd183f43
[INFO] [stdout]                                at /rustc/6067b36314ab5eb2eb47cecc464545ba58e1ad24/library/core/src/ops/function.rs:250:5
[INFO] [stdout]   24:     0x61c905ea702b - test::__rust_begin_short_backtrace::h4e84902998457a5d
[INFO] [stdout]                                at /rustc/6067b36314ab5eb2eb47cecc464545ba58e1ad24/library/test/src/lib.rs:632:18
[INFO] [stdout]   25:     0x61c905ea5f63 - test::run_test_in_process::{{closure}}::h7176fd18fc1feca0
[INFO] [stdout]                                at /rustc/6067b36314ab5eb2eb47cecc464545ba58e1ad24/library/test/src/lib.rs:655:60
[INFO] [stdout]   26:     0x61c905ea5f63 - <core::panic::unwind_safe::AssertUnwindSafe<F> as core::ops::function::FnOnce<()>>::call_once::hf79cff2a624d8cf7
[INFO] [stdout]                                at /rustc/6067b36314ab5eb2eb47cecc464545ba58e1ad24/library/core/src/panic/unwind_safe.rs:272:9
[INFO] [stdout]   27:     0x61c905ea5f63 - std::panicking::try::do_call::h3da0561d9ab99c25
[INFO] [stdout]                                at /rustc/6067b36314ab5eb2eb47cecc464545ba58e1ad24/library/std/src/panicking.rs:587:40
[INFO] [stdout]   28:     0x61c905ea5f63 - std::panicking::try::h41c9fa508bc61df6
[INFO] [stdout]                                at /rustc/6067b36314ab5eb2eb47cecc464545ba58e1ad24/library/std/src/panicking.rs:550:19
[INFO] [stdout]   29:     0x61c905ea5f63 - std::panic::catch_unwind::h6b3ff07bb5afad93
[INFO] [stdout]                                at /rustc/6067b36314ab5eb2eb47cecc464545ba58e1ad24/library/std/src/panic.rs:358:14
[INFO] [stdout]   30:     0x61c905ea5f63 - test::run_test_in_process::hc7253dd11b39b9f4
[INFO] [stdout]                                at /rustc/6067b36314ab5eb2eb47cecc464545ba58e1ad24/library/test/src/lib.rs:655:27
[INFO] [stdout]   31:     0x61c905ea5f63 - test::run_test::{{closure}}::hfb2007f8649c30bb
[INFO] [stdout]                                at /rustc/6067b36314ab5eb2eb47cecc464545ba58e1ad24/library/test/src/lib.rs:576:43
[INFO] [stdout]   32:     0x61c905e69045 - test::run_test::{{closure}}::h56a17aa7a282a9f4
[INFO] [stdout]                                at /rustc/6067b36314ab5eb2eb47cecc464545ba58e1ad24/library/test/src/lib.rs:606:41
[INFO] [stdout]   33:     0x61c905e69045 - std::sys::backtrace::__rust_begin_short_backtrace::hd2d2d2fb8e8c6aac
[INFO] [stdout]                                at /rustc/6067b36314ab5eb2eb47cecc464545ba58e1ad24/library/std/src/sys/backtrace.rs:152:18
[INFO] [stdout]   34:     0x61c905e6c92a - std::thread::Builder::spawn_unchecked_::{{closure}}::{{closure}}::h4faa3f9db6133423
[INFO] [stdout]                                at /rustc/6067b36314ab5eb2eb47cecc464545ba58e1ad24/library/std/src/thread/mod.rs:559:17
[INFO] [stdout]   35:     0x61c905e6c92a - <core::panic::unwind_safe::AssertUnwindSafe<F> as core::ops::function::FnOnce<()>>::call_once::hf2e855a36a4ea846
[INFO] [stdout]                                at /rustc/6067b36314ab5eb2eb47cecc464545ba58e1ad24/library/core/src/panic/unwind_safe.rs:272:9
[INFO] [stdout]   36:     0x61c905e6c92a - std::panicking::try::do_call::h2f73af3616c35465
[INFO] [stdout]                                at /rustc/6067b36314ab5eb2eb47cecc464545ba58e1ad24/library/std/src/panicking.rs:587:40
[INFO] [stdout]   37:     0x61c905e6c92a - std::panicking::try::hd1660ce9efadef5a
[INFO] [stdout]                                at /rustc/6067b36314ab5eb2eb47cecc464545ba58e1ad24/library/std/src/panicking.rs:550:19
[INFO] [stdout]   38:     0x61c905e6c92a - std::panic::catch_unwind::h5ee8d7823b8ca744
[INFO] [stdout]                                at /rustc/6067b36314ab5eb2eb47cecc464545ba58e1ad24/library/std/src/panic.rs:358:14
[INFO] [stdout]   39:     0x61c905e6c92a - std::thread::Builder::spawn_unchecked_::{{closure}}::h53c3a1894dce8407
[INFO] [stdout]                                at /rustc/6067b36314ab5eb2eb47cecc464545ba58e1ad24/library/std/src/thread/mod.rs:557:30
[INFO] [stdout]   40:     0x61c905e6c92a - core::ops::function::FnOnce::call_once{{vtable.shim}}::h048ce291ad4f62bf
[INFO] [stdout]                                at /rustc/6067b36314ab5eb2eb47cecc464545ba58e1ad24/library/core/src/ops/function.rs:250:5
[INFO] [stdout]   41:     0x61c905f10bcb - <alloc::boxed::Box<F,A> as core::ops::function::FnOnce<Args>>::call_once::ha52bedf99a3b4981
[INFO] [stdout]                                at /rustc/6067b36314ab5eb2eb47cecc464545ba58e1ad24/library/alloc/src/boxed.rs:2013:9
[INFO] [stdout]   42:     0x61c905f10bcb - <alloc::boxed::Box<F,A> as core::ops::function::FnOnce<Args>>::call_once::h567748934d80ccf8
[INFO] [stdout]                                at /rustc/6067b36314ab5eb2eb47cecc464545ba58e1ad24/library/alloc/src/boxed.rs:2013:9
[INFO] [stdout]   43:     0x61c905f10bcb - std::sys::pal::unix::thread::Thread::new::thread_start::h2d970728ae887adc
[INFO] [stdout]                                at /rustc/6067b36314ab5eb2eb47cecc464545ba58e1ad24/library/std/src/sys/pal/unix/thread.rs:106:17
[INFO] [stdout]   44:     0x7c7a93eb3ac3 - <unknown>
[INFO] [stdout]   45:     0x7c7a93f44a04 - clone
[INFO] [stdout]   46:                0x0 - <unknown>
[INFO] [stdout] 
[INFO] [stdout] ---- command::save_load::tests::tests_int::seeding_test stdout ----
[INFO] [stdout] Using seed: 01010101010101010101010101010101
[INFO] [stdout] Using seed: 01010101010101010101010101010101
[INFO] [stdout] 
[INFO] [stdout] thread 'command::save_load::tests::tests_int::seeding_test' panicked at src/command/save_load/tests.rs:35:95:
[INFO] [stdout] called `Result::unwrap()` on an `Err` value: SaveLoad { error_message: "Failed creating the folder for the save games, Reason: Read-only file system (os error 30)" }
[INFO] [stdout] stack backtrace:
[INFO] [stdout]    0:     0x61c905f0a36a - std::backtrace_rs::backtrace::libunwind::trace::hb059275cfc8d6126
[INFO] [stdout]                                at /rustc/6067b36314ab5eb2eb47cecc464545ba58e1ad24/library/std/src/../../backtrace/src/backtrace/libunwind.rs:116:5
[INFO] [stdout]    1:     0x61c905f0a36a - std::backtrace_rs::backtrace::trace_unsynchronized::h2da071e4327ce3ee
[INFO] [stdout]                                at /rustc/6067b36314ab5eb2eb47cecc464545ba58e1ad24/library/std/src/../../backtrace/src/backtrace/mod.rs:66:5
[INFO] [stdout]    2:     0x61c905f0a36a - std::sys::backtrace::_print_fmt::h842a1474e6f8d23f
[INFO] [stdout]                                at /rustc/6067b36314ab5eb2eb47cecc464545ba58e1ad24/library/std/src/sys/backtrace.rs:66:9
[INFO] [stdout]    3:     0x61c905f0a36a - <std::sys::backtrace::BacktraceLock::print::DisplayBacktrace as core::fmt::Display>::fmt::h71a62eb3b9696b12
[INFO] [stdout]                                at /rustc/6067b36314ab5eb2eb47cecc464545ba58e1ad24/library/std/src/sys/backtrace.rs:39:26
[INFO] [stdout]    4:     0x61c905f32973 - core::fmt::rt::Argument::fmt::hdb6b616786b41dc1
[INFO] [stdout]                                at /rustc/6067b36314ab5eb2eb47cecc464545ba58e1ad24/library/core/src/fmt/rt.rs:177:76
[INFO] [stdout]    5:     0x61c905f32973 - core::fmt::write::h2cc1698af7e2d686
[INFO] [stdout]                                at /rustc/6067b36314ab5eb2eb47cecc464545ba58e1ad24/library/core/src/fmt/mod.rs:1440:21
[INFO] [stdout]    6:     0x61c905f06e13 - std::io::Write::write_fmt::hab1b4cd059a79022
[INFO] [stdout]                                at /rustc/6067b36314ab5eb2eb47cecc464545ba58e1ad24/library/std/src/io/mod.rs:1887:15
[INFO] [stdout]    7:     0x61c905f0a1b2 - std::sys::backtrace::BacktraceLock::print::h147fe35b4ea13b08
[INFO] [stdout]                                at /rustc/6067b36314ab5eb2eb47cecc464545ba58e1ad24/library/std/src/sys/backtrace.rs:42:9
[INFO] [stdout]    8:     0x61c905f0b78f - std::panicking::default_hook::{{closure}}::hbd44223dbdc0d208
[INFO] [stdout]                                at /rustc/6067b36314ab5eb2eb47cecc464545ba58e1ad24/library/std/src/panicking.rs:298:22
[INFO] [stdout]    9:     0x61c905f0b5a8 - std::panicking::default_hook::h20f81eb0576efcec
[INFO] [stdout]                                at /rustc/6067b36314ab5eb2eb47cecc464545ba58e1ad24/library/std/src/panicking.rs:322:9
[INFO] [stdout]   10:     0x61c905ea18d3 - <alloc::boxed::Box<F,A> as core::ops::function::Fn<Args>>::call::hdb53814c496a4d34
[INFO] [stdout]                                at /rustc/6067b36314ab5eb2eb47cecc464545ba58e1ad24/library/alloc/src/boxed.rs:2027:9
[INFO] [stdout]   11:     0x61c905ea18d3 - test::test_main::{{closure}}::hc0a4963c59427c24
[INFO] [stdout]                                at /rustc/6067b36314ab5eb2eb47cecc464545ba58e1ad24/library/test/src/lib.rs:134:21
[INFO] [stdout]   12:     0x61c905f0c283 - <alloc::boxed::Box<F,A> as core::ops::function::Fn<Args>>::call::h591b2225413a77e9
[INFO] [stdout]                                at /rustc/6067b36314ab5eb2eb47cecc464545ba58e1ad24/library/alloc/src/boxed.rs:2027:9
[INFO] [stdout]   13:     0x61c905f0c283 - std::panicking::rust_panic_with_hook::h625eea43051b2edc
[INFO] [stdout]                                at /rustc/6067b36314ab5eb2eb47cecc464545ba58e1ad24/library/std/src/panicking.rs:839:13
[INFO] [stdout]   14:     0x61c905f0bf3a - std::panicking::begin_panic_handler::{{closure}}::h4f9159cfbc3f6bd3
[INFO] [stdout]                                at /rustc/6067b36314ab5eb2eb47cecc464545ba58e1ad24/library/std/src/panicking.rs:704:13
[INFO] [stdout]   15:     0x61c905f0a869 - std::sys::backtrace::__rust_end_short_backtrace::h0390abce48353151
[INFO] [stdout]                                at /rustc/6067b36314ab5eb2eb47cecc464545ba58e1ad24/library/std/src/sys/backtrace.rs:168:18
[INFO] [stdout]   16:     0x61c905f0bbcd - rust_begin_unwind
[INFO] [stdout]                                at /rustc/6067b36314ab5eb2eb47cecc464545ba58e1ad24/library/std/src/panicking.rs:695:5
[INFO] [stdout]   17:     0x61c905f31000 - core::panicking::panic_fmt::h9e7c637e9e5f29c9
[INFO] [stdout]                                at /rustc/6067b36314ab5eb2eb47cecc464545ba58e1ad24/library/core/src/panicking.rs:75:14
[INFO] [stdout]   18:     0x61c905f31476 - core::result::unwrap_failed::h7979f09313fe1849
[INFO] [stdout]                                at /rustc/6067b36314ab5eb2eb47cecc464545ba58e1ad24/library/core/src/result.rs:1704:5
[INFO] [stdout]   19:     0x61c905e4315b - core::result::Result<T,E>::unwrap::ha1f4e6a6078f06e2
[INFO] [stdout]                                at /rustc/6067b36314ab5eb2eb47cecc464545ba58e1ad24/library/core/src/result.rs:1109:23
[INFO] [stdout]   20:     0x61c905e4315b - my_little_rpg::command::save_load::tests::tests_int::seeding_test::h69917038c69a1d30
[INFO] [stdout]                                at /opt/rustwide/workdir/src/command/save_load/tests.rs:35:13
[INFO] [stdout]   21:     0x61c905e42e37 - my_little_rpg::command::save_load::tests::tests_int::seeding_test::{{closure}}::h7b76f9b876c5ad17
[INFO] [stdout]                                at /opt/rustwide/workdir/src/command/save_load/tests.rs:27:22
[INFO] [stdout]   22:     0x61c905e11ca6 - core::ops::function::FnOnce::call_once::h41f31bf4f882f6ee
[INFO] [stdout]                                at /rustc/6067b36314ab5eb2eb47cecc464545ba58e1ad24/library/core/src/ops/function.rs:250:5
[INFO] [stdout]   23:     0x61c905ea702b - core::ops::function::FnOnce::call_once::he27718dfdd183f43
[INFO] [stdout]                                at /rustc/6067b36314ab5eb2eb47cecc464545ba58e1ad24/library/core/src/ops/function.rs:250:5
[INFO] [stdout]   24:     0x61c905ea702b - test::__rust_begin_short_backtrace::h4e84902998457a5d
[INFO] [stdout]                                at /rustc/6067b36314ab5eb2eb47cecc464545ba58e1ad24/library/test/src/lib.rs:632:18
[INFO] [stdout]   25:     0x61c905ea5f63 - test::run_test_in_process::{{closure}}::h7176fd18fc1feca0
[INFO] [stdout]                                at /rustc/6067b36314ab5eb2eb47cecc464545ba58e1ad24/library/test/src/lib.rs:655:60
[INFO] [stdout]   26:     0x61c905ea5f63 - <core::panic::unwind_safe::AssertUnwindSafe<F> as core::ops::function::FnOnce<()>>::call_once::hf79cff2a624d8cf7
[INFO] [stdout]                                at /rustc/6067b36314ab5eb2eb47cecc464545ba58e1ad24/library/core/src/panic/unwind_safe.rs:272:9
[INFO] [stdout]   27:     0x61c905ea5f63 - std::panicking::try::do_call::h3da0561d9ab99c25
[INFO] [stdout]                                at /rustc/6067b36314ab5eb2eb47cecc464545ba58e1ad24/library/std/src/panicking.rs:587:40
[INFO] [stdout]   28:     0x61c905ea5f63 - std::panicking::try::h41c9fa508bc61df6
[INFO] [stdout]                                at /rustc/6067b36314ab5eb2eb47cecc464545ba58e1ad24/library/std/src/panicking.rs:550:19
[INFO] [stdout]   29:     0x61c905ea5f63 - std::panic::catch_unwind::h6b3ff07bb5afad93
[INFO] [stdout]                                at /rustc/6067b36314ab5eb2eb47cecc464545ba58e1ad24/library/std/src/panic.rs:358:14
[INFO] [stdout]   30:     0x61c905ea5f63 - test::run_test_in_process::hc7253dd11b39b9f4
[INFO] [stdout]                                at /rustc/6067b36314ab5eb2eb47cecc464545ba58e1ad24/library/test/src/lib.rs:655:27
[INFO] [stdout]   31:     0x61c905ea5f63 - test::run_test::{{closure}}::hfb2007f8649c30bb
[INFO] [stdout]                                at /rustc/6067b36314ab5eb2eb47cecc464545ba58e1ad24/library/test/src/lib.rs:576:43
[INFO] [stdout]   32:     0x61c905e69045 - test::run_test::{{closure}}::h56a17aa7a282a9f4
[INFO] [stdout]                                at /rustc/6067b36314ab5eb2eb47cecc464545ba58e1ad24/library/test/src/lib.rs:606:41
[INFO] [stdout]   33:     0x61c905e69045 - std::sys::backtrace::__rust_begin_short_backtrace::hd2d2d2fb8e8c6aac
[INFO] [stdout]                                at /rustc/6067b36314ab5eb2eb47cecc464545ba58e1ad24/library/std/src/sys/backtrace.rs:152:18
[INFO] [stdout]   34:     0x61c905e6c92a - std::thread::Builder::spawn_unchecked_::{{closure}}::{{closure}}::h4faa3f9db6133423
[INFO] [stdout]                                at /rustc/6067b36314ab5eb2eb47cecc464545ba58e1ad24/library/std/src/thread/mod.rs:559:17
[INFO] [stdout]   35:     0x61c905e6c92a - <core::panic::unwind_safe::AssertUnwindSafe<F> as core::ops::function::FnOnce<()>>::call_once::hf2e855a36a4ea846
[INFO] [stdout]                                at /rustc/6067b36314ab5eb2eb47cecc464545ba58e1ad24/library/core/src/panic/unwind_safe.rs:272:9
[INFO] [stdout]   36:     0x61c905e6c92a - std::panicking::try::do_call::h2f73af3616c35465
[INFO] [stdout]                                at /rustc/6067b36314ab5eb2eb47cecc464545ba58e1ad24/library/std/src/panicking.rs:587:40
[INFO] [stdout]   37:     0x61c905e6c92a - std::panicking::try::hd1660ce9efadef5a
[INFO] [stdout]                                at /rustc/6067b36314ab5eb2eb47cecc464545ba58e1ad24/library/std/src/panicking.rs:550:19
[INFO] [stdout]   38:     0x61c905e6c92a - std::panic::catch_unwind::h5ee8d7823b8ca744
[INFO] [stdout]                                at /rustc/6067b36314ab5eb2eb47cecc464545ba58e1ad24/library/std/src/panic.rs:358:14
[INFO] [stdout]   39:     0x61c905e6c92a - std::thread::Builder::spawn_unchecked_::{{closure}}::h53c3a1894dce8407
[INFO] [stdout]                                at /rustc/6067b36314ab5eb2eb47cecc464545ba58e1ad24/library/std/src/thread/mod.rs:557:30
[INFO] [stdout]   40:     0x61c905e6c92a - core::ops::function::FnOnce::call_once{{vtable.shim}}::h048ce291ad4f62bf
[INFO] [stdout]                                at /rustc/6067b36314ab5eb2eb47cecc464545ba58e1ad24/library/core/src/ops/function.rs:250:5
[INFO] [stdout]   41:     0x61c905f10bcb - <alloc::boxed::Box<F,A> as core::ops::function::FnOnce<Args>>::call_once::ha52bedf99a3b4981
[INFO] [stdout]                                at /rustc/6067b36314ab5eb2eb47cecc464545ba58e1ad24/library/alloc/src/boxed.rs:2013:9
[INFO] [stdout]   42:     0x61c905f10bcb - <alloc::boxed::Box<F,A> as core::ops::function::FnOnce<Args>>::call_once::h567748934d80ccf8
[INFO] [stdout]                                at /rustc/6067b36314ab5eb2eb47cecc464545ba58e1ad24/library/alloc/src/boxed.rs:2013:9
[INFO] [stdout]   43:     0x61c905f10bcb - std::sys::pal::unix::thread::Thread::new::thread_start::h2d970728ae887adc
[INFO] [stdout]                                at /rustc/6067b36314ab5eb2eb47cecc464545ba58e1ad24/library/std/src/sys/pal/unix/thread.rs:106:17
[INFO] [stdout]   44:     0x7c7a93eb3ac3 - <unknown>
[INFO] [stdout]   45:     0x7c7a93f44a04 - clone
[INFO] [stdout]   46:                0x0 - <unknown>
[INFO] [stdout] 
[INFO] [stdout] 
[INFO] [stdout] failures:
[INFO] [stdout]     command::save_load::tests::tests_int::save_the_world_special_chars
[INFO] [stdout]     command::save_load::tests::tests_int::seeding_test
[INFO] [stdout] 
[INFO] [stdout] test result: FAILED. 82 passed; 2 failed; 0 ignored; 0 measured; 0 filtered out; finished in 3.18s
[INFO] [stdout] 
[INFO] [stderr] error: test failed, to rerun pass `--bin my_little_rpg`
[INFO] running `Command { std: "docker" "inspect" "b4f7a13b94d69f9f38e3075ca79e8f50733b6f046d79558dcb2267e9801587b8", kill_on_drop: false }`
[INFO] running `Command { std: "docker" "rm" "-f" "b4f7a13b94d69f9f38e3075ca79e8f50733b6f046d79558dcb2267e9801587b8", kill_on_drop: false }`
[INFO] [stdout] b4f7a13b94d69f9f38e3075ca79e8f50733b6f046d79558dcb2267e9801587b8
