[INFO] cloning repository https://github.com/RichardVanLeeuwen/AdventOfCode
[INFO] running `Command { std: "git" "-c" "credential.helper=" "-c" "credential.helper=/workspace/cargo-home/bin/git-credential-null" "clone" "--bare" "https://github.com/RichardVanLeeuwen/AdventOfCode" "/workspace/cache/git-repos/https%3A%2F%2Fgithub.com%2FRichardVanLeeuwen%2FAdventOfCode", kill_on_drop: false }`
[INFO] [stderr] Cloning into bare repository '/workspace/cache/git-repos/https%3A%2F%2Fgithub.com%2FRichardVanLeeuwen%2FAdventOfCode'...
[INFO] running `Command { std: "git" "rev-parse" "HEAD", kill_on_drop: false }`
[INFO] [stdout] 426f9d0a19171fb4219fca0d18e4b5d27837e36d
[INFO] testing RichardVanLeeuwen/AdventOfCode against nightly-2025-01-18 for randomize-layout-2
[INFO] running `Command { std: "git" "clone" "/workspace/cache/git-repos/https%3A%2F%2Fgithub.com%2FRichardVanLeeuwen%2FAdventOfCode" "/workspace/builds/worker-3-tc1/source", kill_on_drop: false }`
[INFO] [stderr] Cloning into '/workspace/builds/worker-3-tc1/source'...
[INFO] [stderr] done.
[INFO] validating manifest of git repo https://github.com/RichardVanLeeuwen/AdventOfCode on toolchain nightly-2025-01-18
[INFO] running `Command { std: CARGO_HOME="/workspace/cargo-home" RUSTUP_HOME="/workspace/rustup-home" "/workspace/cargo-home/bin/cargo" "+nightly-2025-01-18" "metadata" "--manifest-path" "Cargo.toml" "--no-deps", kill_on_drop: false }`
[INFO] started tweaking git repo https://github.com/RichardVanLeeuwen/AdventOfCode
[INFO] finished tweaking git repo https://github.com/RichardVanLeeuwen/AdventOfCode
[INFO] tweaked toml for git repo https://github.com/RichardVanLeeuwen/AdventOfCode written to /workspace/builds/worker-3-tc1/source/Cargo.toml
[INFO] crate git repo https://github.com/RichardVanLeeuwen/AdventOfCode already has a lockfile, it will not be regenerated
[INFO] running `Command { std: CARGO_HOME="/workspace/cargo-home" RUSTUP_HOME="/workspace/rustup-home" "/workspace/cargo-home/bin/cargo" "+nightly-2025-01-18" "fetch" "--manifest-path" "Cargo.toml", kill_on_drop: false }`
[INFO] running `Command { std: "docker" "create" "-v" "/var/lib/crater-agent-workspace/builds/worker-3-tc1/target:/opt/rustwide/target:rw,Z" "-v" "/var/lib/crater-agent-workspace/builds/worker-3-tc1/source:/opt/rustwide/workdir:ro,Z" "-v" "/var/lib/crater-agent-workspace/cargo-home:/opt/rustwide/cargo-home:ro,Z" "-v" "/var/lib/crater-agent-workspace/rustup-home:/opt/rustwide/rustup-home:ro,Z" "-e" "SOURCE_DIR=/opt/rustwide/workdir" "-e" "CARGO_TARGET_DIR=/opt/rustwide/target" "-e" "CARGO_HOME=/opt/rustwide/cargo-home" "-e" "RUSTUP_HOME=/opt/rustwide/rustup-home" "-w" "/opt/rustwide/workdir" "-m" "1610612736" "--user" "0:0" "--network" "none" "ghcr.io/rust-lang/crates-build-env/linux@sha256:819108c5571ea2e421544af4d832f968d213c87fbe3707a016657f43d2f853bc" "/opt/rustwide/cargo-home/bin/cargo" "+nightly-2025-01-18" "metadata" "--no-deps" "--format-version=1", kill_on_drop: false }`
[INFO] [stdout] fa943fb90ce976f7f313eab3979b350e12239e794768331bb2cabc0d62ad867a
[INFO] running `Command { std: "docker" "start" "-a" "fa943fb90ce976f7f313eab3979b350e12239e794768331bb2cabc0d62ad867a", kill_on_drop: false }`
[INFO] running `Command { std: "docker" "inspect" "fa943fb90ce976f7f313eab3979b350e12239e794768331bb2cabc0d62ad867a", kill_on_drop: false }`
[INFO] running `Command { std: "docker" "rm" "-f" "fa943fb90ce976f7f313eab3979b350e12239e794768331bb2cabc0d62ad867a", kill_on_drop: false }`
[INFO] [stdout] fa943fb90ce976f7f313eab3979b350e12239e794768331bb2cabc0d62ad867a
[INFO] running `Command { std: "docker" "create" "-v" "/var/lib/crater-agent-workspace/builds/worker-3-tc1/target:/opt/rustwide/target:rw,Z" "-v" "/var/lib/crater-agent-workspace/builds/worker-3-tc1/source:/opt/rustwide/workdir:ro,Z" "-v" "/var/lib/crater-agent-workspace/cargo-home:/opt/rustwide/cargo-home:ro,Z" "-v" "/var/lib/crater-agent-workspace/rustup-home:/opt/rustwide/rustup-home:ro,Z" "-e" "SOURCE_DIR=/opt/rustwide/workdir" "-e" "CARGO_TARGET_DIR=/opt/rustwide/target" "-e" "CARGO_INCREMENTAL=0" "-e" "RUST_BACKTRACE=full" "-e" "RUSTFLAGS=--cap-lints=forbid" "-e" "RUSTDOCFLAGS=--cap-lints=forbid" "-e" "CARGO_HOME=/opt/rustwide/cargo-home" "-e" "RUSTUP_HOME=/opt/rustwide/rustup-home" "-w" "/opt/rustwide/workdir" "-m" "1610612736" "--user" "0:0" "--network" "none" "ghcr.io/rust-lang/crates-build-env/linux@sha256:819108c5571ea2e421544af4d832f968d213c87fbe3707a016657f43d2f853bc" "/opt/rustwide/cargo-home/bin/cargo" "+nightly-2025-01-18" "build" "--frozen" "--message-format=json", kill_on_drop: false }`
[INFO] [stdout] 6d975e6d83c6bfe45d633031758f0b23466de549f82a692865ed790a084f8f18
[INFO] running `Command { std: "docker" "start" "-a" "6d975e6d83c6bfe45d633031758f0b23466de549f82a692865ed790a084f8f18", kill_on_drop: false }`
[INFO] [stderr] warning: output filename collision.
[INFO] [stderr] The bin target `part1` in package `day-02 v0.1.0 (/opt/rustwide/workdir/day-02)` has the same output filename as the bin target `part1` in package `day-01 v0.1.0 (/opt/rustwide/workdir/day-01)`.
[INFO] [stderr] Colliding filename is: /opt/rustwide/target/debug/part1
[INFO] [stderr] The targets should have unique names.
[INFO] [stderr] Consider changing their names to be unique or compiling them separately.
[INFO] [stderr] This may become a hard error in the future; see <https://github.com/rust-lang/cargo/issues/6313>.
[INFO] [stderr] warning: output filename collision.
[INFO] [stderr] The bin target `part1` in package `day-02 v0.1.0 (/opt/rustwide/workdir/day-02)` has the same output filename as the bin target `part1` in package `day-01 v0.1.0 (/opt/rustwide/workdir/day-01)`.
[INFO] [stderr] Colliding filename is: /opt/rustwide/target/debug/part1.dwp
[INFO] [stderr] The targets should have unique names.
[INFO] [stderr] Consider changing their names to be unique or compiling them separately.
[INFO] [stderr] This may become a hard error in the future; see <https://github.com/rust-lang/cargo/issues/6313>.
[INFO] [stderr] warning: output filename collision.
[INFO] [stderr] The bin target `part2` in package `day-02 v0.1.0 (/opt/rustwide/workdir/day-02)` has the same output filename as the bin target `part2` in package `day-01 v0.1.0 (/opt/rustwide/workdir/day-01)`.
[INFO] [stderr] Colliding filename is: /opt/rustwide/target/debug/part2
[INFO] [stderr] The targets should have unique names.
[INFO] [stderr] Consider changing their names to be unique or compiling them separately.
[INFO] [stderr] This may become a hard error in the future; see <https://github.com/rust-lang/cargo/issues/6313>.
[INFO] [stderr] warning: output filename collision.
[INFO] [stderr] The bin target `part2` in package `day-02 v0.1.0 (/opt/rustwide/workdir/day-02)` has the same output filename as the bin target `part2` in package `day-01 v0.1.0 (/opt/rustwide/workdir/day-01)`.
[INFO] [stderr] Colliding filename is: /opt/rustwide/target/debug/part2.dwp
[INFO] [stderr] The targets should have unique names.
[INFO] [stderr] Consider changing their names to be unique or compiling them separately.
[INFO] [stderr] This may become a hard error in the future; see <https://github.com/rust-lang/cargo/issues/6313>.
[INFO] [stderr] warning: output filename collision.
[INFO] [stderr] The bin target `part1` in package `day-03 v0.1.0 (/opt/rustwide/workdir/day-03)` has the same output filename as the bin target `part1` in package `day-02 v0.1.0 (/opt/rustwide/workdir/day-02)`.
[INFO] [stderr] Colliding filename is: /opt/rustwide/target/debug/part1
[INFO] [stderr] The targets should have unique names.
[INFO] [stderr] Consider changing their names to be unique or compiling them separately.
[INFO] [stderr] This may become a hard error in the future; see <https://github.com/rust-lang/cargo/issues/6313>.
[INFO] [stderr] warning: output filename collision.
[INFO] [stderr] The bin target `part1` in package `day-03 v0.1.0 (/opt/rustwide/workdir/day-03)` has the same output filename as the bin target `part1` in package `day-02 v0.1.0 (/opt/rustwide/workdir/day-02)`.
[INFO] [stderr] Colliding filename is: /opt/rustwide/target/debug/part1.dwp
[INFO] [stderr] The targets should have unique names.
[INFO] [stderr] Consider changing their names to be unique or compiling them separately.
[INFO] [stderr] This may become a hard error in the future; see <https://github.com/rust-lang/cargo/issues/6313>.
[INFO] [stderr] warning: output filename collision.
[INFO] [stderr] The bin target `part2` in package `day-03 v0.1.0 (/opt/rustwide/workdir/day-03)` has the same output filename as the bin target `part2` in package `day-02 v0.1.0 (/opt/rustwide/workdir/day-02)`.
[INFO] [stderr] Colliding filename is: /opt/rustwide/target/debug/part2
[INFO] [stderr] The targets should have unique names.
[INFO] [stderr] Consider changing their names to be unique or compiling them separately.
[INFO] [stderr] This may become a hard error in the future; see <https://github.com/rust-lang/cargo/issues/6313>.
[INFO] [stderr] warning: output filename collision.
[INFO] [stderr] The bin target `part2` in package `day-03 v0.1.0 (/opt/rustwide/workdir/day-03)` has the same output filename as the bin target `part2` in package `day-02 v0.1.0 (/opt/rustwide/workdir/day-02)`.
[INFO] [stderr] Colliding filename is: /opt/rustwide/target/debug/part2.dwp
[INFO] [stderr] The targets should have unique names.
[INFO] [stderr] Consider changing their names to be unique or compiling them separately.
[INFO] [stderr] This may become a hard error in the future; see <https://github.com/rust-lang/cargo/issues/6313>.
[INFO] [stderr] warning: output filename collision.
[INFO] [stderr] The bin target `part1` in package `day-04 v0.1.0 (/opt/rustwide/workdir/day-04)` has the same output filename as the bin target `part1` in package `day-03 v0.1.0 (/opt/rustwide/workdir/day-03)`.
[INFO] [stderr] Colliding filename is: /opt/rustwide/target/debug/part1
[INFO] [stderr] The targets should have unique names.
[INFO] [stderr] Consider changing their names to be unique or compiling them separately.
[INFO] [stderr] This may become a hard error in the future; see <https://github.com/rust-lang/cargo/issues/6313>.
[INFO] [stderr] warning: output filename collision.
[INFO] [stderr] The bin target `part1` in package `day-04 v0.1.0 (/opt/rustwide/workdir/day-04)` has the same output filename as the bin target `part1` in package `day-03 v0.1.0 (/opt/rustwide/workdir/day-03)`.
[INFO] [stderr] Colliding filename is: /opt/rustwide/target/debug/part1.dwp
[INFO] [stderr] The targets should have unique names.
[INFO] [stderr] Consider changing their names to be unique or compiling them separately.
[INFO] [stderr] This may become a hard error in the future; see <https://github.com/rust-lang/cargo/issues/6313>.
[INFO] [stderr] warning: output filename collision.
[INFO] [stderr] The bin target `part2` in package `day-04 v0.1.0 (/opt/rustwide/workdir/day-04)` has the same output filename as the bin target `part2` in package `day-03 v0.1.0 (/opt/rustwide/workdir/day-03)`.
[INFO] [stderr] Colliding filename is: /opt/rustwide/target/debug/part2
[INFO] [stderr] The targets should have unique names.
[INFO] [stderr] Consider changing their names to be unique or compiling them separately.
[INFO] [stderr] This may become a hard error in the future; see <https://github.com/rust-lang/cargo/issues/6313>.
[INFO] [stderr] warning: output filename collision.
[INFO] [stderr] The bin target `part2` in package `day-04 v0.1.0 (/opt/rustwide/workdir/day-04)` has the same output filename as the bin target `part2` in package `day-03 v0.1.0 (/opt/rustwide/workdir/day-03)`.
[INFO] [stderr] Colliding filename is: /opt/rustwide/target/debug/part2.dwp
[INFO] [stderr] The targets should have unique names.
[INFO] [stderr] Consider changing their names to be unique or compiling them separately.
[INFO] [stderr] This may become a hard error in the future; see <https://github.com/rust-lang/cargo/issues/6313>.
[INFO] [stderr] warning: output filename collision.
[INFO] [stderr] The bin target `part1` in package `day-05 v0.1.0 (/opt/rustwide/workdir/day-05)` has the same output filename as the bin target `part1` in package `day-04 v0.1.0 (/opt/rustwide/workdir/day-04)`.
[INFO] [stderr] Colliding filename is: /opt/rustwide/target/debug/part1
[INFO] [stderr] The targets should have unique names.
[INFO] [stderr] Consider changing their names to be unique or compiling them separately.
[INFO] [stderr] This may become a hard error in the future; see <https://github.com/rust-lang/cargo/issues/6313>.
[INFO] [stderr] warning: output filename collision.
[INFO] [stderr] The bin target `part1` in package `day-05 v0.1.0 (/opt/rustwide/workdir/day-05)` has the same output filename as the bin target `part1` in package `day-04 v0.1.0 (/opt/rustwide/workdir/day-04)`.
[INFO] [stderr] Colliding filename is: /opt/rustwide/target/debug/part1.dwp
[INFO] [stderr] The targets should have unique names.
[INFO] [stderr] Consider changing their names to be unique or compiling them separately.
[INFO] [stderr] This may become a hard error in the future; see <https://github.com/rust-lang/cargo/issues/6313>.
[INFO] [stderr] warning: output filename collision.
[INFO] [stderr] The bin target `part2` in package `day-05 v0.1.0 (/opt/rustwide/workdir/day-05)` has the same output filename as the bin target `part2` in package `day-04 v0.1.0 (/opt/rustwide/workdir/day-04)`.
[INFO] [stderr] Colliding filename is: /opt/rustwide/target/debug/part2
[INFO] [stderr] The targets should have unique names.
[INFO] [stderr] Consider changing their names to be unique or compiling them separately.
[INFO] [stderr] This may become a hard error in the future; see <https://github.com/rust-lang/cargo/issues/6313>.
[INFO] [stderr] warning: output filename collision.
[INFO] [stderr] The bin target `part2` in package `day-05 v0.1.0 (/opt/rustwide/workdir/day-05)` has the same output filename as the bin target `part2` in package `day-04 v0.1.0 (/opt/rustwide/workdir/day-04)`.
[INFO] [stderr] Colliding filename is: /opt/rustwide/target/debug/part2.dwp
[INFO] [stderr] The targets should have unique names.
[INFO] [stderr] Consider changing their names to be unique or compiling them separately.
[INFO] [stderr] This may become a hard error in the future; see <https://github.com/rust-lang/cargo/issues/6313>.
[INFO] [stderr] warning: output filename collision.
[INFO] [stderr] The bin target `part1` in package `day-06 v0.1.0 (/opt/rustwide/workdir/day-06)` has the same output filename as the bin target `part1` in package `day-05 v0.1.0 (/opt/rustwide/workdir/day-05)`.
[INFO] [stderr] Colliding filename is: /opt/rustwide/target/debug/part1
[INFO] [stderr] The targets should have unique names.
[INFO] [stderr] Consider changing their names to be unique or compiling them separately.
[INFO] [stderr] This may become a hard error in the future; see <https://github.com/rust-lang/cargo/issues/6313>.
[INFO] [stderr] warning: output filename collision.
[INFO] [stderr] The bin target `part1` in package `day-06 v0.1.0 (/opt/rustwide/workdir/day-06)` has the same output filename as the bin target `part1` in package `day-05 v0.1.0 (/opt/rustwide/workdir/day-05)`.
[INFO] [stderr] Colliding filename is: /opt/rustwide/target/debug/part1.dwp
[INFO] [stderr] The targets should have unique names.
[INFO] [stderr] Consider changing their names to be unique or compiling them separately.
[INFO] [stderr] This may become a hard error in the future; see <https://github.com/rust-lang/cargo/issues/6313>.
[INFO] [stderr] warning: output filename collision.
[INFO] [stderr] The bin target `part2` in package `day-06 v0.1.0 (/opt/rustwide/workdir/day-06)` has the same output filename as the bin target `part2` in package `day-05 v0.1.0 (/opt/rustwide/workdir/day-05)`.
[INFO] [stderr] Colliding filename is: /opt/rustwide/target/debug/part2
[INFO] [stderr] The targets should have unique names.
[INFO] [stderr] Consider changing their names to be unique or compiling them separately.
[INFO] [stderr] This may become a hard error in the future; see <https://github.com/rust-lang/cargo/issues/6313>.
[INFO] [stderr] warning: output filename collision.
[INFO] [stderr] The bin target `part2` in package `day-06 v0.1.0 (/opt/rustwide/workdir/day-06)` has the same output filename as the bin target `part2` in package `day-05 v0.1.0 (/opt/rustwide/workdir/day-05)`.
[INFO] [stderr] Colliding filename is: /opt/rustwide/target/debug/part2.dwp
[INFO] [stderr] The targets should have unique names.
[INFO] [stderr] Consider changing their names to be unique or compiling them separately.
[INFO] [stderr] This may become a hard error in the future; see <https://github.com/rust-lang/cargo/issues/6313>.
[INFO] [stderr] warning: output filename collision.
[INFO] [stderr] The bin target `part1` in package `day-07 v0.1.0 (/opt/rustwide/workdir/day-07)` has the same output filename as the bin target `part1` in package `day-06 v0.1.0 (/opt/rustwide/workdir/day-06)`.
[INFO] [stderr] Colliding filename is: /opt/rustwide/target/debug/part1
[INFO] [stderr] The targets should have unique names.
[INFO] [stderr] Consider changing their names to be unique or compiling them separately.
[INFO] [stderr] This may become a hard error in the future; see <https://github.com/rust-lang/cargo/issues/6313>.
[INFO] [stderr] warning: output filename collision.
[INFO] [stderr] The bin target `part1` in package `day-07 v0.1.0 (/opt/rustwide/workdir/day-07)` has the same output filename as the bin target `part1` in package `day-06 v0.1.0 (/opt/rustwide/workdir/day-06)`.
[INFO] [stderr] Colliding filename is: /opt/rustwide/target/debug/part1.dwp
[INFO] [stderr] The targets should have unique names.
[INFO] [stderr] Consider changing their names to be unique or compiling them separately.
[INFO] [stderr] This may become a hard error in the future; see <https://github.com/rust-lang/cargo/issues/6313>.
[INFO] [stderr] warning: output filename collision.
[INFO] [stderr] The bin target `part2` in package `day-07 v0.1.0 (/opt/rustwide/workdir/day-07)` has the same output filename as the bin target `part2` in package `day-06 v0.1.0 (/opt/rustwide/workdir/day-06)`.
[INFO] [stderr] Colliding filename is: /opt/rustwide/target/debug/part2
[INFO] [stderr] The targets should have unique names.
[INFO] [stderr] Consider changing their names to be unique or compiling them separately.
[INFO] [stderr] This may become a hard error in the future; see <https://github.com/rust-lang/cargo/issues/6313>.
[INFO] [stderr] warning: output filename collision.
[INFO] [stderr] The bin target `part2` in package `day-07 v0.1.0 (/opt/rustwide/workdir/day-07)` has the same output filename as the bin target `part2` in package `day-06 v0.1.0 (/opt/rustwide/workdir/day-06)`.
[INFO] [stderr] Colliding filename is: /opt/rustwide/target/debug/part2.dwp
[INFO] [stderr] The targets should have unique names.
[INFO] [stderr] Consider changing their names to be unique or compiling them separately.
[INFO] [stderr] This may become a hard error in the future; see <https://github.com/rust-lang/cargo/issues/6313>.
[INFO] [stderr] warning: output filename collision.
[INFO] [stderr] The bin target `part1` in package `day-08 v0.1.0 (/opt/rustwide/workdir/day-08)` has the same output filename as the bin target `part1` in package `day-07 v0.1.0 (/opt/rustwide/workdir/day-07)`.
[INFO] [stderr] Colliding filename is: /opt/rustwide/target/debug/part1
[INFO] [stderr] The targets should have unique names.
[INFO] [stderr] Consider changing their names to be unique or compiling them separately.
[INFO] [stderr] This may become a hard error in the future; see <https://github.com/rust-lang/cargo/issues/6313>.
[INFO] [stderr] warning: output filename collision.
[INFO] [stderr] The bin target `part1` in package `day-08 v0.1.0 (/opt/rustwide/workdir/day-08)` has the same output filename as the bin target `part1` in package `day-07 v0.1.0 (/opt/rustwide/workdir/day-07)`.
[INFO] [stderr] Colliding filename is: /opt/rustwide/target/debug/part1.dwp
[INFO] [stderr] The targets should have unique names.
[INFO] [stderr] Consider changing their names to be unique or compiling them separately.
[INFO] [stderr] This may become a hard error in the future; see <https://github.com/rust-lang/cargo/issues/6313>.
[INFO] [stderr] warning: output filename collision.
[INFO] [stderr] The bin target `part2` in package `day-08 v0.1.0 (/opt/rustwide/workdir/day-08)` has the same output filename as the bin target `part2` in package `day-07 v0.1.0 (/opt/rustwide/workdir/day-07)`.
[INFO] [stderr] Colliding filename is: /opt/rustwide/target/debug/part2
[INFO] [stderr] The targets should have unique names.
[INFO] [stderr] Consider changing their names to be unique or compiling them separately.
[INFO] [stderr] This may become a hard error in the future; see <https://github.com/rust-lang/cargo/issues/6313>.
[INFO] [stderr] warning: output filename collision.
[INFO] [stderr] The bin target `part2` in package `day-08 v0.1.0 (/opt/rustwide/workdir/day-08)` has the same output filename as the bin target `part2` in package `day-07 v0.1.0 (/opt/rustwide/workdir/day-07)`.
[INFO] [stderr] Colliding filename is: /opt/rustwide/target/debug/part2.dwp
[INFO] [stderr] The targets should have unique names.
[INFO] [stderr] Consider changing their names to be unique or compiling them separately.
[INFO] [stderr] This may become a hard error in the future; see <https://github.com/rust-lang/cargo/issues/6313>.
[INFO] [stderr] warning: output filename collision.
[INFO] [stderr] The bin target `part1` in package `day-09 v0.1.0 (/opt/rustwide/workdir/day-09)` has the same output filename as the bin target `part1` in package `day-08 v0.1.0 (/opt/rustwide/workdir/day-08)`.
[INFO] [stderr] Colliding filename is: /opt/rustwide/target/debug/part1
[INFO] [stderr] The targets should have unique names.
[INFO] [stderr] Consider changing their names to be unique or compiling them separately.
[INFO] [stderr] This may become a hard error in the future; see <https://github.com/rust-lang/cargo/issues/6313>.
[INFO] [stderr] warning: output filename collision.
[INFO] [stderr] The bin target `part1` in package `day-09 v0.1.0 (/opt/rustwide/workdir/day-09)` has the same output filename as the bin target `part1` in package `day-08 v0.1.0 (/opt/rustwide/workdir/day-08)`.
[INFO] [stderr] Colliding filename is: /opt/rustwide/target/debug/part1.dwp
[INFO] [stderr] The targets should have unique names.
[INFO] [stderr] Consider changing their names to be unique or compiling them separately.
[INFO] [stderr] This may become a hard error in the future; see <https://github.com/rust-lang/cargo/issues/6313>.
[INFO] [stderr] warning: output filename collision.
[INFO] [stderr] The bin target `part2` in package `day-09 v0.1.0 (/opt/rustwide/workdir/day-09)` has the same output filename as the bin target `part2` in package `day-08 v0.1.0 (/opt/rustwide/workdir/day-08)`.
[INFO] [stderr] Colliding filename is: /opt/rustwide/target/debug/part2
[INFO] [stderr] The targets should have unique names.
[INFO] [stderr] Consider changing their names to be unique or compiling them separately.
[INFO] [stderr] This may become a hard error in the future; see <https://github.com/rust-lang/cargo/issues/6313>.
[INFO] [stderr] warning: output filename collision.
[INFO] [stderr] The bin target `part2` in package `day-09 v0.1.0 (/opt/rustwide/workdir/day-09)` has the same output filename as the bin target `part2` in package `day-08 v0.1.0 (/opt/rustwide/workdir/day-08)`.
[INFO] [stderr] Colliding filename is: /opt/rustwide/target/debug/part2.dwp
[INFO] [stderr] The targets should have unique names.
[INFO] [stderr] Consider changing their names to be unique or compiling them separately.
[INFO] [stderr] This may become a hard error in the future; see <https://github.com/rust-lang/cargo/issues/6313>.
[INFO] [stderr] warning: output filename collision.
[INFO] [stderr] The bin target `part1` in package `day-10 v0.1.0 (/opt/rustwide/workdir/day-10)` has the same output filename as the bin target `part1` in package `day-09 v0.1.0 (/opt/rustwide/workdir/day-09)`.
[INFO] [stderr] Colliding filename is: /opt/rustwide/target/debug/part1
[INFO] [stderr] The targets should have unique names.
[INFO] [stderr] Consider changing their names to be unique or compiling them separately.
[INFO] [stderr] This may become a hard error in the future; see <https://github.com/rust-lang/cargo/issues/6313>.
[INFO] [stderr] warning: output filename collision.
[INFO] [stderr] The bin target `part1` in package `day-10 v0.1.0 (/opt/rustwide/workdir/day-10)` has the same output filename as the bin target `part1` in package `day-09 v0.1.0 (/opt/rustwide/workdir/day-09)`.
[INFO] [stderr] Colliding filename is: /opt/rustwide/target/debug/part1.dwp
[INFO] [stderr] The targets should have unique names.
[INFO] [stderr] Consider changing their names to be unique or compiling them separately.
[INFO] [stderr] This may become a hard error in the future; see <https://github.com/rust-lang/cargo/issues/6313>.
[INFO] [stderr] warning: output filename collision.
[INFO] [stderr] The bin target `part2` in package `day-10 v0.1.0 (/opt/rustwide/workdir/day-10)` has the same output filename as the bin target `part2` in package `day-09 v0.1.0 (/opt/rustwide/workdir/day-09)`.
[INFO] [stderr] Colliding filename is: /opt/rustwide/target/debug/part2
[INFO] [stderr] The targets should have unique names.
[INFO] [stderr] Consider changing their names to be unique or compiling them separately.
[INFO] [stderr] This may become a hard error in the future; see <https://github.com/rust-lang/cargo/issues/6313>.
[INFO] [stderr] warning: output filename collision.
[INFO] [stderr] The bin target `part2` in package `day-10 v0.1.0 (/opt/rustwide/workdir/day-10)` has the same output filename as the bin target `part2` in package `day-09 v0.1.0 (/opt/rustwide/workdir/day-09)`.
[INFO] [stderr] Colliding filename is: /opt/rustwide/target/debug/part2.dwp
[INFO] [stderr] The targets should have unique names.
[INFO] [stderr] Consider changing their names to be unique or compiling them separately.
[INFO] [stderr] This may become a hard error in the future; see <https://github.com/rust-lang/cargo/issues/6313>.
[INFO] [stderr] warning: output filename collision.
[INFO] [stderr] The bin target `part1` in package `day-11 v0.1.0 (/opt/rustwide/workdir/day-11)` has the same output filename as the bin target `part1` in package `day-10 v0.1.0 (/opt/rustwide/workdir/day-10)`.
[INFO] [stderr] Colliding filename is: /opt/rustwide/target/debug/part1
[INFO] [stderr] The targets should have unique names.
[INFO] [stderr] Consider changing their names to be unique or compiling them separately.
[INFO] [stderr] This may become a hard error in the future; see <https://github.com/rust-lang/cargo/issues/6313>.
[INFO] [stderr] warning: output filename collision.
[INFO] [stderr] The bin target `part1` in package `day-11 v0.1.0 (/opt/rustwide/workdir/day-11)` has the same output filename as the bin target `part1` in package `day-10 v0.1.0 (/opt/rustwide/workdir/day-10)`.
[INFO] [stderr] Colliding filename is: /opt/rustwide/target/debug/part1.dwp
[INFO] [stderr] The targets should have unique names.
[INFO] [stderr] Consider changing their names to be unique or compiling them separately.
[INFO] [stderr] This may become a hard error in the future; see <https://github.com/rust-lang/cargo/issues/6313>.
[INFO] [stderr] warning: output filename collision.
[INFO] [stderr] The bin target `part2` in package `day-11 v0.1.0 (/opt/rustwide/workdir/day-11)` has the same output filename as the bin target `part2` in package `day-10 v0.1.0 (/opt/rustwide/workdir/day-10)`.
[INFO] [stderr] Colliding filename is: /opt/rustwide/target/debug/part2
[INFO] [stderr] The targets should have unique names.
[INFO] [stderr] Consider changing their names to be unique or compiling them separately.
[INFO] [stderr] This may become a hard error in the future; see <https://github.com/rust-lang/cargo/issues/6313>.
[INFO] [stderr] warning: output filename collision.
[INFO] [stderr] The bin target `part2` in package `day-11 v0.1.0 (/opt/rustwide/workdir/day-11)` has the same output filename as the bin target `part2` in package `day-10 v0.1.0 (/opt/rustwide/workdir/day-10)`.
[INFO] [stderr] Colliding filename is: /opt/rustwide/target/debug/part2.dwp
[INFO] [stderr] The targets should have unique names.
[INFO] [stderr] Consider changing their names to be unique or compiling them separately.
[INFO] [stderr] This may become a hard error in the future; see <https://github.com/rust-lang/cargo/issues/6313>.
[INFO] [stderr] warning: output filename collision.
[INFO] [stderr] The bin target `part1` in package `day-12 v0.1.0 (/opt/rustwide/workdir/day-12)` has the same output filename as the bin target `part1` in package `day-11 v0.1.0 (/opt/rustwide/workdir/day-11)`.
[INFO] [stderr] Colliding filename is: /opt/rustwide/target/debug/part1
[INFO] [stderr] The targets should have unique names.
[INFO] [stderr] Consider changing their names to be unique or compiling them separately.
[INFO] [stderr] This may become a hard error in the future; see <https://github.com/rust-lang/cargo/issues/6313>.
[INFO] [stderr] warning: output filename collision.
[INFO] [stderr] The bin target `part1` in package `day-12 v0.1.0 (/opt/rustwide/workdir/day-12)` has the same output filename as the bin target `part1` in package `day-11 v0.1.0 (/opt/rustwide/workdir/day-11)`.
[INFO] [stderr] Colliding filename is: /opt/rustwide/target/debug/part1.dwp
[INFO] [stderr] The targets should have unique names.
[INFO] [stderr] Consider changing their names to be unique or compiling them separately.
[INFO] [stderr] This may become a hard error in the future; see <https://github.com/rust-lang/cargo/issues/6313>.
[INFO] [stderr] warning: output filename collision.
[INFO] [stderr] The bin target `part2` in package `day-12 v0.1.0 (/opt/rustwide/workdir/day-12)` has the same output filename as the bin target `part2` in package `day-11 v0.1.0 (/opt/rustwide/workdir/day-11)`.
[INFO] [stderr] Colliding filename is: /opt/rustwide/target/debug/part2
[INFO] [stderr] The targets should have unique names.
[INFO] [stderr] Consider changing their names to be unique or compiling them separately.
[INFO] [stderr] This may become a hard error in the future; see <https://github.com/rust-lang/cargo/issues/6313>.
[INFO] [stderr] warning: output filename collision.
[INFO] [stderr] The bin target `part2` in package `day-12 v0.1.0 (/opt/rustwide/workdir/day-12)` has the same output filename as the bin target `part2` in package `day-11 v0.1.0 (/opt/rustwide/workdir/day-11)`.
[INFO] [stderr] Colliding filename is: /opt/rustwide/target/debug/part2.dwp
[INFO] [stderr] The targets should have unique names.
[INFO] [stderr] Consider changing their names to be unique or compiling them separately.
[INFO] [stderr] This may become a hard error in the future; see <https://github.com/rust-lang/cargo/issues/6313>.
[INFO] [stderr] warning: output filename collision.
[INFO] [stderr] The bin target `part1` in package `day-13 v0.1.0 (/opt/rustwide/workdir/day-13)` has the same output filename as the bin target `part1` in package `day-12 v0.1.0 (/opt/rustwide/workdir/day-12)`.
[INFO] [stderr] Colliding filename is: /opt/rustwide/target/debug/part1
[INFO] [stderr] The targets should have unique names.
[INFO] [stderr] Consider changing their names to be unique or compiling them separately.
[INFO] [stderr] This may become a hard error in the future; see <https://github.com/rust-lang/cargo/issues/6313>.
[INFO] [stderr] warning: output filename collision.
[INFO] [stderr] The bin target `part1` in package `day-13 v0.1.0 (/opt/rustwide/workdir/day-13)` has the same output filename as the bin target `part1` in package `day-12 v0.1.0 (/opt/rustwide/workdir/day-12)`.
[INFO] [stderr] Colliding filename is: /opt/rustwide/target/debug/part1.dwp
[INFO] [stderr] The targets should have unique names.
[INFO] [stderr] Consider changing their names to be unique or compiling them separately.
[INFO] [stderr] This may become a hard error in the future; see <https://github.com/rust-lang/cargo/issues/6313>.
[INFO] [stderr] warning: output filename collision.
[INFO] [stderr] The bin target `part2` in package `day-13 v0.1.0 (/opt/rustwide/workdir/day-13)` has the same output filename as the bin target `part2` in package `day-12 v0.1.0 (/opt/rustwide/workdir/day-12)`.
[INFO] [stderr] Colliding filename is: /opt/rustwide/target/debug/part2
[INFO] [stderr] The targets should have unique names.
[INFO] [stderr] Consider changing their names to be unique or compiling them separately.
[INFO] [stderr] This may become a hard error in the future; see <https://github.com/rust-lang/cargo/issues/6313>.
[INFO] [stderr] warning: output filename collision.
[INFO] [stderr] The bin target `part2` in package `day-13 v0.1.0 (/opt/rustwide/workdir/day-13)` has the same output filename as the bin target `part2` in package `day-12 v0.1.0 (/opt/rustwide/workdir/day-12)`.
[INFO] [stderr] Colliding filename is: /opt/rustwide/target/debug/part2.dwp
[INFO] [stderr] The targets should have unique names.
[INFO] [stderr] Consider changing their names to be unique or compiling them separately.
[INFO] [stderr] This may become a hard error in the future; see <https://github.com/rust-lang/cargo/issues/6313>.
[INFO] [stderr] warning: output filename collision.
[INFO] [stderr] The bin target `part1` in package `day-14 v0.1.0 (/opt/rustwide/workdir/day-14)` has the same output filename as the bin target `part1` in package `day-13 v0.1.0 (/opt/rustwide/workdir/day-13)`.
[INFO] [stderr] Colliding filename is: /opt/rustwide/target/debug/part1
[INFO] [stderr] The targets should have unique names.
[INFO] [stderr] Consider changing their names to be unique or compiling them separately.
[INFO] [stderr] This may become a hard error in the future; see <https://github.com/rust-lang/cargo/issues/6313>.
[INFO] [stderr] warning: output filename collision.
[INFO] [stderr] The bin target `part1` in package `day-14 v0.1.0 (/opt/rustwide/workdir/day-14)` has the same output filename as the bin target `part1` in package `day-13 v0.1.0 (/opt/rustwide/workdir/day-13)`.
[INFO] [stderr] Colliding filename is: /opt/rustwide/target/debug/part1.dwp
[INFO] [stderr] The targets should have unique names.
[INFO] [stderr] Consider changing their names to be unique or compiling them separately.
[INFO] [stderr] This may become a hard error in the future; see <https://github.com/rust-lang/cargo/issues/6313>.
[INFO] [stderr] warning: output filename collision.
[INFO] [stderr] The bin target `part2` in package `day-14 v0.1.0 (/opt/rustwide/workdir/day-14)` has the same output filename as the bin target `part2` in package `day-13 v0.1.0 (/opt/rustwide/workdir/day-13)`.
[INFO] [stderr] Colliding filename is: /opt/rustwide/target/debug/part2
[INFO] [stderr] The targets should have unique names.
[INFO] [stderr] Consider changing their names to be unique or compiling them separately.
[INFO] [stderr] This may become a hard error in the future; see <https://github.com/rust-lang/cargo/issues/6313>.
[INFO] [stderr] warning: output filename collision.
[INFO] [stderr] The bin target `part2` in package `day-14 v0.1.0 (/opt/rustwide/workdir/day-14)` has the same output filename as the bin target `part2` in package `day-13 v0.1.0 (/opt/rustwide/workdir/day-13)`.
[INFO] [stderr] Colliding filename is: /opt/rustwide/target/debug/part2.dwp
[INFO] [stderr] The targets should have unique names.
[INFO] [stderr] Consider changing their names to be unique or compiling them separately.
[INFO] [stderr] This may become a hard error in the future; see <https://github.com/rust-lang/cargo/issues/6313>.
[INFO] [stderr] warning: output filename collision.
[INFO] [stderr] The bin target `part1` in package `day-15 v0.1.0 (/opt/rustwide/workdir/day-15)` has the same output filename as the bin target `part1` in package `day-14 v0.1.0 (/opt/rustwide/workdir/day-14)`.
[INFO] [stderr] Colliding filename is: /opt/rustwide/target/debug/part1
[INFO] [stderr] The targets should have unique names.
[INFO] [stderr] Consider changing their names to be unique or compiling them separately.
[INFO] [stderr] This may become a hard error in the future; see <https://github.com/rust-lang/cargo/issues/6313>.
[INFO] [stderr] warning: output filename collision.
[INFO] [stderr] The bin target `part1` in package `day-15 v0.1.0 (/opt/rustwide/workdir/day-15)` has the same output filename as the bin target `part1` in package `day-14 v0.1.0 (/opt/rustwide/workdir/day-14)`.
[INFO] [stderr] Colliding filename is: /opt/rustwide/target/debug/part1.dwp
[INFO] [stderr] The targets should have unique names.
[INFO] [stderr] Consider changing their names to be unique or compiling them separately.
[INFO] [stderr] This may become a hard error in the future; see <https://github.com/rust-lang/cargo/issues/6313>.
[INFO] [stderr] warning: output filename collision.
[INFO] [stderr] The bin target `part2` in package `day-15 v0.1.0 (/opt/rustwide/workdir/day-15)` has the same output filename as the bin target `part2` in package `day-14 v0.1.0 (/opt/rustwide/workdir/day-14)`.
[INFO] [stderr] Colliding filename is: /opt/rustwide/target/debug/part2
[INFO] [stderr] The targets should have unique names.
[INFO] [stderr] Consider changing their names to be unique or compiling them separately.
[INFO] [stderr] This may become a hard error in the future; see <https://github.com/rust-lang/cargo/issues/6313>.
[INFO] [stderr] warning: output filename collision.
[INFO] [stderr] The bin target `part2` in package `day-15 v0.1.0 (/opt/rustwide/workdir/day-15)` has the same output filename as the bin target `part2` in package `day-14 v0.1.0 (/opt/rustwide/workdir/day-14)`.
[INFO] [stderr] Colliding filename is: /opt/rustwide/target/debug/part2.dwp
[INFO] [stderr] The targets should have unique names.
[INFO] [stderr] Consider changing their names to be unique or compiling them separately.
[INFO] [stderr] This may become a hard error in the future; see <https://github.com/rust-lang/cargo/issues/6313>.
[INFO] [stderr]    Compiling anyhow v1.0.94
[INFO] [stderr]    Compiling glam v0.29.2
[INFO] [stderr]    Compiling memchr v2.7.4
[INFO] [stderr]    Compiling regex-syntax v0.8.5
[INFO] [stderr]    Compiling day-02 v0.1.0 (/opt/rustwide/workdir/day-02)
[INFO] [stderr]    Compiling day-11 v0.1.0 (/opt/rustwide/workdir/day-11)
[INFO] [stderr]    Compiling day-01 v0.1.0 (/opt/rustwide/workdir/day-01)
[INFO] [stderr]    Compiling day-09 v0.1.0 (/opt/rustwide/workdir/day-09)
[INFO] [stdout] warning: unreachable statement
[INFO] [stdout]   --> day-09/src/part2.rs:57:9
[INFO] [stdout]    |
[INFO] [stdout] 46 | /         loop {
[INFO] [stdout] 47 | |             let attempt_sector = drive.get(loop_count).unwrap();
[INFO] [stdout] 48 | |             if !attempt_sector.free {
[INFO] [stdout] 49 | |                 continue;
[INFO] [stdout] ...  |
[INFO] [stdout] 54 | |         }
[INFO] [stdout]    | |_________- any code following this expression is unreachable
[INFO] [stdout] ...
[INFO] [stdout] 57 | /         if *drive_length == (index as u32) + count + 1 {
[INFO] [stdout] 58 | |             break;
[INFO] [stdout] 59 | |         };
[INFO] [stdout]    | |__________^ unreachable statement
[INFO] [stdout]    |
[INFO] [stdout]    = note: `#[warn(unreachable_code)]` on by default
[INFO] [stdout] 
[INFO] [stdout] 
[INFO] [stdout] warning: unused variable: `count`
[INFO] [stdout]   --> day-09/src/part2.rs:41:13
[INFO] [stdout]    |
[INFO] [stdout] 41 |     let mut count = 0;
[INFO] [stdout]    |             ^^^^^ help: if this is intentional, prefix it with an underscore: `_count`
[INFO] [stdout]    |
[INFO] [stdout]    = note: `#[warn(unused_variables)]` on by default
[INFO] [stdout] 
[INFO] [stdout] 
[INFO] [stdout] warning: unused variable: `drive_length`
[INFO] [stdout]   --> day-09/src/part2.rs:42:9
[INFO] [stdout]    |
[INFO] [stdout] 42 |     let drive_length = &(drive.len() as u32);
[INFO] [stdout]    |         ^^^^^^^^^^^^ help: if this is intentional, prefix it with an underscore: `_drive_length`
[INFO] [stdout] 
[INFO] [stdout] 
[INFO] [stdout] warning: unused variable: `index`
[INFO] [stdout]   --> day-09/src/part2.rs:44:10
[INFO] [stdout]    |
[INFO] [stdout] 44 |     for (index, sector) in drive.iter().enumerate().rev() {
[INFO] [stdout]    |          ^^^^^ help: if this is intentional, prefix it with an underscore: `_index`
[INFO] [stdout] 
[INFO] [stdout] 
[INFO] [stdout] warning: variable does not need to be mutable
[INFO] [stdout]   --> day-09/src/part2.rs:40:9
[INFO] [stdout]    |
[INFO] [stdout] 40 |     let mut result = 0u128;
[INFO] [stdout]    |         ----^^^^^^
[INFO] [stdout]    |         |
[INFO] [stdout]    |         help: remove this `mut`
[INFO] [stdout]    |
[INFO] [stdout]    = note: `#[warn(unused_mut)]` on by default
[INFO] [stdout] 
[INFO] [stdout] 
[INFO] [stdout] warning: variable does not need to be mutable
[INFO] [stdout]   --> day-09/src/part2.rs:41:9
[INFO] [stdout]    |
[INFO] [stdout] 41 |     let mut count = 0;
[INFO] [stdout]    |         ----^^^^^
[INFO] [stdout]    |         |
[INFO] [stdout]    |         help: remove this `mut`
[INFO] [stdout] 
[INFO] [stdout] 
[INFO] [stdout] warning: variable does not need to be mutable
[INFO] [stdout]   --> day-09/src/part2.rs:45:13
[INFO] [stdout]    |
[INFO] [stdout] 45 |         let mut loop_count = 0;
[INFO] [stdout]    |             ----^^^^^^^^^^
[INFO] [stdout]    |             |
[INFO] [stdout]    |             help: remove this `mut`
[INFO] [stdout] 
[INFO] [stdout] 
[INFO] [stdout] warning: field `data` is never read
[INFO] [stdout]  --> day-09/src/part2.rs:5:5
[INFO] [stdout]   |
[INFO] [stdout] 3 | struct DriveSector {
[INFO] [stdout]   |        ----------- field in this struct
[INFO] [stdout] 4 |     free: bool,
[INFO] [stdout] 5 |     data: Vec<u32>,
[INFO] [stdout]   |     ^^^^
[INFO] [stdout]   |
[INFO] [stdout]   = note: `#[warn(dead_code)]` on by default
[INFO] [stdout] 
[INFO] [stdout] 
[INFO] [stderr]    Compiling aho-corasick v1.1.3
[INFO] [stderr]    Compiling day-05 v0.1.0 (/opt/rustwide/workdir/day-05)
[INFO] [stderr]    Compiling regex-automata v0.4.9
[INFO] [stderr]    Compiling regex v1.11.1
[INFO] [stderr]    Compiling day-13 v0.1.0 (/opt/rustwide/workdir/day-13)
[INFO] [stderr]    Compiling day-03 v0.1.0 (/opt/rustwide/workdir/day-03)
[INFO] [stderr]    Compiling day-07 v0.1.0 (/opt/rustwide/workdir/day-07)
[INFO] [stdout] warning: variable `A_y_translation` should have a snake case name
[INFO] [stdout]   --> day-13/src/part1.rs:22:13
[INFO] [stdout]    |
[INFO] [stdout] 22 |         let A_y_translation = machine.get(0).unwrap().get(1).unwrap();
[INFO] [stdout]    |             ^^^^^^^^^^^^^^^ help: convert the identifier to snake case: `a_y_translation`
[INFO] [stdout]    |
[INFO] [stdout]    = note: `#[warn(non_snake_case)]` on by default
[INFO] [stdout] 
[INFO] [stdout] 
[INFO] [stdout] warning: variable `B_x_translation` should have a snake case name
[INFO] [stdout]   --> day-13/src/part1.rs:23:13
[INFO] [stdout]    |
[INFO] [stdout] 23 |         let B_x_translation = machine.get(1).unwrap().get(0).unwrap();
[INFO] [stdout]    |             ^^^^^^^^^^^^^^^ help: convert the identifier to snake case: `b_x_translation`
[INFO] [stdout] 
[INFO] [stdout] 
[INFO] [stdout] warning: variable `B_y_translation` should have a snake case name
[INFO] [stdout]   --> day-13/src/part1.rs:24:13
[INFO] [stdout]    |
[INFO] [stdout] 24 |         let B_y_translation = machine.get(1).unwrap().get(1).unwrap();
[INFO] [stdout]    |             ^^^^^^^^^^^^^^^ help: convert the identifier to snake case: `b_y_translation`
[INFO] [stdout] 
[INFO] [stdout] 
[INFO] [stdout] warning: variable `A` should have a snake case name
[INFO] [stdout]   --> day-13/src/part1.rs:28:27
[INFO] [stdout]    |
[INFO] [stdout] 28 |         'search_loop: for A in 1..101 {
[INFO] [stdout]    |                           ^ help: convert the identifier to snake case: `a`
[INFO] [stdout] 
[INFO] [stdout] 
[INFO] [stdout] warning: variable `B` should have a snake case name
[INFO] [stdout]   --> day-13/src/part1.rs:29:17
[INFO] [stdout]    |
[INFO] [stdout] 29 |             for B in 1..101 {
[INFO] [stdout]    |                 ^ help: convert the identifier to snake case: `b`
[INFO] [stdout] 
[INFO] [stdout] 
[INFO] [stdout] warning: variable `A_y_translation` should have a snake case name
[INFO] [stdout]   --> day-13/src/part2.rs:22:13
[INFO] [stdout]    |
[INFO] [stdout] 22 |         let A_y_translation = machine.get(0).unwrap().get(1).unwrap();
[INFO] [stdout]    |             ^^^^^^^^^^^^^^^ help: convert the identifier to snake case: `a_y_translation`
[INFO] [stdout] 
[INFO] [stdout] 
[INFO] [stdout] warning: variable `B_x_translation` should have a snake case name
[INFO] [stdout]   --> day-13/src/part2.rs:23:13
[INFO] [stdout]    |
[INFO] [stdout] 23 |         let B_x_translation = machine.get(1).unwrap().get(0).unwrap();
[INFO] [stdout]    |             ^^^^^^^^^^^^^^^ help: convert the identifier to snake case: `b_x_translation`
[INFO] [stdout] 
[INFO] [stdout] 
[INFO] [stdout] warning: variable `B_y_translation` should have a snake case name
[INFO] [stdout]   --> day-13/src/part2.rs:24:13
[INFO] [stdout]    |
[INFO] [stdout] 24 |         let B_y_translation = machine.get(1).unwrap().get(1).unwrap();
[INFO] [stdout]    |             ^^^^^^^^^^^^^^^ help: convert the identifier to snake case: `b_y_translation`
[INFO] [stdout] 
[INFO] [stdout] 
[INFO] [stdout] warning: variable `A` should have a snake case name
[INFO] [stdout]   --> day-13/src/part2.rs:28:17
[INFO] [stdout]    |
[INFO] [stdout] 28 |         let mut A: u128 = 0;
[INFO] [stdout]    |                 ^ help: convert the identifier to snake case: `a`
[INFO] [stdout] 
[INFO] [stdout] 
[INFO] [stdout] warning: variable `B` should have a snake case name
[INFO] [stdout]   --> day-13/src/part2.rs:29:17
[INFO] [stdout]    |
[INFO] [stdout] 29 |         let mut B: u128 = 0;
[INFO] [stdout]    |                 ^ help: convert the identifier to snake case: `b`
[INFO] [stdout] 
[INFO] [stdout] 
[INFO] [stderr]    Compiling day-04 v0.1.0 (/opt/rustwide/workdir/day-04)
[INFO] [stderr]    Compiling day-06 v0.1.0 (/opt/rustwide/workdir/day-06)
[INFO] [stderr]    Compiling day-10 v0.1.0 (/opt/rustwide/workdir/day-10)
[INFO] [stderr]    Compiling day-12 v0.1.0 (/opt/rustwide/workdir/day-12)
[INFO] [stderr]    Compiling day-08 v0.1.0 (/opt/rustwide/workdir/day-08)
[INFO] [stderr]    Compiling day-14 v0.1.0 (/opt/rustwide/workdir/day-14)
[INFO] [stderr]    Compiling day-15 v0.1.0 (/opt/rustwide/workdir/day-15)
[INFO] [stderr]     Finished `dev` profile [unoptimized + debuginfo] target(s) in 25.17s
[INFO] running `Command { std: "docker" "inspect" "6d975e6d83c6bfe45d633031758f0b23466de549f82a692865ed790a084f8f18", kill_on_drop: false }`
[INFO] running `Command { std: "docker" "rm" "-f" "6d975e6d83c6bfe45d633031758f0b23466de549f82a692865ed790a084f8f18", kill_on_drop: false }`
[INFO] [stdout] 6d975e6d83c6bfe45d633031758f0b23466de549f82a692865ed790a084f8f18
[INFO] running `Command { std: "docker" "create" "-v" "/var/lib/crater-agent-workspace/builds/worker-3-tc1/target:/opt/rustwide/target:rw,Z" "-v" "/var/lib/crater-agent-workspace/builds/worker-3-tc1/source:/opt/rustwide/workdir:ro,Z" "-v" "/var/lib/crater-agent-workspace/cargo-home:/opt/rustwide/cargo-home:ro,Z" "-v" "/var/lib/crater-agent-workspace/rustup-home:/opt/rustwide/rustup-home:ro,Z" "-e" "SOURCE_DIR=/opt/rustwide/workdir" "-e" "CARGO_TARGET_DIR=/opt/rustwide/target" "-e" "CARGO_INCREMENTAL=0" "-e" "RUST_BACKTRACE=full" "-e" "RUSTFLAGS=--cap-lints=forbid" "-e" "RUSTDOCFLAGS=--cap-lints=forbid" "-e" "CARGO_HOME=/opt/rustwide/cargo-home" "-e" "RUSTUP_HOME=/opt/rustwide/rustup-home" "-w" "/opt/rustwide/workdir" "-m" "1610612736" "--user" "0:0" "--network" "none" "ghcr.io/rust-lang/crates-build-env/linux@sha256:819108c5571ea2e421544af4d832f968d213c87fbe3707a016657f43d2f853bc" "/opt/rustwide/cargo-home/bin/cargo" "+nightly-2025-01-18" "test" "--frozen" "--no-run" "--message-format=json", kill_on_drop: false }`
[INFO] [stdout] 5fb5a86526a49c85e61e3723dc7352ed684a40201d41a4bae93f6e884ba3c32b
[INFO] running `Command { std: "docker" "start" "-a" "5fb5a86526a49c85e61e3723dc7352ed684a40201d41a4bae93f6e884ba3c32b", kill_on_drop: false }`
[INFO] [stderr]    Compiling day-07 v0.1.0 (/opt/rustwide/workdir/day-07)
[INFO] [stderr]    Compiling day-02 v0.1.0 (/opt/rustwide/workdir/day-02)
[INFO] [stderr]    Compiling day-03 v0.1.0 (/opt/rustwide/workdir/day-03)
[INFO] [stderr]    Compiling day-14 v0.1.0 (/opt/rustwide/workdir/day-14)
[INFO] [stdout] warning: unreachable statement
[INFO] [stdout]   --> day-09/src/part2.rs:57:9
[INFO] [stdout]    |
[INFO] [stdout] 46 | /         loop {
[INFO] [stdout] 47 | |             let attempt_sector = drive.get(loop_count).unwrap();
[INFO] [stdout] 48 | |             if !attempt_sector.free {
[INFO] [stdout] 49 | |                 continue;
[INFO] [stdout] ...  |
[INFO] [stdout] 54 | |         }
[INFO] [stdout]    | |_________- any code following this expression is unreachable
[INFO] [stdout] ...
[INFO] [stdout] 57 | /         if *drive_length == (index as u32) + count + 1 {
[INFO] [stdout] 58 | |             break;
[INFO] [stdout] 59 | |         };
[INFO] [stdout]    | |__________^ unreachable statement
[INFO] [stdout]    |
[INFO] [stdout]    = note: `#[warn(unreachable_code)]` on by default
[INFO] [stdout] 
[INFO] [stdout] 
[INFO] [stdout] warning: unused variable: `count`
[INFO] [stdout]   --> day-09/src/part2.rs:41:13
[INFO] [stdout]    |
[INFO] [stdout] 41 |     let mut count = 0;
[INFO] [stdout]    |             ^^^^^ help: if this is intentional, prefix it with an underscore: `_count`
[INFO] [stdout]    |
[INFO] [stdout]    = note: `#[warn(unused_variables)]` on by default
[INFO] [stdout] 
[INFO] [stdout] 
[INFO] [stdout] warning: unused variable: `drive_length`
[INFO] [stdout]   --> day-09/src/part2.rs:42:9
[INFO] [stdout]    |
[INFO] [stdout] 42 |     let drive_length = &(drive.len() as u32);
[INFO] [stdout]    |         ^^^^^^^^^^^^ help: if this is intentional, prefix it with an underscore: `_drive_length`
[INFO] [stdout] 
[INFO] [stdout] 
[INFO] [stdout] warning: unused variable: `index`
[INFO] [stdout]   --> day-09/src/part2.rs:44:10
[INFO] [stdout]    |
[INFO] [stdout] 44 |     for (index, sector) in drive.iter().enumerate().rev() {
[INFO] [stdout]    |          ^^^^^ help: if this is intentional, prefix it with an underscore: `_index`
[INFO] [stdout] 
[INFO] [stdout] 
[INFO] [stdout] warning: variable does not need to be mutable
[INFO] [stdout]   --> day-09/src/part2.rs:40:9
[INFO] [stdout]    |
[INFO] [stdout] 40 |     let mut result = 0u128;
[INFO] [stdout]    |         ----^^^^^^
[INFO] [stdout]    |         |
[INFO] [stdout]    |         help: remove this `mut`
[INFO] [stdout]    |
[INFO] [stdout]    = note: `#[warn(unused_mut)]` on by default
[INFO] [stdout] 
[INFO] [stdout] 
[INFO] [stdout] warning: variable does not need to be mutable
[INFO] [stdout]   --> day-09/src/part2.rs:41:9
[INFO] [stdout]    |
[INFO] [stdout] 41 |     let mut count = 0;
[INFO] [stdout]    |         ----^^^^^
[INFO] [stdout]    |         |
[INFO] [stdout]    |         help: remove this `mut`
[INFO] [stdout] 
[INFO] [stdout] 
[INFO] [stdout] warning: variable does not need to be mutable
[INFO] [stdout]   --> day-09/src/part2.rs:45:13
[INFO] [stdout]    |
[INFO] [stdout] 45 |         let mut loop_count = 0;
[INFO] [stdout]    |             ----^^^^^^^^^^
[INFO] [stdout]    |             |
[INFO] [stdout]    |             help: remove this `mut`
[INFO] [stdout] 
[INFO] [stdout] 
[INFO] [stdout] warning: field `data` is never read
[INFO] [stdout]  --> day-09/src/part2.rs:5:5
[INFO] [stdout]   |
[INFO] [stdout] 3 | struct DriveSector {
[INFO] [stdout]   |        ----------- field in this struct
[INFO] [stdout] 4 |     free: bool,
[INFO] [stdout] 5 |     data: Vec<u32>,
[INFO] [stdout]   |     ^^^^
[INFO] [stdout]   |
[INFO] [stdout]   = note: `#[warn(dead_code)]` on by default
[INFO] [stdout] 
[INFO] [stdout] 
[INFO] [stdout] warning: variable `A_y_translation` should have a snake case name
[INFO] [stdout]   --> day-13/src/part1.rs:22:13
[INFO] [stdout]    |
[INFO] [stdout] 22 |         let A_y_translation = machine.get(0).unwrap().get(1).unwrap();
[INFO] [stdout]    |             ^^^^^^^^^^^^^^^ help: convert the identifier to snake case: `a_y_translation`
[INFO] [stdout]    |
[INFO] [stdout]    = note: `#[warn(non_snake_case)]` on by default
[INFO] [stdout] 
[INFO] [stdout] 
[INFO] [stdout] warning: variable `B_x_translation` should have a snake case name
[INFO] [stdout]   --> day-13/src/part1.rs:23:13
[INFO] [stdout]    |
[INFO] [stdout] 23 |         let B_x_translation = machine.get(1).unwrap().get(0).unwrap();
[INFO] [stdout]    |             ^^^^^^^^^^^^^^^ help: convert the identifier to snake case: `b_x_translation`
[INFO] [stdout] 
[INFO] [stdout] 
[INFO] [stdout] warning: variable `B_y_translation` should have a snake case name
[INFO] [stdout]   --> day-13/src/part1.rs:24:13
[INFO] [stdout]    |
[INFO] [stdout] 24 |         let B_y_translation = machine.get(1).unwrap().get(1).unwrap();
[INFO] [stdout]    |             ^^^^^^^^^^^^^^^ help: convert the identifier to snake case: `b_y_translation`
[INFO] [stdout] 
[INFO] [stdout] 
[INFO] [stdout] warning: variable `A` should have a snake case name
[INFO] [stdout]   --> day-13/src/part1.rs:28:27
[INFO] [stdout]    |
[INFO] [stdout] 28 |         'search_loop: for A in 1..101 {
[INFO] [stdout]    |                           ^ help: convert the identifier to snake case: `a`
[INFO] [stdout] 
[INFO] [stdout] 
[INFO] [stdout] warning: variable `B` should have a snake case name
[INFO] [stdout]   --> day-13/src/part1.rs:29:17
[INFO] [stdout]    |
[INFO] [stdout] 29 |             for B in 1..101 {
[INFO] [stdout]    |                 ^ help: convert the identifier to snake case: `b`
[INFO] [stdout] 
[INFO] [stdout] 
[INFO] [stdout] warning: variable `A_y_translation` should have a snake case name
[INFO] [stdout]   --> day-13/src/part2.rs:22:13
[INFO] [stdout]    |
[INFO] [stdout] 22 |         let A_y_translation = machine.get(0).unwrap().get(1).unwrap();
[INFO] [stdout]    |             ^^^^^^^^^^^^^^^ help: convert the identifier to snake case: `a_y_translation`
[INFO] [stdout] 
[INFO] [stdout] 
[INFO] [stdout] warning: variable `B_x_translation` should have a snake case name
[INFO] [stdout]   --> day-13/src/part2.rs:23:13
[INFO] [stdout]    |
[INFO] [stdout] 23 |         let B_x_translation = machine.get(1).unwrap().get(0).unwrap();
[INFO] [stdout]    |             ^^^^^^^^^^^^^^^ help: convert the identifier to snake case: `b_x_translation`
[INFO] [stdout] 
[INFO] [stdout] 
[INFO] [stdout] warning: variable `B_y_translation` should have a snake case name
[INFO] [stdout]   --> day-13/src/part2.rs:24:13
[INFO] [stdout]    |
[INFO] [stdout] 24 |         let B_y_translation = machine.get(1).unwrap().get(1).unwrap();
[INFO] [stdout]    |             ^^^^^^^^^^^^^^^ help: convert the identifier to snake case: `b_y_translation`
[INFO] [stdout] 
[INFO] [stdout] 
[INFO] [stdout] warning: variable `A` should have a snake case name
[INFO] [stdout]   --> day-13/src/part2.rs:28:17
[INFO] [stdout]    |
[INFO] [stdout] 28 |         let mut A: u128 = 0;
[INFO] [stdout]    |                 ^ help: convert the identifier to snake case: `a`
[INFO] [stdout] 
[INFO] [stdout] 
[INFO] [stdout] warning: variable `B` should have a snake case name
[INFO] [stdout]   --> day-13/src/part2.rs:29:17
[INFO] [stdout]    |
[INFO] [stdout] 29 |         let mut B: u128 = 0;
[INFO] [stdout]    |                 ^ help: convert the identifier to snake case: `b`
[INFO] [stdout] 
[INFO] [stdout] 
[INFO] [stderr]    Compiling day-13 v0.1.0 (/opt/rustwide/workdir/day-13)
[INFO] [stderr]    Compiling day-09 v0.1.0 (/opt/rustwide/workdir/day-09)
[INFO] [stderr]    Compiling day-04 v0.1.0 (/opt/rustwide/workdir/day-04)
[INFO] [stderr]    Compiling day-15 v0.1.0 (/opt/rustwide/workdir/day-15)
[INFO] [stdout] warning: variable `A_y_translation` should have a snake case name
[INFO] [stdout]   --> day-13/src/part1.rs:22:13
[INFO] [stdout]    |
[INFO] [stdout] 22 |         let A_y_translation = machine.get(0).unwrap().get(1).unwrap();
[INFO] [stdout]    |             ^^^^^^^^^^^^^^^ help: convert the identifier to snake case: `a_y_translation`
[INFO] [stdout]    |
[INFO] [stdout]    = note: `#[warn(non_snake_case)]` on by default
[INFO] [stdout] 
[INFO] [stdout] 
[INFO] [stdout] warning: variable `B_x_translation` should have a snake case name
[INFO] [stdout]   --> day-13/src/part1.rs:23:13
[INFO] [stdout]    |
[INFO] [stdout] 23 |         let B_x_translation = machine.get(1).unwrap().get(0).unwrap();
[INFO] [stdout]    |             ^^^^^^^^^^^^^^^ help: convert the identifier to snake case: `b_x_translation`
[INFO] [stdout] 
[INFO] [stdout] 
[INFO] [stdout] warning: variable `B_y_translation` should have a snake case name
[INFO] [stdout]   --> day-13/src/part1.rs:24:13
[INFO] [stdout]    |
[INFO] [stdout] 24 |         let B_y_translation = machine.get(1).unwrap().get(1).unwrap();
[INFO] [stdout]    |             ^^^^^^^^^^^^^^^ help: convert the identifier to snake case: `b_y_translation`
[INFO] [stdout] 
[INFO] [stdout] 
[INFO] [stdout] warning: variable `A` should have a snake case name
[INFO] [stdout]   --> day-13/src/part1.rs:28:27
[INFO] [stdout]    |
[INFO] [stdout] 28 |         'search_loop: for A in 1..101 {
[INFO] [stdout]    |                           ^ help: convert the identifier to snake case: `a`
[INFO] [stdout] 
[INFO] [stdout] 
[INFO] [stdout] warning: variable `B` should have a snake case name
[INFO] [stdout]   --> day-13/src/part1.rs:29:17
[INFO] [stdout]    |
[INFO] [stdout] 29 |             for B in 1..101 {
[INFO] [stdout]    |                 ^ help: convert the identifier to snake case: `b`
[INFO] [stdout] 
[INFO] [stdout] 
[INFO] [stdout] warning: variable `A_y_translation` should have a snake case name
[INFO] [stdout]   --> day-13/src/part2.rs:22:13
[INFO] [stdout]    |
[INFO] [stdout] 22 |         let A_y_translation = machine.get(0).unwrap().get(1).unwrap();
[INFO] [stdout]    |             ^^^^^^^^^^^^^^^ help: convert the identifier to snake case: `a_y_translation`
[INFO] [stdout] 
[INFO] [stdout] 
[INFO] [stdout] warning: variable `B_x_translation` should have a snake case name
[INFO] [stdout]   --> day-13/src/part2.rs:23:13
[INFO] [stdout]    |
[INFO] [stdout] 23 |         let B_x_translation = machine.get(1).unwrap().get(0).unwrap();
[INFO] [stdout]    |             ^^^^^^^^^^^^^^^ help: convert the identifier to snake case: `b_x_translation`
[INFO] [stdout] 
[INFO] [stdout] 
[INFO] [stdout] warning: variable `B_y_translation` should have a snake case name
[INFO] [stdout]   --> day-13/src/part2.rs:24:13
[INFO] [stdout]    |
[INFO] [stdout] 24 |         let B_y_translation = machine.get(1).unwrap().get(1).unwrap();
[INFO] [stdout]    |             ^^^^^^^^^^^^^^^ help: convert the identifier to snake case: `b_y_translation`
[INFO] [stdout] 
[INFO] [stdout] 
[INFO] [stdout] warning: variable `A` should have a snake case name
[INFO] [stdout]   --> day-13/src/part2.rs:28:17
[INFO] [stdout]    |
[INFO] [stdout] 28 |         let mut A: u128 = 0;
[INFO] [stdout]    |                 ^ help: convert the identifier to snake case: `a`
[INFO] [stdout] 
[INFO] [stdout] 
[INFO] [stdout] warning: variable `B` should have a snake case name
[INFO] [stdout]   --> day-13/src/part2.rs:29:17
[INFO] [stdout]    |
[INFO] [stdout] 29 |         let mut B: u128 = 0;
[INFO] [stdout]    |                 ^ help: convert the identifier to snake case: `b`
[INFO] [stdout] 
[INFO] [stdout] 
[INFO] [stderr]    Compiling day-06 v0.1.0 (/opt/rustwide/workdir/day-06)
[INFO] [stderr]    Compiling day-12 v0.1.0 (/opt/rustwide/workdir/day-12)
[INFO] [stderr]    Compiling day-05 v0.1.0 (/opt/rustwide/workdir/day-05)
[INFO] [stderr]    Compiling day-10 v0.1.0 (/opt/rustwide/workdir/day-10)
[INFO] [stderr]    Compiling day-11 v0.1.0 (/opt/rustwide/workdir/day-11)
[INFO] [stderr]    Compiling day-08 v0.1.0 (/opt/rustwide/workdir/day-08)
[INFO] [stderr]    Compiling day-01 v0.1.0 (/opt/rustwide/workdir/day-01)
[INFO] [stdout] warning: unreachable statement
[INFO] [stdout]   --> day-15/src/part2.rs:14:9
[INFO] [stdout]    |
[INFO] [stdout] 13 |         todo!("haven't built test yet");
[INFO] [stdout]    |         ------------------------------- any code following this expression is unreachable
[INFO] [stdout] 14 |         let input = "";
[INFO] [stdout]    |         ^^^^^^^^^^^^^^^ unreachable statement
[INFO] [stdout]    |
[INFO] [stdout]    = note: `#[warn(unreachable_code)]` on by default
[INFO] [stdout] 
[INFO] [stdout] 
[INFO] [stdout] warning: unreachable statement
[INFO] [stdout]   --> day-09/src/part2.rs:57:9
[INFO] [stdout]    |
[INFO] [stdout] 46 | /         loop {
[INFO] [stdout] 47 | |             let attempt_sector = drive.get(loop_count).unwrap();
[INFO] [stdout] 48 | |             if !attempt_sector.free {
[INFO] [stdout] 49 | |                 continue;
[INFO] [stdout] ...  |
[INFO] [stdout] 54 | |         }
[INFO] [stdout]    | |_________- any code following this expression is unreachable
[INFO] [stdout] ...
[INFO] [stdout] 57 | /         if *drive_length == (index as u32) + count + 1 {
[INFO] [stdout] 58 | |             break;
[INFO] [stdout] 59 | |         };
[INFO] [stdout]    | |__________^ unreachable statement
[INFO] [stdout]    |
[INFO] [stdout]    = note: `#[warn(unreachable_code)]` on by default
[INFO] [stdout] 
[INFO] [stdout] 
[INFO] [stdout] warning: unused variable: `count`
[INFO] [stdout]   --> day-09/src/part2.rs:41:13
[INFO] [stdout]    |
[INFO] [stdout] 41 |     let mut count = 0;
[INFO] [stdout]    |             ^^^^^ help: if this is intentional, prefix it with an underscore: `_count`
[INFO] [stdout]    |
[INFO] [stdout]    = note: `#[warn(unused_variables)]` on by default
[INFO] [stdout] 
[INFO] [stdout] 
[INFO] [stdout] warning: unused variable: `drive_length`
[INFO] [stdout]   --> day-09/src/part2.rs:42:9
[INFO] [stdout]    |
[INFO] [stdout] 42 |     let drive_length = &(drive.len() as u32);
[INFO] [stdout]    |         ^^^^^^^^^^^^ help: if this is intentional, prefix it with an underscore: `_drive_length`
[INFO] [stdout] 
[INFO] [stdout] 
[INFO] [stdout] warning: unused variable: `index`
[INFO] [stdout]   --> day-09/src/part2.rs:44:10
[INFO] [stdout]    |
[INFO] [stdout] 44 |     for (index, sector) in drive.iter().enumerate().rev() {
[INFO] [stdout]    |          ^^^^^ help: if this is intentional, prefix it with an underscore: `_index`
[INFO] [stdout] 
[INFO] [stdout] 
[INFO] [stdout] warning: variable does not need to be mutable
[INFO] [stdout]   --> day-09/src/part2.rs:40:9
[INFO] [stdout]    |
[INFO] [stdout] 40 |     let mut result = 0u128;
[INFO] [stdout]    |         ----^^^^^^
[INFO] [stdout]    |         |
[INFO] [stdout]    |         help: remove this `mut`
[INFO] [stdout]    |
[INFO] [stdout]    = note: `#[warn(unused_mut)]` on by default
[INFO] [stdout] 
[INFO] [stdout] 
[INFO] [stdout] warning: variable does not need to be mutable
[INFO] [stdout]   --> day-09/src/part2.rs:41:9
[INFO] [stdout]    |
[INFO] [stdout] 41 |     let mut count = 0;
[INFO] [stdout]    |         ----^^^^^
[INFO] [stdout]    |         |
[INFO] [stdout]    |         help: remove this `mut`
[INFO] [stdout] 
[INFO] [stdout] 
[INFO] [stdout] warning: variable does not need to be mutable
[INFO] [stdout]   --> day-09/src/part2.rs:45:13
[INFO] [stdout]    |
[INFO] [stdout] 45 |         let mut loop_count = 0;
[INFO] [stdout]    |             ----^^^^^^^^^^
[INFO] [stdout]    |             |
[INFO] [stdout]    |             help: remove this `mut`
[INFO] [stdout] 
[INFO] [stdout] 
[INFO] [stdout] warning: field `data` is never read
[INFO] [stdout]  --> day-09/src/part2.rs:5:5
[INFO] [stdout]   |
[INFO] [stdout] 3 | struct DriveSector {
[INFO] [stdout]   |        ----------- field in this struct
[INFO] [stdout] 4 |     free: bool,
[INFO] [stdout] 5 |     data: Vec<u32>,
[INFO] [stdout]   |     ^^^^
[INFO] [stdout]   |
[INFO] [stdout]   = note: `#[warn(dead_code)]` on by default
[INFO] [stdout] 
[INFO] [stdout] 
[INFO] [stderr]     Finished `test` profile [unoptimized + debuginfo] target(s) in 9.25s
[INFO] running `Command { std: "docker" "inspect" "5fb5a86526a49c85e61e3723dc7352ed684a40201d41a4bae93f6e884ba3c32b", kill_on_drop: false }`
[INFO] running `Command { std: "docker" "rm" "-f" "5fb5a86526a49c85e61e3723dc7352ed684a40201d41a4bae93f6e884ba3c32b", kill_on_drop: false }`
[INFO] [stdout] 5fb5a86526a49c85e61e3723dc7352ed684a40201d41a4bae93f6e884ba3c32b
[INFO] running `Command { std: "docker" "create" "-v" "/var/lib/crater-agent-workspace/builds/worker-3-tc1/target:/opt/rustwide/target:rw,Z" "-v" "/var/lib/crater-agent-workspace/builds/worker-3-tc1/source:/opt/rustwide/workdir:ro,Z" "-v" "/var/lib/crater-agent-workspace/cargo-home:/opt/rustwide/cargo-home:ro,Z" "-v" "/var/lib/crater-agent-workspace/rustup-home:/opt/rustwide/rustup-home:ro,Z" "-e" "SOURCE_DIR=/opt/rustwide/workdir" "-e" "CARGO_TARGET_DIR=/opt/rustwide/target" "-e" "CARGO_INCREMENTAL=0" "-e" "RUST_BACKTRACE=full" "-e" "RUSTFLAGS=--cap-lints=forbid" "-e" "RUSTDOCFLAGS=--cap-lints=forbid" "-e" "CARGO_HOME=/opt/rustwide/cargo-home" "-e" "RUSTUP_HOME=/opt/rustwide/rustup-home" "-w" "/opt/rustwide/workdir" "-m" "1610612736" "--user" "0:0" "--network" "none" "ghcr.io/rust-lang/crates-build-env/linux@sha256:819108c5571ea2e421544af4d832f968d213c87fbe3707a016657f43d2f853bc" "/opt/rustwide/cargo-home/bin/cargo" "+nightly-2025-01-18" "test" "--frozen", kill_on_drop: false }`
[INFO] [stdout] c667b8a5d30159c71911c67542dc09820c8667e055e620321fe2e05cdb7c8430
[INFO] running `Command { std: "docker" "start" "-a" "c667b8a5d30159c71911c67542dc09820c8667e055e620321fe2e05cdb7c8430", kill_on_drop: false }`
[INFO] [stderr] warning: unreachable statement
[INFO] [stderr]   --> day-09/src/part2.rs:57:9
[INFO] [stderr]    |
[INFO] [stderr] 46 | /         loop {
[INFO] [stderr] 47 | |             let attempt_sector = drive.get(loop_count).unwrap();
[INFO] [stderr] 48 | |             if !attempt_sector.free {
[INFO] [stderr] 49 | |                 continue;
[INFO] [stderr] ...  |
[INFO] [stderr] 54 | |         }
[INFO] [stderr]    | |_________- any code following this expression is unreachable
[INFO] [stderr] ...
[INFO] [stderr] 57 | /         if *drive_length == (index as u32) + count + 1 {
[INFO] [stderr] 58 | |             break;
[INFO] [stderr] 59 | |         };
[INFO] [stderr]    | |__________^ unreachable statement
[INFO] [stderr]    |
[INFO] [stderr]    = note: `#[warn(unreachable_code)]` on by default
[INFO] [stderr] 
[INFO] [stderr] warning: unused variable: `count`
[INFO] [stderr]   --> day-09/src/part2.rs:41:13
[INFO] [stderr]    |
[INFO] [stderr] 41 |     let mut count = 0;
[INFO] [stderr]    |             ^^^^^ help: if this is intentional, prefix it with an underscore: `_count`
[INFO] [stderr]    |
[INFO] [stderr]    = note: `#[warn(unused_variables)]` on by default
[INFO] [stderr] 
[INFO] [stderr] warning: unused variable: `drive_length`
[INFO] [stderr]   --> day-09/src/part2.rs:42:9
[INFO] [stderr]    |
[INFO] [stderr] 42 |     let drive_length = &(drive.len() as u32);
[INFO] [stderr]    |         ^^^^^^^^^^^^ help: if this is intentional, prefix it with an underscore: `_drive_length`
[INFO] [stderr] 
[INFO] [stderr] warning: unused variable: `index`
[INFO] [stderr]   --> day-09/src/part2.rs:44:10
[INFO] [stderr]    |
[INFO] [stderr] 44 |     for (index, sector) in drive.iter().enumerate().rev() {
[INFO] [stderr]    |          ^^^^^ help: if this is intentional, prefix it with an underscore: `_index`
[INFO] [stderr] 
[INFO] [stderr] warning: variable does not need to be mutable
[INFO] [stderr]   --> day-09/src/part2.rs:40:9
[INFO] [stderr]    |
[INFO] [stderr] 40 |     let mut result = 0u128;
[INFO] [stderr]    |         ----^^^^^^
[INFO] [stderr]    |         |
[INFO] [stderr]    |         help: remove this `mut`
[INFO] [stderr]    |
[INFO] [stderr]    = note: `#[warn(unused_mut)]` on by default
[INFO] [stderr] 
[INFO] [stderr] warning: variable does not need to be mutable
[INFO] [stderr]   --> day-09/src/part2.rs:41:9
[INFO] [stderr]    |
[INFO] [stderr] 41 |     let mut count = 0;
[INFO] [stderr]    |         ----^^^^^
[INFO] [stderr]    |         |
[INFO] [stderr]    |         help: remove this `mut`
[INFO] [stderr] 
[INFO] [stderr] warning: variable does not need to be mutable
[INFO] [stderr]   --> day-09/src/part2.rs:45:13
[INFO] [stderr]    |
[INFO] [stderr] 45 |         let mut loop_count = 0;
[INFO] [stderr]    |             ----^^^^^^^^^^
[INFO] [stderr]    |             |
[INFO] [stderr]    |             help: remove this `mut`
[INFO] [stderr] 
[INFO] [stderr] warning: field `data` is never read
[INFO] [stderr]  --> day-09/src/part2.rs:5:5
[INFO] [stderr]   |
[INFO] [stderr] 3 | struct DriveSector {
[INFO] [stderr]   |        ----------- field in this struct
[INFO] [stderr] 4 |     free: bool,
[INFO] [stderr] 5 |     data: Vec<u32>,
[INFO] [stderr]   |     ^^^^
[INFO] [stderr]   |
[INFO] [stderr]   = note: `#[warn(dead_code)]` on by default
[INFO] [stderr] 
[INFO] [stderr] warning: `day-09` (lib) generated 8 warnings (run `cargo fix --lib -p day-09` to apply 3 suggestions)
[INFO] [stderr] warning: variable `A_y_translation` should have a snake case name
[INFO] [stderr]   --> day-13/src/part1.rs:22:13
[INFO] [stderr]    |
[INFO] [stderr] 22 |         let A_y_translation = machine.get(0).unwrap().get(1).unwrap();
[INFO] [stderr]    |             ^^^^^^^^^^^^^^^ help: convert the identifier to snake case: `a_y_translation`
[INFO] [stderr]    |
[INFO] [stderr]    = note: `#[warn(non_snake_case)]` on by default
[INFO] [stderr] 
[INFO] [stderr] warning: variable `B_x_translation` should have a snake case name
[INFO] [stderr]   --> day-13/src/part1.rs:23:13
[INFO] [stderr]    |
[INFO] [stderr] 23 |         let B_x_translation = machine.get(1).unwrap().get(0).unwrap();
[INFO] [stderr]    |             ^^^^^^^^^^^^^^^ help: convert the identifier to snake case: `b_x_translation`
[INFO] [stderr] 
[INFO] [stderr] warning: variable `B_y_translation` should have a snake case name
[INFO] [stderr]   --> day-13/src/part1.rs:24:13
[INFO] [stderr]    |
[INFO] [stderr] 24 |         let B_y_translation = machine.get(1).unwrap().get(1).unwrap();
[INFO] [stderr]    |             ^^^^^^^^^^^^^^^ help: convert the identifier to snake case: `b_y_translation`
[INFO] [stderr] 
[INFO] [stderr] warning: variable `A` should have a snake case name
[INFO] [stderr]   --> day-13/src/part1.rs:28:27
[INFO] [stderr]    |
[INFO] [stderr] 28 |         'search_loop: for A in 1..101 {
[INFO] [stderr]    |                           ^ help: convert the identifier to snake case: `a`
[INFO] [stderr] 
[INFO] [stderr] warning: variable `B` should have a snake case name
[INFO] [stderr]   --> day-13/src/part1.rs:29:17
[INFO] [stderr]    |
[INFO] [stderr] 29 |             for B in 1..101 {
[INFO] [stderr]    |                 ^ help: convert the identifier to snake case: `b`
[INFO] [stderr] 
[INFO] [stderr] warning: variable `A_y_translation` should have a snake case name
[INFO] [stderr]   --> day-13/src/part2.rs:22:13
[INFO] [stderr]    |
[INFO] [stderr] 22 |         let A_y_translation = machine.get(0).unwrap().get(1).unwrap();
[INFO] [stderr]    |             ^^^^^^^^^^^^^^^ help: convert the identifier to snake case: `a_y_translation`
[INFO] [stderr] 
[INFO] [stderr] warning: variable `B_x_translation` should have a snake case name
[INFO] [stderr]   --> day-13/src/part2.rs:23:13
[INFO] [stderr]    |
[INFO] [stderr] 23 |         let B_x_translation = machine.get(1).unwrap().get(0).unwrap();
[INFO] [stderr]    |             ^^^^^^^^^^^^^^^ help: convert the identifier to snake case: `b_x_translation`
[INFO] [stderr] 
[INFO] [stderr] warning: variable `B_y_translation` should have a snake case name
[INFO] [stderr]   --> day-13/src/part2.rs:24:13
[INFO] [stderr]    |
[INFO] [stderr] 24 |         let B_y_translation = machine.get(1).unwrap().get(1).unwrap();
[INFO] [stderr]    |             ^^^^^^^^^^^^^^^ help: convert the identifier to snake case: `b_y_translation`
[INFO] [stderr] 
[INFO] [stderr] warning: variable `A` should have a snake case name
[INFO] [stderr]   --> day-13/src/part2.rs:28:17
[INFO] [stderr]    |
[INFO] [stderr] 28 |         let mut A: u128 = 0;
[INFO] [stderr]    |                 ^ help: convert the identifier to snake case: `a`
[INFO] [stderr] 
[INFO] [stderr] warning: variable `B` should have a snake case name
[INFO] [stderr]   --> day-13/src/part2.rs:29:17
[INFO] [stderr]    |
[INFO] [stderr] 29 |         let mut B: u128 = 0;
[INFO] [stderr]    |                 ^ help: convert the identifier to snake case: `b`
[INFO] [stderr] 
[INFO] [stderr] warning: `day-13` (lib) generated 10 warnings
[INFO] [stderr] warning: `day-13` (lib test) generated 10 warnings (10 duplicates)
[INFO] [stderr] warning: unreachable statement
[INFO] [stderr]   --> day-15/src/part2.rs:14:9
[INFO] [stderr]    |
[INFO] [stderr] 13 |         todo!("haven't built test yet");
[INFO] [stderr]    |         ------------------------------- any code following this expression is unreachable
[INFO] [stderr] 14 |         let input = "";
[INFO] [stderr]    |         ^^^^^^^^^^^^^^^ unreachable statement
[INFO] [stderr]    |
[INFO] [stderr]    = note: `#[warn(unreachable_code)]` on by default
[INFO] [stderr] 
[INFO] [stderr] warning: `day-15` (lib test) generated 1 warning
[INFO] [stderr] warning: `day-09` (lib test) generated 8 warnings (8 duplicates)
[INFO] [stderr]     Finished `test` profile [unoptimized + debuginfo] target(s) in 0.05s
[INFO] [stderr]      Running unittests src/lib.rs (/opt/rustwide/target/debug/deps/day_01-bf3f59b0411d89e9)
[INFO] [stdout] 
[INFO] [stdout] running 2 tests
[INFO] [stdout] test part2::tests::test_process ... ok
[INFO] [stdout] test part1::tests::test_process ... ok
[INFO] [stdout] 
[INFO] [stdout] test result: ok. 2 passed; 0 failed; 0 ignored; 0 measured; 0 filtered out; finished in 0.00s
[INFO] [stdout] 
[INFO] [stderr]      Running unittests src/bin/part1.rs (/opt/rustwide/target/debug/deps/part1-f68c2311686fbb00)
[INFO] [stdout] 
[INFO] [stdout] running 0 tests
[INFO] [stdout] 
[INFO] [stdout] test result: ok. 0 passed; 0 failed; 0 ignored; 0 measured; 0 filtered out; finished in 0.00s
[INFO] [stdout] 
[INFO] [stderr]      Running unittests src/bin/part2.rs (/opt/rustwide/target/debug/deps/part2-01ecdefa116336c5)
[INFO] [stdout] 
[INFO] [stdout] running 0 tests
[INFO] [stdout] 
[INFO] [stdout] test result: ok. 0 passed; 0 failed; 0 ignored; 0 measured; 0 filtered out; finished in 0.00s
[INFO] [stdout] 
[INFO] [stderr]      Running unittests src/lib.rs (/opt/rustwide/target/debug/deps/day_02-f672dea60853e6ce)
[INFO] [stdout] 
[INFO] [stdout] running 2 tests
[INFO] [stdout] test part1::tests::test_process ... ok
[INFO] [stdout] test part2::tests::test_process ... ok
[INFO] [stdout] 
[INFO] [stdout] test result: ok. 2 passed; 0 failed; 0 ignored; 0 measured; 0 filtered out; finished in 0.01s
[INFO] [stdout] 
[INFO] [stderr]      Running unittests src/bin/part1.rs (/opt/rustwide/target/debug/deps/part1-801d607c7474c0de)
[INFO] [stdout] 
[INFO] [stdout] running 0 tests
[INFO] [stdout] 
[INFO] [stdout] test result: ok. 0 passed; 0 failed; 0 ignored; 0 measured; 0 filtered out; finished in 0.00s
[INFO] [stdout] 
[INFO] [stderr]      Running unittests src/bin/part2.rs (/opt/rustwide/target/debug/deps/part2-d992a70c62750fb1)
[INFO] [stdout] 
[INFO] [stdout] running 0 tests
[INFO] [stdout] 
[INFO] [stdout] test result: ok. 0 passed; 0 failed; 0 ignored; 0 measured; 0 filtered out; finished in 0.00s
[INFO] [stdout] 
[INFO] [stderr]      Running unittests src/lib.rs (/opt/rustwide/target/debug/deps/day_03-89c9f4fb36a902db)
[INFO] [stdout] 
[INFO] [stdout] running 2 tests
[INFO] [stdout] test part1::tests::test_process ... ok
[INFO] [stdout] test part2::tests::test_process ... ok
[INFO] [stdout] 
[INFO] [stdout] test result: ok. 2 passed; 0 failed; 0 ignored; 0 measured; 0 filtered out; finished in 0.02s
[INFO] [stdout] 
[INFO] [stderr]      Running unittests src/bin/part1.rs (/opt/rustwide/target/debug/deps/part1-47a2e88603685169)
[INFO] [stdout] 
[INFO] [stdout] running 0 tests
[INFO] [stdout] 
[INFO] [stdout] test result: ok. 0 passed; 0 failed; 0 ignored; 0 measured; 0 filtered out; finished in 0.00s
[INFO] [stdout] 
[INFO] [stderr]      Running unittests src/bin/part2.rs (/opt/rustwide/target/debug/deps/part2-15e9edd90b18e560)
[INFO] [stdout] 
[INFO] [stdout] running 0 tests
[INFO] [stdout] 
[INFO] [stdout] test result: ok. 0 passed; 0 failed; 0 ignored; 0 measured; 0 filtered out; finished in 0.00s
[INFO] [stdout] 
[INFO] [stderr]      Running unittests src/lib.rs (/opt/rustwide/target/debug/deps/day_04-e7aa8c2d67e24cd1)
[INFO] [stdout] 
[INFO] [stdout] running 2 tests
[INFO] [stdout] test part2::tests::test_process ... ok
[INFO] [stdout] test part1::tests::test_process ... ok
[INFO] [stdout] 
[INFO] [stdout] test result: ok. 2 passed; 0 failed; 0 ignored; 0 measured; 0 filtered out; finished in 0.01s
[INFO] [stdout] 
[INFO] [stderr]      Running unittests src/bin/part1.rs (/opt/rustwide/target/debug/deps/part1-2c6cce98b375abc5)
[INFO] [stdout] 
[INFO] [stdout] running 0 tests
[INFO] [stdout] 
[INFO] [stdout] test result: ok. 0 passed; 0 failed; 0 ignored; 0 measured; 0 filtered out; finished in 0.00s
[INFO] [stdout] 
[INFO] [stderr]      Running unittests src/bin/part2.rs (/opt/rustwide/target/debug/deps/part2-84da948834f8bc3a)
[INFO] [stdout] 
[INFO] [stdout] running 0 tests
[INFO] [stdout] 
[INFO] [stdout] test result: ok. 0 passed; 0 failed; 0 ignored; 0 measured; 0 filtered out; finished in 0.00s
[INFO] [stdout] 
[INFO] [stderr]      Running unittests src/lib.rs (/opt/rustwide/target/debug/deps/day_05-45f112f7d7a0333e)
[INFO] [stdout] 
[INFO] [stdout] running 2 tests
[INFO] [stdout] test part2::tests::test_process ... ok
[INFO] [stdout] test part1::tests::test_process ... ok
[INFO] [stderr]      Running unittests src/bin/part1.rs (/opt/rustwide/target/debug/deps/part1-ec8afa1558ddbfa3)
[INFO] [stdout] 
[INFO] [stdout] test result: ok. 2 passed; 0 failed; 0 ignored; 0 measured; 0 filtered out; finished in 0.00s
[INFO] [stdout] 
[INFO] [stdout] 
[INFO] [stdout] running 0 tests
[INFO] [stdout] 
[INFO] [stdout] test result: ok. 0 passed; 0 failed; 0 ignored; 0 measured; 0 filtered out; finished in 0.01s
[INFO] [stdout] 
[INFO] [stderr]      Running unittests src/bin/part2.rs (/opt/rustwide/target/debug/deps/part2-1784b6ffefa97695)
[INFO] [stdout] 
[INFO] [stdout] running 0 tests
[INFO] [stdout] 
[INFO] [stdout] test result: ok. 0 passed; 0 failed; 0 ignored; 0 measured; 0 filtered out; finished in 0.00s
[INFO] [stdout] 
[INFO] [stderr]      Running unittests src/lib.rs (/opt/rustwide/target/debug/deps/day_06-82561cf96da28fc6)
[INFO] [stdout] 
[INFO] [stdout] running 2 tests
[INFO] [stdout] test part1::tests::test_process ... ok
[INFO] [stderr]      Running unittests src/bin/part1.rs (/opt/rustwide/target/debug/deps/part1-d6fac744e2c7c867)
[INFO] [stdout] test part2::tests::test_process ... ok
[INFO] [stdout] 
[INFO] [stdout] test result: ok. 2 passed; 0 failed; 0 ignored; 0 measured; 0 filtered out; finished in 0.01s
[INFO] [stdout] 
[INFO] [stdout] 
[INFO] [stdout] running 0 tests
[INFO] [stdout] 
[INFO] [stderr]      Running unittests src/bin/part2.rs (/opt/rustwide/target/debug/deps/part2-bae7daee63d1d8bd)
[INFO] [stdout] test result: ok. 0 passed; 0 failed; 0 ignored; 0 measured; 0 filtered out; finished in 0.00s
[INFO] [stdout] 
[INFO] [stdout] 
[INFO] [stdout] running 0 tests
[INFO] [stdout] 
[INFO] [stderr]      Running unittests src/lib.rs (/opt/rustwide/target/debug/deps/day_07-563dc757c6ecf98d)
[INFO] [stdout] test result: ok. 0 passed; 0 failed; 0 ignored; 0 measured; 0 filtered out; finished in 0.00s
[INFO] [stdout] 
[INFO] [stdout] 
[INFO] [stdout] running 2 tests
[INFO] [stdout] test part1::tests::test_process ... ok
[INFO] [stdout] test part2::tests::test_process ... ok
[INFO] [stdout] 
[INFO] [stdout] test result: ok. 2 passed; 0 failed; 0 ignored; 0 measured; 0 filtered out; finished in 0.01s
[INFO] [stdout] 
[INFO] [stdout] 
[INFO] [stderr]      Running unittests src/bin/part1.rs (/opt/rustwide/target/debug/deps/part1-b7966b94be7172fb)
[INFO] [stdout] running 0 tests
[INFO] [stderr]      Running unittests src/bin/part2.rs (/opt/rustwide/target/debug/deps/part2-8cfe463efe246f7f)
[INFO] [stdout] 
[INFO] [stdout] test result: ok. 0 passed; 0 failed; 0 ignored; 0 measured; 0 filtered out; finished in 0.00s
[INFO] [stdout] 
[INFO] [stdout] 
[INFO] [stdout] running 0 tests
[INFO] [stdout] 
[INFO] [stdout] test result: ok. 0 passed; 0 failed; 0 ignored; 0 measured; 0 filtered out; finished in 0.00s
[INFO] [stdout] 
[INFO] [stderr]      Running unittests src/lib.rs (/opt/rustwide/target/debug/deps/day_08-9f8a7f5d9709c846)
[INFO] [stdout] 
[INFO] [stdout] running 2 tests
[INFO] [stderr]      Running unittests src/bin/part1.rs (/opt/rustwide/target/debug/deps/part1-890e13361be43dae)
[INFO] [stdout] test part1::tests::test_process ... ok
[INFO] [stdout] test part2::tests::test_process ... ok
[INFO] [stdout] 
[INFO] [stdout] test result: ok. 2 passed; 0 failed; 0 ignored; 0 measured; 0 filtered out; finished in 0.00s
[INFO] [stdout] 
[INFO] [stdout] 
[INFO] [stdout] running 0 tests
[INFO] [stdout] 
[INFO] [stdout] test result: ok. 0 passed; 0 failed; 0 ignored; 0 measured; 0 filtered out; finished in 0.00s
[INFO] [stdout] 
[INFO] [stderr]      Running unittests src/bin/part2.rs (/opt/rustwide/target/debug/deps/part2-7d98a8eef7200e62)
[INFO] [stdout] 
[INFO] [stderr]      Running unittests src/lib.rs (/opt/rustwide/target/debug/deps/day_09-15c2afc33482663a)
[INFO] [stdout] running 0 tests
[INFO] [stdout] 
[INFO] [stdout] test result: ok. 0 passed; 0 failed; 0 ignored; 0 measured; 0 filtered out; finished in 0.00s
[INFO] [stdout] 
[INFO] [stdout] 
[INFO] [stdout] running 2 tests
[INFO] [stdout] test part1::tests::test_process ... ok
[INFO] [stdout] test part2::tests::test_process ... FAILED
[INFO] [stdout] 
[INFO] [stdout] failures:
[INFO] [stdout] 
[INFO] [stdout] ---- part2::tests::test_process stdout ----
[INFO] [stdout] 
[INFO] [stdout] thread 'part2::tests::test_process' panicked at day-09/src/part2.rs:52:17:
[INFO] [stdout] not yet implemented
[INFO] [stdout] stack backtrace:
[INFO] [stdout]    0:     0x60147adeb5ba - std::backtrace_rs::backtrace::libunwind::trace::hb059275cfc8d6126
[INFO] [stdout]                                at /rustc/6067b36314ab5eb2eb47cecc464545ba58e1ad24/library/std/src/../../backtrace/src/backtrace/libunwind.rs:116:5
[INFO] [stdout]    1:     0x60147adeb5ba - std::backtrace_rs::backtrace::trace_unsynchronized::h2da071e4327ce3ee
[INFO] [stdout]                                at /rustc/6067b36314ab5eb2eb47cecc464545ba58e1ad24/library/std/src/../../backtrace/src/backtrace/mod.rs:66:5
[INFO] [stdout]    2:     0x60147adeb5ba - std::sys::backtrace::_print_fmt::h842a1474e6f8d23f
[INFO] [stdout]                                at /rustc/6067b36314ab5eb2eb47cecc464545ba58e1ad24/library/std/src/sys/backtrace.rs:66:9
[INFO] [stdout]    3:     0x60147adeb5ba - <std::sys::backtrace::BacktraceLock::print::DisplayBacktrace as core::fmt::Display>::fmt::h71a62eb3b9696b12
[INFO] [stdout]                                at /rustc/6067b36314ab5eb2eb47cecc464545ba58e1ad24/library/std/src/sys/backtrace.rs:39:26
[INFO] [stdout]    4:     0x60147ae13203 - core::fmt::rt::Argument::fmt::hdb6b616786b41dc1
[INFO] [stdout]                                at /rustc/6067b36314ab5eb2eb47cecc464545ba58e1ad24/library/core/src/fmt/rt.rs:177:76
[INFO] [stdout]    5:     0x60147ae13203 - core::fmt::write::h2cc1698af7e2d686
[INFO] [stdout]                                at /rustc/6067b36314ab5eb2eb47cecc464545ba58e1ad24/library/core/src/fmt/mod.rs:1440:21
[INFO] [stdout]    6:     0x60147ade7f23 - std::io::Write::write_fmt::hab1b4cd059a79022
[INFO] [stdout]                                at /rustc/6067b36314ab5eb2eb47cecc464545ba58e1ad24/library/std/src/io/mod.rs:1887:15
[INFO] [stdout]    7:     0x60147adeb402 - std::sys::backtrace::BacktraceLock::print::h147fe35b4ea13b08
[INFO] [stdout]                                at /rustc/6067b36314ab5eb2eb47cecc464545ba58e1ad24/library/std/src/sys/backtrace.rs:42:9
[INFO] [stdout]    8:     0x60147adec9df - std::panicking::default_hook::{{closure}}::hbd44223dbdc0d208
[INFO] [stdout]                                at /rustc/6067b36314ab5eb2eb47cecc464545ba58e1ad24/library/std/src/panicking.rs:298:22
[INFO] [stdout]    9:     0x60147adec7f8 - std::panicking::default_hook::h20f81eb0576efcec
[INFO] [stdout]                                at /rustc/6067b36314ab5eb2eb47cecc464545ba58e1ad24/library/std/src/panicking.rs:322:9
[INFO] [stdout]   10:     0x60147adac823 - <alloc::boxed::Box<F,A> as core::ops::function::Fn<Args>>::call::hdb53814c496a4d34
[INFO] [stdout]                                at /rustc/6067b36314ab5eb2eb47cecc464545ba58e1ad24/library/alloc/src/boxed.rs:2027:9
[INFO] [stdout]   11:     0x60147adac823 - test::test_main::{{closure}}::hc0a4963c59427c24
[INFO] [stdout]                                at /rustc/6067b36314ab5eb2eb47cecc464545ba58e1ad24/library/test/src/lib.rs:134:21
[INFO] [stdout]   12:     0x60147aded4d3 - <alloc::boxed::Box<F,A> as core::ops::function::Fn<Args>>::call::h591b2225413a77e9
[INFO] [stdout]                                at /rustc/6067b36314ab5eb2eb47cecc464545ba58e1ad24/library/alloc/src/boxed.rs:2027:9
[INFO] [stdout]   13:     0x60147aded4d3 - std::panicking::rust_panic_with_hook::h625eea43051b2edc
[INFO] [stdout]                                at /rustc/6067b36314ab5eb2eb47cecc464545ba58e1ad24/library/std/src/panicking.rs:839:13
[INFO] [stdout]   14:     0x60147aded156 - std::panicking::begin_panic_handler::{{closure}}::h4f9159cfbc3f6bd3
[INFO] [stdout]                                at /rustc/6067b36314ab5eb2eb47cecc464545ba58e1ad24/library/std/src/panicking.rs:697:13
[INFO] [stdout]   15:     0x60147adebab9 - std::sys::backtrace::__rust_end_short_backtrace::h0390abce48353151
[INFO] [stdout]                                at /rustc/6067b36314ab5eb2eb47cecc464545ba58e1ad24/library/std/src/sys/backtrace.rs:168:18
[INFO] [stdout]   16:     0x60147adece1d - rust_begin_unwind
[INFO] [stdout]                                at /rustc/6067b36314ab5eb2eb47cecc464545ba58e1ad24/library/std/src/panicking.rs:695:5
[INFO] [stdout]   17:     0x60147ae116d0 - core::panicking::panic_fmt::h9e7c637e9e5f29c9
[INFO] [stdout]                                at /rustc/6067b36314ab5eb2eb47cecc464545ba58e1ad24/library/core/src/panicking.rs:75:14
[INFO] [stdout]   18:     0x60147ae1175c - core::panicking::panic::haa3255ea20181a33
[INFO] [stdout]                                at /rustc/6067b36314ab5eb2eb47cecc464545ba58e1ad24/library/core/src/panicking.rs:145:5
[INFO] [stdout]   19:     0x60147ad721fe - day_09::part2::process::hf11a7d44760283c8
[INFO] [stdout]                                at /opt/rustwide/workdir/day-09/src/part2.rs:52:17
[INFO] [stdout]   20:     0x60147ad725d8 - day_09::part2::tests::test_process::h7ba462a8a07e1e36
[INFO] [stdout]                                at /opt/rustwide/workdir/day-09/src/part2.rs:72:28
[INFO] [stdout]   21:     0x60147ad72587 - day_09::part2::tests::test_process::{{closure}}::hee0000b15f8525fd
[INFO] [stdout]                                at /opt/rustwide/workdir/day-09/src/part2.rs:70:26
[INFO] [stdout]   22:     0x60147ad6ed66 - core::ops::function::FnOnce::call_once::h1f0be348bf42af99
[INFO] [stdout]                                at /rustc/6067b36314ab5eb2eb47cecc464545ba58e1ad24/library/core/src/ops/function.rs:250:5
[INFO] [stdout]   23:     0x60147adb1f7b - core::ops::function::FnOnce::call_once::he27718dfdd183f43
[INFO] [stdout]                                at /rustc/6067b36314ab5eb2eb47cecc464545ba58e1ad24/library/core/src/ops/function.rs:250:5
[INFO] [stdout]   24:     0x60147adb1f7b - test::__rust_begin_short_backtrace::h4e84902998457a5d
[INFO] [stdout]                                at /rustc/6067b36314ab5eb2eb47cecc464545ba58e1ad24/library/test/src/lib.rs:632:18
[INFO] [stdout]   25:     0x60147adb0eb3 - test::run_test_in_process::{{closure}}::h7176fd18fc1feca0
[INFO] [stdout]                                at /rustc/6067b36314ab5eb2eb47cecc464545ba58e1ad24/library/test/src/lib.rs:655:60
[INFO] [stdout]   26:     0x60147adb0eb3 - <core::panic::unwind_safe::AssertUnwindSafe<F> as core::ops::function::FnOnce<()>>::call_once::hf79cff2a624d8cf7
[INFO] [stdout]                                at /rustc/6067b36314ab5eb2eb47cecc464545ba58e1ad24/library/core/src/panic/unwind_safe.rs:272:9
[INFO] [stdout]   27:     0x60147adb0eb3 - std::panicking::try::do_call::h3da0561d9ab99c25
[INFO] [stdout]                                at /rustc/6067b36314ab5eb2eb47cecc464545ba58e1ad24/library/std/src/panicking.rs:587:40
[INFO] [stdout]   28:     0x60147adb0eb3 - std::panicking::try::h41c9fa508bc61df6
[INFO] [stdout]                                at /rustc/6067b36314ab5eb2eb47cecc464545ba58e1ad24/library/std/src/panicking.rs:550:19
[INFO] [stdout]   29:     0x60147adb0eb3 - std::panic::catch_unwind::h6b3ff07bb5afad93
[INFO] [stdout]                                at /rustc/6067b36314ab5eb2eb47cecc464545ba58e1ad24/library/std/src/panic.rs:358:14
[INFO] [stdout]   30:     0x60147adb0eb3 - test::run_test_in_process::hc7253dd11b39b9f4
[INFO] [stdout]                                at /rustc/6067b36314ab5eb2eb47cecc464545ba58e1ad24/library/test/src/lib.rs:655:27
[INFO] [stdout]   31:     0x60147adb0eb3 - test::run_test::{{closure}}::hfb2007f8649c30bb
[INFO] [stdout]                                at /rustc/6067b36314ab5eb2eb47cecc464545ba58e1ad24/library/test/src/lib.rs:576:43
[INFO] [stdout]   32:     0x60147ad73f95 - test::run_test::{{closure}}::h56a17aa7a282a9f4
[INFO] [stdout]                                at /rustc/6067b36314ab5eb2eb47cecc464545ba58e1ad24/library/test/src/lib.rs:606:41
[INFO] [stdout]   33:     0x60147ad73f95 - std::sys::backtrace::__rust_begin_short_backtrace::hd2d2d2fb8e8c6aac
[INFO] [stdout]                                at /rustc/6067b36314ab5eb2eb47cecc464545ba58e1ad24/library/std/src/sys/backtrace.rs:152:18
[INFO] [stdout]   34:     0x60147ad7787a - std::thread::Builder::spawn_unchecked_::{{closure}}::{{closure}}::h4faa3f9db6133423
[INFO] [stdout]                                at /rustc/6067b36314ab5eb2eb47cecc464545ba58e1ad24/library/std/src/thread/mod.rs:559:17
[INFO] [stdout]   35:     0x60147ad7787a - <core::panic::unwind_safe::AssertUnwindSafe<F> as core::ops::function::FnOnce<()>>::call_once::hf2e855a36a4ea846
[INFO] [stdout]                                at /rustc/6067b36314ab5eb2eb47cecc464545ba58e1ad24/library/core/src/panic/unwind_safe.rs:272:9
[INFO] [stdout]   36:     0x60147ad7787a - std::panicking::try::do_call::h2f73af3616c35465
[INFO] [stdout]                                at /rustc/6067b36314ab5eb2eb47cecc464545ba58e1ad24/library/std/src/panicking.rs:587:40
[INFO] [stdout]   37:     0x60147ad7787a - std::panicking::try::hd1660ce9efadef5a
[INFO] [stdout]                                at /rustc/6067b36314ab5eb2eb47cecc464545ba58e1ad24/library/std/src/panicking.rs:550:19
[INFO] [stdout]   38:     0x60147ad7787a - std::panic::catch_unwind::h5ee8d7823b8ca744
[INFO] [stdout]                                at /rustc/6067b36314ab5eb2eb47cecc464545ba58e1ad24/library/std/src/panic.rs:358:14
[INFO] [stdout]   39:     0x60147ad7787a - std::thread::Builder::spawn_unchecked_::{{closure}}::h53c3a1894dce8407
[INFO] [stdout]                                at /rustc/6067b36314ab5eb2eb47cecc464545ba58e1ad24/library/std/src/thread/mod.rs:557:30
[INFO] [stdout]   40:     0x60147ad7787a - core::ops::function::FnOnce::call_once{{vtable.shim}}::h048ce291ad4f62bf
[INFO] [stdout]                                at /rustc/6067b36314ab5eb2eb47cecc464545ba58e1ad24/library/core/src/ops/function.rs:250:5
[INFO] [stdout]   41:     0x60147adf140b - <alloc::boxed::Box<F,A> as core::ops::function::FnOnce<Args>>::call_once::ha52bedf99a3b4981
[INFO] [stdout]                                at /rustc/6067b36314ab5eb2eb47cecc464545ba58e1ad24/library/alloc/src/boxed.rs:2013:9
[INFO] [stdout]   42:     0x60147adf140b - <alloc::boxed::Box<F,A> as core::ops::function::FnOnce<Args>>::call_once::h567748934d80ccf8
[INFO] [stdout]                                at /rustc/6067b36314ab5eb2eb47cecc464545ba58e1ad24/library/alloc/src/boxed.rs:2013:9
[INFO] [stdout]   43:     0x60147adf140b - std::sys::pal::unix::thread::Thread::new::thread_start::h2d970728ae887adc
[INFO] [stdout]                                at /rustc/6067b36314ab5eb2eb47cecc464545ba58e1ad24/library/std/src/sys/pal/unix/thread.rs:106:17
[INFO] [stdout]   44:     0x766c3b296ac3 - <unknown>
[INFO] [stdout]   45:     0x766c3b327a04 - clone
[INFO] [stdout]   46:                0x0 - <unknown>
[INFO] [stdout] 
[INFO] [stdout] 
[INFO] [stdout] failures:
[INFO] [stdout]     part2::tests::test_process
[INFO] [stdout] 
[INFO] [stdout] test result: FAILED. 1 passed; 1 failed; 0 ignored; 0 measured; 0 filtered out; finished in 0.05s
[INFO] [stdout] 
[INFO] [stderr] error: test failed, to rerun pass `-p day-09 --lib`
[INFO] running `Command { std: "docker" "inspect" "c667b8a5d30159c71911c67542dc09820c8667e055e620321fe2e05cdb7c8430", kill_on_drop: false }`
[INFO] running `Command { std: "docker" "rm" "-f" "c667b8a5d30159c71911c67542dc09820c8667e055e620321fe2e05cdb7c8430", kill_on_drop: false }`
[INFO] [stdout] c667b8a5d30159c71911c67542dc09820c8667e055e620321fe2e05cdb7c8430
