[INFO] cloning repository https://github.com/Rhelvetican/ghostly
[INFO] running `Command { std: "git" "-c" "credential.helper=" "-c" "credential.helper=/workspace/cargo-home/bin/git-credential-null" "clone" "--bare" "https://github.com/Rhelvetican/ghostly" "/workspace/cache/git-repos/https%3A%2F%2Fgithub.com%2FRhelvetican%2Fghostly", kill_on_drop: false }`
[INFO] [stderr] Cloning into bare repository '/workspace/cache/git-repos/https%3A%2F%2Fgithub.com%2FRhelvetican%2Fghostly'...
[INFO] running `Command { std: "git" "rev-parse" "HEAD", kill_on_drop: false }`
[INFO] [stdout] 73e4ea46fb4e59fb934e419ba57675fccb98b197
[INFO] testing Rhelvetican/ghostly against nightly-2025-01-18+rustflags=-Zrandomize-layout for randomize-layout-2
[INFO] running `Command { std: "git" "clone" "/workspace/cache/git-repos/https%3A%2F%2Fgithub.com%2FRhelvetican%2Fghostly" "/workspace/builds/worker-3-tc2/source", kill_on_drop: false }`
[INFO] [stderr] Cloning into '/workspace/builds/worker-3-tc2/source'...
[INFO] [stderr] done.
[INFO] validating manifest of git repo https://github.com/Rhelvetican/ghostly on toolchain nightly-2025-01-18
[INFO] running `Command { std: CARGO_HOME="/workspace/cargo-home" RUSTUP_HOME="/workspace/rustup-home" "/workspace/cargo-home/bin/cargo" "+nightly-2025-01-18" "metadata" "--manifest-path" "Cargo.toml" "--no-deps", kill_on_drop: false }`
[INFO] started tweaking git repo https://github.com/Rhelvetican/ghostly
[INFO] finished tweaking git repo https://github.com/Rhelvetican/ghostly
[INFO] tweaked toml for git repo https://github.com/Rhelvetican/ghostly written to /workspace/builds/worker-3-tc2/source/Cargo.toml
[INFO] crate git repo https://github.com/Rhelvetican/ghostly already has a lockfile, it will not be regenerated
[INFO] running `Command { std: CARGO_HOME="/workspace/cargo-home" RUSTUP_HOME="/workspace/rustup-home" "/workspace/cargo-home/bin/cargo" "+nightly-2025-01-18" "fetch" "--manifest-path" "Cargo.toml", kill_on_drop: false }`
[INFO] [stderr]     Blocking waiting for file lock on package cache
[INFO] running `Command { std: "docker" "create" "-v" "/var/lib/crater-agent-workspace/builds/worker-3-tc2/target:/opt/rustwide/target:rw,Z" "-v" "/var/lib/crater-agent-workspace/builds/worker-3-tc2/source:/opt/rustwide/workdir:ro,Z" "-v" "/var/lib/crater-agent-workspace/cargo-home:/opt/rustwide/cargo-home:ro,Z" "-v" "/var/lib/crater-agent-workspace/rustup-home:/opt/rustwide/rustup-home:ro,Z" "-e" "SOURCE_DIR=/opt/rustwide/workdir" "-e" "CARGO_TARGET_DIR=/opt/rustwide/target" "-e" "CARGO_HOME=/opt/rustwide/cargo-home" "-e" "RUSTUP_HOME=/opt/rustwide/rustup-home" "-w" "/opt/rustwide/workdir" "-m" "1610612736" "--user" "0:0" "--network" "none" "ghcr.io/rust-lang/crates-build-env/linux@sha256:819108c5571ea2e421544af4d832f968d213c87fbe3707a016657f43d2f853bc" "/opt/rustwide/cargo-home/bin/cargo" "+nightly-2025-01-18" "metadata" "--no-deps" "--format-version=1", kill_on_drop: false }`
[INFO] [stdout] 721fc008885903d2ff8827ba4ab8932c1e2000388f78f8e47d7458e316d8411b
[INFO] running `Command { std: "docker" "start" "-a" "721fc008885903d2ff8827ba4ab8932c1e2000388f78f8e47d7458e316d8411b", kill_on_drop: false }`
[INFO] running `Command { std: "docker" "inspect" "721fc008885903d2ff8827ba4ab8932c1e2000388f78f8e47d7458e316d8411b", kill_on_drop: false }`
[INFO] running `Command { std: "docker" "rm" "-f" "721fc008885903d2ff8827ba4ab8932c1e2000388f78f8e47d7458e316d8411b", kill_on_drop: false }`
[INFO] [stdout] 721fc008885903d2ff8827ba4ab8932c1e2000388f78f8e47d7458e316d8411b
[INFO] running `Command { std: "docker" "create" "-v" "/var/lib/crater-agent-workspace/builds/worker-3-tc2/target:/opt/rustwide/target:rw,Z" "-v" "/var/lib/crater-agent-workspace/builds/worker-3-tc2/source:/opt/rustwide/workdir:ro,Z" "-v" "/var/lib/crater-agent-workspace/cargo-home:/opt/rustwide/cargo-home:ro,Z" "-v" "/var/lib/crater-agent-workspace/rustup-home:/opt/rustwide/rustup-home:ro,Z" "-e" "SOURCE_DIR=/opt/rustwide/workdir" "-e" "CARGO_TARGET_DIR=/opt/rustwide/target" "-e" "CARGO_INCREMENTAL=0" "-e" "RUST_BACKTRACE=full" "-e" "RUSTFLAGS=--cap-lints=forbid -Zrandomize-layout" "-e" "RUSTDOCFLAGS=--cap-lints=forbid" "-e" "CARGO_HOME=/opt/rustwide/cargo-home" "-e" "RUSTUP_HOME=/opt/rustwide/rustup-home" "-w" "/opt/rustwide/workdir" "-m" "1610612736" "--user" "0:0" "--network" "none" "ghcr.io/rust-lang/crates-build-env/linux@sha256:819108c5571ea2e421544af4d832f968d213c87fbe3707a016657f43d2f853bc" "/opt/rustwide/cargo-home/bin/cargo" "+nightly-2025-01-18" "build" "--frozen" "--message-format=json", kill_on_drop: false }`
[INFO] [stdout] c5fba1f615d17562beca0e0298bc8296448fecb0edb1de1fc656b3d167d1886a
[INFO] running `Command { std: "docker" "start" "-a" "c5fba1f615d17562beca0e0298bc8296448fecb0edb1de1fc656b3d167d1886a", kill_on_drop: false }`
[INFO] [stderr]    Compiling ghostly v0.1.0 (/opt/rustwide/workdir)
[INFO] [stderr]     Finished `dev` profile [unoptimized + debuginfo] target(s) in 0.16s
[INFO] running `Command { std: "docker" "inspect" "c5fba1f615d17562beca0e0298bc8296448fecb0edb1de1fc656b3d167d1886a", kill_on_drop: false }`
[INFO] running `Command { std: "docker" "rm" "-f" "c5fba1f615d17562beca0e0298bc8296448fecb0edb1de1fc656b3d167d1886a", kill_on_drop: false }`
[INFO] [stdout] c5fba1f615d17562beca0e0298bc8296448fecb0edb1de1fc656b3d167d1886a
[INFO] running `Command { std: "docker" "create" "-v" "/var/lib/crater-agent-workspace/builds/worker-3-tc2/target:/opt/rustwide/target:rw,Z" "-v" "/var/lib/crater-agent-workspace/builds/worker-3-tc2/source:/opt/rustwide/workdir:ro,Z" "-v" "/var/lib/crater-agent-workspace/cargo-home:/opt/rustwide/cargo-home:ro,Z" "-v" "/var/lib/crater-agent-workspace/rustup-home:/opt/rustwide/rustup-home:ro,Z" "-e" "SOURCE_DIR=/opt/rustwide/workdir" "-e" "CARGO_TARGET_DIR=/opt/rustwide/target" "-e" "CARGO_INCREMENTAL=0" "-e" "RUST_BACKTRACE=full" "-e" "RUSTFLAGS=--cap-lints=forbid -Zrandomize-layout" "-e" "RUSTDOCFLAGS=--cap-lints=forbid" "-e" "CARGO_HOME=/opt/rustwide/cargo-home" "-e" "RUSTUP_HOME=/opt/rustwide/rustup-home" "-w" "/opt/rustwide/workdir" "-m" "1610612736" "--user" "0:0" "--network" "none" "ghcr.io/rust-lang/crates-build-env/linux@sha256:819108c5571ea2e421544af4d832f968d213c87fbe3707a016657f43d2f853bc" "/opt/rustwide/cargo-home/bin/cargo" "+nightly-2025-01-18" "test" "--frozen" "--no-run" "--message-format=json", kill_on_drop: false }`
[INFO] [stdout] 459c2914d0dfc7cb0c25e75f3c53261a2bbca8fe550eb52b2dfe687d76cfe7f4
[INFO] running `Command { std: "docker" "start" "-a" "459c2914d0dfc7cb0c25e75f3c53261a2bbca8fe550eb52b2dfe687d76cfe7f4", kill_on_drop: false }`
[INFO] [stderr]    Compiling ghostly v0.1.0 (/opt/rustwide/workdir)
[INFO] [stderr]     Finished `test` profile [unoptimized + debuginfo] target(s) in 0.38s
[INFO] running `Command { std: "docker" "inspect" "459c2914d0dfc7cb0c25e75f3c53261a2bbca8fe550eb52b2dfe687d76cfe7f4", kill_on_drop: false }`
[INFO] running `Command { std: "docker" "rm" "-f" "459c2914d0dfc7cb0c25e75f3c53261a2bbca8fe550eb52b2dfe687d76cfe7f4", kill_on_drop: false }`
[INFO] [stdout] 459c2914d0dfc7cb0c25e75f3c53261a2bbca8fe550eb52b2dfe687d76cfe7f4
[INFO] running `Command { std: "docker" "create" "-v" "/var/lib/crater-agent-workspace/builds/worker-3-tc2/target:/opt/rustwide/target:rw,Z" "-v" "/var/lib/crater-agent-workspace/builds/worker-3-tc2/source:/opt/rustwide/workdir:ro,Z" "-v" "/var/lib/crater-agent-workspace/cargo-home:/opt/rustwide/cargo-home:ro,Z" "-v" "/var/lib/crater-agent-workspace/rustup-home:/opt/rustwide/rustup-home:ro,Z" "-e" "SOURCE_DIR=/opt/rustwide/workdir" "-e" "CARGO_TARGET_DIR=/opt/rustwide/target" "-e" "CARGO_INCREMENTAL=0" "-e" "RUST_BACKTRACE=full" "-e" "RUSTFLAGS=--cap-lints=forbid -Zrandomize-layout" "-e" "RUSTDOCFLAGS=--cap-lints=forbid" "-e" "CARGO_HOME=/opt/rustwide/cargo-home" "-e" "RUSTUP_HOME=/opt/rustwide/rustup-home" "-w" "/opt/rustwide/workdir" "-m" "1610612736" "--user" "0:0" "--network" "none" "ghcr.io/rust-lang/crates-build-env/linux@sha256:819108c5571ea2e421544af4d832f968d213c87fbe3707a016657f43d2f853bc" "/opt/rustwide/cargo-home/bin/cargo" "+nightly-2025-01-18" "test" "--frozen", kill_on_drop: false }`
[INFO] [stdout] bd6270821bcfa1c679e49b8f9e3c1532e4686bd8d695418fe9e8d8443012651e
[INFO] running `Command { std: "docker" "start" "-a" "bd6270821bcfa1c679e49b8f9e3c1532e4686bd8d695418fe9e8d8443012651e", kill_on_drop: false }`
[INFO] [stderr]     Finished `test` profile [unoptimized + debuginfo] target(s) in 0.01s
[INFO] [stderr]      Running unittests src/lib.rs (/opt/rustwide/target/debug/deps/ghostly-dccc2531c2704037)
[INFO] [stdout] 
[INFO] [stdout] running 0 tests
[INFO] [stdout] 
[INFO] [stdout] test result: ok. 0 passed; 0 failed; 0 ignored; 0 measured; 0 filtered out; finished in 0.00s
[INFO] [stdout] 
[INFO] [stderr]    Doc-tests ghostly
[INFO] [stdout] 
[INFO] [stdout] running 2 tests
[INFO] [stdout] test src/ghost.rs - ghost::Ghost<T>::transmute (line 30) ... FAILED
[INFO] [stdout] test src/ghost.rs - ghost::Ghost<T>::new (line 19) ... FAILED
[INFO] [stdout] 
[INFO] [stdout] failures:
[INFO] [stdout] 
[INFO] [stdout] ---- src/ghost.rs - ghost::Ghost<T>::transmute (line 30) stdout ----
[INFO] [stdout] error[E0432]: unresolved import `ghostly::Ghost`
[INFO] [stdout]  --> src/ghost.rs:32:5
[INFO] [stdout]   |
[INFO] [stdout] 5 | use ghostly::Ghost;
[INFO] [stdout]   |     ^^^^^^^^^^^^^^ no `Ghost` in the root
[INFO] [stdout]   |
[INFO] [stdout] help: a similar name exists in the module
[INFO] [stdout]   |
[INFO] [stdout] 5 | use ghostly::ghost;
[INFO] [stdout]   |              ~~~~~
[INFO] [stdout] help: consider importing this struct instead
[INFO] [stdout]   |
[INFO] [stdout] 5 | use ghostly::prelude::Ghost;
[INFO] [stdout]   |     ~~~~~~~~~~~~~~~~~~~~~~~
[INFO] [stdout] 
[INFO] [stdout] error: aborting due to 1 previous error
[INFO] [stdout] 
[INFO] [stdout] For more information about this error, try `rustc --explain E0432`.
[INFO] [stdout] Couldn't compile the test.
[INFO] [stdout] ---- src/ghost.rs - ghost::Ghost<T>::new (line 19) stdout ----
[INFO] [stdout] error[E0432]: unresolved import `ghostly::Ghost`
[INFO] [stdout]  --> src/ghost.rs:21:5
[INFO] [stdout]   |
[INFO] [stdout] 5 | use ghostly::Ghost;
[INFO] [stdout]   |     ^^^^^^^^^^^^^^ no `Ghost` in the root
[INFO] [stdout]   |
[INFO] [stdout] help: a similar name exists in the module
[INFO] [stdout]   |
[INFO] [stdout] 5 | use ghostly::ghost;
[INFO] [stdout]   |              ~~~~~
[INFO] [stdout] help: consider importing this struct instead
[INFO] [stdout]   |
[INFO] [stdout] 5 | use ghostly::prelude::Ghost;
[INFO] [stdout]   |     ~~~~~~~~~~~~~~~~~~~~~~~
[INFO] [stdout] 
[INFO] [stdout] error: aborting due to 1 previous error
[INFO] [stdout] 
[INFO] [stdout] For more information about this error, try `rustc --explain E0432`.
[INFO] [stdout] Couldn't compile the test.
[INFO] [stdout] 
[INFO] [stdout] failures:
[INFO] [stdout]     src/ghost.rs - ghost::Ghost<T>::new (line 19)
[INFO] [stdout]     src/ghost.rs - ghost::Ghost<T>::transmute (line 30)
[INFO] [stdout] 
[INFO] [stdout] test result: FAILED. 0 passed; 2 failed; 0 ignored; 0 measured; 0 filtered out; finished in 0.11s
[INFO] [stdout] 
[INFO] [stderr] error: doctest failed, to rerun pass `--doc`
[INFO] running `Command { std: "docker" "inspect" "bd6270821bcfa1c679e49b8f9e3c1532e4686bd8d695418fe9e8d8443012651e", kill_on_drop: false }`
[INFO] running `Command { std: "docker" "rm" "-f" "bd6270821bcfa1c679e49b8f9e3c1532e4686bd8d695418fe9e8d8443012651e", kill_on_drop: false }`
[INFO] [stdout] bd6270821bcfa1c679e49b8f9e3c1532e4686bd8d695418fe9e8d8443012651e
