[INFO] cloning repository https://github.com/Relacibo/my-aoc2024-solutions
[INFO] running `Command { std: "git" "-c" "credential.helper=" "-c" "credential.helper=/workspace/cargo-home/bin/git-credential-null" "clone" "--bare" "https://github.com/Relacibo/my-aoc2024-solutions" "/workspace/cache/git-repos/https%3A%2F%2Fgithub.com%2FRelacibo%2Fmy-aoc2024-solutions", kill_on_drop: false }`
[INFO] [stderr] Cloning into bare repository '/workspace/cache/git-repos/https%3A%2F%2Fgithub.com%2FRelacibo%2Fmy-aoc2024-solutions'...
[INFO] running `Command { std: "git" "rev-parse" "HEAD", kill_on_drop: false }`
[INFO] [stdout] 7aec46bf5b2d2f3325e3a55eefd59d3dde11e195
[INFO] testing Relacibo/my-aoc2024-solutions against nightly-2025-01-18 for randomize-layout-2
[INFO] running `Command { std: "git" "clone" "/workspace/cache/git-repos/https%3A%2F%2Fgithub.com%2FRelacibo%2Fmy-aoc2024-solutions" "/workspace/builds/worker-0-tc1/source", kill_on_drop: false }`
[INFO] [stderr] Cloning into '/workspace/builds/worker-0-tc1/source'...
[INFO] [stderr] done.
[INFO] validating manifest of git repo https://github.com/Relacibo/my-aoc2024-solutions on toolchain nightly-2025-01-18
[INFO] running `Command { std: CARGO_HOME="/workspace/cargo-home" RUSTUP_HOME="/workspace/rustup-home" "/workspace/cargo-home/bin/cargo" "+nightly-2025-01-18" "metadata" "--manifest-path" "Cargo.toml" "--no-deps", kill_on_drop: false }`
[INFO] removed /workspace/builds/worker-0-tc1/source/rust-toolchain.toml
[INFO] started tweaking git repo https://github.com/Relacibo/my-aoc2024-solutions
[INFO] finished tweaking git repo https://github.com/Relacibo/my-aoc2024-solutions
[INFO] tweaked toml for git repo https://github.com/Relacibo/my-aoc2024-solutions written to /workspace/builds/worker-0-tc1/source/Cargo.toml
[INFO] crate git repo https://github.com/Relacibo/my-aoc2024-solutions already has a lockfile, it will not be regenerated
[INFO] running `Command { std: CARGO_HOME="/workspace/cargo-home" RUSTUP_HOME="/workspace/rustup-home" "/workspace/cargo-home/bin/cargo" "+nightly-2025-01-18" "fetch" "--manifest-path" "Cargo.toml", kill_on_drop: false }`
[INFO] [stderr]  Downloading crates ...
[INFO] [stderr]   Downloaded grid v0.15.0
[INFO] running `Command { std: "docker" "create" "-v" "/var/lib/crater-agent-workspace/builds/worker-0-tc1/target:/opt/rustwide/target:rw,Z" "-v" "/var/lib/crater-agent-workspace/builds/worker-0-tc1/source:/opt/rustwide/workdir:ro,Z" "-v" "/var/lib/crater-agent-workspace/cargo-home:/opt/rustwide/cargo-home:ro,Z" "-v" "/var/lib/crater-agent-workspace/rustup-home:/opt/rustwide/rustup-home:ro,Z" "-e" "SOURCE_DIR=/opt/rustwide/workdir" "-e" "CARGO_TARGET_DIR=/opt/rustwide/target" "-e" "CARGO_HOME=/opt/rustwide/cargo-home" "-e" "RUSTUP_HOME=/opt/rustwide/rustup-home" "-w" "/opt/rustwide/workdir" "-m" "1610612736" "--user" "0:0" "--network" "none" "ghcr.io/rust-lang/crates-build-env/linux@sha256:819108c5571ea2e421544af4d832f968d213c87fbe3707a016657f43d2f853bc" "/opt/rustwide/cargo-home/bin/cargo" "+nightly-2025-01-18" "metadata" "--no-deps" "--format-version=1", kill_on_drop: false }`
[INFO] [stdout] cfd543d0097761f04dfbdccbe83cf637356f513df1e48d29a9270e239cd5a15c
[INFO] running `Command { std: "docker" "start" "-a" "cfd543d0097761f04dfbdccbe83cf637356f513df1e48d29a9270e239cd5a15c", kill_on_drop: false }`
[INFO] running `Command { std: "docker" "inspect" "cfd543d0097761f04dfbdccbe83cf637356f513df1e48d29a9270e239cd5a15c", kill_on_drop: false }`
[INFO] running `Command { std: "docker" "rm" "-f" "cfd543d0097761f04dfbdccbe83cf637356f513df1e48d29a9270e239cd5a15c", kill_on_drop: false }`
[INFO] [stdout] cfd543d0097761f04dfbdccbe83cf637356f513df1e48d29a9270e239cd5a15c
[INFO] running `Command { std: "docker" "create" "-v" "/var/lib/crater-agent-workspace/builds/worker-0-tc1/target:/opt/rustwide/target:rw,Z" "-v" "/var/lib/crater-agent-workspace/builds/worker-0-tc1/source:/opt/rustwide/workdir:ro,Z" "-v" "/var/lib/crater-agent-workspace/cargo-home:/opt/rustwide/cargo-home:ro,Z" "-v" "/var/lib/crater-agent-workspace/rustup-home:/opt/rustwide/rustup-home:ro,Z" "-e" "SOURCE_DIR=/opt/rustwide/workdir" "-e" "CARGO_TARGET_DIR=/opt/rustwide/target" "-e" "CARGO_INCREMENTAL=0" "-e" "RUST_BACKTRACE=full" "-e" "RUSTFLAGS=--cap-lints=forbid" "-e" "RUSTDOCFLAGS=--cap-lints=forbid" "-e" "CARGO_HOME=/opt/rustwide/cargo-home" "-e" "RUSTUP_HOME=/opt/rustwide/rustup-home" "-w" "/opt/rustwide/workdir" "-m" "1610612736" "--user" "0:0" "--network" "none" "ghcr.io/rust-lang/crates-build-env/linux@sha256:819108c5571ea2e421544af4d832f968d213c87fbe3707a016657f43d2f853bc" "/opt/rustwide/cargo-home/bin/cargo" "+nightly-2025-01-18" "build" "--frozen" "--message-format=json", kill_on_drop: false }`
[INFO] [stdout] 95cfd47fd6d5c4df7de7ab3c6fa302fe08fd97a043ab6a9c0115883cd8289f57
[INFO] running `Command { std: "docker" "start" "-a" "95cfd47fd6d5c4df7de7ab3c6fa302fe08fd97a043ab6a9c0115883cd8289f57", kill_on_drop: false }`
[INFO] [stderr]    Compiling version_check v0.9.5
[INFO] [stderr]    Compiling autocfg v1.4.0
[INFO] [stderr]    Compiling libc v0.2.168
[INFO] [stderr]    Compiling crossbeam-utils v0.8.20
[INFO] [stderr]    Compiling proc-macro2 v1.0.92
[INFO] [stderr]    Compiling unicode-ident v1.0.14
[INFO] [stderr]    Compiling once_cell v1.20.2
[INFO] [stderr]    Compiling syn v1.0.109
[INFO] [stderr]    Compiling rayon-core v1.12.1
[INFO] [stderr]    Compiling memchr v2.7.4
[INFO] [stderr]    Compiling anyhow v1.0.94
[INFO] [stderr]    Compiling regex-syntax v0.8.5
[INFO] [stderr]    Compiling rawpointer v0.2.1
[INFO] [stderr]    Compiling either v1.13.0
[INFO] [stderr]    Compiling zerocopy v0.7.35
[INFO] [stderr]    Compiling grid v0.15.0
[INFO] [stderr]    Compiling ahash v0.7.8
[INFO] [stderr]    Compiling ahash v0.8.11
[INFO] [stderr]    Compiling num-traits v0.2.19
[INFO] [stderr]    Compiling matrixmultiply v0.3.9
[INFO] [stderr]    Compiling aho-corasick v1.1.3
[INFO] [stderr]    Compiling quote v1.0.37
[INFO] [stderr]    Compiling crossbeam-epoch v0.9.18
[INFO] [stderr]    Compiling num-integer v0.1.46
[INFO] [stderr]    Compiling num-complex v0.4.6
[INFO] [stderr]    Compiling crossbeam-deque v0.8.5
[INFO] [stderr]    Compiling getrandom v0.2.15
[INFO] [stderr]    Compiling ndarray v0.16.1
[INFO] [stderr]    Compiling hashbrown v0.12.3
[INFO] [stderr]    Compiling rayon v1.10.0
[INFO] [stderr]    Compiling regex-automata v0.4.9
[INFO] [stderr]    Compiling lru v0.7.8
[INFO] [stderr]    Compiling memoize-inner v0.4.3
[INFO] [stderr]    Compiling regex v1.11.1
[INFO] [stderr]    Compiling memoize v0.4.2
[INFO] [stderr]    Compiling my-aoc2024-solutions v0.1.0 (/opt/rustwide/workdir)
[INFO] [stdout] warning: unused import: `anyhow::anyhow`
[INFO] [stdout]  --> src/bin/day20.rs:7:5
[INFO] [stdout]   |
[INFO] [stdout] 7 | use anyhow::anyhow;
[INFO] [stdout]   |     ^^^^^^^^^^^^^^
[INFO] [stdout]   |
[INFO] [stdout]   = note: `#[warn(unused_imports)]` on by default
[INFO] [stdout] 
[INFO] [stdout] 
[INFO] [stdout] warning: unreachable statement
[INFO] [stdout]   --> src/bin/day20.rs:17:5
[INFO] [stdout]    |
[INFO] [stdout] 15 |     let solution = problem1::solution(&input);
[INFO] [stdout]    |                    -------------------------- any code following this expression is unreachable
[INFO] [stdout] 16 |     // println!("Problem 1 - Solution: {solution}");
[INFO] [stdout] 17 |     let solution = problem2::solution(input);
[INFO] [stdout]    |     ^^^^^^^^^^^^^^^^^^^^^^^^^^^^^^^^^^^^^^^^^ unreachable statement
[INFO] [stdout]    |
[INFO] [stdout]    = note: `#[warn(unreachable_code)]` on by default
[INFO] [stdout] 
[INFO] [stdout] 
[INFO] [stdout] warning: unused variable: `solution`
[INFO] [stdout]   --> src/bin/day20.rs:15:9
[INFO] [stdout]    |
[INFO] [stdout] 15 |     let solution = problem1::solution(&input);
[INFO] [stdout]    |         ^^^^^^^^ help: if this is intentional, prefix it with an underscore: `_solution`
[INFO] [stdout]    |
[INFO] [stdout]    = note: `#[warn(unused_variables)]` on by default
[INFO] [stdout] 
[INFO] [stdout] 
[INFO] [stdout] warning: unused variable: `solution`
[INFO] [stdout]   --> src/bin/day20.rs:17:9
[INFO] [stdout]    |
[INFO] [stdout] 17 |     let solution = problem2::solution(input);
[INFO] [stdout]    |         ^^^^^^^^ help: if this is intentional, prefix it with an underscore: `_solution`
[INFO] [stdout] 
[INFO] [stdout] 
[INFO] [stdout] warning: unused variable: `input`
[INFO] [stdout]   --> src/bin/day20.rs:32:21
[INFO] [stdout]    |
[INFO] [stdout] 32 |     pub fn solution(input: &Input) -> ! {
[INFO] [stdout]    |                     ^^^^^ help: if this is intentional, prefix it with an underscore: `_input`
[INFO] [stdout] 
[INFO] [stdout] 
[INFO] [stdout] warning: unused variable: `input`
[INFO] [stdout]   --> src/bin/day20.rs:41:21
[INFO] [stdout]    |
[INFO] [stdout] 41 |     pub fn solution(input: Input) -> ! {
[INFO] [stdout]    |                     ^^^^^ help: if this is intentional, prefix it with an underscore: `_input`
[INFO] [stdout] 
[INFO] [stdout] 
[INFO] [stdout] warning: variant `Visited` is never constructed
[INFO] [stdout]   --> src/bin/day20.rs:24:5
[INFO] [stdout]    |
[INFO] [stdout] 23 | enum Tile {
[INFO] [stdout]    |      ---- variant in this enum
[INFO] [stdout] 24 |     Visited { step: u32 },
[INFO] [stdout]    |     ^^^^^^^
[INFO] [stdout]    |
[INFO] [stdout]    = note: `Tile` has derived impls for the traits `Clone` and `Debug`, but these are intentionally ignored during dead code analysis
[INFO] [stdout]    = note: `#[warn(dead_code)]` on by default
[INFO] [stdout] 
[INFO] [stdout] 
[INFO] [stdout] warning: fields `race_track`, `start`, and `end` are never read
[INFO] [stdout]   --> src/bin/day20.rs:75:5
[INFO] [stdout]    |
[INFO] [stdout] 74 | pub struct Input {
[INFO] [stdout]    |            ----- fields in this struct
[INFO] [stdout] 75 |     race_track: grid::Grid<Tile>,
[INFO] [stdout]    |     ^^^^^^^^^^
[INFO] [stdout] 76 |     start: (usize, usize),
[INFO] [stdout]    |     ^^^^^
[INFO] [stdout] 77 |     end: (usize, usize),
[INFO] [stdout]    |     ^^^
[INFO] [stdout]    |
[INFO] [stdout]    = note: `Input` has derived impls for the traits `Clone` and `Debug`, but these are intentionally ignored during dead code analysis
[INFO] [stdout] 
[INFO] [stdout] 
[INFO] [stderr]     Finished `dev` profile [unoptimized + debuginfo] target(s) in 12.82s
[INFO] running `Command { std: "docker" "inspect" "95cfd47fd6d5c4df7de7ab3c6fa302fe08fd97a043ab6a9c0115883cd8289f57", kill_on_drop: false }`
[INFO] running `Command { std: "docker" "rm" "-f" "95cfd47fd6d5c4df7de7ab3c6fa302fe08fd97a043ab6a9c0115883cd8289f57", kill_on_drop: false }`
[INFO] [stdout] 95cfd47fd6d5c4df7de7ab3c6fa302fe08fd97a043ab6a9c0115883cd8289f57
[INFO] running `Command { std: "docker" "create" "-v" "/var/lib/crater-agent-workspace/builds/worker-0-tc1/target:/opt/rustwide/target:rw,Z" "-v" "/var/lib/crater-agent-workspace/builds/worker-0-tc1/source:/opt/rustwide/workdir:ro,Z" "-v" "/var/lib/crater-agent-workspace/cargo-home:/opt/rustwide/cargo-home:ro,Z" "-v" "/var/lib/crater-agent-workspace/rustup-home:/opt/rustwide/rustup-home:ro,Z" "-e" "SOURCE_DIR=/opt/rustwide/workdir" "-e" "CARGO_TARGET_DIR=/opt/rustwide/target" "-e" "CARGO_INCREMENTAL=0" "-e" "RUST_BACKTRACE=full" "-e" "RUSTFLAGS=--cap-lints=forbid" "-e" "RUSTDOCFLAGS=--cap-lints=forbid" "-e" "CARGO_HOME=/opt/rustwide/cargo-home" "-e" "RUSTUP_HOME=/opt/rustwide/rustup-home" "-w" "/opt/rustwide/workdir" "-m" "1610612736" "--user" "0:0" "--network" "none" "ghcr.io/rust-lang/crates-build-env/linux@sha256:819108c5571ea2e421544af4d832f968d213c87fbe3707a016657f43d2f853bc" "/opt/rustwide/cargo-home/bin/cargo" "+nightly-2025-01-18" "test" "--frozen" "--no-run" "--message-format=json", kill_on_drop: false }`
[INFO] [stdout] d0a3f707a7aecacc307a49502c2dce16651de4022180f8d7a69b70b9cca3a598
[INFO] running `Command { std: "docker" "start" "-a" "d0a3f707a7aecacc307a49502c2dce16651de4022180f8d7a69b70b9cca3a598", kill_on_drop: false }`
[INFO] [stderr]    Compiling my-aoc2024-solutions v0.1.0 (/opt/rustwide/workdir)
[INFO] [stdout] warning: unused import: `anyhow::anyhow`
[INFO] [stdout]  --> src/bin/day20.rs:7:5
[INFO] [stdout]   |
[INFO] [stdout] 7 | use anyhow::anyhow;
[INFO] [stdout]   |     ^^^^^^^^^^^^^^
[INFO] [stdout]   |
[INFO] [stdout]   = note: `#[warn(unused_imports)]` on by default
[INFO] [stdout] 
[INFO] [stdout] 
[INFO] [stdout] warning: unreachable statement
[INFO] [stdout]   --> src/bin/day20.rs:17:5
[INFO] [stdout]    |
[INFO] [stdout] 15 |     let solution = problem1::solution(&input);
[INFO] [stdout]    |                    -------------------------- any code following this expression is unreachable
[INFO] [stdout] 16 |     // println!("Problem 1 - Solution: {solution}");
[INFO] [stdout] 17 |     let solution = problem2::solution(input);
[INFO] [stdout]    |     ^^^^^^^^^^^^^^^^^^^^^^^^^^^^^^^^^^^^^^^^^ unreachable statement
[INFO] [stdout]    |
[INFO] [stdout]    = note: `#[warn(unreachable_code)]` on by default
[INFO] [stdout] 
[INFO] [stdout] 
[INFO] [stdout] warning: unused variable: `solution`
[INFO] [stdout]   --> src/bin/day20.rs:15:9
[INFO] [stdout]    |
[INFO] [stdout] 15 |     let solution = problem1::solution(&input);
[INFO] [stdout]    |         ^^^^^^^^ help: if this is intentional, prefix it with an underscore: `_solution`
[INFO] [stdout]    |
[INFO] [stdout]    = note: `#[warn(unused_variables)]` on by default
[INFO] [stdout] 
[INFO] [stdout] 
[INFO] [stdout] warning: unused variable: `solution`
[INFO] [stdout]   --> src/bin/day20.rs:17:9
[INFO] [stdout]    |
[INFO] [stdout] 17 |     let solution = problem2::solution(input);
[INFO] [stdout]    |         ^^^^^^^^ help: if this is intentional, prefix it with an underscore: `_solution`
[INFO] [stdout] 
[INFO] [stdout] 
[INFO] [stdout] warning: unused variable: `input`
[INFO] [stdout]   --> src/bin/day20.rs:32:21
[INFO] [stdout]    |
[INFO] [stdout] 32 |     pub fn solution(input: &Input) -> ! {
[INFO] [stdout]    |                     ^^^^^ help: if this is intentional, prefix it with an underscore: `_input`
[INFO] [stdout] 
[INFO] [stdout] 
[INFO] [stdout] warning: unused variable: `input`
[INFO] [stdout]   --> src/bin/day20.rs:41:21
[INFO] [stdout]    |
[INFO] [stdout] 41 |     pub fn solution(input: Input) -> ! {
[INFO] [stdout]    |                     ^^^^^ help: if this is intentional, prefix it with an underscore: `_input`
[INFO] [stdout] 
[INFO] [stdout] 
[INFO] [stdout] warning: unused variable: `solution`
[INFO] [stdout]   --> src/bin/day20.rs:62:13
[INFO] [stdout]    |
[INFO] [stdout] 62 |         let solution = problem1::solution(&get_input());
[INFO] [stdout]    |             ^^^^^^^^ help: if this is intentional, prefix it with an underscore: `_solution`
[INFO] [stdout] 
[INFO] [stdout] 
[INFO] [stdout] warning: unused variable: `solution`
[INFO] [stdout]   --> src/bin/day20.rs:68:13
[INFO] [stdout]    |
[INFO] [stdout] 68 |         let solution = problem2::solution(get_input());
[INFO] [stdout]    |             ^^^^^^^^ help: if this is intentional, prefix it with an underscore: `_solution`
[INFO] [stdout] 
[INFO] [stdout] 
[INFO] [stdout] warning: variant `Visited` is never constructed
[INFO] [stdout]   --> src/bin/day20.rs:24:5
[INFO] [stdout]    |
[INFO] [stdout] 23 | enum Tile {
[INFO] [stdout]    |      ---- variant in this enum
[INFO] [stdout] 24 |     Visited { step: u32 },
[INFO] [stdout]    |     ^^^^^^^
[INFO] [stdout]    |
[INFO] [stdout]    = note: `Tile` has derived impls for the traits `Clone` and `Debug`, but these are intentionally ignored during dead code analysis
[INFO] [stdout]    = note: `#[warn(dead_code)]` on by default
[INFO] [stdout] 
[INFO] [stdout] 
[INFO] [stdout] warning: fields `race_track`, `start`, and `end` are never read
[INFO] [stdout]   --> src/bin/day20.rs:75:5
[INFO] [stdout]    |
[INFO] [stdout] 74 | pub struct Input {
[INFO] [stdout]    |            ----- fields in this struct
[INFO] [stdout] 75 |     race_track: grid::Grid<Tile>,
[INFO] [stdout]    |     ^^^^^^^^^^
[INFO] [stdout] 76 |     start: (usize, usize),
[INFO] [stdout]    |     ^^^^^
[INFO] [stdout] 77 |     end: (usize, usize),
[INFO] [stdout]    |     ^^^
[INFO] [stdout]    |
[INFO] [stdout]    = note: `Input` has derived impls for the traits `Clone` and `Debug`, but these are intentionally ignored during dead code analysis
[INFO] [stdout] 
[INFO] [stdout] 
[INFO] [stderr]     Finished `test` profile [unoptimized + debuginfo] target(s) in 0.93s
[INFO] running `Command { std: "docker" "inspect" "d0a3f707a7aecacc307a49502c2dce16651de4022180f8d7a69b70b9cca3a598", kill_on_drop: false }`
[INFO] running `Command { std: "docker" "rm" "-f" "d0a3f707a7aecacc307a49502c2dce16651de4022180f8d7a69b70b9cca3a598", kill_on_drop: false }`
[INFO] [stdout] d0a3f707a7aecacc307a49502c2dce16651de4022180f8d7a69b70b9cca3a598
[INFO] running `Command { std: "docker" "create" "-v" "/var/lib/crater-agent-workspace/builds/worker-0-tc1/target:/opt/rustwide/target:rw,Z" "-v" "/var/lib/crater-agent-workspace/builds/worker-0-tc1/source:/opt/rustwide/workdir:ro,Z" "-v" "/var/lib/crater-agent-workspace/cargo-home:/opt/rustwide/cargo-home:ro,Z" "-v" "/var/lib/crater-agent-workspace/rustup-home:/opt/rustwide/rustup-home:ro,Z" "-e" "SOURCE_DIR=/opt/rustwide/workdir" "-e" "CARGO_TARGET_DIR=/opt/rustwide/target" "-e" "CARGO_INCREMENTAL=0" "-e" "RUST_BACKTRACE=full" "-e" "RUSTFLAGS=--cap-lints=forbid" "-e" "RUSTDOCFLAGS=--cap-lints=forbid" "-e" "CARGO_HOME=/opt/rustwide/cargo-home" "-e" "RUSTUP_HOME=/opt/rustwide/rustup-home" "-w" "/opt/rustwide/workdir" "-m" "1610612736" "--user" "0:0" "--network" "none" "ghcr.io/rust-lang/crates-build-env/linux@sha256:819108c5571ea2e421544af4d832f968d213c87fbe3707a016657f43d2f853bc" "/opt/rustwide/cargo-home/bin/cargo" "+nightly-2025-01-18" "test" "--frozen", kill_on_drop: false }`
[INFO] [stdout] c7a2249a3a6f74747418289077ae042433ef5eda064b3f4ba598f738cc5307c6
[INFO] running `Command { std: "docker" "start" "-a" "c7a2249a3a6f74747418289077ae042433ef5eda064b3f4ba598f738cc5307c6", kill_on_drop: false }`
[INFO] [stderr] warning: unused import: `anyhow::anyhow`
[INFO] [stderr]  --> src/bin/day20.rs:7:5
[INFO] [stderr]   |
[INFO] [stderr] 7 | use anyhow::anyhow;
[INFO] [stderr]   |     ^^^^^^^^^^^^^^
[INFO] [stderr]   |
[INFO] [stderr]   = note: `#[warn(unused_imports)]` on by default
[INFO] [stderr] 
[INFO] [stderr] warning: unreachable statement
[INFO] [stderr]   --> src/bin/day20.rs:17:5
[INFO] [stderr]    |
[INFO] [stderr] 15 |     let solution = problem1::solution(&input);
[INFO] [stderr]    |                    -------------------------- any code following this expression is unreachable
[INFO] [stderr] 16 |     // println!("Problem 1 - Solution: {solution}");
[INFO] [stderr] 17 |     let solution = problem2::solution(input);
[INFO] [stderr]    |     ^^^^^^^^^^^^^^^^^^^^^^^^^^^^^^^^^^^^^^^^^ unreachable statement
[INFO] [stderr]    |
[INFO] [stderr]    = note: `#[warn(unreachable_code)]` on by default
[INFO] [stderr] 
[INFO] [stderr] warning: unused variable: `solution`
[INFO] [stderr]   --> src/bin/day20.rs:15:9
[INFO] [stderr]    |
[INFO] [stderr] 15 |     let solution = problem1::solution(&input);
[INFO] [stderr]    |         ^^^^^^^^ help: if this is intentional, prefix it with an underscore: `_solution`
[INFO] [stderr]    |
[INFO] [stderr]    = note: `#[warn(unused_variables)]` on by default
[INFO] [stderr] 
[INFO] [stderr] warning: unused variable: `solution`
[INFO] [stderr]   --> src/bin/day20.rs:17:9
[INFO] [stderr]    |
[INFO] [stderr] 17 |     let solution = problem2::solution(input);
[INFO] [stderr]    |         ^^^^^^^^ help: if this is intentional, prefix it with an underscore: `_solution`
[INFO] [stderr] 
[INFO] [stderr] warning: unused variable: `input`
[INFO] [stderr]   --> src/bin/day20.rs:32:21
[INFO] [stderr]    |
[INFO] [stderr] 32 |     pub fn solution(input: &Input) -> ! {
[INFO] [stderr]    |                     ^^^^^ help: if this is intentional, prefix it with an underscore: `_input`
[INFO] [stderr] 
[INFO] [stderr] warning: unused variable: `input`
[INFO] [stderr]   --> src/bin/day20.rs:41:21
[INFO] [stderr]    |
[INFO] [stderr] 41 |     pub fn solution(input: Input) -> ! {
[INFO] [stderr]    |                     ^^^^^ help: if this is intentional, prefix it with an underscore: `_input`
[INFO] [stderr] 
[INFO] [stderr] warning: unused variable: `solution`
[INFO] [stderr]   --> src/bin/day20.rs:62:13
[INFO] [stderr]    |
[INFO] [stderr] 62 |         let solution = problem1::solution(&get_input());
[INFO] [stderr]    |             ^^^^^^^^ help: if this is intentional, prefix it with an underscore: `_solution`
[INFO] [stderr] 
[INFO] [stderr] warning: unused variable: `solution`
[INFO] [stderr]   --> src/bin/day20.rs:68:13
[INFO] [stderr]    |
[INFO] [stderr] 68 |         let solution = problem2::solution(get_input());
[INFO] [stderr]    |             ^^^^^^^^ help: if this is intentional, prefix it with an underscore: `_solution`
[INFO] [stderr] 
[INFO] [stderr] warning: variant `Visited` is never constructed
[INFO] [stderr]   --> src/bin/day20.rs:24:5
[INFO] [stderr]    |
[INFO] [stderr] 23 | enum Tile {
[INFO] [stderr]    |      ---- variant in this enum
[INFO] [stderr] 24 |     Visited { step: u32 },
[INFO] [stderr]    |     ^^^^^^^
[INFO] [stderr]    |
[INFO] [stderr]    = note: `Tile` has derived impls for the traits `Clone` and `Debug`, but these are intentionally ignored during dead code analysis
[INFO] [stderr]    = note: `#[warn(dead_code)]` on by default
[INFO] [stderr] 
[INFO] [stderr] warning: fields `race_track`, `start`, and `end` are never read
[INFO] [stderr]   --> src/bin/day20.rs:75:5
[INFO] [stderr]    |
[INFO] [stderr] 74 | pub struct Input {
[INFO] [stderr]    |            ----- fields in this struct
[INFO] [stderr] 75 |     race_track: grid::Grid<Tile>,
[INFO] [stderr]    |     ^^^^^^^^^^
[INFO] [stderr] 76 |     start: (usize, usize),
[INFO] [stderr]    |     ^^^^^
[INFO] [stderr] 77 |     end: (usize, usize),
[INFO] [stderr]    |     ^^^
[INFO] [stderr]    |
[INFO] [stderr]    = note: `Input` has derived impls for the traits `Clone` and `Debug`, but these are intentionally ignored during dead code analysis
[INFO] [stderr] 
[INFO] [stderr] warning: `my-aoc2024-solutions` (bin "day20" test) generated 10 warnings (run `cargo fix --bin "day20" --tests` to apply 1 suggestion)
[INFO] [stderr]     Finished `test` profile [unoptimized + debuginfo] target(s) in 0.03s
[INFO] [stderr]      Running unittests src/bin/day01.rs (/opt/rustwide/target/debug/deps/day01-ecbd23d1f695edf8)
[INFO] [stdout] 
[INFO] [stdout] running 7 tests
[INFO] [stdout] test problem2::test::test_similarity ... ok
[INFO] [stdout] test problem2::test::test_similarity_double_a ... ok
[INFO] [stdout] test problem2::test::test_similarity_double_b ... ok
[INFO] [stdout] test problem2::test::test_similarity_double_both ... ok
[INFO] [stdout] test problem2::test::test_similarity_noise_a ... ok
[INFO] [stdout] test problem2::test::test_similarity_noise_b ... ok
[INFO] [stdout] test problem2::test::test_similarity_none ... ok
[INFO] [stdout] 
[INFO] [stdout] test result: ok. 7 passed; 0 failed; 0 ignored; 0 measured; 0 filtered out; finished in 0.00s
[INFO] [stdout] 
[INFO] [stderr]      Running unittests src/bin/day02.rs (/opt/rustwide/target/debug/deps/day02-ff010025b4175728)
[INFO] [stdout] 
[INFO] [stdout] running 0 tests
[INFO] [stdout] 
[INFO] [stdout] test result: ok. 0 passed; 0 failed; 0 ignored; 0 measured; 0 filtered out; finished in 0.00s
[INFO] [stdout] 
[INFO] [stderr]      Running unittests src/bin/day03.rs (/opt/rustwide/target/debug/deps/day03-0b3a7af856b6fa84)
[INFO] [stdout] 
[INFO] [stdout] running 2 tests
[INFO] [stdout] test problem1::test::test_problem1 ... ok
[INFO] [stdout] test problem2::test::test_problem2 ... ok
[INFO] [stdout] 
[INFO] [stdout] test result: ok. 2 passed; 0 failed; 0 ignored; 0 measured; 0 filtered out; finished in 0.01s
[INFO] [stdout] 
[INFO] [stderr]      Running unittests src/bin/day04.rs (/opt/rustwide/target/debug/deps/day04-d20a9a09b8010066)
[INFO] [stdout] 
[INFO] [stdout] running 12 tests
[INFO] [stdout] test problem1::tests::test_diagonal_down ... ok
[INFO] [stdout] test problem1::tests::test_diagonal_up ... ok
[INFO] [stdout] test problem1::tests::test_diagonal_down2 ... ok
[INFO] [stdout] test problem1::tests::test_diagonal_up2 ... ok
[INFO] [stdout] test problem1::tests::test_find_diag_down ... ok
[INFO] [stdout] test problem1::tests::test_find_diag_down_rev ... ok
[INFO] [stdout] test problem1::tests::test_find_diag_up ... ok
[INFO] [stdout] test problem1::tests::test_find_diag_up_rev ... ok
[INFO] [stdout] test problem1::tests::test_find_horizontal ... ok
[INFO] [stdout] test problem1::tests::test_find_none ... ok
[INFO] [stdout] test problem1::tests::test_find_vertical ... ok
[INFO] [stdout] test problem2::test::test_x_mas ... ok
[INFO] [stdout] 
[INFO] [stdout] test result: ok. 12 passed; 0 failed; 0 ignored; 0 measured; 0 filtered out; finished in 0.00s
[INFO] [stdout] 
[INFO] [stderr]      Running unittests src/bin/day05.rs (/opt/rustwide/target/debug/deps/day05-edab0a6e6a4a1477)
[INFO] [stdout] 
[INFO] [stdout] running 2 tests
[INFO] [stdout] test test::test_problem1 ... ok
[INFO] [stdout] test test::test_problem2 ... ok
[INFO] [stdout] 
[INFO] [stdout] test result: ok. 2 passed; 0 failed; 0 ignored; 0 measured; 0 filtered out; finished in 0.00s
[INFO] [stdout] 
[INFO] [stderr]      Running unittests src/bin/day06.rs (/opt/rustwide/target/debug/deps/day06-18664065df8bbf44)
[INFO] [stdout] 
[INFO] [stdout] running 2 tests
[INFO] [stdout] test test::test_problem1 ... ok
[INFO] [stdout] test test::test_problem2 ... ok
[INFO] [stdout] 
[INFO] [stdout] test result: ok. 2 passed; 0 failed; 0 ignored; 0 measured; 0 filtered out; finished in 0.00s
[INFO] [stdout] 
[INFO] [stderr]      Running unittests src/bin/day07.rs (/opt/rustwide/target/debug/deps/day07-752ed63dcdb5e779)
[INFO] [stdout] 
[INFO] [stdout] running 2 tests
[INFO] [stdout] test test::test_problem1 ... ok
[INFO] [stdout] test test::test_problem2 ... ok
[INFO] [stdout] 
[INFO] [stdout] test result: ok. 2 passed; 0 failed; 0 ignored; 0 measured; 0 filtered out; finished in 0.00s
[INFO] [stdout] 
[INFO] [stderr]      Running unittests src/bin/day11.rs (/opt/rustwide/target/debug/deps/day11-26b7a78ef8301265)
[INFO] [stdout] 
[INFO] [stdout] running 3 tests
[INFO] [stdout] test test::test_preserving_stack ... ok
[INFO] [stdout] test test::test_problem5 ... ok
[INFO] [stdout] test test::test_problem1 ... ok
[INFO] [stdout] 
[INFO] [stdout] test result: ok. 3 passed; 0 failed; 0 ignored; 0 measured; 0 filtered out; finished in 0.01s
[INFO] [stdout] 
[INFO] [stderr]      Running unittests src/bin/day20.rs (/opt/rustwide/target/debug/deps/day20-add8fe377d007f09)
[INFO] [stdout] 
[INFO] [stdout] running 2 tests
[INFO] [stdout] test test::test_problem1 ... FAILED
[INFO] [stdout] test test::test_problem2 ... FAILED
[INFO] [stdout] 
[INFO] [stdout] failures:
[INFO] [stdout] 
[INFO] [stdout] ---- test::test_problem1 stdout ----
[INFO] [stdout] 
[INFO] [stdout] thread 'test::test_problem1' panicked at /opt/rustwide/cargo-home/registry/src/index.crates.io-1949cf8c6b5b557f/grid-0.15.0/src/lib.rs:481:9:
[INFO] [stdout] assertion `left == right` failed: Vector length 223 should be a multiple of cols = 15
[INFO] [stdout]   left: 210
[INFO] [stdout]  right: 223
[INFO] [stdout] stack backtrace:
[INFO] [stdout]    0:     0x58dd13f3998a - std::backtrace_rs::backtrace::libunwind::trace::hb059275cfc8d6126
[INFO] [stdout]                                at /rustc/6067b36314ab5eb2eb47cecc464545ba58e1ad24/library/std/src/../../backtrace/src/backtrace/libunwind.rs:116:5
[INFO] [stdout]    1:     0x58dd13f3998a - std::backtrace_rs::backtrace::trace_unsynchronized::h2da071e4327ce3ee
[INFO] [stdout]                                at /rustc/6067b36314ab5eb2eb47cecc464545ba58e1ad24/library/std/src/../../backtrace/src/backtrace/mod.rs:66:5
[INFO] [stdout]    2:     0x58dd13f3998a - std::sys::backtrace::_print_fmt::h842a1474e6f8d23f
[INFO] [stdout]                                at /rustc/6067b36314ab5eb2eb47cecc464545ba58e1ad24/library/std/src/sys/backtrace.rs:66:9
[INFO] [stdout]    3:     0x58dd13f3998a - <std::sys::backtrace::BacktraceLock::print::DisplayBacktrace as core::fmt::Display>::fmt::h71a62eb3b9696b12
[INFO] [stdout]                                at /rustc/6067b36314ab5eb2eb47cecc464545ba58e1ad24/library/std/src/sys/backtrace.rs:39:26
[INFO] [stdout]    4:     0x58dd13f61143 - core::fmt::rt::Argument::fmt::hdb6b616786b41dc1
[INFO] [stdout]                                at /rustc/6067b36314ab5eb2eb47cecc464545ba58e1ad24/library/core/src/fmt/rt.rs:177:76
[INFO] [stdout]    5:     0x58dd13f61143 - core::fmt::write::h2cc1698af7e2d686
[INFO] [stdout]                                at /rustc/6067b36314ab5eb2eb47cecc464545ba58e1ad24/library/core/src/fmt/mod.rs:1440:21
[INFO] [stdout]    6:     0x58dd13f362f3 - std::io::Write::write_fmt::hab1b4cd059a79022
[INFO] [stdout]                                at /rustc/6067b36314ab5eb2eb47cecc464545ba58e1ad24/library/std/src/io/mod.rs:1887:15
[INFO] [stdout]    7:     0x58dd13f397d2 - std::sys::backtrace::BacktraceLock::print::h147fe35b4ea13b08
[INFO] [stdout]                                at /rustc/6067b36314ab5eb2eb47cecc464545ba58e1ad24/library/std/src/sys/backtrace.rs:42:9
[INFO] [stdout]    8:     0x58dd13f3adaf - std::panicking::default_hook::{{closure}}::hbd44223dbdc0d208
[INFO] [stdout]                                at /rustc/6067b36314ab5eb2eb47cecc464545ba58e1ad24/library/std/src/panicking.rs:298:22
[INFO] [stdout]    9:     0x58dd13f3abc8 - std::panicking::default_hook::h20f81eb0576efcec
[INFO] [stdout]                                at /rustc/6067b36314ab5eb2eb47cecc464545ba58e1ad24/library/std/src/panicking.rs:322:9
[INFO] [stdout]   10:     0x58dd13ef9943 - <alloc::boxed::Box<F,A> as core::ops::function::Fn<Args>>::call::hdb53814c496a4d34
[INFO] [stdout]                                at /rustc/6067b36314ab5eb2eb47cecc464545ba58e1ad24/library/alloc/src/boxed.rs:2027:9
[INFO] [stdout]   11:     0x58dd13ef9943 - test::test_main::{{closure}}::hc0a4963c59427c24
[INFO] [stdout]                                at /rustc/6067b36314ab5eb2eb47cecc464545ba58e1ad24/library/test/src/lib.rs:134:21
[INFO] [stdout]   12:     0x58dd13f3b8a3 - <alloc::boxed::Box<F,A> as core::ops::function::Fn<Args>>::call::h591b2225413a77e9
[INFO] [stdout]                                at /rustc/6067b36314ab5eb2eb47cecc464545ba58e1ad24/library/alloc/src/boxed.rs:2027:9
[INFO] [stdout]   13:     0x58dd13f3b8a3 - std::panicking::rust_panic_with_hook::h625eea43051b2edc
[INFO] [stdout]                                at /rustc/6067b36314ab5eb2eb47cecc464545ba58e1ad24/library/std/src/panicking.rs:839:13
[INFO] [stdout]   14:     0x58dd13f3b55a - std::panicking::begin_panic_handler::{{closure}}::h4f9159cfbc3f6bd3
[INFO] [stdout]                                at /rustc/6067b36314ab5eb2eb47cecc464545ba58e1ad24/library/std/src/panicking.rs:704:13
[INFO] [stdout]   15:     0x58dd13f39e89 - std::sys::backtrace::__rust_end_short_backtrace::h0390abce48353151
[INFO] [stdout]                                at /rustc/6067b36314ab5eb2eb47cecc464545ba58e1ad24/library/std/src/sys/backtrace.rs:168:18
[INFO] [stdout]   16:     0x58dd13f3b1ed - rust_begin_unwind
[INFO] [stdout]                                at /rustc/6067b36314ab5eb2eb47cecc464545ba58e1ad24/library/std/src/panicking.rs:695:5
[INFO] [stdout]   17:     0x58dd13f5fb20 - core::panicking::panic_fmt::h9e7c637e9e5f29c9
[INFO] [stdout]                                at /rustc/6067b36314ab5eb2eb47cecc464545ba58e1ad24/library/core/src/panicking.rs:75:14
[INFO] [stdout]   18:     0x58dd13f5ff12 - core::panicking::assert_failed_inner::h538bec7c1374cd9c
[INFO] [stdout]   19:     0x58dd13f5fdc9 - core::panicking::assert_failed::h7fe8c93d80615b71
[INFO] [stdout]                                at /rustc/6067b36314ab5eb2eb47cecc464545ba58e1ad24/library/core/src/panicking.rs:364:5
[INFO] [stdout]   20:     0x58dd13ebd80a - grid::Grid<T>::from_vec_with_order::h474904d221dac849
[INFO] [stdout]                                at /opt/rustwide/cargo-home/registry/src/index.crates.io-1949cf8c6b5b557f/grid-0.15.0/src/lib.rs:481:9
[INFO] [stdout]   21:     0x58dd13ebd998 - grid::Grid<T>::from_vec::ha66205f1e112f12e
[INFO] [stdout]                                at /opt/rustwide/cargo-home/registry/src/index.crates.io-1949cf8c6b5b557f/grid-0.15.0/src/lib.rs:470:9
[INFO] [stdout]   22:     0x58dd13ebefe0 - day20::Input::read_from_file::h77d1e8df8b062b76
[INFO] [stdout]                                at /opt/rustwide/workdir/src/bin/day20.rs:115:26
[INFO] [stdout]   23:     0x58dd13ebf5a8 - day20::test::INPUT::__init::{{closure}}::hdd3e280bdaa9945e
[INFO] [stdout]                                at /opt/rustwide/workdir/src/bin/day20.rs:53:57
[INFO] [stdout]   24:     0x58dd13eb6f16 - core::ops::function::FnOnce::call_once::hb2adfe7f1a631835
[INFO] [stdout]                                at /rustc/6067b36314ab5eb2eb47cecc464545ba58e1ad24/library/core/src/ops/function.rs:250:5
[INFO] [stdout]   25:     0x58dd13eb6d92 - core::ops::function::FnOnce::call_once::h44b4ce3c4e4c233f
[INFO] [stdout]                                at /rustc/6067b36314ab5eb2eb47cecc464545ba58e1ad24/library/core/src/ops/function.rs:250:5
[INFO] [stdout]   26:     0x58dd13ebc76f - core::cell::lazy::LazyCell<T,F>::really_init::h3dcab52531dd15d7
[INFO] [stdout]                                at /rustc/6067b36314ab5eb2eb47cecc464545ba58e1ad24/library/core/src/cell/lazy.rs:201:20
[INFO] [stdout]   27:     0x58dd13ebc92d - core::cell::lazy::LazyCell<T,F>::force::h53be3ac452140f33
[INFO] [stdout]                                at /rustc/6067b36314ab5eb2eb47cecc464545ba58e1ad24/library/core/src/cell/lazy.rs:118:42
[INFO] [stdout]   28:     0x58dd13ebe9aa - <core::cell::lazy::LazyCell<T,F> as core::ops::deref::Deref>::deref::hbb165c8ef318c0bb
[INFO] [stdout]                                at /rustc/6067b36314ab5eb2eb47cecc464545ba58e1ad24/library/core/src/cell/lazy.rs:283:9
[INFO] [stdout]   29:     0x58dd13ebec23 - day20::test::get_input::{{closure}}::h768039082c4dfde4
[INFO] [stdout]                                at /opt/rustwide/workdir/src/bin/day20.rs:57:24
[INFO] [stdout]   30:     0x58dd13ebb96e - std::thread::local::LocalKey<T>::try_with::hf64ce145bf1e5d12
[INFO] [stdout]                                at /rustc/6067b36314ab5eb2eb47cecc464545ba58e1ad24/library/std/src/thread/local.rs:308:12
[INFO] [stdout]   31:     0x58dd13ebb85d - std::thread::local::LocalKey<T>::with::h5708321651ec0e38
[INFO] [stdout]                                at /rustc/6067b36314ab5eb2eb47cecc464545ba58e1ad24/library/std/src/thread/local.rs:272:9
[INFO] [stdout]   32:     0x58dd13ebebf4 - day20::test::get_input::hd786101b260b3496
[INFO] [stdout]                                at /opt/rustwide/workdir/src/bin/day20.rs:57:9
[INFO] [stdout]   33:     0x58dd13ebf713 - day20::test::test_problem1::heaee25c64bf3ed87
[INFO] [stdout]                                at /opt/rustwide/workdir/src/bin/day20.rs:62:44
[INFO] [stdout]   34:     0x58dd13ebf6e7 - day20::test::test_problem1::{{closure}}::hd25c99432c0fc4f5
[INFO] [stdout]                                at /opt/rustwide/workdir/src/bin/day20.rs:61:23
[INFO] [stdout]   35:     0x58dd13eb6dc6 - core::ops::function::FnOnce::call_once::h4ac074dc97849b22
[INFO] [stdout]                                at /rustc/6067b36314ab5eb2eb47cecc464545ba58e1ad24/library/core/src/ops/function.rs:250:5
[INFO] [stdout]   36:     0x58dd13eff09b - core::ops::function::FnOnce::call_once::he27718dfdd183f43
[INFO] [stdout]                                at /rustc/6067b36314ab5eb2eb47cecc464545ba58e1ad24/library/core/src/ops/function.rs:250:5
[INFO] [stdout]   37:     0x58dd13eff09b - test::__rust_begin_short_backtrace::h4e84902998457a5d
[INFO] [stdout]                                at /rustc/6067b36314ab5eb2eb47cecc464545ba58e1ad24/library/test/src/lib.rs:632:18
[INFO] [stdout]   38:     0x58dd13efdfd3 - test::run_test_in_process::{{closure}}::h7176fd18fc1feca0
[INFO] [stdout]                                at /rustc/6067b36314ab5eb2eb47cecc464545ba58e1ad24/library/test/src/lib.rs:655:60
[INFO] [stdout]   39:     0x58dd13efdfd3 - <core::panic::unwind_safe::AssertUnwindSafe<F> as core::ops::function::FnOnce<()>>::call_once::hf79cff2a624d8cf7
[INFO] [stdout]                                at /rustc/6067b36314ab5eb2eb47cecc464545ba58e1ad24/library/core/src/panic/unwind_safe.rs:272:9
[INFO] [stdout]   40:     0x58dd13efdfd3 - std::panicking::try::do_call::h3da0561d9ab99c25
[INFO] [stdout]                                at /rustc/6067b36314ab5eb2eb47cecc464545ba58e1ad24/library/std/src/panicking.rs:587:40
[INFO] [stdout]   41:     0x58dd13efdfd3 - std::panicking::try::h41c9fa508bc61df6
[INFO] [stdout]                                at /rustc/6067b36314ab5eb2eb47cecc464545ba58e1ad24/library/std/src/panicking.rs:550:19
[INFO] [stdout]   42:     0x58dd13efdfd3 - std::panic::catch_unwind::h6b3ff07bb5afad93
[INFO] [stdout]                                at /rustc/6067b36314ab5eb2eb47cecc464545ba58e1ad24/library/std/src/panic.rs:358:14
[INFO] [stdout]   43:     0x58dd13efdfd3 - test::run_test_in_process::hc7253dd11b39b9f4
[INFO] [stdout]                                at /rustc/6067b36314ab5eb2eb47cecc464545ba58e1ad24/library/test/src/lib.rs:655:27
[INFO] [stdout]   44:     0x58dd13efdfd3 - test::run_test::{{closure}}::hfb2007f8649c30bb
[INFO] [stdout]                                at /rustc/6067b36314ab5eb2eb47cecc464545ba58e1ad24/library/test/src/lib.rs:576:43
[INFO] [stdout]   45:     0x58dd13ec10b5 - test::run_test::{{closure}}::h56a17aa7a282a9f4
[INFO] [stdout]                                at /rustc/6067b36314ab5eb2eb47cecc464545ba58e1ad24/library/test/src/lib.rs:606:41
[INFO] [stdout]   46:     0x58dd13ec10b5 - std::sys::backtrace::__rust_begin_short_backtrace::hd2d2d2fb8e8c6aac
[INFO] [stdout]                                at /rustc/6067b36314ab5eb2eb47cecc464545ba58e1ad24/library/std/src/sys/backtrace.rs:152:18
[INFO] [stdout]   47:     0x58dd13ec499a - std::thread::Builder::spawn_unchecked_::{{closure}}::{{closure}}::h4faa3f9db6133423
[INFO] [stdout]                                at /rustc/6067b36314ab5eb2eb47cecc464545ba58e1ad24/library/std/src/thread/mod.rs:559:17
[INFO] [stdout]   48:     0x58dd13ec499a - <core::panic::unwind_safe::AssertUnwindSafe<F> as core::ops::function::FnOnce<()>>::call_once::hf2e855a36a4ea846
[INFO] [stdout]                                at /rustc/6067b36314ab5eb2eb47cecc464545ba58e1ad24/library/core/src/panic/unwind_safe.rs:272:9
[INFO] [stdout]   49:     0x58dd13ec499a - std::panicking::try::do_call::h2f73af3616c35465
[INFO] [stdout]                                at /rustc/6067b36314ab5eb2eb47cecc464545ba58e1ad24/library/std/src/panicking.rs:587:40
[INFO] [stdout]   50:     0x58dd13ec499a - std::panicking::try::hd1660ce9efadef5a
[INFO] [stdout]                                at /rustc/6067b36314ab5eb2eb47cecc464545ba58e1ad24/library/std/src/panicking.rs:550:19
[INFO] [stdout]   51:     0x58dd13ec499a - std::panic::catch_unwind::h5ee8d7823b8ca744
[INFO] [stdout]                                at /rustc/6067b36314ab5eb2eb47cecc464545ba58e1ad24/library/std/src/panic.rs:358:14
[INFO] [stdout]   52:     0x58dd13ec499a - std::thread::Builder::spawn_unchecked_::{{closure}}::h53c3a1894dce8407
[INFO] [stdout]                                at /rustc/6067b36314ab5eb2eb47cecc464545ba58e1ad24/library/std/src/thread/mod.rs:557:30
[INFO] [stdout]   53:     0x58dd13ec499a - core::ops::function::FnOnce::call_once{{vtable.shim}}::h048ce291ad4f62bf
[INFO] [stdout]                                at /rustc/6067b36314ab5eb2eb47cecc464545ba58e1ad24/library/core/src/ops/function.rs:250:5
[INFO] [stdout]   54:     0x58dd13f3f7eb - <alloc::boxed::Box<F,A> as core::ops::function::FnOnce<Args>>::call_once::ha52bedf99a3b4981
[INFO] [stdout]                                at /rustc/6067b36314ab5eb2eb47cecc464545ba58e1ad24/library/alloc/src/boxed.rs:2013:9
[INFO] [stdout]   55:     0x58dd13f3f7eb - <alloc::boxed::Box<F,A> as core::ops::function::FnOnce<Args>>::call_once::h567748934d80ccf8
[INFO] [stdout]                                at /rustc/6067b36314ab5eb2eb47cecc464545ba58e1ad24/library/alloc/src/boxed.rs:2013:9
[INFO] [stdout]   56:     0x58dd13f3f7eb - std::sys::pal::unix::thread::Thread::new::thread_start::h2d970728ae887adc
[INFO] [stdout]                                at /rustc/6067b36314ab5eb2eb47cecc464545ba58e1ad24/library/std/src/sys/pal/unix/thread.rs:106:17
[INFO] [stdout]   57:     0x7d32f1e01ac3 - <unknown>
[INFO] [stdout]   58:     0x7d32f1e92a04 - clone
[INFO] [stdout]   59:                0x0 - <unknown>
[INFO] [stdout] 
[INFO] [stdout] ---- test::test_problem2 stdout ----
[INFO] [stdout] 
[INFO] [stdout] thread 'test::test_problem2' panicked at /opt/rustwide/cargo-home/registry/src/index.crates.io-1949cf8c6b5b557f/grid-0.15.0/src/lib.rs:481:9:
[INFO] [stdout] assertion `left == right` failed: Vector length 223 should be a multiple of cols = 15
[INFO] [stdout]   left: 210
[INFO] [stdout]  right: 223
[INFO] [stdout] stack backtrace:
[INFO] [stdout]    0:     0x58dd13f3998a - std::backtrace_rs::backtrace::libunwind::trace::hb059275cfc8d6126
[INFO] [stdout]                                at /rustc/6067b36314ab5eb2eb47cecc464545ba58e1ad24/library/std/src/../../backtrace/src/backtrace/libunwind.rs:116:5
[INFO] [stdout]    1:     0x58dd13f3998a - std::backtrace_rs::backtrace::trace_unsynchronized::h2da071e4327ce3ee
[INFO] [stdout]                                at /rustc/6067b36314ab5eb2eb47cecc464545ba58e1ad24/library/std/src/../../backtrace/src/backtrace/mod.rs:66:5
[INFO] [stdout]    2:     0x58dd13f3998a - std::sys::backtrace::_print_fmt::h842a1474e6f8d23f
[INFO] [stdout]                                at /rustc/6067b36314ab5eb2eb47cecc464545ba58e1ad24/library/std/src/sys/backtrace.rs:66:9
[INFO] [stdout]    3:     0x58dd13f3998a - <std::sys::backtrace::BacktraceLock::print::DisplayBacktrace as core::fmt::Display>::fmt::h71a62eb3b9696b12
[INFO] [stdout]                                at /rustc/6067b36314ab5eb2eb47cecc464545ba58e1ad24/library/std/src/sys/backtrace.rs:39:26
[INFO] [stdout]    4:     0x58dd13f61143 - core::fmt::rt::Argument::fmt::hdb6b616786b41dc1
[INFO] [stdout]                                at /rustc/6067b36314ab5eb2eb47cecc464545ba58e1ad24/library/core/src/fmt/rt.rs:177:76
[INFO] [stdout]    5:     0x58dd13f61143 - core::fmt::write::h2cc1698af7e2d686
[INFO] [stdout]                                at /rustc/6067b36314ab5eb2eb47cecc464545ba58e1ad24/library/core/src/fmt/mod.rs:1440:21
[INFO] [stdout]    6:     0x58dd13f362f3 - std::io::Write::write_fmt::hab1b4cd059a79022
[INFO] [stdout]                                at /rustc/6067b36314ab5eb2eb47cecc464545ba58e1ad24/library/std/src/io/mod.rs:1887:15
[INFO] [stdout]    7:     0x58dd13f397d2 - std::sys::backtrace::BacktraceLock::print::h147fe35b4ea13b08
[INFO] [stdout]                                at /rustc/6067b36314ab5eb2eb47cecc464545ba58e1ad24/library/std/src/sys/backtrace.rs:42:9
[INFO] [stdout]    8:     0x58dd13f3adaf - std::panicking::default_hook::{{closure}}::hbd44223dbdc0d208
[INFO] [stdout]                                at /rustc/6067b36314ab5eb2eb47cecc464545ba58e1ad24/library/std/src/panicking.rs:298:22
[INFO] [stdout]    9:     0x58dd13f3abc8 - std::panicking::default_hook::h20f81eb0576efcec
[INFO] [stdout]                                at /rustc/6067b36314ab5eb2eb47cecc464545ba58e1ad24/library/std/src/panicking.rs:322:9
[INFO] [stdout]   10:     0x58dd13ef9943 - <alloc::boxed::Box<F,A> as core::ops::function::Fn<Args>>::call::hdb53814c496a4d34
[INFO] [stdout]                                at /rustc/6067b36314ab5eb2eb47cecc464545ba58e1ad24/library/alloc/src/boxed.rs:2027:9
[INFO] [stdout]   11:     0x58dd13ef9943 - test::test_main::{{closure}}::hc0a4963c59427c24
[INFO] [stdout]                                at /rustc/6067b36314ab5eb2eb47cecc464545ba58e1ad24/library/test/src/lib.rs:134:21
[INFO] [stdout]   12:     0x58dd13f3b8a3 - <alloc::boxed::Box<F,A> as core::ops::function::Fn<Args>>::call::h591b2225413a77e9
[INFO] [stdout]                                at /rustc/6067b36314ab5eb2eb47cecc464545ba58e1ad24/library/alloc/src/boxed.rs:2027:9
[INFO] [stdout]   13:     0x58dd13f3b8a3 - std::panicking::rust_panic_with_hook::h625eea43051b2edc
[INFO] [stdout]                                at /rustc/6067b36314ab5eb2eb47cecc464545ba58e1ad24/library/std/src/panicking.rs:839:13
[INFO] [stdout]   14:     0x58dd13f3b55a - std::panicking::begin_panic_handler::{{closure}}::h4f9159cfbc3f6bd3
[INFO] [stdout]                                at /rustc/6067b36314ab5eb2eb47cecc464545ba58e1ad24/library/std/src/panicking.rs:704:13
[INFO] [stdout]   15:     0x58dd13f39e89 - std::sys::backtrace::__rust_end_short_backtrace::h0390abce48353151
[INFO] [stdout]                                at /rustc/6067b36314ab5eb2eb47cecc464545ba58e1ad24/library/std/src/sys/backtrace.rs:168:18
[INFO] [stdout]   16:     0x58dd13f3b1ed - rust_begin_unwind
[INFO] [stdout]                                at /rustc/6067b36314ab5eb2eb47cecc464545ba58e1ad24/library/std/src/panicking.rs:695:5
[INFO] [stdout]   17:     0x58dd13f5fb20 - core::panicking::panic_fmt::h9e7c637e9e5f29c9
[INFO] [stdout]                                at /rustc/6067b36314ab5eb2eb47cecc464545ba58e1ad24/library/core/src/panicking.rs:75:14
[INFO] [stdout]   18:     0x58dd13f5ff12 - core::panicking::assert_failed_inner::h538bec7c1374cd9c
[INFO] [stdout]   19:     0x58dd13f5fdc9 - core::panicking::assert_failed::h7fe8c93d80615b71
[INFO] [stdout]                                at /rustc/6067b36314ab5eb2eb47cecc464545ba58e1ad24/library/core/src/panicking.rs:364:5
[INFO] [stdout]   20:     0x58dd13ebd80a - grid::Grid<T>::from_vec_with_order::h474904d221dac849
[INFO] [stdout]                                at /opt/rustwide/cargo-home/registry/src/index.crates.io-1949cf8c6b5b557f/grid-0.15.0/src/lib.rs:481:9
[INFO] [stdout]   21:     0x58dd13ebd998 - grid::Grid<T>::from_vec::ha66205f1e112f12e
[INFO] [stdout]                                at /opt/rustwide/cargo-home/registry/src/index.crates.io-1949cf8c6b5b557f/grid-0.15.0/src/lib.rs:470:9
[INFO] [stdout]   22:     0x58dd13ebefe0 - day20::Input::read_from_file::h77d1e8df8b062b76
[INFO] [stdout]                                at /opt/rustwide/workdir/src/bin/day20.rs:115:26
[INFO] [stdout]   23:     0x58dd13ebf5a8 - day20::test::INPUT::__init::{{closure}}::hdd3e280bdaa9945e
[INFO] [stdout]                                at /opt/rustwide/workdir/src/bin/day20.rs:53:57
[INFO] [stdout]   24:     0x58dd13eb6f16 - core::ops::function::FnOnce::call_once::hb2adfe7f1a631835
[INFO] [stdout]                                at /rustc/6067b36314ab5eb2eb47cecc464545ba58e1ad24/library/core/src/ops/function.rs:250:5
[INFO] [stdout]   25:     0x58dd13eb6d92 - core::ops::function::FnOnce::call_once::h44b4ce3c4e4c233f
[INFO] [stdout]                                at /rustc/6067b36314ab5eb2eb47cecc464545ba58e1ad24/library/core/src/ops/function.rs:250:5
[INFO] [stdout]   26:     0x58dd13ebc76f - core::cell::lazy::LazyCell<T,F>::really_init::h3dcab52531dd15d7
[INFO] [stdout]                                at /rustc/6067b36314ab5eb2eb47cecc464545ba58e1ad24/library/core/src/cell/lazy.rs:201:20
[INFO] [stdout]   27:     0x58dd13ebc92d - core::cell::lazy::LazyCell<T,F>::force::h53be3ac452140f33
[INFO] [stdout]                                at /rustc/6067b36314ab5eb2eb47cecc464545ba58e1ad24/library/core/src/cell/lazy.rs:118:42
[INFO] [stdout]   28:     0x58dd13ebe9aa - <core::cell::lazy::LazyCell<T,F> as core::ops::deref::Deref>::deref::hbb165c8ef318c0bb
[INFO] [stdout]                                at /rustc/6067b36314ab5eb2eb47cecc464545ba58e1ad24/library/core/src/cell/lazy.rs:283:9
[INFO] [stdout]   29:     0x58dd13ebec23 - day20::test::get_input::{{closure}}::h768039082c4dfde4
[INFO] [stdout]                                at /opt/rustwide/workdir/src/bin/day20.rs:57:24
[INFO] [stdout]   30:     0x58dd13ebb96e - std::thread::local::LocalKey<T>::try_with::hf64ce145bf1e5d12
[INFO] [stdout]                                at /rustc/6067b36314ab5eb2eb47cecc464545ba58e1ad24/library/std/src/thread/local.rs:308:12
[INFO] [stdout]   31:     0x58dd13ebb85d - std::thread::local::LocalKey<T>::with::h5708321651ec0e38
[INFO] [stdout]                                at /rustc/6067b36314ab5eb2eb47cecc464545ba58e1ad24/library/std/src/thread/local.rs:272:9
[INFO] [stdout]   32:     0x58dd13ebebf4 - day20::test::get_input::hd786101b260b3496
[INFO] [stdout]                                at /opt/rustwide/workdir/src/bin/day20.rs:57:9
[INFO] [stdout]   33:     0x58dd13ebf793 - day20::test::test_problem2::hda6986f4d16702b8
[INFO] [stdout]                                at /opt/rustwide/workdir/src/bin/day20.rs:68:43
[INFO] [stdout]   34:     0x58dd13ebf767 - day20::test::test_problem2::{{closure}}::hdc966ae66788c155
[INFO] [stdout]                                at /opt/rustwide/workdir/src/bin/day20.rs:67:23
[INFO] [stdout]   35:     0x58dd13eb6e06 - core::ops::function::FnOnce::call_once::h4ca02182cc9f3113
[INFO] [stdout]                                at /rustc/6067b36314ab5eb2eb47cecc464545ba58e1ad24/library/core/src/ops/function.rs:250:5
[INFO] [stdout]   36:     0x58dd13eff09b - core::ops::function::FnOnce::call_once::he27718dfdd183f43
[INFO] [stdout]                                at /rustc/6067b36314ab5eb2eb47cecc464545ba58e1ad24/library/core/src/ops/function.rs:250:5
[INFO] [stdout]   37:     0x58dd13eff09b - test::__rust_begin_short_backtrace::h4e84902998457a5d
[INFO] [stdout]                                at /rustc/6067b36314ab5eb2eb47cecc464545ba58e1ad24/library/test/src/lib.rs:632:18
[INFO] [stdout]   38:     0x58dd13efdfd3 - test::run_test_in_process::{{closure}}::h7176fd18fc1feca0
[INFO] [stdout]                                at /rustc/6067b36314ab5eb2eb47cecc464545ba58e1ad24/library/test/src/lib.rs:655:60
[INFO] [stdout]   39:     0x58dd13efdfd3 - <core::panic::unwind_safe::AssertUnwindSafe<F> as core::ops::function::FnOnce<()>>::call_once::hf79cff2a624d8cf7
[INFO] [stdout]                                at /rustc/6067b36314ab5eb2eb47cecc464545ba58e1ad24/library/core/src/panic/unwind_safe.rs:272:9
[INFO] [stdout]   40:     0x58dd13efdfd3 - std::panicking::try::do_call::h3da0561d9ab99c25
[INFO] [stdout]                                at /rustc/6067b36314ab5eb2eb47cecc464545ba58e1ad24/library/std/src/panicking.rs:587:40
[INFO] [stdout]   41:     0x58dd13efdfd3 - std::panicking::try::h41c9fa508bc61df6
[INFO] [stdout]                                at /rustc/6067b36314ab5eb2eb47cecc464545ba58e1ad24/library/std/src/panicking.rs:550:19
[INFO] [stdout]   42:     0x58dd13efdfd3 - std::panic::catch_unwind::h6b3ff07bb5afad93
[INFO] [stdout]                                at /rustc/6067b36314ab5eb2eb47cecc464545ba58e1ad24/library/std/src/panic.rs:358:14
[INFO] [stdout]   43:     0x58dd13efdfd3 - test::run_test_in_process::hc7253dd11b39b9f4
[INFO] [stdout]                                at /rustc/6067b36314ab5eb2eb47cecc464545ba58e1ad24/library/test/src/lib.rs:655:27
[INFO] [stdout]   44:     0x58dd13efdfd3 - test::run_test::{{closure}}::hfb2007f8649c30bb
[INFO] [stdout]                                at /rustc/6067b36314ab5eb2eb47cecc464545ba58e1ad24/library/test/src/lib.rs:576:43
[INFO] [stdout]   45:     0x58dd13ec10b5 - test::run_test::{{closure}}::h56a17aa7a282a9f4
[INFO] [stdout]                                at /rustc/6067b36314ab5eb2eb47cecc464545ba58e1ad24/library/test/src/lib.rs:606:41
[INFO] [stdout]   46:     0x58dd13ec10b5 - std::sys::backtrace::__rust_begin_short_backtrace::hd2d2d2fb8e8c6aac
[INFO] [stdout]                                at /rustc/6067b36314ab5eb2eb47cecc464545ba58e1ad24/library/std/src/sys/backtrace.rs:152:18
[INFO] [stdout]   47:     0x58dd13ec499a - std::thread::Builder::spawn_unchecked_::{{closure}}::{{closure}}::h4faa3f9db6133423
[INFO] [stdout]                                at /rustc/6067b36314ab5eb2eb47cecc464545ba58e1ad24/library/std/src/thread/mod.rs:559:17
[INFO] [stdout]   48:     0x58dd13ec499a - <core::panic::unwind_safe::AssertUnwindSafe<F> as core::ops::function::FnOnce<()>>::call_once::hf2e855a36a4ea846
[INFO] [stdout]                                at /rustc/6067b36314ab5eb2eb47cecc464545ba58e1ad24/library/core/src/panic/unwind_safe.rs:272:9
[INFO] [stdout]   49:     0x58dd13ec499a - std::panicking::try::do_call::h2f73af3616c35465
[INFO] [stdout]                                at /rustc/6067b36314ab5eb2eb47cecc464545ba58e1ad24/library/std/src/panicking.rs:587:40
[INFO] [stdout]   50:     0x58dd13ec499a - std::panicking::try::hd1660ce9efadef5a
[INFO] [stdout]                                at /rustc/6067b36314ab5eb2eb47cecc464545ba58e1ad24/library/std/src/panicking.rs:550:19
[INFO] [stdout]   51:     0x58dd13ec499a - std::panic::catch_unwind::h5ee8d7823b8ca744
[INFO] [stdout]                                at /rustc/6067b36314ab5eb2eb47cecc464545ba58e1ad24/library/std/src/panic.rs:358:14
[INFO] [stdout]   52:     0x58dd13ec499a - std::thread::Builder::spawn_unchecked_::{{closure}}::h53c3a1894dce8407
[INFO] [stdout]                                at /rustc/6067b36314ab5eb2eb47cecc464545ba58e1ad24/library/std/src/thread/mod.rs:557:30
[INFO] [stdout]   53:     0x58dd13ec499a - core::ops::function::FnOnce::call_once{{vtable.shim}}::h048ce291ad4f62bf
[INFO] [stdout]                                at /rustc/6067b36314ab5eb2eb47cecc464545ba58e1ad24/library/core/src/ops/function.rs:250:5
[INFO] [stdout]   54:     0x58dd13f3f7eb - <alloc::boxed::Box<F,A> as core::ops::function::FnOnce<Args>>::call_once::ha52bedf99a3b4981
[INFO] [stdout]                                at /rustc/6067b36314ab5eb2eb47cecc464545ba58e1ad24/library/alloc/src/boxed.rs:2013:9
[INFO] [stdout]   55:     0x58dd13f3f7eb - <alloc::boxed::Box<F,A> as core::ops::function::FnOnce<Args>>::call_once::h567748934d80ccf8
[INFO] [stdout]                                at /rustc/6067b36314ab5eb2eb47cecc464545ba58e1ad24/library/alloc/src/boxed.rs:2013:9
[INFO] [stdout]   56:     0x58dd13f3f7eb - std::sys::pal::unix::thread::Thread::new::thread_start::h2d970728ae887adc
[INFO] [stdout]                                at /rustc/6067b36314ab5eb2eb47cecc464545ba58e1ad24/library/std/src/sys/pal/unix/thread.rs:106:17
[INFO] [stdout]   57:     0x7d32f1e01ac3 - <unknown>
[INFO] [stdout]   58:     0x7d32f1e92a04 - clone
[INFO] [stdout]   59:                0x0 - <unknown>
[INFO] [stdout] 
[INFO] [stdout] 
[INFO] [stdout] failures:
[INFO] [stdout]     test::test_problem1
[INFO] [stdout]     test::test_problem2
[INFO] [stdout] 
[INFO] [stdout] test result: FAILED. 0 passed; 2 failed; 0 ignored; 0 measured; 0 filtered out; finished in 0.01s
[INFO] [stdout] 
[INFO] [stderr] error: test failed, to rerun pass `--bin day20`
[INFO] running `Command { std: "docker" "inspect" "c7a2249a3a6f74747418289077ae042433ef5eda064b3f4ba598f738cc5307c6", kill_on_drop: false }`
[INFO] running `Command { std: "docker" "rm" "-f" "c7a2249a3a6f74747418289077ae042433ef5eda064b3f4ba598f738cc5307c6", kill_on_drop: false }`
[INFO] [stdout] c7a2249a3a6f74747418289077ae042433ef5eda064b3f4ba598f738cc5307c6
