[INFO] cloning repository https://github.com/RaoniSilvestre/rusty-algorithms
[INFO] running `Command { std: "git" "-c" "credential.helper=" "-c" "credential.helper=/workspace/cargo-home/bin/git-credential-null" "clone" "--bare" "https://github.com/RaoniSilvestre/rusty-algorithms" "/workspace/cache/git-repos/https%3A%2F%2Fgithub.com%2FRaoniSilvestre%2Frusty-algorithms", kill_on_drop: false }`
[INFO] [stderr] Cloning into bare repository '/workspace/cache/git-repos/https%3A%2F%2Fgithub.com%2FRaoniSilvestre%2Frusty-algorithms'...
[INFO] running `Command { std: "git" "rev-parse" "HEAD", kill_on_drop: false }`
[INFO] [stdout] e62db0a8f2022d533f5599c1c52e48d2324bcb35
[INFO] testing RaoniSilvestre/rusty-algorithms against nightly-2025-01-18+rustflags=-Zrandomize-layout for randomize-layout-2
[INFO] running `Command { std: "git" "clone" "/workspace/cache/git-repos/https%3A%2F%2Fgithub.com%2FRaoniSilvestre%2Frusty-algorithms" "/workspace/builds/worker-6-tc2/source", kill_on_drop: false }`
[INFO] [stderr] Cloning into '/workspace/builds/worker-6-tc2/source'...
[INFO] [stderr] done.
[INFO] validating manifest of git repo https://github.com/RaoniSilvestre/rusty-algorithms on toolchain nightly-2025-01-18
[INFO] running `Command { std: CARGO_HOME="/workspace/cargo-home" RUSTUP_HOME="/workspace/rustup-home" "/workspace/cargo-home/bin/cargo" "+nightly-2025-01-18" "metadata" "--manifest-path" "Cargo.toml" "--no-deps", kill_on_drop: false }`
[INFO] started tweaking git repo https://github.com/RaoniSilvestre/rusty-algorithms
[INFO] finished tweaking git repo https://github.com/RaoniSilvestre/rusty-algorithms
[INFO] tweaked toml for git repo https://github.com/RaoniSilvestre/rusty-algorithms written to /workspace/builds/worker-6-tc2/source/Cargo.toml
[INFO] crate git repo https://github.com/RaoniSilvestre/rusty-algorithms already has a lockfile, it will not be regenerated
[INFO] running `Command { std: CARGO_HOME="/workspace/cargo-home" RUSTUP_HOME="/workspace/rustup-home" "/workspace/cargo-home/bin/cargo" "+nightly-2025-01-18" "fetch" "--manifest-path" "Cargo.toml", kill_on_drop: false }`
[INFO] running `Command { std: "docker" "create" "-v" "/var/lib/crater-agent-workspace/builds/worker-6-tc2/target:/opt/rustwide/target:rw,Z" "-v" "/var/lib/crater-agent-workspace/builds/worker-6-tc2/source:/opt/rustwide/workdir:ro,Z" "-v" "/var/lib/crater-agent-workspace/cargo-home:/opt/rustwide/cargo-home:ro,Z" "-v" "/var/lib/crater-agent-workspace/rustup-home:/opt/rustwide/rustup-home:ro,Z" "-e" "SOURCE_DIR=/opt/rustwide/workdir" "-e" "CARGO_TARGET_DIR=/opt/rustwide/target" "-e" "CARGO_HOME=/opt/rustwide/cargo-home" "-e" "RUSTUP_HOME=/opt/rustwide/rustup-home" "-w" "/opt/rustwide/workdir" "-m" "1610612736" "--user" "0:0" "--network" "none" "ghcr.io/rust-lang/crates-build-env/linux@sha256:819108c5571ea2e421544af4d832f968d213c87fbe3707a016657f43d2f853bc" "/opt/rustwide/cargo-home/bin/cargo" "+nightly-2025-01-18" "metadata" "--no-deps" "--format-version=1", kill_on_drop: false }`
[INFO] [stdout] b7a1aba37e89b21a8fd5c64d44708ac54f6622527326500f9ffe3c0d83be31b3
[INFO] running `Command { std: "docker" "start" "-a" "b7a1aba37e89b21a8fd5c64d44708ac54f6622527326500f9ffe3c0d83be31b3", kill_on_drop: false }`
[INFO] running `Command { std: "docker" "inspect" "b7a1aba37e89b21a8fd5c64d44708ac54f6622527326500f9ffe3c0d83be31b3", kill_on_drop: false }`
[INFO] running `Command { std: "docker" "rm" "-f" "b7a1aba37e89b21a8fd5c64d44708ac54f6622527326500f9ffe3c0d83be31b3", kill_on_drop: false }`
[INFO] [stdout] b7a1aba37e89b21a8fd5c64d44708ac54f6622527326500f9ffe3c0d83be31b3
[INFO] running `Command { std: "docker" "create" "-v" "/var/lib/crater-agent-workspace/builds/worker-6-tc2/target:/opt/rustwide/target:rw,Z" "-v" "/var/lib/crater-agent-workspace/builds/worker-6-tc2/source:/opt/rustwide/workdir:ro,Z" "-v" "/var/lib/crater-agent-workspace/cargo-home:/opt/rustwide/cargo-home:ro,Z" "-v" "/var/lib/crater-agent-workspace/rustup-home:/opt/rustwide/rustup-home:ro,Z" "-e" "SOURCE_DIR=/opt/rustwide/workdir" "-e" "CARGO_TARGET_DIR=/opt/rustwide/target" "-e" "CARGO_INCREMENTAL=0" "-e" "RUST_BACKTRACE=full" "-e" "RUSTFLAGS=--cap-lints=forbid -Zrandomize-layout" "-e" "RUSTDOCFLAGS=--cap-lints=forbid" "-e" "CARGO_HOME=/opt/rustwide/cargo-home" "-e" "RUSTUP_HOME=/opt/rustwide/rustup-home" "-w" "/opt/rustwide/workdir" "-m" "1610612736" "--user" "0:0" "--network" "none" "ghcr.io/rust-lang/crates-build-env/linux@sha256:819108c5571ea2e421544af4d832f968d213c87fbe3707a016657f43d2f853bc" "/opt/rustwide/cargo-home/bin/cargo" "+nightly-2025-01-18" "build" "--frozen" "--message-format=json", kill_on_drop: false }`
[INFO] [stdout] 72ee07121feecc4ee7f8988845362da314ffe8e52949936e6ac530e42bf5d370
[INFO] running `Command { std: "docker" "start" "-a" "72ee07121feecc4ee7f8988845362da314ffe8e52949936e6ac530e42bf5d370", kill_on_drop: false }`
[INFO] [stderr]    Compiling libc v0.2.154
[INFO] [stderr]    Compiling getrandom v0.2.14
[INFO] [stderr]    Compiling rand_core v0.6.4
[INFO] [stderr]    Compiling rand_chacha v0.3.1
[INFO] [stderr]    Compiling rand v0.8.5
[INFO] [stderr]    Compiling rustic-dsa v0.1.0 (/opt/rustwide/workdir)
[INFO] [stderr]     Finished `dev` profile [unoptimized + debuginfo] target(s) in 3.17s
[INFO] running `Command { std: "docker" "inspect" "72ee07121feecc4ee7f8988845362da314ffe8e52949936e6ac530e42bf5d370", kill_on_drop: false }`
[INFO] running `Command { std: "docker" "rm" "-f" "72ee07121feecc4ee7f8988845362da314ffe8e52949936e6ac530e42bf5d370", kill_on_drop: false }`
[INFO] [stdout] 72ee07121feecc4ee7f8988845362da314ffe8e52949936e6ac530e42bf5d370
[INFO] running `Command { std: "docker" "create" "-v" "/var/lib/crater-agent-workspace/builds/worker-6-tc2/target:/opt/rustwide/target:rw,Z" "-v" "/var/lib/crater-agent-workspace/builds/worker-6-tc2/source:/opt/rustwide/workdir:ro,Z" "-v" "/var/lib/crater-agent-workspace/cargo-home:/opt/rustwide/cargo-home:ro,Z" "-v" "/var/lib/crater-agent-workspace/rustup-home:/opt/rustwide/rustup-home:ro,Z" "-e" "SOURCE_DIR=/opt/rustwide/workdir" "-e" "CARGO_TARGET_DIR=/opt/rustwide/target" "-e" "CARGO_INCREMENTAL=0" "-e" "RUST_BACKTRACE=full" "-e" "RUSTFLAGS=--cap-lints=forbid -Zrandomize-layout" "-e" "RUSTDOCFLAGS=--cap-lints=forbid" "-e" "CARGO_HOME=/opt/rustwide/cargo-home" "-e" "RUSTUP_HOME=/opt/rustwide/rustup-home" "-w" "/opt/rustwide/workdir" "-m" "1610612736" "--user" "0:0" "--network" "none" "ghcr.io/rust-lang/crates-build-env/linux@sha256:819108c5571ea2e421544af4d832f968d213c87fbe3707a016657f43d2f853bc" "/opt/rustwide/cargo-home/bin/cargo" "+nightly-2025-01-18" "test" "--frozen" "--no-run" "--message-format=json", kill_on_drop: false }`
[INFO] [stdout] e1adcc168c0af31f04ce3aa6be59d13bf8b8ca0ecd6f75de4d8efa7a832c6395
[INFO] running `Command { std: "docker" "start" "-a" "e1adcc168c0af31f04ce3aa6be59d13bf8b8ca0ecd6f75de4d8efa7a832c6395", kill_on_drop: false }`
[INFO] [stderr]    Compiling proc-macro2 v1.0.92
[INFO] [stderr]    Compiling autocfg v1.4.0
[INFO] [stderr]    Compiling unicode-ident v1.0.14
[INFO] [stderr]    Compiling crossbeam-utils v0.8.20
[INFO] [stderr]    Compiling serde v1.0.215
[INFO] [stderr]    Compiling serde_json v1.0.133
[INFO] [stderr]    Compiling either v1.13.0
[INFO] [stderr]    Compiling rayon-core v1.12.1
[INFO] [stderr]    Compiling os_str_bytes v6.6.1
[INFO] [stderr]    Compiling hashbrown v0.12.3
[INFO] [stderr]    Compiling ciborium-io v0.2.2
[INFO] [stderr]    Compiling ryu v1.0.18
[INFO] [stderr]    Compiling memchr v2.7.4
[INFO] [stderr]    Compiling half v2.4.1
[INFO] [stderr]    Compiling itoa v1.0.13
[INFO] [stderr]    Compiling regex-syntax v0.8.5
[INFO] [stderr]    Compiling plotters-backend v0.3.7
[INFO] [stderr]    Compiling bitflags v1.3.2
[INFO] [stderr]    Compiling itertools v0.10.5
[INFO] [stderr]    Compiling textwrap v0.16.1
[INFO] [stderr]    Compiling same-file v1.0.6
[INFO] [stderr]    Compiling cast v0.3.0
[INFO] [stderr]    Compiling ciborium-ll v0.2.2
[INFO] [stderr]    Compiling clap_lex v0.2.4
[INFO] [stderr]    Compiling plotters-svg v0.3.7
[INFO] [stderr]    Compiling walkdir v2.5.0
[INFO] [stderr]    Compiling atty v0.2.14
[INFO] [stderr]    Compiling lazy_static v1.5.0
[INFO] [stderr]    Compiling anes v0.1.6
[INFO] [stderr]    Compiling oorandom v11.1.4
[INFO] [stderr]    Compiling num-traits v0.2.19
[INFO] [stderr]    Compiling indexmap v1.9.3
[INFO] [stderr]    Compiling crossbeam-epoch v0.9.18
[INFO] [stderr]    Compiling quote v1.0.37
[INFO] [stderr]    Compiling crossbeam-deque v0.8.5
[INFO] [stderr]    Compiling syn v2.0.89
[INFO] [stderr]    Compiling clap v3.2.25
[INFO] [stderr]    Compiling regex-automata v0.4.9
[INFO] [stderr]    Compiling rayon v1.10.0
[INFO] [stderr]    Compiling plotters v0.3.7
[INFO] [stderr]    Compiling criterion-plot v0.5.0
[INFO] [stderr]    Compiling serde_derive v1.0.215
[INFO] [stderr]    Compiling regex v1.11.1
[INFO] [stderr]    Compiling ciborium v0.2.2
[INFO] [stderr]    Compiling tinytemplate v1.2.1
[INFO] [stderr]    Compiling criterion v0.4.0
[INFO] [stderr]    Compiling rustic-dsa v0.1.0 (/opt/rustwide/workdir)
[INFO] [stderr]     Finished `test` profile [unoptimized + debuginfo] target(s) in 19.88s
[INFO] running `Command { std: "docker" "inspect" "e1adcc168c0af31f04ce3aa6be59d13bf8b8ca0ecd6f75de4d8efa7a832c6395", kill_on_drop: false }`
[INFO] running `Command { std: "docker" "rm" "-f" "e1adcc168c0af31f04ce3aa6be59d13bf8b8ca0ecd6f75de4d8efa7a832c6395", kill_on_drop: false }`
[INFO] [stdout] e1adcc168c0af31f04ce3aa6be59d13bf8b8ca0ecd6f75de4d8efa7a832c6395
[INFO] running `Command { std: "docker" "create" "-v" "/var/lib/crater-agent-workspace/builds/worker-6-tc2/target:/opt/rustwide/target:rw,Z" "-v" "/var/lib/crater-agent-workspace/builds/worker-6-tc2/source:/opt/rustwide/workdir:ro,Z" "-v" "/var/lib/crater-agent-workspace/cargo-home:/opt/rustwide/cargo-home:ro,Z" "-v" "/var/lib/crater-agent-workspace/rustup-home:/opt/rustwide/rustup-home:ro,Z" "-e" "SOURCE_DIR=/opt/rustwide/workdir" "-e" "CARGO_TARGET_DIR=/opt/rustwide/target" "-e" "CARGO_INCREMENTAL=0" "-e" "RUST_BACKTRACE=full" "-e" "RUSTFLAGS=--cap-lints=forbid -Zrandomize-layout" "-e" "RUSTDOCFLAGS=--cap-lints=forbid" "-e" "CARGO_HOME=/opt/rustwide/cargo-home" "-e" "RUSTUP_HOME=/opt/rustwide/rustup-home" "-w" "/opt/rustwide/workdir" "-m" "1610612736" "--user" "0:0" "--network" "none" "ghcr.io/rust-lang/crates-build-env/linux@sha256:819108c5571ea2e421544af4d832f968d213c87fbe3707a016657f43d2f853bc" "/opt/rustwide/cargo-home/bin/cargo" "+nightly-2025-01-18" "test" "--frozen", kill_on_drop: false }`
[INFO] [stdout] aa56d8875dd01996bc0376dc5cf764b7ba0b9e8fd87f2d2ad7677918af345402
[INFO] running `Command { std: "docker" "start" "-a" "aa56d8875dd01996bc0376dc5cf764b7ba0b9e8fd87f2d2ad7677918af345402", kill_on_drop: false }`
[INFO] [stderr]     Finished `test` profile [unoptimized + debuginfo] target(s) in 0.09s
[INFO] [stderr]      Running unittests src/lib.rs (/opt/rustwide/target/debug/deps/rustic_dsa-7dab7a6c29dd48b8)
[INFO] [stderr]      Running unittests src/generator.rs (/opt/rustwide/target/debug/deps/generator-1e8db793331b4857)
[INFO] [stdout] 
[INFO] [stderr]      Running tests/binary_tree.rs (/opt/rustwide/target/debug/deps/binary_tree-32a3c8614361665c)
[INFO] [stdout] running 0 tests
[INFO] [stdout] 
[INFO] [stdout] test result: ok. 0 passed; 0 failed; 0 ignored; 0 measured; 0 filtered out; finished in 0.00s
[INFO] [stdout] 
[INFO] [stdout] 
[INFO] [stdout] running 0 tests
[INFO] [stdout] 
[INFO] [stdout] test result: ok. 0 passed; 0 failed; 0 ignored; 0 measured; 0 filtered out; finished in 0.00s
[INFO] [stdout] 
[INFO] [stdout] 
[INFO] [stdout] running 9 tests
[INFO] [stdout] test binary_tree_tests::test_remove_node_with_one_child ... ok
[INFO] [stdout] test binary_tree_tests::test_remove_leaf ... ok
[INFO] [stdout] test binary_tree_tests::test_remove_root_with_no_children ... ok
[INFO] [stdout] test binary_tree_tests::test_remove_root_with_one_child ... ok
[INFO] [stdout] test binary_tree_tests::test_search_existing_node ... ok
[INFO] [stdout] test binary_tree_tests::test_insert ... ok
[INFO] [stdout] test binary_tree_tests::test_remove_node_with_two_children ... ok
[INFO] [stdout] test binary_tree_tests::test_remove_non_existing_node ... ok
[INFO] [stdout] test binary_tree_tests::test_search_non_existing_node ... ok
[INFO] [stdout] 
[INFO] [stdout] test result: ok. 9 passed; 0 failed; 0 ignored; 0 measured; 0 filtered out; finished in 0.00s
[INFO] [stdout] 
[INFO] [stderr]      Running tests/heap.rs (/opt/rustwide/target/debug/deps/heap-10a0e289fe3b2ae9)
[INFO] [stdout] 
[INFO] [stdout] running 6 tests
[INFO] [stdout] test tests::test_heapify ... ok
[INFO] [stdout] test tests::test_len_and_is_empty ... ok
[INFO] [stdout] test tests::test_push_and_peek ... ok
[INFO] [stdout] test tests::test_new_heap_is_empty ... ok
[INFO] [stdout] test tests::test_pop ... ok
[INFO] [stdout] test tests::test_push_pop_sequence ... ok
[INFO] [stdout] 
[INFO] [stdout] test result: ok. 6 passed; 0 failed; 0 ignored; 0 measured; 0 filtered out; finished in 0.01s
[INFO] [stdout] 
[INFO] [stderr]      Running tests/queue.rs (/opt/rustwide/target/debug/deps/queue-a4ee2e6326b9548b)
[INFO] [stdout] 
[INFO] [stdout] running 7 tests
[INFO] [stdout] test queue_tests::test_back_empty_queue ... ok
[INFO] [stdout] test queue_tests::test_front_empty_queue ... ok
[INFO] [stdout] test queue_tests::test_pop ... ok
[INFO] [stdout] test queue_tests::test_multiple_push_pop ... ok
[INFO] [stdout] test queue_tests::test_pop_empty_queue ... ok
[INFO] [stdout] test queue_tests::test_push_and_front ... ok
[INFO] [stdout] test queue_tests::test_push_and_back ... ok
[INFO] [stdout] 
[INFO] [stdout] test result: ok. 7 passed; 0 failed; 0 ignored; 0 measured; 0 filtered out; finished in 0.00s
[INFO] [stdout] 
[INFO] [stderr]      Running tests/sorting.rs (/opt/rustwide/target/debug/deps/sorting-e074245d151053a4)
[INFO] [stdout] 
[INFO] [stdout] running 9 tests
[INFO] [stdout] test sorting_tests::iterative_merge_test ... ok
[INFO] [stdout] test sorting_tests::iterative_bubble_test ... ok
[INFO] [stdout] test sorting_tests::it_works ... ok
[INFO] [stdout] test sorting_tests::min_heapsort_test ... ok
[INFO] [stdout] test sorting_tests::recursive_merge_test ... ok
[INFO] [stdout] test sorting_tests::max_heapsort_test ... ok
[INFO] [stdout] test sorting_tests::iterative_quick_test ... ok
[INFO] [stdout] test sorting_tests::recursive_bubble_test ... ok
[INFO] [stdout] test sorting_tests::recursive_quick_test ... ok
[INFO] [stdout] 
[INFO] [stdout] test result: ok. 9 passed; 0 failed; 0 ignored; 0 measured; 0 filtered out; finished in 0.01s
[INFO] [stdout] 
[INFO] [stderr]    Doc-tests rustic_dsa
[INFO] [stdout] 
[INFO] [stdout] running 9 tests
[INFO] [stdout] test src/data_structures/heap/max_heap.rs - data_structures::heap::max_heap::MaxHeap<T> (line 152) ... ok
[INFO] [stdout] test src/running/mod.rs - running::run_array (line 72) ... FAILED
[INFO] [stdout] test src/algorithms/sorting/bubble/recursive.rs - algorithms::sorting::bubble::recursive::recursive_bubble_sort (line 14) ... ok
[INFO] [stdout] test src/algorithms/sorting/merge/iterative.rs - algorithms::sorting::merge::iterative::iterative_merge_sort (line 15) ... ok
[INFO] [stdout] test src/algorithms/sorting/quick/iterative.rs - algorithms::sorting::quick::iterative::iterative_quick_sort (line 14) ... ok
[INFO] [stdout] test src/algorithms/sorting/merge/recursive.rs - algorithms::sorting::merge::recursive::recursive_merge_sort (line 14) ... ok
[INFO] [stdout] test src/algorithms/sorting/bubble/iterative.rs - algorithms::sorting::bubble::iterative::iterative_bubble_sort (line 15) ... ok
[INFO] [stdout] test src/running/mod.rs - running::run (line 33) ... FAILED
[INFO] [stdout] test src/algorithms/sorting/quick/recursive.rs - algorithms::sorting::quick::recursive::recursive_quick_sort (line 13) ... ok
[INFO] [stdout] 
[INFO] [stdout] failures:
[INFO] [stdout] 
[INFO] [stdout] ---- src/running/mod.rs - running::run_array (line 72) stdout ----
[INFO] [stdout] Test executable failed (exit status: 101).
[INFO] [stdout] 
[INFO] [stdout] stdout:
[INFO] [stdout] ---------------------------
[INFO] [stdout] 
[INFO] [stdout] Array Length: 5
[INFO] [stdout] 
[INFO] [stdout] RECURSIVE_QUICKSORT:
[INFO] [stdout]   - TIMING = 2.92µs
[INFO] [stdout] 
[INFO] [stdout] 
[INFO] [stdout] stderr:
[INFO] [stdout] 
[INFO] [stdout] thread 'main' panicked at src/running/mod.rs:54:44:
[INFO] [stdout] Erro ao criar o arquivo: Os { code: 30, kind: ReadOnlyFilesystem, message: "Read-only file system" }
[INFO] [stdout] stack backtrace:
[INFO] [stdout]    0:     0x609040a18faa - std::backtrace_rs::backtrace::libunwind::trace::hb059275cfc8d6126
[INFO] [stdout]                                at /rustc/6067b36314ab5eb2eb47cecc464545ba58e1ad24/library/std/src/../../backtrace/src/backtrace/libunwind.rs:116:5
[INFO] [stdout]    1:     0x609040a18faa - std::backtrace_rs::backtrace::trace_unsynchronized::h2da071e4327ce3ee
[INFO] [stdout]                                at /rustc/6067b36314ab5eb2eb47cecc464545ba58e1ad24/library/std/src/../../backtrace/src/backtrace/mod.rs:66:5
[INFO] [stdout]    2:     0x609040a18faa - std::sys::backtrace::_print_fmt::h842a1474e6f8d23f
[INFO] [stdout]                                at /rustc/6067b36314ab5eb2eb47cecc464545ba58e1ad24/library/std/src/sys/backtrace.rs:66:9
[INFO] [stdout]    3:     0x609040a18faa - <std::sys::backtrace::BacktraceLock::print::DisplayBacktrace as core::fmt::Display>::fmt::h71a62eb3b9696b12
[INFO] [stdout]                                at /rustc/6067b36314ab5eb2eb47cecc464545ba58e1ad24/library/std/src/sys/backtrace.rs:39:26
[INFO] [stdout]    4:     0x609040a365c3 - core::fmt::rt::Argument::fmt::hdb6b616786b41dc1
[INFO] [stdout]                                at /rustc/6067b36314ab5eb2eb47cecc464545ba58e1ad24/library/core/src/fmt/rt.rs:177:76
[INFO] [stdout]    5:     0x609040a365c3 - core::fmt::write::h2cc1698af7e2d686
[INFO] [stdout]                                at /rustc/6067b36314ab5eb2eb47cecc464545ba58e1ad24/library/core/src/fmt/mod.rs:1440:21
[INFO] [stdout]    6:     0x609040a162d3 - std::io::Write::write_fmt::h00c8700df393f328
[INFO] [stdout]                                at /rustc/6067b36314ab5eb2eb47cecc464545ba58e1ad24/library/std/src/io/mod.rs:1887:15
[INFO] [stdout]    7:     0x609040a18df2 - std::sys::backtrace::BacktraceLock::print::h147fe35b4ea13b08
[INFO] [stdout]                                at /rustc/6067b36314ab5eb2eb47cecc464545ba58e1ad24/library/std/src/sys/backtrace.rs:42:9
[INFO] [stdout]    8:     0x609040a19d3f - std::panicking::default_hook::{{closure}}::hbd44223dbdc0d208
[INFO] [stdout]                                at /rustc/6067b36314ab5eb2eb47cecc464545ba58e1ad24/library/std/src/panicking.rs:298:22
[INFO] [stdout]    9:     0x609040a19baa - std::panicking::default_hook::h20f81eb0576efcec
[INFO] [stdout]                                at /rustc/6067b36314ab5eb2eb47cecc464545ba58e1ad24/library/std/src/panicking.rs:325:9
[INFO] [stdout]   10:     0x609040a1a612 - std::panicking::rust_panic_with_hook::h625eea43051b2edc
[INFO] [stdout]                                at /rustc/6067b36314ab5eb2eb47cecc464545ba58e1ad24/library/std/src/panicking.rs:831:13
[INFO] [stdout]   11:     0x609040a1a4aa - std::panicking::begin_panic_handler::{{closure}}::h4f9159cfbc3f6bd3
[INFO] [stdout]                                at /rustc/6067b36314ab5eb2eb47cecc464545ba58e1ad24/library/std/src/panicking.rs:704:13
[INFO] [stdout]   12:     0x609040a194a9 - std::sys::backtrace::__rust_end_short_backtrace::h0390abce48353151
[INFO] [stdout]                                at /rustc/6067b36314ab5eb2eb47cecc464545ba58e1ad24/library/std/src/sys/backtrace.rs:168:18
[INFO] [stdout]   13:     0x609040a1a13d - rust_begin_unwind
[INFO] [stdout]                                at /rustc/6067b36314ab5eb2eb47cecc464545ba58e1ad24/library/std/src/panicking.rs:695:5
[INFO] [stdout]   14:     0x609040a35750 - core::panicking::panic_fmt::h9e7c637e9e5f29c9
[INFO] [stdout]                                at /rustc/6067b36314ab5eb2eb47cecc464545ba58e1ad24/library/core/src/panicking.rs:75:14
[INFO] [stdout]   15:     0x609040a35b96 - core::result::unwrap_failed::h7979f09313fe1849
[INFO] [stdout]                                at /rustc/6067b36314ab5eb2eb47cecc464545ba58e1ad24/library/core/src/result.rs:1704:5
[INFO] [stdout]   16:     0x6090409f037d - core::result::Result<T,E>::expect::ha5563dcbf16dfc9f
[INFO] [stdout]                                at /rustc/6067b36314ab5eb2eb47cecc464545ba58e1ad24/library/core/src/result.rs:1061:23
[INFO] [stdout]   17:     0x6090409f2564 - rustic_dsa::running::run::hc7f5def743e55765
[INFO] [stdout]                                at /opt/rustwide/workdir/src/running/mod.rs:54:20
[INFO] [stdout]   18:     0x6090409f2c9b - rustic_dsa::running::run_array::hc604b9306d384384
[INFO] [stdout]                                at /opt/rustwide/workdir/src/running/mod.rs:93:9
[INFO] [stdout]   19:     0x6090409ef443 - rust_out::main::_doctest_main_src_running_mod_rs_72_0::h6060a5ae75acf9c2
[INFO] [stdout]   20:     0x6090409ef3d6 - rust_out::main::he88f0b9b281d54e0
[INFO] [stdout]   21:     0x6090409eeef3 - core::ops::function::FnOnce::call_once::hcf3829d8b58d0254
[INFO] [stdout]   22:     0x6090409eeed6 - std::sys::backtrace::__rust_begin_short_backtrace::h5e1527399e8d5bd4
[INFO] [stdout]   23:     0x6090409eeeb9 - std::rt::lang_start::{{closure}}::h2c234101ed7b1b74
[INFO] [stdout]   24:     0x609040a136b0 - core::ops::function::impls::<impl core::ops::function::FnOnce<A> for &F>::call_once::h1b085b6c1d2518b2
[INFO] [stdout]                                at /rustc/6067b36314ab5eb2eb47cecc464545ba58e1ad24/library/core/src/ops/function.rs:284:13
[INFO] [stdout]   25:     0x609040a136b0 - std::panicking::try::do_call::h382f964a5a23b565
[INFO] [stdout]                                at /rustc/6067b36314ab5eb2eb47cecc464545ba58e1ad24/library/std/src/panicking.rs:587:40
[INFO] [stdout]   26:     0x609040a136b0 - std::panicking::try::h57f991055eb622f9
[INFO] [stdout]                                at /rustc/6067b36314ab5eb2eb47cecc464545ba58e1ad24/library/std/src/panicking.rs:550:19
[INFO] [stdout]   27:     0x609040a136b0 - std::panic::catch_unwind::h4d9a74ef04456343
[INFO] [stdout]                                at /rustc/6067b36314ab5eb2eb47cecc464545ba58e1ad24/library/std/src/panic.rs:358:14
[INFO] [stdout]   28:     0x609040a136b0 - std::rt::lang_start_internal::{{closure}}::h2faa8ae84a93f314
[INFO] [stdout]                                at /rustc/6067b36314ab5eb2eb47cecc464545ba58e1ad24/library/std/src/rt.rs:163:24
[INFO] [stdout]   29:     0x609040a136b0 - std::panicking::try::do_call::h0f8932bf638a9bf5
[INFO] [stdout]                                at /rustc/6067b36314ab5eb2eb47cecc464545ba58e1ad24/library/std/src/panicking.rs:587:40
[INFO] [stdout]   30:     0x609040a136b0 - std::panicking::try::h683416ea756b175d
[INFO] [stdout]                                at /rustc/6067b36314ab5eb2eb47cecc464545ba58e1ad24/library/std/src/panicking.rs:550:19
[INFO] [stdout]   31:     0x609040a136b0 - std::panic::catch_unwind::h56189fac8994979f
[INFO] [stdout]                                at /rustc/6067b36314ab5eb2eb47cecc464545ba58e1ad24/library/std/src/panic.rs:358:14
[INFO] [stdout]   32:     0x609040a136b0 - std::rt::lang_start_internal::h8bbc1061691274fe
[INFO] [stdout]                                at /rustc/6067b36314ab5eb2eb47cecc464545ba58e1ad24/library/std/src/rt.rs:159:5
[INFO] [stdout]   33:     0x6090409eeea1 - std::rt::lang_start::h601b10a269c70ef7
[INFO] [stdout]   34:     0x6090409ef485 - main
[INFO] [stdout]   35:     0x71378e18fd90 - <unknown>
[INFO] [stdout]   36:     0x71378e18fe40 - __libc_start_main
[INFO] [stdout]   37:     0x6090409eedb5 - _start
[INFO] [stdout]   38:                0x0 - <unknown>
[INFO] [stdout] 
[INFO] [stdout] 
[INFO] [stdout] ---- src/running/mod.rs - running::run (line 33) stdout ----
[INFO] [stdout] Test executable failed (exit status: 101).
[INFO] [stdout] 
[INFO] [stdout] stdout:
[INFO] [stdout] Merge Sort:
[INFO] [stdout]   - TIMING = 8.17µs
[INFO] [stdout] 
[INFO] [stdout] 
[INFO] [stdout] stderr:
[INFO] [stdout] 
[INFO] [stdout] thread 'main' panicked at /opt/rustwide/workdir/src/running/mod.rs:54:44:
[INFO] [stdout] Erro ao criar o arquivo: Os { code: 30, kind: ReadOnlyFilesystem, message: "Read-only file system" }
[INFO] [stdout] stack backtrace:
[INFO] [stdout]    0:     0x60eaed1b9c4a - std::backtrace_rs::backtrace::libunwind::trace::hb059275cfc8d6126
[INFO] [stdout]                                at /rustc/6067b36314ab5eb2eb47cecc464545ba58e1ad24/library/std/src/../../backtrace/src/backtrace/libunwind.rs:116:5
[INFO] [stdout]    1:     0x60eaed1b9c4a - std::backtrace_rs::backtrace::trace_unsynchronized::h2da071e4327ce3ee
[INFO] [stdout]                                at /rustc/6067b36314ab5eb2eb47cecc464545ba58e1ad24/library/std/src/../../backtrace/src/backtrace/mod.rs:66:5
[INFO] [stdout]    2:     0x60eaed1b9c4a - std::sys::backtrace::_print_fmt::h842a1474e6f8d23f
[INFO] [stdout]                                at /rustc/6067b36314ab5eb2eb47cecc464545ba58e1ad24/library/std/src/sys/backtrace.rs:66:9
[INFO] [stdout]    3:     0x60eaed1b9c4a - <std::sys::backtrace::BacktraceLock::print::DisplayBacktrace as core::fmt::Display>::fmt::h71a62eb3b9696b12
[INFO] [stdout]                                at /rustc/6067b36314ab5eb2eb47cecc464545ba58e1ad24/library/std/src/sys/backtrace.rs:39:26
[INFO] [stdout]    4:     0x60eaed1d7263 - core::fmt::rt::Argument::fmt::hdb6b616786b41dc1
[INFO] [stdout]                                at /rustc/6067b36314ab5eb2eb47cecc464545ba58e1ad24/library/core/src/fmt/rt.rs:177:76
[INFO] [stdout]    5:     0x60eaed1d7263 - core::fmt::write::h2cc1698af7e2d686
[INFO] [stdout]                                at /rustc/6067b36314ab5eb2eb47cecc464545ba58e1ad24/library/core/src/fmt/mod.rs:1440:21
[INFO] [stdout]    6:     0x60eaed1b6f73 - std::io::Write::write_fmt::h00c8700df393f328
[INFO] [stdout]                                at /rustc/6067b36314ab5eb2eb47cecc464545ba58e1ad24/library/std/src/io/mod.rs:1887:15
[INFO] [stdout]    7:     0x60eaed1b9a92 - std::sys::backtrace::BacktraceLock::print::h147fe35b4ea13b08
[INFO] [stdout]                                at /rustc/6067b36314ab5eb2eb47cecc464545ba58e1ad24/library/std/src/sys/backtrace.rs:42:9
[INFO] [stdout]    8:     0x60eaed1ba9df - std::panicking::default_hook::{{closure}}::hbd44223dbdc0d208
[INFO] [stdout]                                at /rustc/6067b36314ab5eb2eb47cecc464545ba58e1ad24/library/std/src/panicking.rs:298:22
[INFO] [stdout]    9:     0x60eaed1ba84a - std::panicking::default_hook::h20f81eb0576efcec
[INFO] [stdout]                                at /rustc/6067b36314ab5eb2eb47cecc464545ba58e1ad24/library/std/src/panicking.rs:325:9
[INFO] [stdout]   10:     0x60eaed1bb2b2 - std::panicking::rust_panic_with_hook::h625eea43051b2edc
[INFO] [stdout]                                at /rustc/6067b36314ab5eb2eb47cecc464545ba58e1ad24/library/std/src/panicking.rs:831:13
[INFO] [stdout]   11:     0x60eaed1bb14a - std::panicking::begin_panic_handler::{{closure}}::h4f9159cfbc3f6bd3
[INFO] [stdout]                                at /rustc/6067b36314ab5eb2eb47cecc464545ba58e1ad24/library/std/src/panicking.rs:704:13
[INFO] [stdout]   12:     0x60eaed1ba149 - std::sys::backtrace::__rust_end_short_backtrace::h0390abce48353151
[INFO] [stdout]                                at /rustc/6067b36314ab5eb2eb47cecc464545ba58e1ad24/library/std/src/sys/backtrace.rs:168:18
[INFO] [stdout]   13:     0x60eaed1baddd - rust_begin_unwind
[INFO] [stdout]                                at /rustc/6067b36314ab5eb2eb47cecc464545ba58e1ad24/library/std/src/panicking.rs:695:5
[INFO] [stdout]   14:     0x60eaed1d63f0 - core::panicking::panic_fmt::h9e7c637e9e5f29c9
[INFO] [stdout]                                at /rustc/6067b36314ab5eb2eb47cecc464545ba58e1ad24/library/core/src/panicking.rs:75:14
[INFO] [stdout]   15:     0x60eaed1d6836 - core::result::unwrap_failed::h7979f09313fe1849
[INFO] [stdout]                                at /rustc/6067b36314ab5eb2eb47cecc464545ba58e1ad24/library/core/src/result.rs:1704:5
[INFO] [stdout]   16:     0x60eaed196bbd - core::result::Result<T,E>::expect::ha5563dcbf16dfc9f
[INFO] [stdout]                                at /rustc/6067b36314ab5eb2eb47cecc464545ba58e1ad24/library/core/src/result.rs:1061:23
[INFO] [stdout]   17:     0x60eaed192ead - rustic_dsa::running::run::h81a4ed1e6abb8065
[INFO] [stdout]   18:     0x60eaed193a41 - rust_out::main::_doctest_main_src_running_mod_rs_33_0::h15c4e3b88b089c5a
[INFO] [stdout]   19:     0x60eaed193976 - rust_out::main::he88f0b9b281d54e0
[INFO] [stdout]   20:     0x60eaed193243 - core::ops::function::FnOnce::call_once::hcf3829d8b58d0254
[INFO] [stdout]   21:     0x60eaed193176 - std::sys::backtrace::__rust_begin_short_backtrace::h5e1527399e8d5bd4
[INFO] [stdout]   22:     0x60eaed193159 - std::rt::lang_start::{{closure}}::h2c234101ed7b1b74
[INFO] [stdout]   23:     0x60eaed1b4350 - core::ops::function::impls::<impl core::ops::function::FnOnce<A> for &F>::call_once::h1b085b6c1d2518b2
[INFO] [stdout]                                at /rustc/6067b36314ab5eb2eb47cecc464545ba58e1ad24/library/core/src/ops/function.rs:284:13
[INFO] [stdout]   24:     0x60eaed1b4350 - std::panicking::try::do_call::h382f964a5a23b565
[INFO] [stdout]                                at /rustc/6067b36314ab5eb2eb47cecc464545ba58e1ad24/library/std/src/panicking.rs:587:40
[INFO] [stdout]   25:     0x60eaed1b4350 - std::panicking::try::h57f991055eb622f9
[INFO] [stdout]                                at /rustc/6067b36314ab5eb2eb47cecc464545ba58e1ad24/library/std/src/panicking.rs:550:19
[INFO] [stdout]   26:     0x60eaed1b4350 - std::panic::catch_unwind::h4d9a74ef04456343
[INFO] [stdout]                                at /rustc/6067b36314ab5eb2eb47cecc464545ba58e1ad24/library/std/src/panic.rs:358:14
[INFO] [stdout]   27:     0x60eaed1b4350 - std::rt::lang_start_internal::{{closure}}::h2faa8ae84a93f314
[INFO] [stdout]                                at /rustc/6067b36314ab5eb2eb47cecc464545ba58e1ad24/library/std/src/rt.rs:163:24
[INFO] [stdout]   28:     0x60eaed1b4350 - std::panicking::try::do_call::h0f8932bf638a9bf5
[INFO] [stdout]                                at /rustc/6067b36314ab5eb2eb47cecc464545ba58e1ad24/library/std/src/panicking.rs:587:40
[INFO] [stdout]   29:     0x60eaed1b4350 - std::panicking::try::h683416ea756b175d
[INFO] [stdout]                                at /rustc/6067b36314ab5eb2eb47cecc464545ba58e1ad24/library/std/src/panicking.rs:550:19
[INFO] [stdout]   30:     0x60eaed1b4350 - std::panic::catch_unwind::h56189fac8994979f
[INFO] [stdout]                                at /rustc/6067b36314ab5eb2eb47cecc464545ba58e1ad24/library/std/src/panic.rs:358:14
[INFO] [stdout]   31:     0x60eaed1b4350 - std::rt::lang_start_internal::h8bbc1061691274fe
[INFO] [stdout]                                at /rustc/6067b36314ab5eb2eb47cecc464545ba58e1ad24/library/std/src/rt.rs:159:5
[INFO] [stdout]   32:     0x60eaed193141 - std::rt::lang_start::h601b10a269c70ef7
[INFO] [stdout]   33:     0x60eaed193a85 - main
[INFO] [stdout]   34:     0x70f957befd90 - <unknown>
[INFO] [stdout]   35:     0x70f957befe40 - __libc_start_main
[INFO] [stdout]   36:     0x60eaed1929f5 - _start
[INFO] [stdout]   37:                0x0 - <unknown>
[INFO] [stdout] 
[INFO] [stdout] 
[INFO] [stdout] 
[INFO] [stdout] failures:
[INFO] [stdout]     src/running/mod.rs - running::run (line 33)
[INFO] [stdout]     src/running/mod.rs - running::run_array (line 72)
[INFO] [stdout] 
[INFO] [stdout] test result: FAILED. 7 passed; 2 failed; 0 ignored; 0 measured; 0 filtered out; finished in 0.81s
[INFO] [stdout] 
[INFO] [stderr] error: doctest failed, to rerun pass `--doc`
[INFO] running `Command { std: "docker" "inspect" "aa56d8875dd01996bc0376dc5cf764b7ba0b9e8fd87f2d2ad7677918af345402", kill_on_drop: false }`
[INFO] running `Command { std: "docker" "rm" "-f" "aa56d8875dd01996bc0376dc5cf764b7ba0b9e8fd87f2d2ad7677918af345402", kill_on_drop: false }`
[INFO] [stdout] aa56d8875dd01996bc0376dc5cf764b7ba0b9e8fd87f2d2ad7677918af345402
