[INFO] cloning repository https://github.com/RaineForest/snackotron
[INFO] running `Command { std: "git" "-c" "credential.helper=" "-c" "credential.helper=/workspace/cargo-home/bin/git-credential-null" "clone" "--bare" "https://github.com/RaineForest/snackotron" "/workspace/cache/git-repos/https%3A%2F%2Fgithub.com%2FRaineForest%2Fsnackotron", kill_on_drop: false }`
[INFO] [stderr] Cloning into bare repository '/workspace/cache/git-repos/https%3A%2F%2Fgithub.com%2FRaineForest%2Fsnackotron'...
[INFO] running `Command { std: "git" "rev-parse" "HEAD", kill_on_drop: false }`
[INFO] [stdout] 911bac03ee1ad534099a14f5f35242956803182b
[INFO] testing RaineForest/snackotron against nightly-2025-01-18 for randomize-layout-2
[INFO] running `Command { std: "git" "clone" "/workspace/cache/git-repos/https%3A%2F%2Fgithub.com%2FRaineForest%2Fsnackotron" "/workspace/builds/worker-6-tc1/source", kill_on_drop: false }`
[INFO] [stderr] Cloning into '/workspace/builds/worker-6-tc1/source'...
[INFO] [stderr] done.
[INFO] validating manifest of git repo https://github.com/RaineForest/snackotron on toolchain nightly-2025-01-18
[INFO] running `Command { std: CARGO_HOME="/workspace/cargo-home" RUSTUP_HOME="/workspace/rustup-home" "/workspace/cargo-home/bin/cargo" "+nightly-2025-01-18" "metadata" "--manifest-path" "Cargo.toml" "--no-deps", kill_on_drop: false }`
[INFO] started tweaking git repo https://github.com/RaineForest/snackotron
[INFO] finished tweaking git repo https://github.com/RaineForest/snackotron
[INFO] tweaked toml for git repo https://github.com/RaineForest/snackotron written to /workspace/builds/worker-6-tc1/source/Cargo.toml
[INFO] crate git repo https://github.com/RaineForest/snackotron already has a lockfile, it will not be regenerated
[INFO] running `Command { std: CARGO_HOME="/workspace/cargo-home" RUSTUP_HOME="/workspace/rustup-home" "/workspace/cargo-home/bin/cargo" "+nightly-2025-01-18" "fetch" "--manifest-path" "Cargo.toml", kill_on_drop: false }`
[INFO] [stderr]  Downloading crates ...
[INFO] [stderr]   Downloaded sqlx v0.4.2
[INFO] [stderr]   Downloaded sqlx-rt v0.2.0
[INFO] [stderr]   Downloaded tokio-native-tls v0.1.0
[INFO] [stderr]   Downloaded askama_escape v0.10.1
[INFO] [stderr]   Downloaded askama_shared v0.11.1
[INFO] [stderr]   Downloaded tracing-core v0.1.20
[INFO] [stderr]   Downloaded tracing v0.1.28
[INFO] [stderr]   Downloaded tinyvec v1.4.0
[INFO] [stderr]   Downloaded whoami v1.1.3
[INFO] [stderr]   Downloaded sqlx-macros v0.4.2
[INFO] [stderr]   Downloaded sqlx-core v0.4.2
[INFO] running `Command { std: "docker" "create" "-v" "/var/lib/crater-agent-workspace/builds/worker-6-tc1/target:/opt/rustwide/target:rw,Z" "-v" "/var/lib/crater-agent-workspace/builds/worker-6-tc1/source:/opt/rustwide/workdir:ro,Z" "-v" "/var/lib/crater-agent-workspace/cargo-home:/opt/rustwide/cargo-home:ro,Z" "-v" "/var/lib/crater-agent-workspace/rustup-home:/opt/rustwide/rustup-home:ro,Z" "-e" "SOURCE_DIR=/opt/rustwide/workdir" "-e" "CARGO_TARGET_DIR=/opt/rustwide/target" "-e" "CARGO_HOME=/opt/rustwide/cargo-home" "-e" "RUSTUP_HOME=/opt/rustwide/rustup-home" "-w" "/opt/rustwide/workdir" "-m" "1610612736" "--user" "0:0" "--network" "none" "ghcr.io/rust-lang/crates-build-env/linux@sha256:819108c5571ea2e421544af4d832f968d213c87fbe3707a016657f43d2f853bc" "/opt/rustwide/cargo-home/bin/cargo" "+nightly-2025-01-18" "metadata" "--no-deps" "--format-version=1", kill_on_drop: false }`
[INFO] [stdout] 8afd522dccdf150217dfdbb7e05bb8e4a2a4921aec0de2a7d6f3dd23277d1b07
[INFO] running `Command { std: "docker" "start" "-a" "8afd522dccdf150217dfdbb7e05bb8e4a2a4921aec0de2a7d6f3dd23277d1b07", kill_on_drop: false }`
[INFO] running `Command { std: "docker" "inspect" "8afd522dccdf150217dfdbb7e05bb8e4a2a4921aec0de2a7d6f3dd23277d1b07", kill_on_drop: false }`
[INFO] running `Command { std: "docker" "rm" "-f" "8afd522dccdf150217dfdbb7e05bb8e4a2a4921aec0de2a7d6f3dd23277d1b07", kill_on_drop: false }`
[INFO] [stdout] 8afd522dccdf150217dfdbb7e05bb8e4a2a4921aec0de2a7d6f3dd23277d1b07
[INFO] running `Command { std: "docker" "create" "-v" "/var/lib/crater-agent-workspace/builds/worker-6-tc1/target:/opt/rustwide/target:rw,Z" "-v" "/var/lib/crater-agent-workspace/builds/worker-6-tc1/source:/opt/rustwide/workdir:ro,Z" "-v" "/var/lib/crater-agent-workspace/cargo-home:/opt/rustwide/cargo-home:ro,Z" "-v" "/var/lib/crater-agent-workspace/rustup-home:/opt/rustwide/rustup-home:ro,Z" "-e" "SOURCE_DIR=/opt/rustwide/workdir" "-e" "CARGO_TARGET_DIR=/opt/rustwide/target" "-e" "CARGO_INCREMENTAL=0" "-e" "RUST_BACKTRACE=full" "-e" "RUSTFLAGS=--cap-lints=forbid" "-e" "RUSTDOCFLAGS=--cap-lints=forbid" "-e" "CARGO_HOME=/opt/rustwide/cargo-home" "-e" "RUSTUP_HOME=/opt/rustwide/rustup-home" "-w" "/opt/rustwide/workdir" "-m" "1610612736" "--user" "0:0" "--network" "none" "ghcr.io/rust-lang/crates-build-env/linux@sha256:819108c5571ea2e421544af4d832f968d213c87fbe3707a016657f43d2f853bc" "/opt/rustwide/cargo-home/bin/cargo" "+nightly-2025-01-18" "build" "--frozen" "--message-format=json", kill_on_drop: false }`
[INFO] [stdout] f1a7ddee5e02148d9426928de1ec9a0a9365aafd442ea4a9215a3a812cf3abd8
[INFO] running `Command { std: "docker" "start" "-a" "f1a7ddee5e02148d9426928de1ec9a0a9365aafd442ea4a9215a3a812cf3abd8", kill_on_drop: false }`
[INFO] [stderr]    Compiling proc-macro2 v1.0.29
[INFO] [stderr]    Compiling unicode-xid v0.2.2
[INFO] [stderr]    Compiling syn v1.0.76
[INFO] [stderr]    Compiling libc v0.2.102
[INFO] [stderr]    Compiling version_check v0.9.3
[INFO] [stderr]    Compiling memchr v2.4.1
[INFO] [stderr]    Compiling futures-core v0.3.17
[INFO] [stderr]    Compiling slab v0.4.4
[INFO] [stderr]    Compiling futures-sink v0.3.17
[INFO] [stderr]    Compiling futures-channel v0.3.17
[INFO] [stderr]    Compiling futures-macro v0.3.17
[INFO] [stderr]    Compiling futures-task v0.3.17
[INFO] [stderr]    Compiling pin-project-lite v0.2.7
[INFO] [stderr]    Compiling futures-util v0.3.17
[INFO] [stderr]    Compiling pin-project-lite v0.1.12
[INFO] [stderr]    Compiling futures-io v0.3.17
[INFO] [stderr]    Compiling cc v1.0.70
[INFO] [stderr]    Compiling serde_derive v1.0.130
[INFO] [stderr]    Compiling serde v1.0.130
[INFO] [stderr]    Compiling itoa v0.4.8
[INFO] [stderr]    Compiling instant v0.1.10
[INFO] [stderr]    Compiling typenum v1.14.0
[INFO] [stderr]    Compiling lock_api v0.4.5
[INFO] [stderr]    Compiling convert_case v0.4.0
[INFO] [stderr]    Compiling tinyvec v1.4.0
[INFO] [stderr]    Compiling ryu v1.0.5
[INFO] [stderr]    Compiling matches v0.1.9
[INFO] [stderr]    Compiling unicode-bidi v0.3.6
[INFO] [stderr]    Compiling pin-project-internal v0.4.28
[INFO] [stderr]    Compiling form_urlencoded v1.0.1
[INFO] [stderr]    Compiling bytes v1.1.0
[INFO] [stderr]    Compiling foreign-types-shared v0.1.1
[INFO] [stderr]    Compiling generic-array v0.14.4
[INFO] [stderr]    Compiling openssl v0.10.36
[INFO] [stderr]    Compiling once_cell v1.8.0
[INFO] [stderr]    Compiling foreign-types v0.3.2
[INFO] [stderr]    Compiling native-tls v0.2.8
[INFO] [stderr]    Compiling unicode-segmentation v1.8.0
[INFO] [stderr]    Compiling quote v1.0.9
[INFO] [stderr]    Compiling standback v0.2.17
[INFO] [stderr]    Compiling indexmap v1.7.0
[INFO] [stderr]    Compiling tracing-core v0.1.20
[INFO] [stderr]    Compiling num-traits v0.2.14
[INFO] [stderr]    Compiling openssl-probe v0.1.4
[INFO] [stderr]    Compiling http v0.2.4
[INFO] [stderr]    Compiling heck v0.3.3
[INFO] [stderr]    Compiling serde_json v1.0.68
[INFO] [stderr]    Compiling opaque-debug v0.3.0
[INFO] [stderr]    Compiling cpufeatures v0.2.1
[INFO] [stderr]    Compiling httparse v1.5.1
[INFO] [stderr]    Compiling async-trait v0.1.51
[INFO] [stderr]    Compiling iovec v0.1.4
[INFO] [stderr]    Compiling num_cpus v1.13.0
[INFO] [stderr]    Compiling net2 v0.2.37
[INFO] [stderr]    Compiling signal-hook-registry v1.4.0
[INFO] [stderr]    Compiling parking_lot_core v0.8.5
[INFO] [stderr]    Compiling getrandom v0.1.16
[INFO] [stderr]    Compiling openssl-sys v0.9.66
[INFO] [stderr]    Compiling crossbeam-utils v0.8.5
[INFO] [stderr]    Compiling byteorder v1.4.3
[INFO] [stderr]    Compiling threadpool v1.8.1
[INFO] [stderr]    Compiling rand_core v0.5.1
[INFO] [stderr]    Compiling const_fn v0.4.8
[INFO] [stderr]    Compiling mio v0.6.23
[INFO] [stderr]    Compiling parking_lot v0.11.2
[INFO] [stderr]    Compiling unicode-normalization v0.1.19
[INFO] [stderr]    Compiling rand_chacha v0.2.2
[INFO] [stderr]    Compiling tracing v0.1.28
[INFO] [stderr]    Compiling base64 v0.13.0
[INFO] [stderr]    Compiling radium v0.5.3
[INFO] [stderr]    Compiling hostname v0.3.1
[INFO] [stderr]    Compiling brotli-sys v0.3.2
[INFO] [stderr]    Compiling digest v0.9.0
[INFO] [stderr]    Compiling block-buffer v0.9.0
[INFO] [stderr]    Compiling rand v0.7.3
[INFO] [stderr]    Compiling socket2 v0.3.19
[INFO] [stderr]    Compiling unicase v2.6.0
[INFO] [stderr]    Compiling nom v7.0.0
[INFO] [stderr]    Compiling time v0.2.27
[INFO] [stderr]    Compiling miniz_oxide v0.4.4
[INFO] [stderr]    Compiling sha-1 v0.9.8
[INFO] [stderr]    Compiling build_const v0.2.2
[INFO] [stderr]    Compiling encoding_rs v0.8.28
[INFO] [stderr]    Compiling ucd-trie v0.1.3
[INFO] [stderr]    Compiling lexical-core v0.7.6
[INFO] [stderr]    Compiling crc v1.8.1
[INFO] [stderr]    Compiling crc32fast v1.2.1
[INFO] [stderr]    Compiling resolv-conf v0.7.0
[INFO] [stderr]    Compiling pest v2.1.3
[INFO] [stderr]    Compiling aho-corasick v0.7.18
[INFO] [stderr]    Compiling cookie v0.14.4
[INFO] [stderr]    Compiling ahash v0.6.3
[INFO] [stderr]    Compiling mio-uds v0.6.8
[INFO] [stderr]    Compiling nom v6.1.2
[INFO] [stderr]    Compiling tap v1.0.1
[INFO] [stderr]    Compiling crossbeam-queue v0.3.2
[INFO] [stderr]    Compiling idna v0.2.3
[INFO] [stderr]    Compiling ahash v0.4.7
[INFO] [stderr]    Compiling funty v1.1.0
[INFO] [stderr]    Compiling regex-syntax v0.6.25
[INFO] [stderr]    Compiling minimal-lexical v0.1.3
[INFO] [stderr]    Compiling whoami v1.1.3
[INFO] [stderr]    Compiling arrayvec v0.5.2
[INFO] [stderr]    Compiling wyz v0.2.0
[INFO] [stderr]    Compiling mime v0.3.16
[INFO] [stderr]    Compiling hashbrown v0.9.1
[INFO] [stderr]    Compiling semver-parser v0.10.2
[INFO] [stderr]    Compiling crypto-mac v0.10.1
[INFO] [stderr]    Compiling url v2.2.2
[INFO] [stderr]    Compiling bitvec v0.19.5
[INFO] [stderr]    Compiling getrandom v0.2.3
[INFO] [stderr]    Compiling itertools v0.10.1
[INFO] [stderr]    Compiling unicode_categories v0.1.1
[INFO] [stderr]    Compiling try-lock v0.2.3
[INFO] [stderr]    Compiling want v0.3.0
[INFO] [stderr]    Compiling flate2 v1.0.22
[INFO] [stderr]    Compiling mime_guess v2.0.3
[INFO] [stderr]    Compiling hashlink v0.6.0
[INFO] [stderr]    Compiling hmac v0.10.1
[INFO] [stderr]    Compiling http-body v0.3.1
[INFO] [stderr]    Compiling crossbeam-channel v0.5.1
[INFO] [stderr]    Compiling stringprep v0.1.2
[INFO] [stderr]    Compiling md-5 v0.9.1
[INFO] [stderr]    Compiling sha2 v0.9.8
[INFO] [stderr]    Compiling atoi v0.4.0
[INFO] [stderr]    Compiling fxhash v0.2.1
[INFO] [stderr]    Compiling language-tags v0.2.2
[INFO] [stderr]    Compiling askama_escape v0.10.1
[INFO] [stderr]    Compiling humansize v1.1.1
[INFO] [stderr]    Compiling tower-service v0.3.1
[INFO] [stderr]    Compiling httpdate v0.3.2
[INFO] [stderr]    Compiling hex v0.4.3
[INFO] [stderr]    Compiling sqlformat v0.1.8
[INFO] [stderr]    Compiling bytestring v1.0.0
[INFO] [stderr]    Compiling dotenv v0.15.0
[INFO] [stderr]    Compiling ipnet v2.3.1
[INFO] [stderr]    Compiling regex v1.5.4
[INFO] [stderr]    Compiling tokio-macros v0.2.6
[INFO] [stderr]    Compiling derive_more v0.99.16
[INFO] [stderr]    Compiling actix-macros v0.1.3
[INFO] [stderr]    Compiling thiserror-impl v1.0.29
[INFO] [stderr]    Compiling pin-project-internal v1.0.8
[INFO] [stderr]    Compiling enum-as-inner v0.3.3
[INFO] [stderr]    Compiling time-macros-impl v0.1.2
[INFO] [stderr]    Compiling actix-web-codegen v0.4.0
[INFO] [stderr]    Compiling tokio v0.2.25
[INFO] [stderr]    Compiling time-macros v0.1.1
[INFO] [stderr]    Compiling pin-project v1.0.8
[INFO] [stderr]    Compiling thiserror v1.0.29
[INFO] [stderr]    Compiling tracing-futures v0.2.5
[INFO] [stderr]    Compiling pin-project v0.4.28
[INFO] [stderr]    Compiling brotli2 v0.3.2
[INFO] [stderr]    Compiling actix-threadpool v0.3.3
[INFO] [stderr]    Compiling tokio-util v0.3.1
[INFO] [stderr]    Compiling tokio-native-tls v0.1.0
[INFO] [stderr]    Compiling tokio-tls v0.3.1
[INFO] [stderr]    Compiling actix-rt v1.1.1
[INFO] [stderr]    Compiling futures-executor v0.3.17
[INFO] [stderr]    Compiling actix-service v1.0.6
[INFO] [stderr]    Compiling futures v0.3.17
[INFO] [stderr]    Compiling trust-dns-proto v0.19.7
[INFO] [stderr]    Compiling actix-codec v0.3.0
[INFO] [stderr]    Compiling h2 v0.2.7
[INFO] [stderr]    Compiling sqlx-rt v0.2.0
[INFO] [stderr]    Compiling actix-utils v2.0.0
[INFO] [stderr]    Compiling sqlx-core v0.4.2
[INFO] [stderr]    Compiling actix-server v1.0.4
[INFO] [stderr]    Compiling actix-tls v2.0.0
[INFO] [stderr]    Compiling trust-dns-resolver v0.19.7
[INFO] [stderr]    Compiling serde_urlencoded v0.7.0
[INFO] [stderr]    Compiling cargo-platform v0.1.2
[INFO] [stderr]    Compiling toml v0.5.8
[INFO] [stderr]    Compiling semver v0.11.0
[INFO] [stderr]    Compiling actix-router v0.2.7
[INFO] [stderr]    Compiling actix-testing v1.0.1
[INFO] [stderr]    Compiling cargo_metadata v0.12.3
[INFO] [stderr]    Compiling actix-connect v2.0.0
[INFO] [stderr]    Compiling askama_shared v0.11.1
[INFO] [stderr]    Compiling actix-http v2.2.1
[INFO] [stderr]    Compiling hyper v0.13.10
[INFO] [stderr]    Compiling awc v2.0.3
[INFO] [stderr]    Compiling actix-web v3.3.2
[INFO] [stderr]    Compiling sqlx-macros v0.4.2
[INFO] [stderr]    Compiling askama_derive v0.10.5
[INFO] [stderr]    Compiling hyper-tls v0.4.3
[INFO] [stderr]    Compiling askama v0.10.5
[INFO] [stderr]    Compiling reqwest v0.10.10
[INFO] [stderr]    Compiling sqlx v0.4.2
[INFO] [stderr]    Compiling snackotron v0.1.0 (/opt/rustwide/workdir)
[INFO] [stdout] warning: unused import: `FromRow`
[INFO] [stdout]  --> src/model.rs:4:18
[INFO] [stdout]   |
[INFO] [stdout] 4 | use sqlx::{Done, FromRow};
[INFO] [stdout]   |                  ^^^^^^^
[INFO] [stdout]   |
[INFO] [stdout]   = note: `#[warn(unused_imports)]` on by default
[INFO] [stdout] 
[INFO] [stdout] 
[INFO] [stdout] warning: unused import: `header`
[INFO] [stdout]  --> src/upc.rs:2:15
[INFO] [stdout]   |
[INFO] [stdout] 2 | use reqwest::{header, Client, Url};
[INFO] [stdout]   |               ^^^^^^
[INFO] [stdout] 
[INFO] [stdout] 
[INFO] [stdout] warning: unused variable: `obj`
[INFO] [stdout]   --> src/main.rs:35:9
[INFO] [stdout]    |
[INFO] [stdout] 35 |     let obj = ctx.upc_api.lookup(_req.match_info().get("upc").unwrap());
[INFO] [stdout]    |         ^^^ help: if this is intentional, prefix it with an underscore: `_obj`
[INFO] [stdout]    |
[INFO] [stdout]    = note: `#[warn(unused_variables)]` on by default
[INFO] [stdout] 
[INFO] [stdout] 
[INFO] [stdout] warning: function `default_time` is never used
[INFO] [stdout]   --> src/upc.rs:32:4
[INFO] [stdout]    |
[INFO] [stdout] 32 | fn default_time() -> u64 {
[INFO] [stdout]    |    ^^^^^^^^^^^^
[INFO] [stdout]    |
[INFO] [stdout]    = note: `#[warn(dead_code)]` on by default
[INFO] [stdout] 
[INFO] [stdout] 
[INFO] [stdout] warning: structure field `ASIN` should have a snake case name
[INFO] [stdout]   --> src/upc.rs:28:9
[INFO] [stdout]    |
[INFO] [stdout] 28 |         ASIN: String,
[INFO] [stdout]    |         ^^^^ help: convert the identifier to snake case: `asin`
[INFO] [stdout]    |
[INFO] [stdout]    = note: `#[warn(non_snake_case)]` on by default
[INFO] [stdout] 
[INFO] [stdout] 
[INFO] [stderr]     Finished `dev` profile [unoptimized + debuginfo] target(s) in 1m 19s
[INFO] [stderr] warning: the following packages contain code that will be rejected by a future version of Rust: nom v6.1.2, sqlx-macros v0.4.2
[INFO] [stderr] note: to see what the problems were, use the option `--future-incompat-report`, or run `cargo report future-incompatibilities --id 2`
[INFO] running `Command { std: "docker" "inspect" "f1a7ddee5e02148d9426928de1ec9a0a9365aafd442ea4a9215a3a812cf3abd8", kill_on_drop: false }`
[INFO] running `Command { std: "docker" "rm" "-f" "f1a7ddee5e02148d9426928de1ec9a0a9365aafd442ea4a9215a3a812cf3abd8", kill_on_drop: false }`
[INFO] [stdout] f1a7ddee5e02148d9426928de1ec9a0a9365aafd442ea4a9215a3a812cf3abd8
[INFO] running `Command { std: "docker" "create" "-v" "/var/lib/crater-agent-workspace/builds/worker-6-tc1/target:/opt/rustwide/target:rw,Z" "-v" "/var/lib/crater-agent-workspace/builds/worker-6-tc1/source:/opt/rustwide/workdir:ro,Z" "-v" "/var/lib/crater-agent-workspace/cargo-home:/opt/rustwide/cargo-home:ro,Z" "-v" "/var/lib/crater-agent-workspace/rustup-home:/opt/rustwide/rustup-home:ro,Z" "-e" "SOURCE_DIR=/opt/rustwide/workdir" "-e" "CARGO_TARGET_DIR=/opt/rustwide/target" "-e" "CARGO_INCREMENTAL=0" "-e" "RUST_BACKTRACE=full" "-e" "RUSTFLAGS=--cap-lints=forbid" "-e" "RUSTDOCFLAGS=--cap-lints=forbid" "-e" "CARGO_HOME=/opt/rustwide/cargo-home" "-e" "RUSTUP_HOME=/opt/rustwide/rustup-home" "-w" "/opt/rustwide/workdir" "-m" "1610612736" "--user" "0:0" "--network" "none" "ghcr.io/rust-lang/crates-build-env/linux@sha256:819108c5571ea2e421544af4d832f968d213c87fbe3707a016657f43d2f853bc" "/opt/rustwide/cargo-home/bin/cargo" "+nightly-2025-01-18" "test" "--frozen" "--no-run" "--message-format=json", kill_on_drop: false }`
[INFO] [stdout] 969f3cf1c56a98ee28afd5fab0902c9a2c42e64d5e6c1bdf0c4e0dab0c8b9a3b
[INFO] running `Command { std: "docker" "start" "-a" "969f3cf1c56a98ee28afd5fab0902c9a2c42e64d5e6c1bdf0c4e0dab0c8b9a3b", kill_on_drop: false }`
[INFO] [stderr]    Compiling snackotron v0.1.0 (/opt/rustwide/workdir)
[INFO] [stdout] warning: unused import: `FromRow`
[INFO] [stdout]  --> src/model.rs:4:18
[INFO] [stdout]   |
[INFO] [stdout] 4 | use sqlx::{Done, FromRow};
[INFO] [stdout]   |                  ^^^^^^^
[INFO] [stdout]   |
[INFO] [stdout]   = note: `#[warn(unused_imports)]` on by default
[INFO] [stdout] 
[INFO] [stdout] 
[INFO] [stdout] warning: unused import: `header`
[INFO] [stdout]  --> src/upc.rs:2:15
[INFO] [stdout]   |
[INFO] [stdout] 2 | use reqwest::{header, Client, Url};
[INFO] [stdout]   |               ^^^^^^
[INFO] [stdout] 
[INFO] [stdout] 
[INFO] [stdout] warning: unused variable: `obj`
[INFO] [stdout]   --> src/main.rs:35:9
[INFO] [stdout]    |
[INFO] [stdout] 35 |     let obj = ctx.upc_api.lookup(_req.match_info().get("upc").unwrap());
[INFO] [stdout]    |         ^^^ help: if this is intentional, prefix it with an underscore: `_obj`
[INFO] [stdout]    |
[INFO] [stdout]    = note: `#[warn(unused_variables)]` on by default
[INFO] [stdout] 
[INFO] [stdout] 
[INFO] [stdout] warning: function `default_time` is never used
[INFO] [stdout]   --> src/upc.rs:32:4
[INFO] [stdout]    |
[INFO] [stdout] 32 | fn default_time() -> u64 {
[INFO] [stdout]    |    ^^^^^^^^^^^^
[INFO] [stdout]    |
[INFO] [stdout]    = note: `#[warn(dead_code)]` on by default
[INFO] [stdout] 
[INFO] [stdout] 
[INFO] [stdout] warning: structure field `ASIN` should have a snake case name
[INFO] [stdout]   --> src/upc.rs:28:9
[INFO] [stdout]    |
[INFO] [stdout] 28 |         ASIN: String,
[INFO] [stdout]    |         ^^^^ help: convert the identifier to snake case: `asin`
[INFO] [stdout]    |
[INFO] [stdout]    = note: `#[warn(non_snake_case)]` on by default
[INFO] [stdout] 
[INFO] [stdout] 
[INFO] [stderr]     Finished `test` profile [unoptimized + debuginfo] target(s) in 2.29s
[INFO] [stderr] warning: the following packages contain code that will be rejected by a future version of Rust: nom v6.1.2, sqlx-macros v0.4.2
[INFO] [stderr] note: to see what the problems were, use the option `--future-incompat-report`, or run `cargo report future-incompatibilities --id 2`
[INFO] running `Command { std: "docker" "inspect" "969f3cf1c56a98ee28afd5fab0902c9a2c42e64d5e6c1bdf0c4e0dab0c8b9a3b", kill_on_drop: false }`
[INFO] running `Command { std: "docker" "rm" "-f" "969f3cf1c56a98ee28afd5fab0902c9a2c42e64d5e6c1bdf0c4e0dab0c8b9a3b", kill_on_drop: false }`
[INFO] [stdout] 969f3cf1c56a98ee28afd5fab0902c9a2c42e64d5e6c1bdf0c4e0dab0c8b9a3b
[INFO] running `Command { std: "docker" "create" "-v" "/var/lib/crater-agent-workspace/builds/worker-6-tc1/target:/opt/rustwide/target:rw,Z" "-v" "/var/lib/crater-agent-workspace/builds/worker-6-tc1/source:/opt/rustwide/workdir:ro,Z" "-v" "/var/lib/crater-agent-workspace/cargo-home:/opt/rustwide/cargo-home:ro,Z" "-v" "/var/lib/crater-agent-workspace/rustup-home:/opt/rustwide/rustup-home:ro,Z" "-e" "SOURCE_DIR=/opt/rustwide/workdir" "-e" "CARGO_TARGET_DIR=/opt/rustwide/target" "-e" "CARGO_INCREMENTAL=0" "-e" "RUST_BACKTRACE=full" "-e" "RUSTFLAGS=--cap-lints=forbid" "-e" "RUSTDOCFLAGS=--cap-lints=forbid" "-e" "CARGO_HOME=/opt/rustwide/cargo-home" "-e" "RUSTUP_HOME=/opt/rustwide/rustup-home" "-w" "/opt/rustwide/workdir" "-m" "1610612736" "--user" "0:0" "--network" "none" "ghcr.io/rust-lang/crates-build-env/linux@sha256:819108c5571ea2e421544af4d832f968d213c87fbe3707a016657f43d2f853bc" "/opt/rustwide/cargo-home/bin/cargo" "+nightly-2025-01-18" "test" "--frozen", kill_on_drop: false }`
[INFO] [stdout] d6cec2101688984a88af6e46f5936f537b605f7809e045308c3ef947649225b3
[INFO] running `Command { std: "docker" "start" "-a" "d6cec2101688984a88af6e46f5936f537b605f7809e045308c3ef947649225b3", kill_on_drop: false }`
[INFO] [stderr] warning: unused import: `FromRow`
[INFO] [stderr]  --> src/model.rs:4:18
[INFO] [stderr]   |
[INFO] [stderr] 4 | use sqlx::{Done, FromRow};
[INFO] [stderr]   |                  ^^^^^^^
[INFO] [stderr]   |
[INFO] [stderr]   = note: `#[warn(unused_imports)]` on by default
[INFO] [stderr] 
[INFO] [stderr] warning: unused import: `header`
[INFO] [stderr]  --> src/upc.rs:2:15
[INFO] [stderr]   |
[INFO] [stderr] 2 | use reqwest::{header, Client, Url};
[INFO] [stderr]   |               ^^^^^^
[INFO] [stderr] 
[INFO] [stderr] warning: unused variable: `obj`
[INFO] [stderr]   --> src/main.rs:35:9
[INFO] [stderr]    |
[INFO] [stderr] 35 |     let obj = ctx.upc_api.lookup(_req.match_info().get("upc").unwrap());
[INFO] [stderr]    |         ^^^ help: if this is intentional, prefix it with an underscore: `_obj`
[INFO] [stderr]    |
[INFO] [stderr]    = note: `#[warn(unused_variables)]` on by default
[INFO] [stderr] 
[INFO] [stderr] warning: function `default_time` is never used
[INFO] [stderr]   --> src/upc.rs:32:4
[INFO] [stderr]    |
[INFO] [stderr] 32 | fn default_time() -> u64 {
[INFO] [stderr]    |    ^^^^^^^^^^^^
[INFO] [stderr]    |
[INFO] [stderr]    = note: `#[warn(dead_code)]` on by default
[INFO] [stderr] 
[INFO] [stderr] warning: structure field `ASIN` should have a snake case name
[INFO] [stderr]   --> src/upc.rs:28:9
[INFO] [stderr]    |
[INFO] [stderr] 28 |         ASIN: String,
[INFO] [stderr]    |         ^^^^ help: convert the identifier to snake case: `asin`
[INFO] [stderr]    |
[INFO] [stderr]    = note: `#[warn(non_snake_case)]` on by default
[INFO] [stderr] 
[INFO] [stderr] warning: `snackotron` (bin "snackotron" test) generated 5 warnings (run `cargo fix --bin "snackotron" --tests` to apply 2 suggestions)
[INFO] [stderr]     Finished `test` profile [unoptimized + debuginfo] target(s) in 0.28s
[INFO] [stderr] warning: the following packages contain code that will be rejected by a future version of Rust: nom v6.1.2, sqlx-macros v0.4.2
[INFO] [stderr] note: to see what the problems were, use the option `--future-incompat-report`, or run `cargo report future-incompatibilities --id 2`
[INFO] [stderr]      Running unittests src/main.rs (/opt/rustwide/target/debug/deps/snackotron-0245d544666dda84)
[INFO] [stdout] 
[INFO] [stdout] running 3 tests
[INFO] [stdout] test upc::tests::serialize_400_test ... ok
[INFO] [stdout] test upc::tests::deserialize_400_test ... ok
[INFO] [stdout] test upc::tests::lookup_test ... FAILED
[INFO] [stdout] 
[INFO] [stdout] failures:
[INFO] [stdout] 
[INFO] [stdout] ---- upc::tests::lookup_test stdout ----
[INFO] [stdout] 
[INFO] [stdout] thread 'upc::tests::lookup_test' panicked at src/upc.rs:121:66:
[INFO] [stdout] called `Result::unwrap()` on an `Err` value: NotPresent
[INFO] [stdout] stack backtrace:
[INFO] [stdout]    0:     0x613d32ae968a - std::backtrace_rs::backtrace::libunwind::trace::hb059275cfc8d6126
[INFO] [stdout]                                at /rustc/6067b36314ab5eb2eb47cecc464545ba58e1ad24/library/std/src/../../backtrace/src/backtrace/libunwind.rs:116:5
[INFO] [stdout]    1:     0x613d32ae968a - std::backtrace_rs::backtrace::trace_unsynchronized::h2da071e4327ce3ee
[INFO] [stdout]                                at /rustc/6067b36314ab5eb2eb47cecc464545ba58e1ad24/library/std/src/../../backtrace/src/backtrace/mod.rs:66:5
[INFO] [stdout]    2:     0x613d32ae968a - std::sys::backtrace::_print_fmt::h842a1474e6f8d23f
[INFO] [stdout]                                at /rustc/6067b36314ab5eb2eb47cecc464545ba58e1ad24/library/std/src/sys/backtrace.rs:66:9
[INFO] [stdout]    3:     0x613d32ae968a - <std::sys::backtrace::BacktraceLock::print::DisplayBacktrace as core::fmt::Display>::fmt::h71a62eb3b9696b12
[INFO] [stdout]                                at /rustc/6067b36314ab5eb2eb47cecc464545ba58e1ad24/library/std/src/sys/backtrace.rs:39:26
[INFO] [stdout]    4:     0x613d32b144f3 - core::fmt::rt::Argument::fmt::hdb6b616786b41dc1
[INFO] [stdout]                                at /rustc/6067b36314ab5eb2eb47cecc464545ba58e1ad24/library/core/src/fmt/rt.rs:177:76
[INFO] [stdout]    5:     0x613d32b144f3 - core::fmt::write::h2cc1698af7e2d686
[INFO] [stdout]                                at /rustc/6067b36314ab5eb2eb47cecc464545ba58e1ad24/library/core/src/fmt/mod.rs:1440:21
[INFO] [stdout]    6:     0x613d32ae5623 - std::io::Write::write_fmt::hab1b4cd059a79022
[INFO] [stdout]                                at /rustc/6067b36314ab5eb2eb47cecc464545ba58e1ad24/library/std/src/io/mod.rs:1887:15
[INFO] [stdout]    7:     0x613d32ae94d2 - std::sys::backtrace::BacktraceLock::print::h147fe35b4ea13b08
[INFO] [stdout]                                at /rustc/6067b36314ab5eb2eb47cecc464545ba58e1ad24/library/std/src/sys/backtrace.rs:42:9
[INFO] [stdout]    8:     0x613d32aeaaaf - std::panicking::default_hook::{{closure}}::hbd44223dbdc0d208
[INFO] [stdout]                                at /rustc/6067b36314ab5eb2eb47cecc464545ba58e1ad24/library/std/src/panicking.rs:298:22
[INFO] [stdout]    9:     0x613d32aea8c8 - std::panicking::default_hook::h20f81eb0576efcec
[INFO] [stdout]                                at /rustc/6067b36314ab5eb2eb47cecc464545ba58e1ad24/library/std/src/panicking.rs:322:9
[INFO] [stdout]   10:     0x613d32671cf3 - <alloc::boxed::Box<F,A> as core::ops::function::Fn<Args>>::call::hdb53814c496a4d34
[INFO] [stdout]                                at /rustc/6067b36314ab5eb2eb47cecc464545ba58e1ad24/library/alloc/src/boxed.rs:2027:9
[INFO] [stdout]   11:     0x613d32671cf3 - test::test_main::{{closure}}::hc0a4963c59427c24
[INFO] [stdout]                                at /rustc/6067b36314ab5eb2eb47cecc464545ba58e1ad24/library/test/src/lib.rs:134:21
[INFO] [stdout]   12:     0x613d32aeb5a3 - <alloc::boxed::Box<F,A> as core::ops::function::Fn<Args>>::call::h591b2225413a77e9
[INFO] [stdout]                                at /rustc/6067b36314ab5eb2eb47cecc464545ba58e1ad24/library/alloc/src/boxed.rs:2027:9
[INFO] [stdout]   13:     0x613d32aeb5a3 - std::panicking::rust_panic_with_hook::h625eea43051b2edc
[INFO] [stdout]                                at /rustc/6067b36314ab5eb2eb47cecc464545ba58e1ad24/library/std/src/panicking.rs:839:13
[INFO] [stdout]   14:     0x613d32aeb25a - std::panicking::begin_panic_handler::{{closure}}::h4f9159cfbc3f6bd3
[INFO] [stdout]                                at /rustc/6067b36314ab5eb2eb47cecc464545ba58e1ad24/library/std/src/panicking.rs:704:13
[INFO] [stdout]   15:     0x613d32ae9b89 - std::sys::backtrace::__rust_end_short_backtrace::h0390abce48353151
[INFO] [stdout]                                at /rustc/6067b36314ab5eb2eb47cecc464545ba58e1ad24/library/std/src/sys/backtrace.rs:168:18
[INFO] [stdout]   16:     0x613d32aeaeed - rust_begin_unwind
[INFO] [stdout]                                at /rustc/6067b36314ab5eb2eb47cecc464545ba58e1ad24/library/std/src/panicking.rs:695:5
[INFO] [stdout]   17:     0x613d32b126c0 - core::panicking::panic_fmt::h9e7c637e9e5f29c9
[INFO] [stdout]                                at /rustc/6067b36314ab5eb2eb47cecc464545ba58e1ad24/library/core/src/panicking.rs:75:14
[INFO] [stdout]   18:     0x613d32b12b36 - core::result::unwrap_failed::h7979f09313fe1849
[INFO] [stdout]                                at /rustc/6067b36314ab5eb2eb47cecc464545ba58e1ad24/library/core/src/result.rs:1704:5
[INFO] [stdout]   19:     0x613d3262ba6f - core::result::Result<T,E>::unwrap::h05e2b32ac2123811
[INFO] [stdout]                                at /rustc/6067b36314ab5eb2eb47cecc464545ba58e1ad24/library/core/src/result.rs:1109:23
[INFO] [stdout]   20:     0x613d3262ba6f - snackotron::upc::tests::lookup_test::{{closure}}::h880c789fc990cc92
[INFO] [stdout]                                at /opt/rustwide/workdir/src/upc.rs:121:39
[INFO] [stdout]   21:     0x613d32624e80 - <tokio::task::local::RunUntil<T> as core::future::future::Future>::poll::{{closure}}::{{closure}}::h6396d6ea14e4288a
[INFO] [stdout]                                at /opt/rustwide/cargo-home/registry/src/index.crates.io-1949cf8c6b5b557f/tokio-0.2.25/src/task/local.rs:528:65
[INFO] [stdout]   22:     0x613d326235b3 - tokio::coop::with_budget::{{closure}}::h8715f32e24f48963
[INFO] [stdout]                                at /opt/rustwide/cargo-home/registry/src/index.crates.io-1949cf8c6b5b557f/tokio-0.2.25/src/coop.rs:127:9
[INFO] [stdout]   23:     0x613d326218e5 - std::thread::local::LocalKey<T>::try_with::h3e421327b7011c84
[INFO] [stdout]                                at /rustc/6067b36314ab5eb2eb47cecc464545ba58e1ad24/library/std/src/thread/local.rs:308:12
[INFO] [stdout]   24:     0x613d326216ca - std::thread::local::LocalKey<T>::with::h6756d2482e51df9c
[INFO] [stdout]                                at /rustc/6067b36314ab5eb2eb47cecc464545ba58e1ad24/library/std/src/thread/local.rs:272:9
[INFO] [stdout]   25:     0x613d32624d52 - tokio::coop::with_budget::h66cd3d250b5cfed5
[INFO] [stdout]                                at /opt/rustwide/cargo-home/registry/src/index.crates.io-1949cf8c6b5b557f/tokio-0.2.25/src/coop.rs:120:5
[INFO] [stdout]   26:     0x613d32624d52 - tokio::coop::budget::hde7cf21ef2be771e
[INFO] [stdout]                                at /opt/rustwide/cargo-home/registry/src/index.crates.io-1949cf8c6b5b557f/tokio-0.2.25/src/coop.rs:96:5
[INFO] [stdout]   27:     0x613d32624d52 - <tokio::task::local::RunUntil<T> as core::future::future::Future>::poll::{{closure}}::he18f8ea995fddc82
[INFO] [stdout]                                at /opt/rustwide/cargo-home/registry/src/index.crates.io-1949cf8c6b5b557f/tokio-0.2.25/src/task/local.rs:528:42
[INFO] [stdout]   28:     0x613d32627a6d - tokio::macros::scoped_tls::ScopedKey<T>::set::hb7417ee93c624cbf
[INFO] [stdout]                                at /opt/rustwide/cargo-home/registry/src/index.crates.io-1949cf8c6b5b557f/tokio-0.2.25/src/macros/scoped_tls.rs:63:9
[INFO] [stdout]   29:     0x613d326238b7 - tokio::task::local::LocalSet::with::h73f7a725165c6717
[INFO] [stdout]                                at /opt/rustwide/cargo-home/registry/src/index.crates.io-1949cf8c6b5b557f/tokio-0.2.25/src/task/local.rs:442:9
[INFO] [stdout]   30:     0x613d32624c1a - <tokio::task::local::RunUntil<T> as core::future::future::Future>::poll::hab565d7d24fcf50f
[INFO] [stdout]                                at /opt/rustwide/cargo-home/registry/src/index.crates.io-1949cf8c6b5b557f/tokio-0.2.25/src/task/local.rs:518:9
[INFO] [stdout]   31:     0x613d32623b15 - tokio::task::local::LocalSet::run_until::{{closure}}::hf6a92e9a33c6a7cd
[INFO] [stdout]                                at /opt/rustwide/cargo-home/registry/src/index.crates.io-1949cf8c6b5b557f/tokio-0.2.25/src/task/local.rs:392:19
[INFO] [stdout]   32:     0x613d3262865f - tokio::runtime::basic_scheduler::BasicScheduler<P>::block_on::{{closure}}::{{closure}}::hba2e714c3d2a768b
[INFO] [stdout]                                at /opt/rustwide/cargo-home/registry/src/index.crates.io-1949cf8c6b5b557f/tokio-0.2.25/src/runtime/basic_scheduler.rs:131:58
[INFO] [stdout]   33:     0x613d32623353 - tokio::coop::with_budget::{{closure}}::h156468391a74a722
[INFO] [stdout]                                at /opt/rustwide/cargo-home/registry/src/index.crates.io-1949cf8c6b5b557f/tokio-0.2.25/src/coop.rs:127:9
[INFO] [stdout]   34:     0x613d32621ce5 - std::thread::local::LocalKey<T>::try_with::h8d89d8894f92d3dd
[INFO] [stdout]                                at /rustc/6067b36314ab5eb2eb47cecc464545ba58e1ad24/library/std/src/thread/local.rs:308:12
[INFO] [stdout]   35:     0x613d326216fa - std::thread::local::LocalKey<T>::with::h6d1f40dedad7a3e9
[INFO] [stdout]                                at /rustc/6067b36314ab5eb2eb47cecc464545ba58e1ad24/library/std/src/thread/local.rs:272:9
[INFO] [stdout]   36:     0x613d32628093 - tokio::coop::with_budget::h5235a74e3e445c14
[INFO] [stdout]                                at /opt/rustwide/cargo-home/registry/src/index.crates.io-1949cf8c6b5b557f/tokio-0.2.25/src/coop.rs:120:5
[INFO] [stdout]   37:     0x613d32628093 - tokio::coop::budget::h65fccebe168ff4f5
[INFO] [stdout]                                at /opt/rustwide/cargo-home/registry/src/index.crates.io-1949cf8c6b5b557f/tokio-0.2.25/src/coop.rs:96:5
[INFO] [stdout]   38:     0x613d32628093 - tokio::runtime::basic_scheduler::BasicScheduler<P>::block_on::{{closure}}::h7ad8539ede9e23d1
[INFO] [stdout]                                at /opt/rustwide/cargo-home/registry/src/index.crates.io-1949cf8c6b5b557f/tokio-0.2.25/src/runtime/basic_scheduler.rs:131:35
[INFO] [stdout]   39:     0x613d32628a6e - tokio::runtime::basic_scheduler::enter::{{closure}}::hd8d737eb4a93073b
[INFO] [stdout]                                at /opt/rustwide/cargo-home/registry/src/index.crates.io-1949cf8c6b5b557f/tokio-0.2.25/src/runtime/basic_scheduler.rs:213:29
[INFO] [stdout]   40:     0x613d32627b87 - tokio::macros::scoped_tls::ScopedKey<T>::set::he49adc0abe20c881
[INFO] [stdout]                                at /opt/rustwide/cargo-home/registry/src/index.crates.io-1949cf8c6b5b557f/tokio-0.2.25/src/macros/scoped_tls.rs:63:9
[INFO] [stdout]   41:     0x613d326289ce - tokio::runtime::basic_scheduler::enter::h45a4bbb090817d5a
[INFO] [stdout]                                at /opt/rustwide/cargo-home/registry/src/index.crates.io-1949cf8c6b5b557f/tokio-0.2.25/src/runtime/basic_scheduler.rs:213:5
[INFO] [stdout]   42:     0x613d32627de0 - tokio::runtime::basic_scheduler::BasicScheduler<P>::block_on::hb94faed4e4f97487
[INFO] [stdout]                                at /opt/rustwide/cargo-home/registry/src/index.crates.io-1949cf8c6b5b557f/tokio-0.2.25/src/runtime/basic_scheduler.rs:123:9
[INFO] [stdout]   43:     0x613d326293c4 - tokio::runtime::Runtime::block_on::{{closure}}::h5fd47a68b18fd331
[INFO] [stdout]                                at /opt/rustwide/cargo-home/registry/src/index.crates.io-1949cf8c6b5b557f/tokio-0.2.25/src/runtime/mod.rs:444:34
[INFO] [stdout]   44:     0x613d3262dfd6 - tokio::runtime::context::enter::h359d132f8fea60b6
[INFO] [stdout]                                at /opt/rustwide/cargo-home/registry/src/index.crates.io-1949cf8c6b5b557f/tokio-0.2.25/src/runtime/context.rs:72:5
[INFO] [stdout]   45:     0x613d32623c2a - tokio::runtime::handle::Handle::enter::hc9712d3ec262f844
[INFO] [stdout]                                at /opt/rustwide/cargo-home/registry/src/index.crates.io-1949cf8c6b5b557f/tokio-0.2.25/src/runtime/handle.rs:76:9
[INFO] [stdout]   46:     0x613d326292d7 - tokio::runtime::Runtime::block_on::he67d5246968b69f0
[INFO] [stdout]                                at /opt/rustwide/cargo-home/registry/src/index.crates.io-1949cf8c6b5b557f/tokio-0.2.25/src/runtime/mod.rs:441:9
[INFO] [stdout]   47:     0x613d326238fb - tokio::task::local::LocalSet::block_on::h82eef681d0f9becd
[INFO] [stdout]                                at /opt/rustwide/cargo-home/registry/src/index.crates.io-1949cf8c6b5b557f/tokio-0.2.25/src/task/local.rs:353:9
[INFO] [stdout]   48:     0x613d3262adba - actix_rt::runtime::Runtime::block_on::h511af57c61179677
[INFO] [stdout]                                at /opt/rustwide/cargo-home/registry/src/index.crates.io-1949cf8c6b5b557f/actix-rt-1.1.1/src/runtime.rs:89:9
[INFO] [stdout]   49:     0x613d3262ac08 - actix_rt::builder::SystemRunner::block_on::hff0a5850a341bf80
[INFO] [stdout]                                at /opt/rustwide/cargo-home/registry/src/index.crates.io-1949cf8c6b5b557f/actix-rt-1.1.1/src/builder.rs:187:19
[INFO] [stdout]   50:     0x613d3262b8aa - snackotron::upc::tests::lookup_test::h801fc915e7f0acca
[INFO] [stdout]                                at /opt/rustwide/workdir/src/upc.rs:117:9
[INFO] [stdout]   51:     0x613d3262b857 - snackotron::upc::tests::lookup_test::{{closure}}::ha3c1b0f6b40891d2
[INFO] [stdout]                                at /opt/rustwide/workdir/src/upc.rs:118:31
[INFO] [stdout]   52:     0x613d32618e16 - core::ops::function::FnOnce::call_once::h2da8e01f1b9c56c7
[INFO] [stdout]                                at /rustc/6067b36314ab5eb2eb47cecc464545ba58e1ad24/library/core/src/ops/function.rs:250:5
[INFO] [stdout]   53:     0x613d3267744b - core::ops::function::FnOnce::call_once::he27718dfdd183f43
[INFO] [stdout]                                at /rustc/6067b36314ab5eb2eb47cecc464545ba58e1ad24/library/core/src/ops/function.rs:250:5
[INFO] [stdout]   54:     0x613d3267744b - test::__rust_begin_short_backtrace::h4e84902998457a5d
[INFO] [stdout]                                at /rustc/6067b36314ab5eb2eb47cecc464545ba58e1ad24/library/test/src/lib.rs:632:18
[INFO] [stdout]   55:     0x613d32676383 - test::run_test_in_process::{{closure}}::h7176fd18fc1feca0
[INFO] [stdout]                                at /rustc/6067b36314ab5eb2eb47cecc464545ba58e1ad24/library/test/src/lib.rs:655:60
[INFO] [stdout]   56:     0x613d32676383 - <core::panic::unwind_safe::AssertUnwindSafe<F> as core::ops::function::FnOnce<()>>::call_once::hf79cff2a624d8cf7
[INFO] [stdout]                                at /rustc/6067b36314ab5eb2eb47cecc464545ba58e1ad24/library/core/src/panic/unwind_safe.rs:272:9
[INFO] [stdout]   57:     0x613d32676383 - std::panicking::try::do_call::h3da0561d9ab99c25
[INFO] [stdout]                                at /rustc/6067b36314ab5eb2eb47cecc464545ba58e1ad24/library/std/src/panicking.rs:587:40
[INFO] [stdout]   58:     0x613d32676383 - std::panicking::try::h41c9fa508bc61df6
[INFO] [stdout]                                at /rustc/6067b36314ab5eb2eb47cecc464545ba58e1ad24/library/std/src/panicking.rs:550:19
[INFO] [stdout]   59:     0x613d32676383 - std::panic::catch_unwind::h6b3ff07bb5afad93
[INFO] [stdout]                                at /rustc/6067b36314ab5eb2eb47cecc464545ba58e1ad24/library/std/src/panic.rs:358:14
[INFO] [stdout]   60:     0x613d32676383 - test::run_test_in_process::hc7253dd11b39b9f4
[INFO] [stdout]                                at /rustc/6067b36314ab5eb2eb47cecc464545ba58e1ad24/library/test/src/lib.rs:655:27
[INFO] [stdout]   61:     0x613d32676383 - test::run_test::{{closure}}::hfb2007f8649c30bb
[INFO] [stdout]                                at /rustc/6067b36314ab5eb2eb47cecc464545ba58e1ad24/library/test/src/lib.rs:576:43
[INFO] [stdout]   62:     0x613d32639465 - test::run_test::{{closure}}::h56a17aa7a282a9f4
[INFO] [stdout]                                at /rustc/6067b36314ab5eb2eb47cecc464545ba58e1ad24/library/test/src/lib.rs:606:41
[INFO] [stdout]   63:     0x613d32639465 - std::sys::backtrace::__rust_begin_short_backtrace::hd2d2d2fb8e8c6aac
[INFO] [stdout]                                at /rustc/6067b36314ab5eb2eb47cecc464545ba58e1ad24/library/std/src/sys/backtrace.rs:152:18
[INFO] [stdout]   64:     0x613d3263cd4a - std::thread::Builder::spawn_unchecked_::{{closure}}::{{closure}}::h4faa3f9db6133423
[INFO] [stdout]                                at /rustc/6067b36314ab5eb2eb47cecc464545ba58e1ad24/library/std/src/thread/mod.rs:559:17
[INFO] [stdout]   65:     0x613d3263cd4a - <core::panic::unwind_safe::AssertUnwindSafe<F> as core::ops::function::FnOnce<()>>::call_once::hf2e855a36a4ea846
[INFO] [stdout]                                at /rustc/6067b36314ab5eb2eb47cecc464545ba58e1ad24/library/core/src/panic/unwind_safe.rs:272:9
[INFO] [stdout]   66:     0x613d3263cd4a - std::panicking::try::do_call::h2f73af3616c35465
[INFO] [stdout]                                at /rustc/6067b36314ab5eb2eb47cecc464545ba58e1ad24/library/std/src/panicking.rs:587:40
[INFO] [stdout]   67:     0x613d3263cd4a - std::panicking::try::hd1660ce9efadef5a
[INFO] [stdout]                                at /rustc/6067b36314ab5eb2eb47cecc464545ba58e1ad24/library/std/src/panicking.rs:550:19
[INFO] [stdout]   68:     0x613d3263cd4a - std::panic::catch_unwind::h5ee8d7823b8ca744
[INFO] [stdout]                                at /rustc/6067b36314ab5eb2eb47cecc464545ba58e1ad24/library/std/src/panic.rs:358:14
[INFO] [stdout]   69:     0x613d3263cd4a - std::thread::Builder::spawn_unchecked_::{{closure}}::h53c3a1894dce8407
[INFO] [stdout]                                at /rustc/6067b36314ab5eb2eb47cecc464545ba58e1ad24/library/std/src/thread/mod.rs:557:30
[INFO] [stdout]   70:     0x613d3263cd4a - core::ops::function::FnOnce::call_once{{vtable.shim}}::h048ce291ad4f62bf
[INFO] [stdout]                                at /rustc/6067b36314ab5eb2eb47cecc464545ba58e1ad24/library/core/src/ops/function.rs:250:5
[INFO] [stdout]   71:     0x613d32aef91b - <alloc::boxed::Box<F,A> as core::ops::function::FnOnce<Args>>::call_once::ha52bedf99a3b4981
[INFO] [stdout]                                at /rustc/6067b36314ab5eb2eb47cecc464545ba58e1ad24/library/alloc/src/boxed.rs:2013:9
[INFO] [stdout]   72:     0x613d32aef91b - <alloc::boxed::Box<F,A> as core::ops::function::FnOnce<Args>>::call_once::h567748934d80ccf8
[INFO] [stdout]                                at /rustc/6067b36314ab5eb2eb47cecc464545ba58e1ad24/library/alloc/src/boxed.rs:2013:9
[INFO] [stdout]   73:     0x613d32aef91b - std::sys::pal::unix::thread::Thread::new::thread_start::h2d970728ae887adc
[INFO] [stdout]                                at /rustc/6067b36314ab5eb2eb47cecc464545ba58e1ad24/library/std/src/sys/pal/unix/thread.rs:106:17
[INFO] [stdout]   74:     0x7fd15fdfbac3 - <unknown>
[INFO] [stdout]   75:     0x7fd15fe8ca04 - clone
[INFO] [stdout]   76:                0x0 - <unknown>
[INFO] [stdout] Panic in Arbiter thread.
[INFO] [stdout] 
[INFO] [stdout] 
[INFO] [stdout] failures:
[INFO] [stdout]     upc::tests::lookup_test
[INFO] [stdout] 
[INFO] [stdout] test result: FAILED. 2 passed; 1 failed; 0 ignored; 0 measured; 0 filtered out; finished in 0.16s
[INFO] [stdout] 
[INFO] [stderr] error: test failed, to rerun pass `--bin snackotron`
[INFO] running `Command { std: "docker" "inspect" "d6cec2101688984a88af6e46f5936f537b605f7809e045308c3ef947649225b3", kill_on_drop: false }`
[INFO] running `Command { std: "docker" "rm" "-f" "d6cec2101688984a88af6e46f5936f537b605f7809e045308c3ef947649225b3", kill_on_drop: false }`
[INFO] [stdout] d6cec2101688984a88af6e46f5936f537b605f7809e045308c3ef947649225b3
