[INFO] cloning repository https://github.com/RagibHasin/try_hyperbez
[INFO] running `Command { std: "git" "-c" "credential.helper=" "-c" "credential.helper=/workspace/cargo-home/bin/git-credential-null" "clone" "--bare" "https://github.com/RagibHasin/try_hyperbez" "/workspace/cache/git-repos/https%3A%2F%2Fgithub.com%2FRagibHasin%2Ftry_hyperbez", kill_on_drop: false }`
[INFO] [stderr] Cloning into bare repository '/workspace/cache/git-repos/https%3A%2F%2Fgithub.com%2FRagibHasin%2Ftry_hyperbez'...
[INFO] running `Command { std: "git" "rev-parse" "HEAD", kill_on_drop: false }`
[INFO] [stdout] 6d9a28f4af85184f9cae6dffb6dbab5041c7ac70
[INFO] testing RagibHasin/try_hyperbez against nightly-2025-01-18 for randomize-layout-2
[INFO] running `Command { std: "git" "clone" "/workspace/cache/git-repos/https%3A%2F%2Fgithub.com%2FRagibHasin%2Ftry_hyperbez" "/workspace/builds/worker-2-tc1/source", kill_on_drop: false }`
[INFO] [stderr] Cloning into '/workspace/builds/worker-2-tc1/source'...
[INFO] [stderr] done.
[INFO] validating manifest of git repo https://github.com/RagibHasin/try_hyperbez on toolchain nightly-2025-01-18
[INFO] running `Command { std: CARGO_HOME="/workspace/cargo-home" RUSTUP_HOME="/workspace/rustup-home" "/workspace/cargo-home/bin/cargo" "+nightly-2025-01-18" "metadata" "--manifest-path" "Cargo.toml" "--no-deps", kill_on_drop: false }`
[INFO] started tweaking git repo https://github.com/RagibHasin/try_hyperbez
[INFO] finished tweaking git repo https://github.com/RagibHasin/try_hyperbez
[INFO] tweaked toml for git repo https://github.com/RagibHasin/try_hyperbez written to /workspace/builds/worker-2-tc1/source/Cargo.toml
[INFO] crate git repo https://github.com/RagibHasin/try_hyperbez already has a lockfile, it will not be regenerated
[INFO] running `Command { std: CARGO_HOME="/workspace/cargo-home" RUSTUP_HOME="/workspace/rustup-home" "/workspace/cargo-home/bin/cargo" "+nightly-2025-01-18" "fetch" "--manifest-path" "Cargo.toml", kill_on_drop: false }`
[INFO] [stderr]     Blocking waiting for file lock on package cache
[INFO] [stderr]     Updating crates.io index
[INFO] [stderr]     Updating git repository `https://github.com/linebender/xilem.git`
[INFO] [stderr]     Blocking waiting for file lock on package cache
[INFO] [stderr]  Downloading crates ...
[INFO] [stderr]   Downloaded unicode-ident v1.0.14
[INFO] [stderr]   Downloaded once_cell v1.20.2
[INFO] [stderr]   Downloaded tracing-core v0.1.33
[INFO] [stderr]   Downloaded matchers v0.1.0
[INFO] [stderr]   Downloaded rawpointer v0.2.1
[INFO] [stderr]   Downloaded test-log-macros v0.2.15
[INFO] [stderr]   Downloaded wasm-bindgen-macro v0.2.97
[INFO] [stderr]   Downloaded wasm-bindgen-macro-support v0.2.97
[INFO] [stderr]   Downloaded futures-executor v0.3.31
[INFO] [stderr]   Downloaded tracing-web v0.1.3
[INFO] [stderr]   Downloaded futures-core v0.3.31
[INFO] [stderr]   Downloaded thread_local v1.1.8
[INFO] [stderr]   Downloaded nalgebra-macros v0.2.2
[INFO] [stderr]   Downloaded approx v0.5.1
[INFO] [stderr]   Downloaded num-rational v0.4.2
[INFO] [stderr]   Downloaded num-complex v0.4.6
[INFO] [stderr]   Downloaded num-traits v0.2.19
[INFO] [stderr]   Downloaded typenum v1.17.0
[INFO] [stderr]   Downloaded matrixmultiply v0.3.9
[INFO] [stderr]   Downloaded sharded-slab v0.1.7
[INFO] [stderr]   Downloaded num-bigint v0.4.6
[INFO] [stderr]   Downloaded regex-automata v0.1.10
[INFO] [stderr]   Downloaded kurbo v0.11.1
[INFO] [stderr]   Downloaded futures-util v0.3.31
[INFO] [stderr]   Downloaded aho-corasick v1.1.3
[INFO] [stderr]   Downloaded wide v0.7.30
[INFO] [stderr]   Downloaded tracing-subscriber v0.3.19
[INFO] [stderr]   Downloaded num-dual v0.10.3
[INFO] [stderr]   Downloaded regex v1.11.1
[INFO] [stderr]   Downloaded syn v2.0.90
[INFO] [stderr]   Downloaded memchr v2.7.4
[INFO] [stderr]   Downloaded regex-syntax v0.6.29
[INFO] [stderr]   Downloaded js-sys v0.3.74
[INFO] [stderr]   Downloaded regex-syntax v0.8.5
[INFO] [stderr]   Downloaded bumpalo v3.16.0
[INFO] [stderr]   Downloaded tracing v0.1.41
[INFO] [stderr]   Downloaded nalgebra v0.33.2
[INFO] [stderr]   Downloaded bytemuck v1.20.0
[INFO] [stderr]   Downloaded safe_arch v0.7.2
[INFO] [stderr]   Downloaded wasm-bindgen v0.2.97
[INFO] [stderr]   Downloaded paste v1.0.15
[INFO] [stderr]   Downloaded simba v0.9.0
[INFO] [stderr]   Downloaded console_error_panic_hook v0.1.7
[INFO] [stderr]   Downloaded futures v0.3.31
[INFO] [stderr]   Downloaded peniko v0.2.0
[INFO] [stderr]   Downloaded log v0.4.22
[INFO] [stderr]   Downloaded wasm-bindgen-backend v0.2.97
[INFO] [stderr]   Downloaded proc-macro2 v1.0.92
[INFO] [stderr]   Downloaded regex-automata v0.4.9
[INFO] [stderr]   Downloaded web-sys v0.3.74
[INFO] [stderr]   Downloaded lazy_static v1.5.0
[INFO] [stderr]   Downloaded tracing-log v0.2.0
[INFO] [stderr]   Downloaded futures-channel v0.3.31
[INFO] [stderr]   Downloaded wasm-bindgen-shared v0.2.97
[INFO] [stderr]   Downloaded smallvec v1.13.2
[INFO] [stderr]   Downloaded pin-project-lite v0.2.15
[INFO] [stderr]   Downloaded futures-sink v0.3.31
[INFO] [stderr]   Downloaded autocfg v1.4.0
[INFO] [stderr]   Downloaded arrayvec v0.7.6
[INFO] [stderr]   Downloaded tracing-attributes v0.1.28
[INFO] [stderr]   Downloaded num-integer v0.1.46
[INFO] [stderr]   Downloaded test-log v0.2.16
[INFO] [stderr]   Downloaded futures-task v0.3.31
[INFO] [stderr]   Downloaded futures-macro v0.3.31
[INFO] [stderr]   Downloaded futures-io v0.3.31
[INFO] [stderr]   Downloaded wasm-bindgen-futures v0.4.47
[INFO] [stderr]   Downloaded quote v1.0.37
[INFO] running `Command { std: "docker" "create" "-v" "/var/lib/crater-agent-workspace/builds/worker-2-tc1/target:/opt/rustwide/target:rw,Z" "-v" "/var/lib/crater-agent-workspace/builds/worker-2-tc1/source:/opt/rustwide/workdir:ro,Z" "-v" "/var/lib/crater-agent-workspace/cargo-home:/opt/rustwide/cargo-home:ro,Z" "-v" "/var/lib/crater-agent-workspace/rustup-home:/opt/rustwide/rustup-home:ro,Z" "-e" "SOURCE_DIR=/opt/rustwide/workdir" "-e" "CARGO_TARGET_DIR=/opt/rustwide/target" "-e" "CARGO_HOME=/opt/rustwide/cargo-home" "-e" "RUSTUP_HOME=/opt/rustwide/rustup-home" "-w" "/opt/rustwide/workdir" "-m" "1610612736" "--user" "0:0" "--network" "none" "ghcr.io/rust-lang/crates-build-env/linux@sha256:819108c5571ea2e421544af4d832f968d213c87fbe3707a016657f43d2f853bc" "/opt/rustwide/cargo-home/bin/cargo" "+nightly-2025-01-18" "metadata" "--no-deps" "--format-version=1", kill_on_drop: false }`
[INFO] [stdout] e7ef4ee0a52b6f8d5953eafdc5882e88325dc4884eaf809f24fbe63dc1c20c96
[INFO] running `Command { std: "docker" "start" "-a" "e7ef4ee0a52b6f8d5953eafdc5882e88325dc4884eaf809f24fbe63dc1c20c96", kill_on_drop: false }`
[INFO] running `Command { std: "docker" "inspect" "e7ef4ee0a52b6f8d5953eafdc5882e88325dc4884eaf809f24fbe63dc1c20c96", kill_on_drop: false }`
[INFO] running `Command { std: "docker" "rm" "-f" "e7ef4ee0a52b6f8d5953eafdc5882e88325dc4884eaf809f24fbe63dc1c20c96", kill_on_drop: false }`
[INFO] [stdout] e7ef4ee0a52b6f8d5953eafdc5882e88325dc4884eaf809f24fbe63dc1c20c96
[INFO] running `Command { std: "docker" "create" "-v" "/var/lib/crater-agent-workspace/builds/worker-2-tc1/target:/opt/rustwide/target:rw,Z" "-v" "/var/lib/crater-agent-workspace/builds/worker-2-tc1/source:/opt/rustwide/workdir:ro,Z" "-v" "/var/lib/crater-agent-workspace/cargo-home:/opt/rustwide/cargo-home:ro,Z" "-v" "/var/lib/crater-agent-workspace/rustup-home:/opt/rustwide/rustup-home:ro,Z" "-e" "SOURCE_DIR=/opt/rustwide/workdir" "-e" "CARGO_TARGET_DIR=/opt/rustwide/target" "-e" "CARGO_INCREMENTAL=0" "-e" "RUST_BACKTRACE=full" "-e" "RUSTFLAGS=--cap-lints=forbid" "-e" "RUSTDOCFLAGS=--cap-lints=forbid" "-e" "CARGO_HOME=/opt/rustwide/cargo-home" "-e" "RUSTUP_HOME=/opt/rustwide/rustup-home" "-w" "/opt/rustwide/workdir" "-m" "1610612736" "--user" "0:0" "--network" "none" "ghcr.io/rust-lang/crates-build-env/linux@sha256:819108c5571ea2e421544af4d832f968d213c87fbe3707a016657f43d2f853bc" "/opt/rustwide/cargo-home/bin/cargo" "+nightly-2025-01-18" "build" "--frozen" "--message-format=json", kill_on_drop: false }`
[INFO] [stdout] 22040c212ee8852fc8de5ad3aae2e3490f7249b3356179d2aa6dea79c9517ddd
[INFO] running `Command { std: "docker" "start" "-a" "22040c212ee8852fc8de5ad3aae2e3490f7249b3356179d2aa6dea79c9517ddd", kill_on_drop: false }`
[INFO] [stderr]    Compiling proc-macro2 v1.0.92
[INFO] [stderr]    Compiling unicode-ident v1.0.14
[INFO] [stderr]    Compiling autocfg v1.4.0
[INFO] [stderr]    Compiling once_cell v1.20.2
[INFO] [stderr]    Compiling wasm-bindgen-shared v0.2.97
[INFO] [stderr]    Compiling log v0.4.22
[INFO] [stderr]    Compiling bumpalo v3.16.0
[INFO] [stderr]    Compiling cfg-if v1.0.0
[INFO] [stderr]    Compiling wasm-bindgen v0.2.97
[INFO] [stderr]    Compiling pin-project-lite v0.2.15
[INFO] [stderr]    Compiling smallvec v1.13.2
[INFO] [stderr]    Compiling bytemuck v1.20.0
[INFO] [stderr]    Compiling futures-sink v0.3.31
[INFO] [stderr]    Compiling futures-core v0.3.31
[INFO] [stderr]    Compiling paste v1.0.15
[INFO] [stderr]    Compiling futures-io v0.3.31
[INFO] [stderr]    Compiling memchr v2.7.4
[INFO] [stderr]    Compiling futures-task v0.3.31
[INFO] [stderr]    Compiling arrayvec v0.7.6
[INFO] [stderr]    Compiling pin-utils v0.1.0
[INFO] [stderr]    Compiling typenum v1.17.0
[INFO] [stderr]    Compiling overload v0.1.1
[INFO] [stderr]    Compiling futures-channel v0.3.31
[INFO] [stderr]    Compiling lazy_static v1.5.0
[INFO] [stderr]    Compiling rawpointer v0.2.1
[INFO] [stderr]    Compiling safe_arch v0.7.2
[INFO] [stderr]    Compiling tracing-core v0.1.33
[INFO] [stderr]    Compiling thread_local v1.1.8
[INFO] [stderr]    Compiling sharded-slab v0.1.7
[INFO] [stderr]    Compiling nu-ansi-term v0.46.0
[INFO] [stderr]    Compiling kurbo v0.11.1
[INFO] [stderr]    Compiling num-traits v0.2.19
[INFO] [stderr]    Compiling slab v0.4.9
[INFO] [stderr]    Compiling matrixmultiply v0.3.9
[INFO] [stderr]    Compiling tracing-log v0.2.0
[INFO] [stderr]    Compiling wide v0.7.30
[INFO] [stderr]    Compiling quote v1.0.37
[INFO] [stderr]    Compiling tracing-subscriber v0.3.19
[INFO] [stderr]    Compiling syn v2.0.90
[INFO] [stderr]    Compiling approx v0.5.1
[INFO] [stderr]    Compiling num-complex v0.4.6
[INFO] [stderr]    Compiling num-integer v0.1.46
[INFO] [stderr]    Compiling peniko v0.2.0
[INFO] [stderr]    Compiling num-rational v0.4.2
[INFO] [stderr]    Compiling simba v0.9.0
[INFO] [stderr]    Compiling wasm-bindgen-backend v0.2.97
[INFO] [stderr]    Compiling futures-macro v0.3.31
[INFO] [stderr]    Compiling tracing-attributes v0.1.28
[INFO] [stderr]    Compiling nalgebra-macros v0.2.2
[INFO] [stderr]    Compiling wasm-bindgen-macro-support v0.2.97
[INFO] [stderr]    Compiling futures-util v0.3.31
[INFO] [stderr]    Compiling tracing v0.1.41
[INFO] [stderr]    Compiling xilem_core v0.1.0 (https://github.com/linebender/xilem.git#e0fee742)
[INFO] [stderr]    Compiling wasm-bindgen-macro v0.2.97
[INFO] [stderr]    Compiling js-sys v0.3.74
[INFO] [stderr]    Compiling console_error_panic_hook v0.1.7
[INFO] [stderr]    Compiling nalgebra v0.33.2
[INFO] [stderr]    Compiling futures-executor v0.3.31
[INFO] [stderr]    Compiling futures v0.3.31
[INFO] [stderr]    Compiling web-sys v0.3.74
[INFO] [stderr]    Compiling wasm-bindgen-futures v0.4.47
[INFO] [stderr]    Compiling num-dual v0.10.3
[INFO] [stderr]    Compiling xilem_web v0.1.0 (https://github.com/linebender/xilem.git#e0fee742)
[INFO] [stderr]    Compiling tracing-web v0.1.3
[INFO] [stderr]    Compiling hyperbez_toy v0.1.0 (/opt/rustwide/workdir)
[INFO] [stderr]     Finished `dev` profile [unoptimized + debuginfo] target(s) in 54.90s
[INFO] running `Command { std: "docker" "inspect" "22040c212ee8852fc8de5ad3aae2e3490f7249b3356179d2aa6dea79c9517ddd", kill_on_drop: false }`
[INFO] running `Command { std: "docker" "rm" "-f" "22040c212ee8852fc8de5ad3aae2e3490f7249b3356179d2aa6dea79c9517ddd", kill_on_drop: false }`
[INFO] [stdout] 22040c212ee8852fc8de5ad3aae2e3490f7249b3356179d2aa6dea79c9517ddd
[INFO] running `Command { std: "docker" "create" "-v" "/var/lib/crater-agent-workspace/builds/worker-2-tc1/target:/opt/rustwide/target:rw,Z" "-v" "/var/lib/crater-agent-workspace/builds/worker-2-tc1/source:/opt/rustwide/workdir:ro,Z" "-v" "/var/lib/crater-agent-workspace/cargo-home:/opt/rustwide/cargo-home:ro,Z" "-v" "/var/lib/crater-agent-workspace/rustup-home:/opt/rustwide/rustup-home:ro,Z" "-e" "SOURCE_DIR=/opt/rustwide/workdir" "-e" "CARGO_TARGET_DIR=/opt/rustwide/target" "-e" "CARGO_INCREMENTAL=0" "-e" "RUST_BACKTRACE=full" "-e" "RUSTFLAGS=--cap-lints=forbid" "-e" "RUSTDOCFLAGS=--cap-lints=forbid" "-e" "CARGO_HOME=/opt/rustwide/cargo-home" "-e" "RUSTUP_HOME=/opt/rustwide/rustup-home" "-w" "/opt/rustwide/workdir" "-m" "1610612736" "--user" "0:0" "--network" "none" "ghcr.io/rust-lang/crates-build-env/linux@sha256:819108c5571ea2e421544af4d832f968d213c87fbe3707a016657f43d2f853bc" "/opt/rustwide/cargo-home/bin/cargo" "+nightly-2025-01-18" "test" "--frozen" "--no-run" "--message-format=json", kill_on_drop: false }`
[INFO] [stdout] b29f6e955bfa1209be78d62723113aa07a9fb0a8754a3798641b99397a50f5f7
[INFO] running `Command { std: "docker" "start" "-a" "b29f6e955bfa1209be78d62723113aa07a9fb0a8754a3798641b99397a50f5f7", kill_on_drop: false }`
[INFO] [stderr]    Compiling regex-syntax v0.6.29
[INFO] [stderr]    Compiling regex-syntax v0.8.5
[INFO] [stderr]    Compiling test-log-macros v0.2.15
[INFO] [stderr]    Compiling regex-automata v0.4.9
[INFO] [stderr]    Compiling regex-automata v0.1.10
[INFO] [stderr]    Compiling matchers v0.1.0
[INFO] [stderr]    Compiling regex v1.11.1
[INFO] [stderr]    Compiling tracing-subscriber v0.3.19
[INFO] [stderr]    Compiling tracing-web v0.1.3
[INFO] [stderr]    Compiling test-log v0.2.16
[INFO] [stderr]    Compiling hyperbez_toy v0.1.0 (/opt/rustwide/workdir)
[INFO] [stderr]     Finished `test` profile [unoptimized + debuginfo] target(s) in 12.36s
[INFO] running `Command { std: "docker" "inspect" "b29f6e955bfa1209be78d62723113aa07a9fb0a8754a3798641b99397a50f5f7", kill_on_drop: false }`
[INFO] running `Command { std: "docker" "rm" "-f" "b29f6e955bfa1209be78d62723113aa07a9fb0a8754a3798641b99397a50f5f7", kill_on_drop: false }`
[INFO] [stdout] b29f6e955bfa1209be78d62723113aa07a9fb0a8754a3798641b99397a50f5f7
[INFO] running `Command { std: "docker" "create" "-v" "/var/lib/crater-agent-workspace/builds/worker-2-tc1/target:/opt/rustwide/target:rw,Z" "-v" "/var/lib/crater-agent-workspace/builds/worker-2-tc1/source:/opt/rustwide/workdir:ro,Z" "-v" "/var/lib/crater-agent-workspace/cargo-home:/opt/rustwide/cargo-home:ro,Z" "-v" "/var/lib/crater-agent-workspace/rustup-home:/opt/rustwide/rustup-home:ro,Z" "-e" "SOURCE_DIR=/opt/rustwide/workdir" "-e" "CARGO_TARGET_DIR=/opt/rustwide/target" "-e" "CARGO_INCREMENTAL=0" "-e" "RUST_BACKTRACE=full" "-e" "RUSTFLAGS=--cap-lints=forbid" "-e" "RUSTDOCFLAGS=--cap-lints=forbid" "-e" "CARGO_HOME=/opt/rustwide/cargo-home" "-e" "RUSTUP_HOME=/opt/rustwide/rustup-home" "-w" "/opt/rustwide/workdir" "-m" "1610612736" "--user" "0:0" "--network" "none" "ghcr.io/rust-lang/crates-build-env/linux@sha256:819108c5571ea2e421544af4d832f968d213c87fbe3707a016657f43d2f853bc" "/opt/rustwide/cargo-home/bin/cargo" "+nightly-2025-01-18" "test" "--frozen", kill_on_drop: false }`
[INFO] [stdout] f6c6e076d3ada80136b0541aa150b54944476cc80a046451cbc3841f46b79bba
[INFO] running `Command { std: "docker" "start" "-a" "f6c6e076d3ada80136b0541aa150b54944476cc80a046451cbc3841f46b79bba", kill_on_drop: false }`
[INFO] [stderr]     Finished `test` profile [unoptimized + debuginfo] target(s) in 0.19s
[INFO] [stderr]      Running unittests src/lib.rs (/opt/rustwide/target/debug/deps/hyperbez_toy-9e4da7904cd1f0c1)
[INFO] [stdout] 
[INFO] [stdout] running 28 tests
[INFO] [stdout] test hb::solver::analytic::tests::test2 ... ok
[INFO] [stdout] test hb::render::tests::test2 ... ok
[INFO] [stdout] test hb::solver::analytic::tests::conrtol_test_sym1 ... ok
[INFO] [stdout] test hb::solver::analytic::tests::test5 ... ok
[INFO] [stdout] test hb::solver::analytic::tests::test1 ... ok
[INFO] [stdout] test hb::solver::dual::tests::test1 ... ok
[INFO] [stdout] test hb::solver::analytic::tests::test4 ... ok
[INFO] [stdout] test hb::render::tests::test1 ... ok
[INFO] [stdout] test hb::solver::dual::tests::test8 ... ok
[INFO] [stdout] test hb::solver::analytic::tests::test3 ... ok
[INFO] [stdout] test hb::solver::dual::tests::test4 ... ok
[INFO] [stdout] test hb::solver::dual::tests::test3 ... ok
[INFO] [stdout] test hb::solver::dual::tests::test10 ... ok
[INFO] [stdout] test hb::solver::dual::tests::test7 ... ok
[INFO] [stdout] test hb::solver::dual::tests::test2 ... ok
[INFO] [stdout] test hb::solver::dual::tests::test6 ... ok
[INFO] [stdout] test hb::solver::dual::tests::test12 ... ok
[INFO] [stdout] test hb::tests::test1 ... ok
[INFO] [stdout] test hb::tests::test2 ... ok
[INFO] [stdout] test hb::solver::dual::tests::test5 ... ok
[INFO] [stdout] test utils::tests::test_norm_radians ... ok
[INFO] [stdout] test hb::solver::dual::tests::test13 ... ok
[INFO] [stdout] test hb::solver::dual::tests::test11 ... ok
[INFO] [stdout] test hb::solver::dual::tests::test15 ... ok
[INFO] [stdout] test hb::solver::dual::tests::test1_1 ... ok
[INFO] [stdout] test hb::solver::dual::tests::test9 ... ok
[INFO] [stdout] test hb::render::tests::test2_2 ... FAILED
[INFO] [stdout] test hb::solver::dual::tests::test14 ... ok
[INFO] [stdout] 
[INFO] [stdout] failures:
[INFO] [stdout] 
[INFO] [stdout] ---- hb::render::tests::test2_2 stdout ----
[INFO] [stdout] [2m2025-01-20T07:22:17.423819Z[0m [35mTRACE[0m [2mhyperbez_toy::hb::render[0m[2m:[0m [3mres[0m[2m=[0mOk(Render { params: [[0.30699496599092746, 0.36199089521489675, 0.3513772393879235, 0.6852581752297032]], err: [[-0.0005952289630171137, 0.0006092388829135667, 4.1428953603928065e-5, -1.730416528594736e-6]], iter: 1 })
[INFO] [stdout] [2m2025-01-20T07:22:17.424122Z[0m [35mTRACE[0m [2mhyperbez_toy::hb::render[0m[2m:[0m [3mres[0m[2m=[0mErr(OutOfIteration { guess: [[-0.05742640210807792, -35.88137812840705, -1.9163459688679918, -28.74229344027208]], err: [[2650.371963961114, -2690.456806266811, 6039441.721777351, -6146932.73802323]] })
[INFO] [stdout] 
[INFO] [stdout] thread 'hb::render::tests::test2_2' panicked at src/hb/render.rs:27:68:
[INFO] [stdout] not to hit error: OutOfIteration { guess: [[-0.05742640210807792, -35.88137812840705, -1.9163459688679918, -28.74229344027208]], err: [[2650.371963961114, -2690.456806266811, 6039441.721777351, -6146932.73802323]] }
[INFO] [stdout] stack backtrace:
[INFO] [stdout]    0:     0x5ebe77bd8d1a - std::backtrace_rs::backtrace::libunwind::trace::hb059275cfc8d6126
[INFO] [stdout]                                at /rustc/6067b36314ab5eb2eb47cecc464545ba58e1ad24/library/std/src/../../backtrace/src/backtrace/libunwind.rs:116:5
[INFO] [stdout]    1:     0x5ebe77bd8d1a - std::backtrace_rs::backtrace::trace_unsynchronized::h2da071e4327ce3ee
[INFO] [stdout]                                at /rustc/6067b36314ab5eb2eb47cecc464545ba58e1ad24/library/std/src/../../backtrace/src/backtrace/mod.rs:66:5
[INFO] [stdout]    2:     0x5ebe77bd8d1a - std::sys::backtrace::_print_fmt::h842a1474e6f8d23f
[INFO] [stdout]                                at /rustc/6067b36314ab5eb2eb47cecc464545ba58e1ad24/library/std/src/sys/backtrace.rs:66:9
[INFO] [stdout]    3:     0x5ebe77bd8d1a - <std::sys::backtrace::BacktraceLock::print::DisplayBacktrace as core::fmt::Display>::fmt::h71a62eb3b9696b12
[INFO] [stdout]                                at /rustc/6067b36314ab5eb2eb47cecc464545ba58e1ad24/library/std/src/sys/backtrace.rs:39:26
[INFO] [stdout]    4:     0x5ebe77c03383 - core::fmt::rt::Argument::fmt::hdb6b616786b41dc1
[INFO] [stdout]                                at /rustc/6067b36314ab5eb2eb47cecc464545ba58e1ad24/library/core/src/fmt/rt.rs:177:76
[INFO] [stdout]    5:     0x5ebe77c03383 - core::fmt::write::h2cc1698af7e2d686
[INFO] [stdout]                                at /rustc/6067b36314ab5eb2eb47cecc464545ba58e1ad24/library/core/src/fmt/mod.rs:1440:21
[INFO] [stdout]    6:     0x5ebe77bd5873 - std::io::Write::write_fmt::hab1b4cd059a79022
[INFO] [stdout]                                at /rustc/6067b36314ab5eb2eb47cecc464545ba58e1ad24/library/std/src/io/mod.rs:1887:15
[INFO] [stdout]    7:     0x5ebe77bd8b62 - std::sys::backtrace::BacktraceLock::print::h147fe35b4ea13b08
[INFO] [stdout]                                at /rustc/6067b36314ab5eb2eb47cecc464545ba58e1ad24/library/std/src/sys/backtrace.rs:42:9
[INFO] [stdout]    8:     0x5ebe77bda13f - std::panicking::default_hook::{{closure}}::hbd44223dbdc0d208
[INFO] [stdout]                                at /rustc/6067b36314ab5eb2eb47cecc464545ba58e1ad24/library/std/src/panicking.rs:298:22
[INFO] [stdout]    9:     0x5ebe77bd9f58 - std::panicking::default_hook::h20f81eb0576efcec
[INFO] [stdout]                                at /rustc/6067b36314ab5eb2eb47cecc464545ba58e1ad24/library/std/src/panicking.rs:322:9
[INFO] [stdout]   10:     0x5ebe7793cf13 - <alloc::boxed::Box<F,A> as core::ops::function::Fn<Args>>::call::hdb53814c496a4d34
[INFO] [stdout]                                at /rustc/6067b36314ab5eb2eb47cecc464545ba58e1ad24/library/alloc/src/boxed.rs:2027:9
[INFO] [stdout]   11:     0x5ebe7793cf13 - test::test_main::{{closure}}::hc0a4963c59427c24
[INFO] [stdout]                                at /rustc/6067b36314ab5eb2eb47cecc464545ba58e1ad24/library/test/src/lib.rs:134:21
[INFO] [stdout]   12:     0x5ebe77bdac33 - <alloc::boxed::Box<F,A> as core::ops::function::Fn<Args>>::call::h591b2225413a77e9
[INFO] [stdout]                                at /rustc/6067b36314ab5eb2eb47cecc464545ba58e1ad24/library/alloc/src/boxed.rs:2027:9
[INFO] [stdout]   13:     0x5ebe77bdac33 - std::panicking::rust_panic_with_hook::h625eea43051b2edc
[INFO] [stdout]                                at /rustc/6067b36314ab5eb2eb47cecc464545ba58e1ad24/library/std/src/panicking.rs:839:13
[INFO] [stdout]   14:     0x5ebe77bda8ea - std::panicking::begin_panic_handler::{{closure}}::h4f9159cfbc3f6bd3
[INFO] [stdout]                                at /rustc/6067b36314ab5eb2eb47cecc464545ba58e1ad24/library/std/src/panicking.rs:704:13
[INFO] [stdout]   15:     0x5ebe77bd9219 - std::sys::backtrace::__rust_end_short_backtrace::h0390abce48353151
[INFO] [stdout]                                at /rustc/6067b36314ab5eb2eb47cecc464545ba58e1ad24/library/std/src/sys/backtrace.rs:168:18
[INFO] [stdout]   16:     0x5ebe77bda57d - rust_begin_unwind
[INFO] [stdout]                                at /rustc/6067b36314ab5eb2eb47cecc464545ba58e1ad24/library/std/src/panicking.rs:695:5
[INFO] [stdout]   17:     0x5ebe77c00670 - core::panicking::panic_fmt::h9e7c637e9e5f29c9
[INFO] [stdout]                                at /rustc/6067b36314ab5eb2eb47cecc464545ba58e1ad24/library/core/src/panicking.rs:75:14
[INFO] [stdout]   18:     0x5ebe77c00ae6 - core::result::unwrap_failed::h7979f09313fe1849
[INFO] [stdout]                                at /rustc/6067b36314ab5eb2eb47cecc464545ba58e1ad24/library/core/src/result.rs:1704:5
[INFO] [stdout]   19:     0x5ebe778cab32 - core::result::Result<T,E>::expect::h2fc0f2c6a5db1bb5
[INFO] [stdout]                                at /rustc/6067b36314ab5eb2eb47cecc464545ba58e1ad24/library/core/src/result.rs:1061:23
[INFO] [stdout]   20:     0x5ebe778ac399 - hyperbez_toy::hb::render::<impl hyperbez_toy::hb::HyperbezParams<f64>>::render::h6ba02595c4416098
[INFO] [stdout]                                at /opt/rustwide/workdir/src/hb/render.rs:27:35
[INFO] [stdout]   21:     0x5ebe778bcb1b - hyperbez_toy::hb::render::tests::test2_2::h6fb3f5106a9ca2f0
[INFO] [stdout]                                at /opt/rustwide/workdir/src/hb/render.rs:248:20
[INFO] [stdout]   22:     0x5ebe778bcaa7 - hyperbez_toy::hb::render::tests::test2_2::{{closure}}::h9bccbb78803b7552
[INFO] [stdout]                                at /opt/rustwide/workdir/src/hb/render.rs:246:17
[INFO] [stdout]   23:     0x5ebe778b6976 - core::ops::function::FnOnce::call_once::hdc9ca88ae2ed90f4
[INFO] [stdout]                                at /rustc/6067b36314ab5eb2eb47cecc464545ba58e1ad24/library/core/src/ops/function.rs:250:5
[INFO] [stdout]   24:     0x5ebe7794266b - core::ops::function::FnOnce::call_once::he27718dfdd183f43
[INFO] [stdout]                                at /rustc/6067b36314ab5eb2eb47cecc464545ba58e1ad24/library/core/src/ops/function.rs:250:5
[INFO] [stdout]   25:     0x5ebe7794266b - test::__rust_begin_short_backtrace::h4e84902998457a5d
[INFO] [stdout]                                at /rustc/6067b36314ab5eb2eb47cecc464545ba58e1ad24/library/test/src/lib.rs:632:18
[INFO] [stdout]   26:     0x5ebe779415a3 - test::run_test_in_process::{{closure}}::h7176fd18fc1feca0
[INFO] [stdout]                                at /rustc/6067b36314ab5eb2eb47cecc464545ba58e1ad24/library/test/src/lib.rs:655:60
[INFO] [stdout]   27:     0x5ebe779415a3 - <core::panic::unwind_safe::AssertUnwindSafe<F> as core::ops::function::FnOnce<()>>::call_once::hf79cff2a624d8cf7
[INFO] [stdout]                                at /rustc/6067b36314ab5eb2eb47cecc464545ba58e1ad24/library/core/src/panic/unwind_safe.rs:272:9
[INFO] [stdout]   28:     0x5ebe779415a3 - std::panicking::try::do_call::h3da0561d9ab99c25
[INFO] [stdout]                                at /rustc/6067b36314ab5eb2eb47cecc464545ba58e1ad24/library/std/src/panicking.rs:587:40
[INFO] [stdout]   29:     0x5ebe779415a3 - std::panicking::try::h41c9fa508bc61df6
[INFO] [stdout]                                at /rustc/6067b36314ab5eb2eb47cecc464545ba58e1ad24/library/std/src/panicking.rs:550:19
[INFO] [stdout]   30:     0x5ebe779415a3 - std::panic::catch_unwind::h6b3ff07bb5afad93
[INFO] [stdout]                                at /rustc/6067b36314ab5eb2eb47cecc464545ba58e1ad24/library/std/src/panic.rs:358:14
[INFO] [stdout]   31:     0x5ebe779415a3 - test::run_test_in_process::hc7253dd11b39b9f4
[INFO] [stdout]                                at /rustc/6067b36314ab5eb2eb47cecc464545ba58e1ad24/library/test/src/lib.rs:655:27
[INFO] [stdout]   32:     0x5ebe779415a3 - test::run_test::{{closure}}::hfb2007f8649c30bb
[INFO] [stdout]                                at /rustc/6067b36314ab5eb2eb47cecc464545ba58e1ad24/library/test/src/lib.rs:576:43
[INFO] [stdout]   33:     0x5ebe77904685 - test::run_test::{{closure}}::h56a17aa7a282a9f4
[INFO] [stdout]                                at /rustc/6067b36314ab5eb2eb47cecc464545ba58e1ad24/library/test/src/lib.rs:606:41
[INFO] [stdout]   34:     0x5ebe77904685 - std::sys::backtrace::__rust_begin_short_backtrace::hd2d2d2fb8e8c6aac
[INFO] [stdout]                                at /rustc/6067b36314ab5eb2eb47cecc464545ba58e1ad24/library/std/src/sys/backtrace.rs:152:18
[INFO] [stdout]   35:     0x5ebe77907f6a - std::thread::Builder::spawn_unchecked_::{{closure}}::{{closure}}::h4faa3f9db6133423
[INFO] [stdout]                                at /rustc/6067b36314ab5eb2eb47cecc464545ba58e1ad24/library/std/src/thread/mod.rs:559:17
[INFO] [stdout]   36:     0x5ebe77907f6a - <core::panic::unwind_safe::AssertUnwindSafe<F> as core::ops::function::FnOnce<()>>::call_once::hf2e855a36a4ea846
[INFO] [stdout]                                at /rustc/6067b36314ab5eb2eb47cecc464545ba58e1ad24/library/core/src/panic/unwind_safe.rs:272:9
[INFO] [stdout]   37:     0x5ebe77907f6a - std::panicking::try::do_call::h2f73af3616c35465
[INFO] [stdout]                                at /rustc/6067b36314ab5eb2eb47cecc464545ba58e1ad24/library/std/src/panicking.rs:587:40
[INFO] [stdout]   38:     0x5ebe77907f6a - std::panicking::try::hd1660ce9efadef5a
[INFO] [stdout]                                at /rustc/6067b36314ab5eb2eb47cecc464545ba58e1ad24/library/std/src/panicking.rs:550:19
[INFO] [stdout]   39:     0x5ebe77907f6a - std::panic::catch_unwind::h5ee8d7823b8ca744
[INFO] [stdout]                                at /rustc/6067b36314ab5eb2eb47cecc464545ba58e1ad24/library/std/src/panic.rs:358:14
[INFO] [stdout]   40:     0x5ebe77907f6a - std::thread::Builder::spawn_unchecked_::{{closure}}::h53c3a1894dce8407
[INFO] [stdout]                                at /rustc/6067b36314ab5eb2eb47cecc464545ba58e1ad24/library/std/src/thread/mod.rs:557:30
[INFO] [stdout]   41:     0x5ebe77907f6a - core::ops::function::FnOnce::call_once{{vtable.shim}}::h048ce291ad4f62bf
[INFO] [stdout]                                at /rustc/6067b36314ab5eb2eb47cecc464545ba58e1ad24/library/core/src/ops/function.rs:250:5
[INFO] [stdout]   42:     0x5ebe77bdeb6b - <alloc::boxed::Box<F,A> as core::ops::function::FnOnce<Args>>::call_once::ha52bedf99a3b4981
[INFO] [stdout]                                at /rustc/6067b36314ab5eb2eb47cecc464545ba58e1ad24/library/alloc/src/boxed.rs:2013:9
[INFO] [stdout]   43:     0x5ebe77bdeb6b - <alloc::boxed::Box<F,A> as core::ops::function::FnOnce<Args>>::call_once::h567748934d80ccf8
[INFO] [stdout]                                at /rustc/6067b36314ab5eb2eb47cecc464545ba58e1ad24/library/alloc/src/boxed.rs:2013:9
[INFO] [stdout]   44:     0x5ebe77bdeb6b - std::sys::pal::unix::thread::Thread::new::thread_start::h2d970728ae887adc
[INFO] [stdout]                                at /rustc/6067b36314ab5eb2eb47cecc464545ba58e1ad24/library/std/src/sys/pal/unix/thread.rs:106:17
[INFO] [stdout]   45:     0x7a9c30f2bac3 - <unknown>
[INFO] [stdout]   46:     0x7a9c30fbca04 - clone
[INFO] [stdout]   47:                0x0 - <unknown>
[INFO] [stdout] 
[INFO] [stdout] 
[INFO] [stdout] failures:
[INFO] [stdout]     hb::render::tests::test2_2
[INFO] [stdout] 
[INFO] [stdout] test result: FAILED. 27 passed; 1 failed; 0 ignored; 0 measured; 0 filtered out; finished in 0.24s
[INFO] [stdout] 
[INFO] [stderr] error: test failed, to rerun pass `--lib`
[INFO] running `Command { std: "docker" "inspect" "f6c6e076d3ada80136b0541aa150b54944476cc80a046451cbc3841f46b79bba", kill_on_drop: false }`
[INFO] running `Command { std: "docker" "rm" "-f" "f6c6e076d3ada80136b0541aa150b54944476cc80a046451cbc3841f46b79bba", kill_on_drop: false }`
[INFO] [stdout] f6c6e076d3ada80136b0541aa150b54944476cc80a046451cbc3841f46b79bba
