[INFO] cloning repository https://github.com/Quozul/McServer
[INFO] running `Command { std: "git" "-c" "credential.helper=" "-c" "credential.helper=/workspace/cargo-home/bin/git-credential-null" "clone" "--bare" "https://github.com/Quozul/McServer" "/workspace/cache/git-repos/https%3A%2F%2Fgithub.com%2FQuozul%2FMcServer", kill_on_drop: false }`
[INFO] [stderr] Cloning into bare repository '/workspace/cache/git-repos/https%3A%2F%2Fgithub.com%2FQuozul%2FMcServer'...
[INFO] running `Command { std: "git" "rev-parse" "HEAD", kill_on_drop: false }`
[INFO] [stdout] a577abbe497d1af898116b3b2623227e7de4ea6d
[INFO] testing Quozul/McServer against nightly-2025-01-18+rustflags=-Zrandomize-layout for randomize-layout-2
[INFO] running `Command { std: "git" "clone" "/workspace/cache/git-repos/https%3A%2F%2Fgithub.com%2FQuozul%2FMcServer" "/workspace/builds/worker-7-tc2/source", kill_on_drop: false }`
[INFO] [stderr] Cloning into '/workspace/builds/worker-7-tc2/source'...
[INFO] [stderr] done.
[INFO] validating manifest of git repo https://github.com/Quozul/McServer on toolchain nightly-2025-01-18
[INFO] running `Command { std: CARGO_HOME="/workspace/cargo-home" RUSTUP_HOME="/workspace/rustup-home" "/workspace/cargo-home/bin/cargo" "+nightly-2025-01-18" "metadata" "--manifest-path" "Cargo.toml" "--no-deps", kill_on_drop: false }`
[INFO] started tweaking git repo https://github.com/Quozul/McServer
[INFO] finished tweaking git repo https://github.com/Quozul/McServer
[INFO] tweaked toml for git repo https://github.com/Quozul/McServer written to /workspace/builds/worker-7-tc2/source/Cargo.toml
[INFO] crate git repo https://github.com/Quozul/McServer already has a lockfile, it will not be regenerated
[INFO] running `Command { std: CARGO_HOME="/workspace/cargo-home" RUSTUP_HOME="/workspace/rustup-home" "/workspace/cargo-home/bin/cargo" "+nightly-2025-01-18" "fetch" "--manifest-path" "Cargo.toml", kill_on_drop: false }`
[INFO] running `Command { std: "docker" "create" "-v" "/var/lib/crater-agent-workspace/builds/worker-7-tc2/target:/opt/rustwide/target:rw,Z" "-v" "/var/lib/crater-agent-workspace/builds/worker-7-tc2/source:/opt/rustwide/workdir:ro,Z" "-v" "/var/lib/crater-agent-workspace/cargo-home:/opt/rustwide/cargo-home:ro,Z" "-v" "/var/lib/crater-agent-workspace/rustup-home:/opt/rustwide/rustup-home:ro,Z" "-e" "SOURCE_DIR=/opt/rustwide/workdir" "-e" "CARGO_TARGET_DIR=/opt/rustwide/target" "-e" "CARGO_HOME=/opt/rustwide/cargo-home" "-e" "RUSTUP_HOME=/opt/rustwide/rustup-home" "-w" "/opt/rustwide/workdir" "-m" "1610612736" "--user" "0:0" "--network" "none" "ghcr.io/rust-lang/crates-build-env/linux@sha256:819108c5571ea2e421544af4d832f968d213c87fbe3707a016657f43d2f853bc" "/opt/rustwide/cargo-home/bin/cargo" "+nightly-2025-01-18" "metadata" "--no-deps" "--format-version=1", kill_on_drop: false }`
[INFO] [stdout] 9dd61eb152d1ebdb99e738fdd7273765c97803adbdc3d741ad55cd7106543104
[INFO] running `Command { std: "docker" "start" "-a" "9dd61eb152d1ebdb99e738fdd7273765c97803adbdc3d741ad55cd7106543104", kill_on_drop: false }`
[INFO] running `Command { std: "docker" "inspect" "9dd61eb152d1ebdb99e738fdd7273765c97803adbdc3d741ad55cd7106543104", kill_on_drop: false }`
[INFO] running `Command { std: "docker" "rm" "-f" "9dd61eb152d1ebdb99e738fdd7273765c97803adbdc3d741ad55cd7106543104", kill_on_drop: false }`
[INFO] [stdout] 9dd61eb152d1ebdb99e738fdd7273765c97803adbdc3d741ad55cd7106543104
[INFO] running `Command { std: "docker" "create" "-v" "/var/lib/crater-agent-workspace/builds/worker-7-tc2/target:/opt/rustwide/target:rw,Z" "-v" "/var/lib/crater-agent-workspace/builds/worker-7-tc2/source:/opt/rustwide/workdir:ro,Z" "-v" "/var/lib/crater-agent-workspace/cargo-home:/opt/rustwide/cargo-home:ro,Z" "-v" "/var/lib/crater-agent-workspace/rustup-home:/opt/rustwide/rustup-home:ro,Z" "-e" "SOURCE_DIR=/opt/rustwide/workdir" "-e" "CARGO_TARGET_DIR=/opt/rustwide/target" "-e" "CARGO_INCREMENTAL=0" "-e" "RUST_BACKTRACE=full" "-e" "RUSTFLAGS=--cap-lints=forbid -Zrandomize-layout" "-e" "RUSTDOCFLAGS=--cap-lints=forbid" "-e" "CARGO_HOME=/opt/rustwide/cargo-home" "-e" "RUSTUP_HOME=/opt/rustwide/rustup-home" "-w" "/opt/rustwide/workdir" "-m" "1610612736" "--user" "0:0" "--network" "none" "ghcr.io/rust-lang/crates-build-env/linux@sha256:819108c5571ea2e421544af4d832f968d213c87fbe3707a016657f43d2f853bc" "/opt/rustwide/cargo-home/bin/cargo" "+nightly-2025-01-18" "build" "--frozen" "--message-format=json", kill_on_drop: false }`
[INFO] [stdout] f45e7fb01628fa3071817f8e310a21a6a84ef3e651f874fd1a4dd865e46aaa94
[INFO] running `Command { std: "docker" "start" "-a" "f45e7fb01628fa3071817f8e310a21a6a84ef3e651f874fd1a4dd865e46aaa94", kill_on_drop: false }`
[INFO] [stderr]    Compiling proc-macro2 v1.0.92
[INFO] [stderr]    Compiling unicode-ident v1.0.14
[INFO] [stderr]    Compiling cfg-if v1.0.0
[INFO] [stderr]    Compiling libc v0.2.167
[INFO] [stderr]    Compiling once_cell v1.20.2
[INFO] [stderr]    Compiling serde v1.0.215
[INFO] [stderr]    Compiling serde_json v1.0.133
[INFO] [stderr]    Compiling adler2 v2.0.0
[INFO] [stderr]    Compiling thiserror v2.0.5
[INFO] [stderr]    Compiling byteorder v1.5.0
[INFO] [stderr]    Compiling utf8parse v0.2.2
[INFO] [stderr]    Compiling anstyle-query v1.1.2
[INFO] [stderr]    Compiling pin-project-lite v0.2.15
[INFO] [stderr]    Compiling regex-syntax v0.8.5
[INFO] [stderr]    Compiling regex-syntax v0.6.29
[INFO] [stderr]    Compiling memchr v2.7.4
[INFO] [stderr]    Compiling crc32fast v1.4.2
[INFO] [stderr]    Compiling anstyle v1.0.10
[INFO] [stderr]    Compiling is_terminal_polyfill v1.70.1
[INFO] [stderr]    Compiling miniz_oxide v0.8.0
[INFO] [stderr]    Compiling anstyle-parse v0.2.6
[INFO] [stderr]    Compiling itoa v1.0.14
[INFO] [stderr]    Compiling ryu v1.0.18
[INFO] [stderr]    Compiling tracing-core v0.1.33
[INFO] [stderr]    Compiling colorchoice v1.0.3
[INFO] [stderr]    Compiling strsim v0.11.1
[INFO] [stderr]    Compiling heck v0.5.0
[INFO] [stderr]    Compiling clap_lex v0.7.4
[INFO] [stderr]    Compiling lazy_static v1.5.0
[INFO] [stderr]    Compiling anstream v0.6.18
[INFO] [stderr]    Compiling overload v0.1.1
[INFO] [stderr]    Compiling log v0.4.22
[INFO] [stderr]    Compiling sharded-slab v0.1.7
[INFO] [stderr]    Compiling nu-ansi-term v0.46.0
[INFO] [stderr]    Compiling thread_local v1.1.8
[INFO] [stderr]    Compiling smallvec v1.13.2
[INFO] [stderr]    Compiling bytes v1.9.0
[INFO] [stderr]    Compiling clap_builder v4.5.23
[INFO] [stderr]    Compiling flate2 v1.0.35
[INFO] [stderr]    Compiling same-file v1.0.6
[INFO] [stderr]    Compiling quote v1.0.37
[INFO] [stderr]    Compiling walkdir v2.5.0
[INFO] [stderr]    Compiling tracing-log v0.2.0
[INFO] [stderr]    Compiling syn v2.0.90
[INFO] [stderr]    Compiling getrandom v0.2.15
[INFO] [stderr]    Compiling mio v1.0.3
[INFO] [stderr]    Compiling socket2 v0.5.8
[INFO] [stderr]    Compiling rand_core v0.6.4
[INFO] [stderr]    Compiling uuid v1.11.0
[INFO] [stderr]    Compiling regex-automata v0.4.9
[INFO] [stderr]    Compiling regex-automata v0.1.10
[INFO] [stderr]    Compiling matchers v0.1.0
[INFO] [stderr]    Compiling regex v1.11.1
[INFO] [stderr]    Compiling serde_derive v1.0.215
[INFO] [stderr]    Compiling zerocopy-derive v0.7.35
[INFO] [stderr]    Compiling thiserror-impl v2.0.5
[INFO] [stderr]    Compiling tracing-attributes v0.1.28
[INFO] [stderr]    Compiling packet_in v0.1.0 (/opt/rustwide/workdir/protocol/packet_in)
[INFO] [stderr]    Compiling clap_derive v4.5.18
[INFO] [stderr]    Compiling packet_id_macro v0.1.0 (/opt/rustwide/workdir/protocol/packet_id_macro)
[INFO] [stderr]    Compiling tokio-macros v2.4.0
[INFO] [stderr]    Compiling packet_out v0.1.0 (/opt/rustwide/workdir/protocol/packet_out)
[INFO] [stderr]    Compiling tokio v1.42.0
[INFO] [stderr]    Compiling zerocopy v0.7.35
[INFO] [stderr]    Compiling tracing v0.1.41
[INFO] [stderr]    Compiling clap v4.5.23
[INFO] [stderr]    Compiling tracing-subscriber v0.3.19
[INFO] [stderr]    Compiling ppv-lite86 v0.2.20
[INFO] [stderr]    Compiling rand_chacha v0.3.1
[INFO] [stderr]    Compiling rand v0.8.5
[INFO] [stderr]    Compiling nbt v0.1.0 (/opt/rustwide/workdir/protocol/nbt)
[INFO] [stderr]    Compiling protocol v0.1.0 (/opt/rustwide/workdir/protocol/protocol)
[INFO] [stderr]    Compiling server v0.1.0 (/opt/rustwide/workdir/server)
[INFO] [stdout] warning: field `known_packs` is never read
[INFO] [stdout]  --> server/src/packets/configuration/client_known_packs_packet.rs:7:5
[INFO] [stdout]   |
[INFO] [stdout] 6 | pub struct ClientKnownPacksPacket {
[INFO] [stdout]   |            ---------------------- field in this struct
[INFO] [stdout] 7 |     known_packs: LengthPaddedVec<KnownPack>,
[INFO] [stdout]   |     ^^^^^^^^^^^
[INFO] [stdout]   |
[INFO] [stdout]   = note: `ClientKnownPacksPacket` has a derived impl for the trait `Debug`, but this is intentionally ignored during dead code analysis
[INFO] [stdout]   = note: `#[warn(dead_code)]` on by default
[INFO] [stdout] 
[INFO] [stdout] 
[INFO] [stdout] warning: multiple fields are never read
[INFO] [stdout]   --> server/src/packets/configuration/server_bound_information_packet.rs:6:5
[INFO] [stdout]    |
[INFO] [stdout] 5  | pub struct ServerBoundInformationPacket {
[INFO] [stdout]    |            ---------------------------- fields in this struct
[INFO] [stdout] 6  |     locale: String,
[INFO] [stdout]    |     ^^^^^^
[INFO] [stdout] 7  |     view_distance: i8,
[INFO] [stdout]    |     ^^^^^^^^^^^^^
[INFO] [stdout] 8  |     chat_mode: VarInt,
[INFO] [stdout]    |     ^^^^^^^^^
[INFO] [stdout] 9  |     chat_colors: bool,
[INFO] [stdout]    |     ^^^^^^^^^^^
[INFO] [stdout] 10 |     displayed_skin_parts: u8,
[INFO] [stdout]    |     ^^^^^^^^^^^^^^^^^^^^
[INFO] [stdout] 11 |     main_hand: VarInt,
[INFO] [stdout]    |     ^^^^^^^^^
[INFO] [stdout] 12 |     enable_text_filtering: bool,
[INFO] [stdout]    |     ^^^^^^^^^^^^^^^^^^^^^
[INFO] [stdout] 13 |     allow_server_listings: bool,
[INFO] [stdout]    |     ^^^^^^^^^^^^^^^^^^^^^
[INFO] [stdout]    |
[INFO] [stdout]    = note: `ServerBoundInformationPacket` has a derived impl for the trait `Debug`, but this is intentionally ignored during dead code analysis
[INFO] [stdout] 
[INFO] [stdout] 
[INFO] [stdout] warning: fields `channel` and `data` are never read
[INFO] [stdout]  --> server/src/packets/configuration/server_bound_plugin_message_packet.rs:6:5
[INFO] [stdout]   |
[INFO] [stdout] 5 | pub struct ServerBoundPluginMessagePacket {
[INFO] [stdout]   |            ------------------------------ fields in this struct
[INFO] [stdout] 6 |     channel: Identifier,
[INFO] [stdout]   |     ^^^^^^^
[INFO] [stdout] 7 |     data: LengthPaddedVec<i8>,
[INFO] [stdout]   |     ^^^^
[INFO] [stdout]   |
[INFO] [stdout]   = note: `ServerBoundPluginMessagePacket` has a derived impl for the trait `Debug`, but this is intentionally ignored during dead code analysis
[INFO] [stdout] 
[INFO] [stdout] 
[INFO] [stdout] warning: fields `protocol`, `hostname`, and `port` are never read
[INFO] [stdout]   --> server/src/packets/handshaking/handshake_packet.rs:8:5
[INFO] [stdout]    |
[INFO] [stdout] 7  | pub struct HandshakePacket {
[INFO] [stdout]    |            --------------- fields in this struct
[INFO] [stdout] 8  |     protocol: VarInt,
[INFO] [stdout]    |     ^^^^^^^^
[INFO] [stdout] 9  |     hostname: String,
[INFO] [stdout]    |     ^^^^^^^^
[INFO] [stdout] 10 |     port: u16,
[INFO] [stdout]    |     ^^^^
[INFO] [stdout]    |
[INFO] [stdout]    = note: `HandshakePacket` has a derived impl for the trait `Debug`, but this is intentionally ignored during dead code analysis
[INFO] [stdout] 
[INFO] [stdout] 
[INFO] [stdout] warning: field `id` is never read
[INFO] [stdout]  --> server/src/packets/play/server_bound_keep_alive_packet.rs:6:5
[INFO] [stdout]   |
[INFO] [stdout] 5 | pub struct ServerBoundKeepAlivePacket {
[INFO] [stdout]   |            -------------------------- field in this struct
[INFO] [stdout] 6 |     id: i64,
[INFO] [stdout]   |     ^^
[INFO] [stdout]   |
[INFO] [stdout]   = note: `ServerBoundKeepAlivePacket` has a derived impl for the trait `Debug`, but this is intentionally ignored during dead code analysis
[INFO] [stdout] 
[INFO] [stdout] 
[INFO] [stdout] warning: field `on_ground` is never read
[INFO] [stdout]  --> server/src/packets/play/set_player_position_packet.rs:9:5
[INFO] [stdout]   |
[INFO] [stdout] 5 | pub struct SetPlayerPositionPacket {
[INFO] [stdout]   |            ----------------------- field in this struct
[INFO] [stdout] ...
[INFO] [stdout] 9 |     on_ground: bool,
[INFO] [stdout]   |     ^^^^^^^^^
[INFO] [stdout]   |
[INFO] [stdout]   = note: `SetPlayerPositionPacket` has a derived impl for the trait `Debug`, but this is intentionally ignored during dead code analysis
[INFO] [stdout] 
[INFO] [stdout] 
[INFO] [stdout] warning: field `on_ground` is never read
[INFO] [stdout]   --> server/src/packets/play/set_player_position_packet.rs:20:5
[INFO] [stdout]    |
[INFO] [stdout] 14 | pub struct SetPlayerPositionAndRotationPacket {
[INFO] [stdout]    |            ---------------------------------- field in this struct
[INFO] [stdout] ...
[INFO] [stdout] 20 |     on_ground: bool,
[INFO] [stdout]    |     ^^^^^^^^^
[INFO] [stdout]    |
[INFO] [stdout]    = note: `SetPlayerPositionAndRotationPacket` has a derived impl for the trait `Debug`, but this is intentionally ignored during dead code analysis
[INFO] [stdout] 
[INFO] [stdout] 
[INFO] [stdout] warning: fields `x`, `y`, `z`, `yaw`, and `pitch` are never read
[INFO] [stdout]   --> server/src/state/handle_play_state.rs:12:9
[INFO] [stdout]    |
[INFO] [stdout] 11 |     UpdatePositionAndRotation {
[INFO] [stdout]    |     ------------------------- fields in this variant
[INFO] [stdout] 12 |         x: Option<f64>,
[INFO] [stdout]    |         ^
[INFO] [stdout] 13 |         y: Option<f64>,
[INFO] [stdout]    |         ^
[INFO] [stdout] 14 |         z: Option<f64>,
[INFO] [stdout]    |         ^
[INFO] [stdout] 15 |         yaw: Option<f32>,
[INFO] [stdout]    |         ^^^
[INFO] [stdout] 16 |         pitch: Option<f32>,
[INFO] [stdout]    |         ^^^^^
[INFO] [stdout] 
[INFO] [stdout] 
[INFO] [stderr]     Finished `dev` profile [unoptimized + debuginfo] target(s) in 24.94s
[INFO] running `Command { std: "docker" "inspect" "f45e7fb01628fa3071817f8e310a21a6a84ef3e651f874fd1a4dd865e46aaa94", kill_on_drop: false }`
[INFO] running `Command { std: "docker" "rm" "-f" "f45e7fb01628fa3071817f8e310a21a6a84ef3e651f874fd1a4dd865e46aaa94", kill_on_drop: false }`
[INFO] [stdout] f45e7fb01628fa3071817f8e310a21a6a84ef3e651f874fd1a4dd865e46aaa94
[INFO] running `Command { std: "docker" "create" "-v" "/var/lib/crater-agent-workspace/builds/worker-7-tc2/target:/opt/rustwide/target:rw,Z" "-v" "/var/lib/crater-agent-workspace/builds/worker-7-tc2/source:/opt/rustwide/workdir:ro,Z" "-v" "/var/lib/crater-agent-workspace/cargo-home:/opt/rustwide/cargo-home:ro,Z" "-v" "/var/lib/crater-agent-workspace/rustup-home:/opt/rustwide/rustup-home:ro,Z" "-e" "SOURCE_DIR=/opt/rustwide/workdir" "-e" "CARGO_TARGET_DIR=/opt/rustwide/target" "-e" "CARGO_INCREMENTAL=0" "-e" "RUST_BACKTRACE=full" "-e" "RUSTFLAGS=--cap-lints=forbid -Zrandomize-layout" "-e" "RUSTDOCFLAGS=--cap-lints=forbid" "-e" "CARGO_HOME=/opt/rustwide/cargo-home" "-e" "RUSTUP_HOME=/opt/rustwide/rustup-home" "-w" "/opt/rustwide/workdir" "-m" "1610612736" "--user" "0:0" "--network" "none" "ghcr.io/rust-lang/crates-build-env/linux@sha256:819108c5571ea2e421544af4d832f968d213c87fbe3707a016657f43d2f853bc" "/opt/rustwide/cargo-home/bin/cargo" "+nightly-2025-01-18" "test" "--frozen" "--no-run" "--message-format=json", kill_on_drop: false }`
[INFO] [stdout] 384a8f82cc0c9b7351b09e6a9e260bf12615ba5ee8600fde6c9b1157d8e91aea
[INFO] running `Command { std: "docker" "start" "-a" "384a8f82cc0c9b7351b09e6a9e260bf12615ba5ee8600fde6c9b1157d8e91aea", kill_on_drop: false }`
[INFO] [stderr]    Compiling packet_in v0.1.0 (/opt/rustwide/workdir/protocol/packet_in)
[INFO] [stderr]    Compiling packet_out v0.1.0 (/opt/rustwide/workdir/protocol/packet_out)
[INFO] [stderr]    Compiling packet_id_macro v0.1.0 (/opt/rustwide/workdir/protocol/packet_id_macro)
[INFO] [stderr]    Compiling nbt v0.1.0 (/opt/rustwide/workdir/protocol/nbt)
[INFO] [stderr]    Compiling protocol v0.1.0 (/opt/rustwide/workdir/protocol/protocol)
[INFO] [stderr]    Compiling server v0.1.0 (/opt/rustwide/workdir/server)
[INFO] [stdout] warning: field `known_packs` is never read
[INFO] [stdout]  --> server/src/packets/configuration/client_known_packs_packet.rs:7:5
[INFO] [stdout]   |
[INFO] [stdout] 6 | pub struct ClientKnownPacksPacket {
[INFO] [stdout]   |            ---------------------- field in this struct
[INFO] [stdout] 7 |     known_packs: LengthPaddedVec<KnownPack>,
[INFO] [stdout]   |     ^^^^^^^^^^^
[INFO] [stdout]   |
[INFO] [stdout]   = note: `ClientKnownPacksPacket` has a derived impl for the trait `Debug`, but this is intentionally ignored during dead code analysis
[INFO] [stdout]   = note: `#[warn(dead_code)]` on by default
[INFO] [stdout] 
[INFO] [stdout] 
[INFO] [stdout] warning: multiple fields are never read
[INFO] [stdout]   --> server/src/packets/configuration/server_bound_information_packet.rs:6:5
[INFO] [stdout]    |
[INFO] [stdout] 5  | pub struct ServerBoundInformationPacket {
[INFO] [stdout]    |            ---------------------------- fields in this struct
[INFO] [stdout] 6  |     locale: String,
[INFO] [stdout]    |     ^^^^^^
[INFO] [stdout] 7  |     view_distance: i8,
[INFO] [stdout]    |     ^^^^^^^^^^^^^
[INFO] [stdout] 8  |     chat_mode: VarInt,
[INFO] [stdout]    |     ^^^^^^^^^
[INFO] [stdout] 9  |     chat_colors: bool,
[INFO] [stdout]    |     ^^^^^^^^^^^
[INFO] [stdout] 10 |     displayed_skin_parts: u8,
[INFO] [stdout]    |     ^^^^^^^^^^^^^^^^^^^^
[INFO] [stdout] 11 |     main_hand: VarInt,
[INFO] [stdout]    |     ^^^^^^^^^
[INFO] [stdout] 12 |     enable_text_filtering: bool,
[INFO] [stdout]    |     ^^^^^^^^^^^^^^^^^^^^^
[INFO] [stdout] 13 |     allow_server_listings: bool,
[INFO] [stdout]    |     ^^^^^^^^^^^^^^^^^^^^^
[INFO] [stdout]    |
[INFO] [stdout]    = note: `ServerBoundInformationPacket` has a derived impl for the trait `Debug`, but this is intentionally ignored during dead code analysis
[INFO] [stdout] 
[INFO] [stdout] 
[INFO] [stdout] warning: fields `channel` and `data` are never read
[INFO] [stdout]  --> server/src/packets/configuration/server_bound_plugin_message_packet.rs:6:5
[INFO] [stdout]   |
[INFO] [stdout] 5 | pub struct ServerBoundPluginMessagePacket {
[INFO] [stdout]   |            ------------------------------ fields in this struct
[INFO] [stdout] 6 |     channel: Identifier,
[INFO] [stdout]   |     ^^^^^^^
[INFO] [stdout] 7 |     data: LengthPaddedVec<i8>,
[INFO] [stdout]   |     ^^^^
[INFO] [stdout]   |
[INFO] [stdout]   = note: `ServerBoundPluginMessagePacket` has a derived impl for the trait `Debug`, but this is intentionally ignored during dead code analysis
[INFO] [stdout] 
[INFO] [stdout] 
[INFO] [stdout] warning: fields `protocol`, `hostname`, and `port` are never read
[INFO] [stdout]   --> server/src/packets/handshaking/handshake_packet.rs:8:5
[INFO] [stdout]    |
[INFO] [stdout] 7  | pub struct HandshakePacket {
[INFO] [stdout]    |            --------------- fields in this struct
[INFO] [stdout] 8  |     protocol: VarInt,
[INFO] [stdout]    |     ^^^^^^^^
[INFO] [stdout] 9  |     hostname: String,
[INFO] [stdout]    |     ^^^^^^^^
[INFO] [stdout] 10 |     port: u16,
[INFO] [stdout]    |     ^^^^
[INFO] [stdout]    |
[INFO] [stdout]    = note: `HandshakePacket` has a derived impl for the trait `Debug`, but this is intentionally ignored during dead code analysis
[INFO] [stdout] 
[INFO] [stdout] 
[INFO] [stdout] warning: field `id` is never read
[INFO] [stdout]  --> server/src/packets/play/server_bound_keep_alive_packet.rs:6:5
[INFO] [stdout]   |
[INFO] [stdout] 5 | pub struct ServerBoundKeepAlivePacket {
[INFO] [stdout]   |            -------------------------- field in this struct
[INFO] [stdout] 6 |     id: i64,
[INFO] [stdout]   |     ^^
[INFO] [stdout]   |
[INFO] [stdout]   = note: `ServerBoundKeepAlivePacket` has a derived impl for the trait `Debug`, but this is intentionally ignored during dead code analysis
[INFO] [stdout] 
[INFO] [stdout] 
[INFO] [stdout] warning: field `on_ground` is never read
[INFO] [stdout]  --> server/src/packets/play/set_player_position_packet.rs:9:5
[INFO] [stdout]   |
[INFO] [stdout] 5 | pub struct SetPlayerPositionPacket {
[INFO] [stdout]   |            ----------------------- field in this struct
[INFO] [stdout] ...
[INFO] [stdout] 9 |     on_ground: bool,
[INFO] [stdout]   |     ^^^^^^^^^
[INFO] [stdout]   |
[INFO] [stdout]   = note: `SetPlayerPositionPacket` has a derived impl for the trait `Debug`, but this is intentionally ignored during dead code analysis
[INFO] [stdout] 
[INFO] [stdout] 
[INFO] [stdout] warning: field `on_ground` is never read
[INFO] [stdout]   --> server/src/packets/play/set_player_position_packet.rs:20:5
[INFO] [stdout]    |
[INFO] [stdout] 14 | pub struct SetPlayerPositionAndRotationPacket {
[INFO] [stdout]    |            ---------------------------------- field in this struct
[INFO] [stdout] ...
[INFO] [stdout] 20 |     on_ground: bool,
[INFO] [stdout]    |     ^^^^^^^^^
[INFO] [stdout]    |
[INFO] [stdout]    = note: `SetPlayerPositionAndRotationPacket` has a derived impl for the trait `Debug`, but this is intentionally ignored during dead code analysis
[INFO] [stdout] 
[INFO] [stdout] 
[INFO] [stdout] warning: fields `x`, `y`, `z`, `yaw`, and `pitch` are never read
[INFO] [stdout]   --> server/src/state/handle_play_state.rs:12:9
[INFO] [stdout]    |
[INFO] [stdout] 11 |     UpdatePositionAndRotation {
[INFO] [stdout]    |     ------------------------- fields in this variant
[INFO] [stdout] 12 |         x: Option<f64>,
[INFO] [stdout]    |         ^
[INFO] [stdout] 13 |         y: Option<f64>,
[INFO] [stdout]    |         ^
[INFO] [stdout] 14 |         z: Option<f64>,
[INFO] [stdout]    |         ^
[INFO] [stdout] 15 |         yaw: Option<f32>,
[INFO] [stdout]    |         ^^^
[INFO] [stdout] 16 |         pitch: Option<f32>,
[INFO] [stdout]    |         ^^^^^
[INFO] [stdout] 
[INFO] [stdout] 
[INFO] [stderr]     Finished `test` profile [unoptimized + debuginfo] target(s) in 2.09s
[INFO] running `Command { std: "docker" "inspect" "384a8f82cc0c9b7351b09e6a9e260bf12615ba5ee8600fde6c9b1157d8e91aea", kill_on_drop: false }`
[INFO] running `Command { std: "docker" "rm" "-f" "384a8f82cc0c9b7351b09e6a9e260bf12615ba5ee8600fde6c9b1157d8e91aea", kill_on_drop: false }`
[INFO] [stdout] 384a8f82cc0c9b7351b09e6a9e260bf12615ba5ee8600fde6c9b1157d8e91aea
[INFO] running `Command { std: "docker" "create" "-v" "/var/lib/crater-agent-workspace/builds/worker-7-tc2/target:/opt/rustwide/target:rw,Z" "-v" "/var/lib/crater-agent-workspace/builds/worker-7-tc2/source:/opt/rustwide/workdir:ro,Z" "-v" "/var/lib/crater-agent-workspace/cargo-home:/opt/rustwide/cargo-home:ro,Z" "-v" "/var/lib/crater-agent-workspace/rustup-home:/opt/rustwide/rustup-home:ro,Z" "-e" "SOURCE_DIR=/opt/rustwide/workdir" "-e" "CARGO_TARGET_DIR=/opt/rustwide/target" "-e" "CARGO_INCREMENTAL=0" "-e" "RUST_BACKTRACE=full" "-e" "RUSTFLAGS=--cap-lints=forbid -Zrandomize-layout" "-e" "RUSTDOCFLAGS=--cap-lints=forbid" "-e" "CARGO_HOME=/opt/rustwide/cargo-home" "-e" "RUSTUP_HOME=/opt/rustwide/rustup-home" "-w" "/opt/rustwide/workdir" "-m" "1610612736" "--user" "0:0" "--network" "none" "ghcr.io/rust-lang/crates-build-env/linux@sha256:819108c5571ea2e421544af4d832f968d213c87fbe3707a016657f43d2f853bc" "/opt/rustwide/cargo-home/bin/cargo" "+nightly-2025-01-18" "test" "--frozen", kill_on_drop: false }`
[INFO] [stdout] bb59cd1cef797f85c2c253dd2421e94d79298b4e3a44d440d8afe93c31bd4625
[INFO] running `Command { std: "docker" "start" "-a" "bb59cd1cef797f85c2c253dd2421e94d79298b4e3a44d440d8afe93c31bd4625", kill_on_drop: false }`
[INFO] [stderr] warning: field `known_packs` is never read
[INFO] [stderr]  --> server/src/packets/configuration/client_known_packs_packet.rs:7:5
[INFO] [stderr]   |
[INFO] [stderr] 6 | pub struct ClientKnownPacksPacket {
[INFO] [stderr]   |            ---------------------- field in this struct
[INFO] [stderr] 7 |     known_packs: LengthPaddedVec<KnownPack>,
[INFO] [stderr]   |     ^^^^^^^^^^^
[INFO] [stderr]   |
[INFO] [stderr]   = note: `ClientKnownPacksPacket` has a derived impl for the trait `Debug`, but this is intentionally ignored during dead code analysis
[INFO] [stderr]   = note: `#[warn(dead_code)]` on by default
[INFO] [stderr] 
[INFO] [stderr] warning: multiple fields are never read
[INFO] [stderr]   --> server/src/packets/configuration/server_bound_information_packet.rs:6:5
[INFO] [stderr]    |
[INFO] [stderr] 5  | pub struct ServerBoundInformationPacket {
[INFO] [stderr]    |            ---------------------------- fields in this struct
[INFO] [stderr] 6  |     locale: String,
[INFO] [stderr]    |     ^^^^^^
[INFO] [stderr] 7  |     view_distance: i8,
[INFO] [stderr]    |     ^^^^^^^^^^^^^
[INFO] [stderr] 8  |     chat_mode: VarInt,
[INFO] [stderr]    |     ^^^^^^^^^
[INFO] [stderr] 9  |     chat_colors: bool,
[INFO] [stderr]    |     ^^^^^^^^^^^
[INFO] [stderr] 10 |     displayed_skin_parts: u8,
[INFO] [stderr]    |     ^^^^^^^^^^^^^^^^^^^^
[INFO] [stderr] 11 |     main_hand: VarInt,
[INFO] [stderr]    |     ^^^^^^^^^
[INFO] [stderr] 12 |     enable_text_filtering: bool,
[INFO] [stderr]    |     ^^^^^^^^^^^^^^^^^^^^^
[INFO] [stderr] 13 |     allow_server_listings: bool,
[INFO] [stderr]    |     ^^^^^^^^^^^^^^^^^^^^^
[INFO] [stderr]    |
[INFO] [stderr]    = note: `ServerBoundInformationPacket` has a derived impl for the trait `Debug`, but this is intentionally ignored during dead code analysis
[INFO] [stderr] 
[INFO] [stderr] warning: fields `channel` and `data` are never read
[INFO] [stderr]  --> server/src/packets/configuration/server_bound_plugin_message_packet.rs:6:5
[INFO] [stderr]   |
[INFO] [stderr] 5 | pub struct ServerBoundPluginMessagePacket {
[INFO] [stderr]   |            ------------------------------ fields in this struct
[INFO] [stderr] 6 |     channel: Identifier,
[INFO] [stderr]   |     ^^^^^^^
[INFO] [stderr] 7 |     data: LengthPaddedVec<i8>,
[INFO] [stderr]   |     ^^^^
[INFO] [stderr]   |
[INFO] [stderr]   = note: `ServerBoundPluginMessagePacket` has a derived impl for the trait `Debug`, but this is intentionally ignored during dead code analysis
[INFO] [stderr] 
[INFO] [stderr] warning: fields `protocol`, `hostname`, and `port` are never read
[INFO] [stderr]   --> server/src/packets/handshaking/handshake_packet.rs:8:5
[INFO] [stderr]    |
[INFO] [stderr] 7  | pub struct HandshakePacket {
[INFO] [stderr]    |            --------------- fields in this struct
[INFO] [stderr] 8  |     protocol: VarInt,
[INFO] [stderr]    |     ^^^^^^^^
[INFO] [stderr] 9  |     hostname: String,
[INFO] [stderr]    |     ^^^^^^^^
[INFO] [stderr] 10 |     port: u16,
[INFO] [stderr]    |     ^^^^
[INFO] [stderr]    |
[INFO] [stderr]    = note: `HandshakePacket` has a derived impl for the trait `Debug`, but this is intentionally ignored during dead code analysis
[INFO] [stderr] 
[INFO] [stderr] warning: field `id` is never read
[INFO] [stderr]  --> server/src/packets/play/server_bound_keep_alive_packet.rs:6:5
[INFO] [stderr]   |
[INFO] [stderr] 5 | pub struct ServerBoundKeepAlivePacket {
[INFO] [stderr]   |            -------------------------- field in this struct
[INFO] [stderr] 6 |     id: i64,
[INFO] [stderr]   |     ^^
[INFO] [stderr]   |
[INFO] [stderr]   = note: `ServerBoundKeepAlivePacket` has a derived impl for the trait `Debug`, but this is intentionally ignored during dead code analysis
[INFO] [stderr] 
[INFO] [stderr] warning: field `on_ground` is never read
[INFO] [stderr]  --> server/src/packets/play/set_player_position_packet.rs:9:5
[INFO] [stderr]   |
[INFO] [stderr] 5 | pub struct SetPlayerPositionPacket {
[INFO] [stderr]   |            ----------------------- field in this struct
[INFO] [stderr] ...
[INFO] [stderr] 9 |     on_ground: bool,
[INFO] [stderr]   |     ^^^^^^^^^
[INFO] [stderr]   |
[INFO] [stderr]   = note: `SetPlayerPositionPacket` has a derived impl for the trait `Debug`, but this is intentionally ignored during dead code analysis
[INFO] [stderr] 
[INFO] [stderr] warning: field `on_ground` is never read
[INFO] [stderr]   --> server/src/packets/play/set_player_position_packet.rs:20:5
[INFO] [stderr]    |
[INFO] [stderr] 14 | pub struct SetPlayerPositionAndRotationPacket {
[INFO] [stderr]    |            ---------------------------------- field in this struct
[INFO] [stderr] ...
[INFO] [stderr] 20 |     on_ground: bool,
[INFO] [stderr]    |     ^^^^^^^^^
[INFO] [stderr]    |
[INFO] [stderr]    = note: `SetPlayerPositionAndRotationPacket` has a derived impl for the trait `Debug`, but this is intentionally ignored during dead code analysis
[INFO] [stderr] 
[INFO] [stderr] warning: fields `x`, `y`, `z`, `yaw`, and `pitch` are never read
[INFO] [stderr]   --> server/src/state/handle_play_state.rs:12:9
[INFO] [stderr]    |
[INFO] [stderr] 11 |     UpdatePositionAndRotation {
[INFO] [stderr]    |     ------------------------- fields in this variant
[INFO] [stderr] 12 |         x: Option<f64>,
[INFO] [stderr]    |         ^
[INFO] [stderr] 13 |         y: Option<f64>,
[INFO] [stderr]    |         ^
[INFO] [stderr] 14 |         z: Option<f64>,
[INFO] [stderr]    |         ^
[INFO] [stderr] 15 |         yaw: Option<f32>,
[INFO] [stderr]    |         ^^^
[INFO] [stderr] 16 |         pitch: Option<f32>,
[INFO] [stderr]    |         ^^^^^
[INFO] [stderr] 
[INFO] [stderr] warning: `server` (bin "server" test) generated 8 warnings
[INFO] [stderr]     Finished `test` profile [unoptimized + debuginfo] target(s) in 0.10s
[INFO] [stderr]      Running unittests src/lib.rs (/opt/rustwide/target/debug/deps/nbt-e26048cb835b3fd5)
[INFO] [stdout] 
[INFO] [stdout] running 13 tests
[INFO] [stdout] test binary_reader::tests::test_read_f32 ... ok
[INFO] [stdout] test binary_reader::tests::test_read_i8 ... ok
[INFO] [stdout] test binary_reader::tests::test_read_string ... ok
[INFO] [stdout] test binary_reader::tests::test_read_u16 ... ok
[INFO] [stdout] test nbt::test::test_nbt_named_compound_to_bytes ... ok
[INFO] [stdout] test nbt::test::test_nbt_root_compound_to_bytes ... ok
[INFO] [stdout] test writers::tests::test_read_write ... ok
[INFO] [stdout] test writers::tests::test_write_array_i32 ... ok
[INFO] [stdout] test writers::tests::test_write_array_i64 ... ok
[INFO] [stdout] test writers::tests::test_write_array_i8 ... ok
[INFO] [stdout] test binary_reader::tests::test_read_i16 ... ok
[INFO] [stdout] test binary_reader::tests::test_read_i32 ... ok
[INFO] [stdout] test nbt::test::test_nbt_nameless_compound_to_bytes ... ok
[INFO] [stdout] 
[INFO] [stdout] test result: ok. 13 passed; 0 failed; 0 ignored; 0 measured; 0 filtered out; finished in 0.00s
[INFO] [stdout] 
[INFO] [stderr]      Running unittests src/lib.rs (/opt/rustwide/target/debug/deps/packet_id_macro-953e0f88aeb6ffd9)
[INFO] [stdout] 
[INFO] [stdout] running 0 tests
[INFO] [stdout] 
[INFO] [stdout] test result: ok. 0 passed; 0 failed; 0 ignored; 0 measured; 0 filtered out; finished in 0.00s
[INFO] [stdout] 
[INFO] [stderr]      Running unittests src/lib.rs (/opt/rustwide/target/debug/deps/packet_in-db899ffc5bb3e579)
[INFO] [stdout] 
[INFO] [stdout] running 0 tests
[INFO] [stdout] 
[INFO] [stdout] test result: ok. 0 passed; 0 failed; 0 ignored; 0 measured; 0 filtered out; finished in 0.00s
[INFO] [stdout] 
[INFO] [stderr]      Running unittests src/lib.rs (/opt/rustwide/target/debug/deps/packet_out-f377097f7455e86d)
[INFO] [stdout] 
[INFO] [stdout] running 0 tests
[INFO] [stdout] 
[INFO] [stdout] test result: ok. 0 passed; 0 failed; 0 ignored; 0 measured; 0 filtered out; finished in 0.00s
[INFO] [stdout] 
[INFO] [stdout] 
[INFO] [stderr]      Running unittests src/lib.rs (/opt/rustwide/target/debug/deps/protocol-e61a43650247385e)
[INFO] [stdout] running 11 tests
[INFO] [stdout] test data_types::length_padded_vec::tests::test_vec_encode ... ok
[INFO] [stdout] test data_types::length_padded_vec::tests::test_vec_encode_empty ... ok
[INFO] [stdout] test data_types::position::test::test_position ... ok
[INFO] [stdout] test data_types::string::test::test_encode_string ... ok
[INFO] [stdout] test data_types::var_int::tests::test_encode_var_int ... ok
[INFO] [stdout] test data_types::var_int::tests::test_read_var_int ... ok
[INFO] [stdout] test data_types::vec_no_length::tests::test_vec_encode ... ok
[INFO] [stdout] test data_types::vec_no_length::tests::test_vec_encode_empty ... ok
[INFO] [stdout] test data_types::identifier::tests::test_identifier ... ok
[INFO] [stdout] test serialize_packet::test::test_encode_i64 ... ok
[INFO] [stdout] test data_types::length_padded_vec::tests::test_vec_decode ... ok
[INFO] [stdout] 
[INFO] [stdout] test result: ok. 11 passed; 0 failed; 0 ignored; 0 measured; 0 filtered out; finished in 0.01s
[INFO] [stdout] 
[INFO] [stderr]      Running unittests src/main.rs (/opt/rustwide/target/debug/deps/server-15384c125fe14dd4)
[INFO] [stdout] 
[INFO] [stdout] running 17 tests
[INFO] [stdout] test get_packet_length::tests::test_get_packet_length_invalid_var_int ... ok
[INFO] [stdout] test get_packet_length::tests::test_get_packet_length_negative_length ... ok
[INFO] [stdout] test get_packet_length::tests::test_get_packet_length_too_large_length ... ok
[INFO] [stdout] test get_packet_length::tests::test_get_packet_length_too_large_var_int ... ok
[INFO] [stdout] test get_packet_length::tests::test_get_packet_length_valid ... ok
[INFO] [stdout] test get_packet_length::tests::test_get_packet_length_zero_length ... ok
[INFO] [stdout] test payload::tests::test_read_complete_payload_at_once ... ok
[INFO] [stdout] test payload::tests::test_read_complete_handshake_payload ... ok
[INFO] [stdout] test payload::tests::test_read_complete_payload_in_sequence ... ok
[INFO] [stdout] test payload::tests::test_read_first_length_byte ... ok
[INFO] [stdout] test payload::tests::test_read_first_two_bytes_at_once ... ok
[INFO] [stdout] test payload::tests::test_read_first_length_byte_16 ... ok
[INFO] [stdout] test payload::tests::test_empty_payload_should_read_all ... ok
[INFO] [stdout] test payload::tests::test_read_first_two_bytes_in_sequence ... ok
[INFO] [stdout] test payload::tests::test_read_large_size_slowly ... ok
[INFO] [stdout] test payload::tests::test_should_fail_with_negative_length ... ok
[INFO] [stdout] test packets::play::data::chunk_section::tests::test_chunk_section ... FAILED
[INFO] [stdout] 
[INFO] [stdout] failures:
[INFO] [stdout] 
[INFO] [stdout] ---- packets::play::data::chunk_section::tests::test_chunk_section stdout ----
[INFO] [stdout] 
[INFO] [stdout] thread 'packets::play::data::chunk_section::tests::test_chunk_section' panicked at server/src/packets/play/data/chunk_section.rs:77:9:
[INFO] [stdout] assertion `left == right` failed
[INFO] [stdout]   left: [0, 0, 0, 0, 0, 0, 0]
[INFO] [stdout]  right: [0, 0, 0, 0, 0, 0, 0, 0]
[INFO] [stdout] stack backtrace:
[INFO] [stdout]    0:     0x5e969831f89a - std::backtrace_rs::backtrace::libunwind::trace::hb059275cfc8d6126
[INFO] [stdout]                                at /rustc/6067b36314ab5eb2eb47cecc464545ba58e1ad24/library/std/src/../../backtrace/src/backtrace/libunwind.rs:116:5
[INFO] [stdout]    1:     0x5e969831f89a - std::backtrace_rs::backtrace::trace_unsynchronized::h2da071e4327ce3ee
[INFO] [stdout]                                at /rustc/6067b36314ab5eb2eb47cecc464545ba58e1ad24/library/std/src/../../backtrace/src/backtrace/mod.rs:66:5
[INFO] [stdout]    2:     0x5e969831f89a - std::sys::backtrace::_print_fmt::h842a1474e6f8d23f
[INFO] [stdout]                                at /rustc/6067b36314ab5eb2eb47cecc464545ba58e1ad24/library/std/src/sys/backtrace.rs:66:9
[INFO] [stdout]    3:     0x5e969831f89a - <std::sys::backtrace::BacktraceLock::print::DisplayBacktrace as core::fmt::Display>::fmt::h71a62eb3b9696b12
[INFO] [stdout]                                at /rustc/6067b36314ab5eb2eb47cecc464545ba58e1ad24/library/std/src/sys/backtrace.rs:39:26
[INFO] [stdout]    4:     0x5e9698346f13 - core::fmt::rt::Argument::fmt::hdb6b616786b41dc1
[INFO] [stdout]                                at /rustc/6067b36314ab5eb2eb47cecc464545ba58e1ad24/library/core/src/fmt/rt.rs:177:76
[INFO] [stderr] error: test failed, to rerun pass `-p server --bin server`
[INFO] [stdout]    5:     0x5e9698346f13 - core::fmt::write::h2cc1698af7e2d686
[INFO] [stdout]                                at /rustc/6067b36314ab5eb2eb47cecc464545ba58e1ad24/library/core/src/fmt/mod.rs:1440:21
[INFO] [stdout]    6:     0x5e969831c3f3 - std::io::Write::write_fmt::hab1b4cd059a79022
[INFO] [stdout]                                at /rustc/6067b36314ab5eb2eb47cecc464545ba58e1ad24/library/std/src/io/mod.rs:1887:15
[INFO] [stdout]    7:     0x5e969831f6e2 - std::sys::backtrace::BacktraceLock::print::h147fe35b4ea13b08
[INFO] [stdout]                                at /rustc/6067b36314ab5eb2eb47cecc464545ba58e1ad24/library/std/src/sys/backtrace.rs:42:9
[INFO] [stdout]    8:     0x5e9698320cbf - std::panicking::default_hook::{{closure}}::hbd44223dbdc0d208
[INFO] [stdout]                                at /rustc/6067b36314ab5eb2eb47cecc464545ba58e1ad24/library/std/src/panicking.rs:298:22
[INFO] [stdout]    9:     0x5e9698320ad8 - std::panicking::default_hook::h20f81eb0576efcec
[INFO] [stdout]                                at /rustc/6067b36314ab5eb2eb47cecc464545ba58e1ad24/library/std/src/panicking.rs:322:9
[INFO] [stdout]   10:     0x5e96982e5333 - <alloc::boxed::Box<F,A> as core::ops::function::Fn<Args>>::call::hdb53814c496a4d34
[INFO] [stdout]                                at /rustc/6067b36314ab5eb2eb47cecc464545ba58e1ad24/library/alloc/src/boxed.rs:2027:9
[INFO] [stdout]   11:     0x5e96982e5333 - test::test_main::{{closure}}::hc0a4963c59427c24
[INFO] [stdout]                                at /rustc/6067b36314ab5eb2eb47cecc464545ba58e1ad24/library/test/src/lib.rs:134:21
[INFO] [stdout]   12:     0x5e96983217b3 - <alloc::boxed::Box<F,A> as core::ops::function::Fn<Args>>::call::h591b2225413a77e9
[INFO] [stdout]                                at /rustc/6067b36314ab5eb2eb47cecc464545ba58e1ad24/library/alloc/src/boxed.rs:2027:9
[INFO] [stdout]   13:     0x5e96983217b3 - std::panicking::rust_panic_with_hook::h625eea43051b2edc
[INFO] [stdout]                                at /rustc/6067b36314ab5eb2eb47cecc464545ba58e1ad24/library/std/src/panicking.rs:839:13
[INFO] [stdout]   14:     0x5e969832146a - std::panicking::begin_panic_handler::{{closure}}::h4f9159cfbc3f6bd3
[INFO] [stdout]                                at /rustc/6067b36314ab5eb2eb47cecc464545ba58e1ad24/library/std/src/panicking.rs:704:13
[INFO] [stdout]   15:     0x5e969831fd99 - std::sys::backtrace::__rust_end_short_backtrace::h0390abce48353151
[INFO] [stdout]                                at /rustc/6067b36314ab5eb2eb47cecc464545ba58e1ad24/library/std/src/sys/backtrace.rs:168:18
[INFO] [stdout]   16:     0x5e96983210fd - rust_begin_unwind
[INFO] [stdout]                                at /rustc/6067b36314ab5eb2eb47cecc464545ba58e1ad24/library/std/src/panicking.rs:695:5
[INFO] [stdout]   17:     0x5e9698345990 - core::panicking::panic_fmt::h9e7c637e9e5f29c9
[INFO] [stdout]                                at /rustc/6067b36314ab5eb2eb47cecc464545ba58e1ad24/library/core/src/panicking.rs:75:14
[INFO] [stdout]   18:     0x5e9698345ce2 - core::panicking::assert_failed_inner::h538bec7c1374cd9c
[INFO] [stdout]   19:     0x5e96982a620c - core::panicking::assert_failed::h149a102702f0d52d
[INFO] [stdout]                                at /rustc/6067b36314ab5eb2eb47cecc464545ba58e1ad24/library/core/src/panicking.rs:364:5
[INFO] [stdout]   20:     0x5e96982a80e8 - server::packets::play::data::chunk_section::tests::test_chunk_section::he73afeb486017f7c
[INFO] [stdout]                                at /opt/rustwide/workdir/server/src/packets/play/data/chunk_section.rs:77:9
[INFO] [stdout]   21:     0x5e96982a7ed7 - server::packets::play::data::chunk_section::tests::test_chunk_section::{{closure}}::h90f8bb0530c04f11
[INFO] [stdout]                                at /opt/rustwide/workdir/server/src/packets/play/data/chunk_section.rs:71:28
[INFO] [stdout]   22:     0x5e96982a5936 - core::ops::function::FnOnce::call_once::h6ab1624c6098e45d
[INFO] [stdout]                                at /rustc/6067b36314ab5eb2eb47cecc464545ba58e1ad24/library/core/src/ops/function.rs:250:5
[INFO] [stdout]   23:     0x5e96982eaa8b - core::ops::function::FnOnce::call_once::he27718dfdd183f43
[INFO] [stdout]                                at /rustc/6067b36314ab5eb2eb47cecc464545ba58e1ad24/library/core/src/ops/function.rs:250:5
[INFO] [stdout]   24:     0x5e96982eaa8b - test::__rust_begin_short_backtrace::h4e84902998457a5d
[INFO] [stdout]                                at /rustc/6067b36314ab5eb2eb47cecc464545ba58e1ad24/library/test/src/lib.rs:632:18
[INFO] [stdout]   25:     0x5e96982e99c3 - test::run_test_in_process::{{closure}}::h7176fd18fc1feca0
[INFO] [stdout]                                at /rustc/6067b36314ab5eb2eb47cecc464545ba58e1ad24/library/test/src/lib.rs:655:60
[INFO] [stdout]   26:     0x5e96982e99c3 - <core::panic::unwind_safe::AssertUnwindSafe<F> as core::ops::function::FnOnce<()>>::call_once::hf79cff2a624d8cf7
[INFO] [stdout]                                at /rustc/6067b36314ab5eb2eb47cecc464545ba58e1ad24/library/core/src/panic/unwind_safe.rs:272:9
[INFO] [stdout]   27:     0x5e96982e99c3 - std::panicking::try::do_call::h3da0561d9ab99c25
[INFO] [stdout]                                at /rustc/6067b36314ab5eb2eb47cecc464545ba58e1ad24/library/std/src/panicking.rs:587:40
[INFO] [stdout]   28:     0x5e96982e99c3 - std::panicking::try::h41c9fa508bc61df6
[INFO] [stdout]                                at /rustc/6067b36314ab5eb2eb47cecc464545ba58e1ad24/library/std/src/panicking.rs:550:19
[INFO] [stdout]   29:     0x5e96982e99c3 - std::panic::catch_unwind::h6b3ff07bb5afad93
[INFO] [stdout]                                at /rustc/6067b36314ab5eb2eb47cecc464545ba58e1ad24/library/std/src/panic.rs:358:14
[INFO] [stdout]   30:     0x5e96982e99c3 - test::run_test_in_process::hc7253dd11b39b9f4
[INFO] [stdout]                                at /rustc/6067b36314ab5eb2eb47cecc464545ba58e1ad24/library/test/src/lib.rs:655:27
[INFO] [stdout]   31:     0x5e96982e99c3 - test::run_test::{{closure}}::hfb2007f8649c30bb
[INFO] [stdout]                                at /rustc/6067b36314ab5eb2eb47cecc464545ba58e1ad24/library/test/src/lib.rs:576:43
[INFO] [stdout]   32:     0x5e96982acaa5 - test::run_test::{{closure}}::h56a17aa7a282a9f4
[INFO] [stdout]                                at /rustc/6067b36314ab5eb2eb47cecc464545ba58e1ad24/library/test/src/lib.rs:606:41
[INFO] [stdout]   33:     0x5e96982acaa5 - std::sys::backtrace::__rust_begin_short_backtrace::hd2d2d2fb8e8c6aac
[INFO] [stdout]                                at /rustc/6067b36314ab5eb2eb47cecc464545ba58e1ad24/library/std/src/sys/backtrace.rs:152:18
[INFO] [stdout]   34:     0x5e96982b038a - std::thread::Builder::spawn_unchecked_::{{closure}}::{{closure}}::h4faa3f9db6133423
[INFO] [stdout]                                at /rustc/6067b36314ab5eb2eb47cecc464545ba58e1ad24/library/std/src/thread/mod.rs:559:17
[INFO] [stdout]   35:     0x5e96982b038a - <core::panic::unwind_safe::AssertUnwindSafe<F> as core::ops::function::FnOnce<()>>::call_once::hf2e855a36a4ea846
[INFO] [stdout]                                at /rustc/6067b36314ab5eb2eb47cecc464545ba58e1ad24/library/core/src/panic/unwind_safe.rs:272:9
[INFO] [stdout]   36:     0x5e96982b038a - std::panicking::try::do_call::h2f73af3616c35465
[INFO] [stdout]                                at /rustc/6067b36314ab5eb2eb47cecc464545ba58e1ad24/library/std/src/panicking.rs:587:40
[INFO] [stdout]   37:     0x5e96982b038a - std::panicking::try::hd1660ce9efadef5a
[INFO] [stdout]                                at /rustc/6067b36314ab5eb2eb47cecc464545ba58e1ad24/library/std/src/panicking.rs:550:19
[INFO] [stdout]   38:     0x5e96982b038a - std::panic::catch_unwind::h5ee8d7823b8ca744
[INFO] [stdout]                                at /rustc/6067b36314ab5eb2eb47cecc464545ba58e1ad24/library/std/src/panic.rs:358:14
[INFO] [stdout]   39:     0x5e96982b038a - std::thread::Builder::spawn_unchecked_::{{closure}}::h53c3a1894dce8407
[INFO] [stdout]                                at /rustc/6067b36314ab5eb2eb47cecc464545ba58e1ad24/library/std/src/thread/mod.rs:557:30
[INFO] [stdout]   40:     0x5e96982b038a - core::ops::function::FnOnce::call_once{{vtable.shim}}::h048ce291ad4f62bf
[INFO] [stdout]                                at /rustc/6067b36314ab5eb2eb47cecc464545ba58e1ad24/library/core/src/ops/function.rs:250:5
[INFO] [stdout]   41:     0x5e96983256eb - <alloc::boxed::Box<F,A> as core::ops::function::FnOnce<Args>>::call_once::ha52bedf99a3b4981
[INFO] [stdout]                                at /rustc/6067b36314ab5eb2eb47cecc464545ba58e1ad24/library/alloc/src/boxed.rs:2013:9
[INFO] [stdout]   42:     0x5e96983256eb - <alloc::boxed::Box<F,A> as core::ops::function::FnOnce<Args>>::call_once::h567748934d80ccf8
[INFO] [stdout]                                at /rustc/6067b36314ab5eb2eb47cecc464545ba58e1ad24/library/alloc/src/boxed.rs:2013:9
[INFO] [stdout]   43:     0x5e96983256eb - std::sys::pal::unix::thread::Thread::new::thread_start::h2d970728ae887adc
[INFO] [stdout]                                at /rustc/6067b36314ab5eb2eb47cecc464545ba58e1ad24/library/std/src/sys/pal/unix/thread.rs:106:17
[INFO] [stdout]   44:     0x7165ee783ac3 - <unknown>
[INFO] [stdout]   45:     0x7165ee814a04 - clone
[INFO] [stdout]   46:                0x0 - <unknown>
[INFO] [stdout] 
[INFO] [stdout] 
[INFO] [stdout] failures:
[INFO] [stdout]     packets::play::data::chunk_section::tests::test_chunk_section
[INFO] [stdout] 
[INFO] [stdout] test result: FAILED. 16 passed; 1 failed; 0 ignored; 0 measured; 0 filtered out; finished in 0.04s
[INFO] [stdout] 
[INFO] running `Command { std: "docker" "inspect" "bb59cd1cef797f85c2c253dd2421e94d79298b4e3a44d440d8afe93c31bd4625", kill_on_drop: false }`
[INFO] running `Command { std: "docker" "rm" "-f" "bb59cd1cef797f85c2c253dd2421e94d79298b4e3a44d440d8afe93c31bd4625", kill_on_drop: false }`
[INFO] [stdout] bb59cd1cef797f85c2c253dd2421e94d79298b4e3a44d440d8afe93c31bd4625
