[INFO] cloning repository https://github.com/QingGo/kvs_tp_202
[INFO] running `Command { std: "git" "-c" "credential.helper=" "-c" "credential.helper=/workspace/cargo-home/bin/git-credential-null" "clone" "--bare" "https://github.com/QingGo/kvs_tp_202" "/workspace/cache/git-repos/https%3A%2F%2Fgithub.com%2FQingGo%2Fkvs_tp_202", kill_on_drop: false }`
[INFO] [stderr] Cloning into bare repository '/workspace/cache/git-repos/https%3A%2F%2Fgithub.com%2FQingGo%2Fkvs_tp_202'...
[INFO] running `Command { std: "git" "rev-parse" "HEAD", kill_on_drop: false }`
[INFO] [stdout] 1f33ff1cd0eeeccda7260bf7578a83fc022d3a87
[INFO] testing QingGo/kvs_tp_202 against nightly-2025-01-18+rustflags=-Zrandomize-layout for randomize-layout-2
[INFO] running `Command { std: "git" "clone" "/workspace/cache/git-repos/https%3A%2F%2Fgithub.com%2FQingGo%2Fkvs_tp_202" "/workspace/builds/worker-6-tc2/source", kill_on_drop: false }`
[INFO] [stderr] Cloning into '/workspace/builds/worker-6-tc2/source'...
[INFO] [stderr] done.
[INFO] validating manifest of git repo https://github.com/QingGo/kvs_tp_202 on toolchain nightly-2025-01-18
[INFO] running `Command { std: CARGO_HOME="/workspace/cargo-home" RUSTUP_HOME="/workspace/rustup-home" "/workspace/cargo-home/bin/cargo" "+nightly-2025-01-18" "metadata" "--manifest-path" "Cargo.toml" "--no-deps", kill_on_drop: false }`
[INFO] started tweaking git repo https://github.com/QingGo/kvs_tp_202
[INFO] finished tweaking git repo https://github.com/QingGo/kvs_tp_202
[INFO] tweaked toml for git repo https://github.com/QingGo/kvs_tp_202 written to /workspace/builds/worker-6-tc2/source/Cargo.toml
[INFO] crate git repo https://github.com/QingGo/kvs_tp_202 already has a lockfile, it will not be regenerated
[INFO] running `Command { std: CARGO_HOME="/workspace/cargo-home" RUSTUP_HOME="/workspace/rustup-home" "/workspace/cargo-home/bin/cargo" "+nightly-2025-01-18" "fetch" "--manifest-path" "Cargo.toml", kill_on_drop: false }`
[INFO] [stderr]     Blocking waiting for file lock on package cache
[INFO] [stderr]     Blocking waiting for file lock on package cache
[INFO] running `Command { std: "docker" "create" "-v" "/var/lib/crater-agent-workspace/builds/worker-6-tc2/target:/opt/rustwide/target:rw,Z" "-v" "/var/lib/crater-agent-workspace/builds/worker-6-tc2/source:/opt/rustwide/workdir:ro,Z" "-v" "/var/lib/crater-agent-workspace/cargo-home:/opt/rustwide/cargo-home:ro,Z" "-v" "/var/lib/crater-agent-workspace/rustup-home:/opt/rustwide/rustup-home:ro,Z" "-e" "SOURCE_DIR=/opt/rustwide/workdir" "-e" "CARGO_TARGET_DIR=/opt/rustwide/target" "-e" "CARGO_HOME=/opt/rustwide/cargo-home" "-e" "RUSTUP_HOME=/opt/rustwide/rustup-home" "-w" "/opt/rustwide/workdir" "-m" "1610612736" "--user" "0:0" "--network" "none" "ghcr.io/rust-lang/crates-build-env/linux@sha256:819108c5571ea2e421544af4d832f968d213c87fbe3707a016657f43d2f853bc" "/opt/rustwide/cargo-home/bin/cargo" "+nightly-2025-01-18" "metadata" "--no-deps" "--format-version=1", kill_on_drop: false }`
[INFO] [stdout] 5ff454f0d2a4f87cb5b7959ee2113f96feecdcfd9a5a8067ccdd07ab653604c0
[INFO] running `Command { std: "docker" "start" "-a" "5ff454f0d2a4f87cb5b7959ee2113f96feecdcfd9a5a8067ccdd07ab653604c0", kill_on_drop: false }`
[INFO] running `Command { std: "docker" "inspect" "5ff454f0d2a4f87cb5b7959ee2113f96feecdcfd9a5a8067ccdd07ab653604c0", kill_on_drop: false }`
[INFO] running `Command { std: "docker" "rm" "-f" "5ff454f0d2a4f87cb5b7959ee2113f96feecdcfd9a5a8067ccdd07ab653604c0", kill_on_drop: false }`
[INFO] [stdout] 5ff454f0d2a4f87cb5b7959ee2113f96feecdcfd9a5a8067ccdd07ab653604c0
[INFO] running `Command { std: "docker" "create" "-v" "/var/lib/crater-agent-workspace/builds/worker-6-tc2/target:/opt/rustwide/target:rw,Z" "-v" "/var/lib/crater-agent-workspace/builds/worker-6-tc2/source:/opt/rustwide/workdir:ro,Z" "-v" "/var/lib/crater-agent-workspace/cargo-home:/opt/rustwide/cargo-home:ro,Z" "-v" "/var/lib/crater-agent-workspace/rustup-home:/opt/rustwide/rustup-home:ro,Z" "-e" "SOURCE_DIR=/opt/rustwide/workdir" "-e" "CARGO_TARGET_DIR=/opt/rustwide/target" "-e" "CARGO_INCREMENTAL=0" "-e" "RUST_BACKTRACE=full" "-e" "RUSTFLAGS=--cap-lints=forbid -Zrandomize-layout" "-e" "RUSTDOCFLAGS=--cap-lints=forbid" "-e" "CARGO_HOME=/opt/rustwide/cargo-home" "-e" "RUSTUP_HOME=/opt/rustwide/rustup-home" "-w" "/opt/rustwide/workdir" "-m" "1610612736" "--user" "0:0" "--network" "none" "ghcr.io/rust-lang/crates-build-env/linux@sha256:819108c5571ea2e421544af4d832f968d213c87fbe3707a016657f43d2f853bc" "/opt/rustwide/cargo-home/bin/cargo" "+nightly-2025-01-18" "build" "--frozen" "--message-format=json", kill_on_drop: false }`
[INFO] [stdout] 91277cd87f5d398c50d6e96901cafe276b3490ea9542ab2d07129e765df174bd
[INFO] running `Command { std: "docker" "start" "-a" "91277cd87f5d398c50d6e96901cafe276b3490ea9542ab2d07129e765df174bd", kill_on_drop: false }`
[INFO] [stderr]    Compiling libc v0.2.69
[INFO] [stderr]    Compiling proc-macro2 v1.0.33
[INFO] [stderr]    Compiling syn v1.0.82
[INFO] [stderr]    Compiling getrandom v0.1.14
[INFO] [stderr]    Compiling anyhow v1.0.28
[INFO] [stderr]    Compiling either v1.5.3
[INFO] [stderr]    Compiling autocfg v1.0.0
[INFO] [stderr]    Compiling bytes v0.5.4
[INFO] [stderr]    Compiling unicode-segmentation v1.6.0
[INFO] [stderr]    Compiling remove_dir_all v0.5.2
[INFO] [stderr]    Compiling fixedbitset v0.2.0
[INFO] [stderr]    Compiling futures-core v0.3.18
[INFO] [stderr]    Compiling multimap v0.8.1
[INFO] [stderr]    Compiling futures-task v0.3.18
[INFO] [stderr]    Compiling futures-channel v0.3.18
[INFO] [stderr]    Compiling memchr v2.3.3
[INFO] [stderr]    Compiling futures-util v0.3.18
[INFO] [stderr]    Compiling futures-sink v0.3.18
[INFO] [stderr]    Compiling itertools v0.8.2
[INFO] [stderr]    Compiling pin-project-lite v0.2.7
[INFO] [stderr]    Compiling futures-io v0.3.18
[INFO] [stderr]    Compiling futures-timer v3.0.2
[INFO] [stderr]    Compiling linearizability v0.1.0 (/opt/rustwide/workdir/linearizability)
[INFO] [stderr]    Compiling indexmap v1.3.2
[INFO] [stderr]    Compiling heck v0.3.1
[INFO] [stderr]    Compiling quote v1.0.3
[INFO] [stderr]    Compiling which v3.1.1
[INFO] [stderr]    Compiling num_cpus v1.13.0
[INFO] [stderr]    Compiling rand_core v0.5.1
[INFO] [stderr]    Compiling petgraph v0.5.0
[INFO] [stderr]    Compiling prost-build v0.6.1
[INFO] [stderr]    Compiling rand_chacha v0.2.2
[INFO] [stderr]    Compiling rand v0.7.3
[INFO] [stderr]    Compiling tempfile v3.1.0
[INFO] [stderr]    Compiling prost-derive v0.6.1
[INFO] [stderr]    Compiling futures-macro v0.3.18
[INFO] [stderr]    Compiling async-trait v0.1.30
[INFO] [stderr]    Compiling prost v0.6.1
[INFO] [stderr]    Compiling prost-types v0.6.1
[INFO] [stderr]    Compiling labcodec v0.1.0 (/opt/rustwide/workdir/labcodec)
[INFO] [stderr]    Compiling raft v0.1.0 (/opt/rustwide/workdir/raft)
[INFO] [stderr]    Compiling futures-executor v0.3.18
[INFO] [stderr]    Compiling futures v0.3.18
[INFO] [stderr]    Compiling labrpc v0.1.0 (/opt/rustwide/workdir/labrpc)
[INFO] [stdout] warning: unused import: `add_service as add_raft_service`
[INFO] [stdout]   --> raft/src/proto/mod.rs:13:9
[INFO] [stdout]    |
[INFO] [stdout] 13 |         add_service as add_raft_service, Client as RaftClient, Service as RaftService,
[INFO] [stdout]    |         ^^^^^^^^^^^^^^^^^^^^^^^^^^^^^^^
[INFO] [stdout]    |
[INFO] [stdout]    = note: `#[warn(unused_imports)]` on by default
[INFO] [stdout] 
[INFO] [stdout] 
[INFO] [stdout] warning: unused import: `add_service as add_kv_service`
[INFO] [stdout]   --> raft/src/proto/mod.rs:29:24
[INFO] [stdout]    |
[INFO] [stdout] 29 |     pub use self::kv::{add_service as add_kv_service, Client as KvClient, Service as KvService};
[INFO] [stdout]    |                        ^^^^^^^^^^^^^^^^^^^^^^^^^^^^^
[INFO] [stdout] 
[INFO] [stdout] 
[INFO] [stdout] warning: fields `0` and `1` are never read
[INFO] [stdout]  --> raft/src/kvraft/client.rs:6:9
[INFO] [stdout]   |
[INFO] [stdout] 6 |     Put(String, String),
[INFO] [stdout]   |     --- ^^^^^^  ^^^^^^
[INFO] [stdout]   |     |
[INFO] [stdout]   |     fields in this variant
[INFO] [stdout]   |
[INFO] [stdout]   = note: `#[warn(dead_code)]` on by default
[INFO] [stdout] help: consider changing the fields to be of unit type to suppress this warning while preserving the field numbering, or remove the fields
[INFO] [stdout]   |
[INFO] [stdout] 6 |     Put((), ()),
[INFO] [stdout]   |         ~~  ~~
[INFO] [stdout] 
[INFO] [stdout] 
[INFO] [stdout] warning: fields `0` and `1` are never read
[INFO] [stdout]  --> raft/src/kvraft/client.rs:7:12
[INFO] [stdout]   |
[INFO] [stdout] 7 |     Append(String, String),
[INFO] [stdout]   |     ------ ^^^^^^  ^^^^^^
[INFO] [stdout]   |     |
[INFO] [stdout]   |     fields in this variant
[INFO] [stdout]   |
[INFO] [stdout] help: consider changing the fields to be of unit type to suppress this warning while preserving the field numbering, or remove the fields
[INFO] [stdout]   |
[INFO] [stdout] 7 |     Append((), ()),
[INFO] [stdout]   |            ~~  ~~
[INFO] [stdout] 
[INFO] [stdout] 
[INFO] [stderr]     Finished `dev` profile [unoptimized + debuginfo] target(s) in 18.48s
[INFO] running `Command { std: "docker" "inspect" "91277cd87f5d398c50d6e96901cafe276b3490ea9542ab2d07129e765df174bd", kill_on_drop: false }`
[INFO] running `Command { std: "docker" "rm" "-f" "91277cd87f5d398c50d6e96901cafe276b3490ea9542ab2d07129e765df174bd", kill_on_drop: false }`
[INFO] [stdout] 91277cd87f5d398c50d6e96901cafe276b3490ea9542ab2d07129e765df174bd
[INFO] running `Command { std: "docker" "create" "-v" "/var/lib/crater-agent-workspace/builds/worker-6-tc2/target:/opt/rustwide/target:rw,Z" "-v" "/var/lib/crater-agent-workspace/builds/worker-6-tc2/source:/opt/rustwide/workdir:ro,Z" "-v" "/var/lib/crater-agent-workspace/cargo-home:/opt/rustwide/cargo-home:ro,Z" "-v" "/var/lib/crater-agent-workspace/rustup-home:/opt/rustwide/rustup-home:ro,Z" "-e" "SOURCE_DIR=/opt/rustwide/workdir" "-e" "CARGO_TARGET_DIR=/opt/rustwide/target" "-e" "CARGO_INCREMENTAL=0" "-e" "RUST_BACKTRACE=full" "-e" "RUSTFLAGS=--cap-lints=forbid -Zrandomize-layout" "-e" "RUSTDOCFLAGS=--cap-lints=forbid" "-e" "CARGO_HOME=/opt/rustwide/cargo-home" "-e" "RUSTUP_HOME=/opt/rustwide/rustup-home" "-w" "/opt/rustwide/workdir" "-m" "1610612736" "--user" "0:0" "--network" "none" "ghcr.io/rust-lang/crates-build-env/linux@sha256:819108c5571ea2e421544af4d832f968d213c87fbe3707a016657f43d2f853bc" "/opt/rustwide/cargo-home/bin/cargo" "+nightly-2025-01-18" "test" "--frozen" "--no-run" "--message-format=json", kill_on_drop: false }`
[INFO] [stdout] ef1c7c7401fce7c70572d76bcee1c3277f0fe095522f2c20130eeebd7f0b251a
[INFO] running `Command { std: "docker" "start" "-a" "ef1c7c7401fce7c70572d76bcee1c3277f0fe095522f2c20130eeebd7f0b251a", kill_on_drop: false }`
[INFO] [stderr]    Compiling either v1.5.3
[INFO] [stderr]    Compiling crossbeam-utils v0.7.2
[INFO] [stderr]    Compiling thread_local v1.0.1
[INFO] [stderr]    Compiling memoffset v0.5.4
[INFO] [stderr]    Compiling regex-syntax v0.6.17
[INFO] [stderr]    Compiling aho-corasick v0.7.10
[INFO] [stderr]    Compiling serde v1.0.106
[INFO] [stderr]    Compiling crossbeam-epoch v0.8.2
[INFO] [stderr]    Compiling byteorder v1.3.4
[INFO] [stderr]    Compiling ryu v1.0.4
[INFO] [stderr]    Compiling scopeguard v1.1.0
[INFO] [stderr]    Compiling atty v0.2.14
[INFO] [stderr]    Compiling cast v0.2.3
[INFO] [stderr]    Compiling num-traits v0.2.11
[INFO] [stderr]    Compiling itoa v0.4.5
[INFO] [stderr]    Compiling rayon-core v1.7.0
[INFO] [stderr]    Compiling quick-error v1.2.3
[INFO] [stderr]    Compiling termcolor v1.1.0
[INFO] [stderr]    Compiling itertools v0.8.2
[INFO] [stderr]    Compiling humantime v1.3.0
[INFO] [stderr]    Compiling unicode-width v0.1.7
[INFO] [stderr]    Compiling itertools v0.9.0
[INFO] [stderr]    Compiling bitflags v1.2.1
[INFO] [stderr]    Compiling textwrap v0.11.0
[INFO] [stderr]    Compiling csv-core v0.1.10
[INFO] [stderr]    Compiling same-file v1.0.6
[INFO] [stderr]    Compiling clap v2.33.0
[INFO] [stderr]    Compiling walkdir v2.3.1
[INFO] [stderr]    Compiling serde_derive v1.0.106
[INFO] [stderr]    Compiling oorandom v11.1.0
[INFO] [stderr]    Compiling regex-automata v0.1.9
[INFO] [stderr]    Compiling crossbeam-queue v0.2.1
[INFO] [stderr]    Compiling criterion-plot v0.4.2
[INFO] [stderr]    Compiling plotters v0.2.12
[INFO] [stderr]    Compiling crossbeam-deque v0.7.3
[INFO] [stderr]    Compiling prost-derive v0.6.1
[INFO] [stderr]    Compiling rayon v1.3.0
[INFO] [stderr]    Compiling regex v1.3.7
[INFO] [stderr]    Compiling prost v0.6.1
[INFO] [stderr]    Compiling prost-types v0.6.1
[INFO] [stderr]    Compiling env_logger v0.7.1
[INFO] [stderr]    Compiling linearizability v0.1.0 (/opt/rustwide/workdir/linearizability)
[INFO] [stderr]    Compiling prost-build v0.6.1
[INFO] [stderr]    Compiling serde_json v1.0.52
[INFO] [stderr]    Compiling bstr v0.2.12
[INFO] [stderr]    Compiling labcodec v0.1.0 (/opt/rustwide/workdir/labcodec)
[INFO] [stderr]    Compiling raft v0.1.0 (/opt/rustwide/workdir/raft)
[INFO] [stderr]    Compiling csv v1.1.3
[INFO] [stderr]    Compiling labrpc v0.1.0 (/opt/rustwide/workdir/labrpc)
[INFO] [stderr]    Compiling tinytemplate v1.0.4
[INFO] [stdout] warning: unused import: `add_service as add_raft_service`
[INFO] [stdout]   --> raft/src/proto/mod.rs:13:9
[INFO] [stdout]    |
[INFO] [stdout] 13 |         add_service as add_raft_service, Client as RaftClient, Service as RaftService,
[INFO] [stdout]    |         ^^^^^^^^^^^^^^^^^^^^^^^^^^^^^^^
[INFO] [stdout]    |
[INFO] [stdout]    = note: `#[warn(unused_imports)]` on by default
[INFO] [stdout] 
[INFO] [stdout] 
[INFO] [stdout] warning: unused import: `add_service as add_kv_service`
[INFO] [stdout]   --> raft/src/proto/mod.rs:29:24
[INFO] [stdout]    |
[INFO] [stdout] 29 |     pub use self::kv::{add_service as add_kv_service, Client as KvClient, Service as KvService};
[INFO] [stdout]    |                        ^^^^^^^^^^^^^^^^^^^^^^^^^^^^^
[INFO] [stdout] 
[INFO] [stdout] 
[INFO] [stdout] warning: fields `0` and `1` are never read
[INFO] [stdout]  --> raft/src/kvraft/client.rs:6:9
[INFO] [stdout]   |
[INFO] [stdout] 6 |     Put(String, String),
[INFO] [stdout]   |     --- ^^^^^^  ^^^^^^
[INFO] [stdout]   |     |
[INFO] [stdout]   |     fields in this variant
[INFO] [stdout]   |
[INFO] [stdout]   = note: `#[warn(dead_code)]` on by default
[INFO] [stdout] help: consider changing the fields to be of unit type to suppress this warning while preserving the field numbering, or remove the fields
[INFO] [stdout]   |
[INFO] [stdout] 6 |     Put((), ()),
[INFO] [stdout]   |         ~~  ~~
[INFO] [stdout] 
[INFO] [stdout] 
[INFO] [stdout] warning: fields `0` and `1` are never read
[INFO] [stdout]  --> raft/src/kvraft/client.rs:7:12
[INFO] [stdout]   |
[INFO] [stdout] 7 |     Append(String, String),
[INFO] [stdout]   |     ------ ^^^^^^  ^^^^^^
[INFO] [stdout]   |     |
[INFO] [stdout]   |     fields in this variant
[INFO] [stdout]   |
[INFO] [stdout] help: consider changing the fields to be of unit type to suppress this warning while preserving the field numbering, or remove the fields
[INFO] [stdout]   |
[INFO] [stdout] 7 |     Append((), ()),
[INFO] [stdout]   |            ~~  ~~
[INFO] [stdout] 
[INFO] [stdout] 
[INFO] [stderr]    Compiling criterion v0.3.2
[INFO] [stdout] warning: fields `0` and `1` are never read
[INFO] [stdout]  --> raft/src/kvraft/client.rs:6:9
[INFO] [stdout]   |
[INFO] [stdout] 6 |     Put(String, String),
[INFO] [stdout]   |     --- ^^^^^^  ^^^^^^
[INFO] [stdout]   |     |
[INFO] [stdout]   |     fields in this variant
[INFO] [stdout]   |
[INFO] [stdout]   = note: `#[warn(dead_code)]` on by default
[INFO] [stdout] help: consider changing the fields to be of unit type to suppress this warning while preserving the field numbering, or remove the fields
[INFO] [stdout]   |
[INFO] [stdout] 6 |     Put((), ()),
[INFO] [stdout]   |         ~~  ~~
[INFO] [stdout] 
[INFO] [stdout] 
[INFO] [stdout] warning: fields `0` and `1` are never read
[INFO] [stdout]  --> raft/src/kvraft/client.rs:7:12
[INFO] [stdout]   |
[INFO] [stdout] 7 |     Append(String, String),
[INFO] [stdout]   |     ------ ^^^^^^  ^^^^^^
[INFO] [stdout]   |     |
[INFO] [stdout]   |     fields in this variant
[INFO] [stdout]   |
[INFO] [stdout] help: consider changing the fields to be of unit type to suppress this warning while preserving the field numbering, or remove the fields
[INFO] [stdout]   |
[INFO] [stdout] 7 |     Append((), ()),
[INFO] [stdout]   |            ~~  ~~
[INFO] [stdout] 
[INFO] [stdout] 
[INFO] [stderr]     Finished `test` profile [unoptimized + debuginfo] target(s) in 29.20s
[INFO] [stderr] warning: the following packages contain code that will be rejected by a future version of Rust: criterion v0.3.2
[INFO] [stderr] note: to see what the problems were, use the option `--future-incompat-report`, or run `cargo report future-incompatibilities --id 1`
[INFO] running `Command { std: "docker" "inspect" "ef1c7c7401fce7c70572d76bcee1c3277f0fe095522f2c20130eeebd7f0b251a", kill_on_drop: false }`
[INFO] running `Command { std: "docker" "rm" "-f" "ef1c7c7401fce7c70572d76bcee1c3277f0fe095522f2c20130eeebd7f0b251a", kill_on_drop: false }`
[INFO] [stdout] ef1c7c7401fce7c70572d76bcee1c3277f0fe095522f2c20130eeebd7f0b251a
[INFO] running `Command { std: "docker" "create" "-v" "/var/lib/crater-agent-workspace/builds/worker-6-tc2/target:/opt/rustwide/target:rw,Z" "-v" "/var/lib/crater-agent-workspace/builds/worker-6-tc2/source:/opt/rustwide/workdir:ro,Z" "-v" "/var/lib/crater-agent-workspace/cargo-home:/opt/rustwide/cargo-home:ro,Z" "-v" "/var/lib/crater-agent-workspace/rustup-home:/opt/rustwide/rustup-home:ro,Z" "-e" "SOURCE_DIR=/opt/rustwide/workdir" "-e" "CARGO_TARGET_DIR=/opt/rustwide/target" "-e" "CARGO_INCREMENTAL=0" "-e" "RUST_BACKTRACE=full" "-e" "RUSTFLAGS=--cap-lints=forbid -Zrandomize-layout" "-e" "RUSTDOCFLAGS=--cap-lints=forbid" "-e" "CARGO_HOME=/opt/rustwide/cargo-home" "-e" "RUSTUP_HOME=/opt/rustwide/rustup-home" "-w" "/opt/rustwide/workdir" "-m" "1610612736" "--user" "0:0" "--network" "none" "ghcr.io/rust-lang/crates-build-env/linux@sha256:819108c5571ea2e421544af4d832f968d213c87fbe3707a016657f43d2f853bc" "/opt/rustwide/cargo-home/bin/cargo" "+nightly-2025-01-18" "test" "--frozen", kill_on_drop: false }`
[INFO] [stdout] 457e487f1f95e18d3b424029c9e4dbe5769086e130bd4ee92d286f7257287c94
[INFO] running `Command { std: "docker" "start" "-a" "457e487f1f95e18d3b424029c9e4dbe5769086e130bd4ee92d286f7257287c94", kill_on_drop: false }`
[INFO] [stderr] warning: unused import: `add_service as add_raft_service`
[INFO] [stderr]   --> raft/src/proto/mod.rs:13:9
[INFO] [stderr]    |
[INFO] [stderr] 13 |         add_service as add_raft_service, Client as RaftClient, Service as RaftService,
[INFO] [stderr]    |         ^^^^^^^^^^^^^^^^^^^^^^^^^^^^^^^
[INFO] [stderr]    |
[INFO] [stderr]    = note: `#[warn(unused_imports)]` on by default
[INFO] [stderr] 
[INFO] [stderr] warning: unused import: `add_service as add_kv_service`
[INFO] [stderr]   --> raft/src/proto/mod.rs:29:24
[INFO] [stderr]    |
[INFO] [stderr] 29 |     pub use self::kv::{add_service as add_kv_service, Client as KvClient, Service as KvService};
[INFO] [stderr]    |                        ^^^^^^^^^^^^^^^^^^^^^^^^^^^^^
[INFO] [stderr] 
[INFO] [stderr] warning: fields `0` and `1` are never read
[INFO] [stderr]  --> raft/src/kvraft/client.rs:6:9
[INFO] [stderr]   |
[INFO] [stderr] 6 |     Put(String, String),
[INFO] [stderr]   |     --- ^^^^^^  ^^^^^^
[INFO] [stderr]   |     |
[INFO] [stderr]   |     fields in this variant
[INFO] [stderr]   |
[INFO] [stderr]   = note: `#[warn(dead_code)]` on by default
[INFO] [stderr] help: consider changing the fields to be of unit type to suppress this warning while preserving the field numbering, or remove the fields
[INFO] [stderr]   |
[INFO] [stderr] 6 |     Put((), ()),
[INFO] [stderr]   |         ~~  ~~
[INFO] [stderr] 
[INFO] [stderr] warning: fields `0` and `1` are never read
[INFO] [stderr]  --> raft/src/kvraft/client.rs:7:12
[INFO] [stderr]   |
[INFO] [stderr] 7 |     Append(String, String),
[INFO] [stderr]   |     ------ ^^^^^^  ^^^^^^
[INFO] [stderr]   |     |
[INFO] [stderr]   |     fields in this variant
[INFO] [stderr]   |
[INFO] [stderr] help: consider changing the fields to be of unit type to suppress this warning while preserving the field numbering, or remove the fields
[INFO] [stderr]   |
[INFO] [stderr] 7 |     Append((), ()),
[INFO] [stderr]   |            ~~  ~~
[INFO] [stderr] 
[INFO] [stderr] warning: `raft` (lib) generated 4 warnings (run `cargo fix --lib -p raft` to apply 2 suggestions)
[INFO] [stderr] warning: `raft` (lib test) generated 2 warnings (2 duplicates)
[INFO] [stderr]     Finished `test` profile [unoptimized + debuginfo] target(s) in 0.25s
[INFO] [stderr] warning: the following packages contain code that will be rejected by a future version of Rust: criterion v0.3.2
[INFO] [stderr] note: to see what the problems were, use the option `--future-incompat-report`, or run `cargo report future-incompatibilities --id 1`
[INFO] [stderr]      Running unittests src/lib.rs (/opt/rustwide/target/debug/deps/labcodec-4899b03108c53089)
[INFO] [stdout] 
[INFO] [stderr]      Running unittests src/lib.rs (/opt/rustwide/target/debug/deps/labrpc-7f0df275393590ce)
[INFO] [stdout] running 2 tests
[INFO] [stdout] test tests::test_basic_encode_decode ... ok
[INFO] [stdout] test tests::test_default ... ok
[INFO] [stdout] 
[INFO] [stdout] test result: ok. 2 passed; 0 failed; 0 ignored; 0 measured; 0 filtered out; finished in 0.00s
[INFO] [stdout] 
[INFO] [stdout] 
[INFO] [stdout] running 11 tests
[INFO] [stdout] test tests::test_rpc_hooks ... ok
[INFO] [stdout] test tests::test_service_dispatch ... ok
[INFO] [stdout] test tests::test_basic ... ok
[INFO] [stdout] test tests::test_concurrent_many ... ok
[INFO] [stdout] test tests::test_concurrent_one ... ok
[INFO] [stderr] [2025-01-20T07:38:01Z ERROR labrpc::network] fail to send resp: Err(Timeout)
[INFO] [stdout] test tests::test_count ... ok
[INFO] [stderr] [2025-01-20T07:38:01Z ERROR labrpc::network] fail to send resp: Err(Timeout)
[INFO] [stderr] [2025-01-20T07:38:01Z ERROR labrpc::network] fail to send resp: Err(Timeout)
[INFO] [stderr] [2025-01-20T07:38:01Z ERROR labrpc::network] fail to send resp: Err(Timeout)
[INFO] [stdout] test tests::test_network_client_rpc ... ok
[INFO] [stderr] [2025-01-20T07:38:01Z ERROR labrpc::network] fail to send resp: Err(Timeout)
[INFO] [stderr] [2025-01-20T07:38:01Z ERROR labrpc::network] fail to send resp: Err(Timeout)
[INFO] [stderr] [2025-01-20T07:38:01Z ERROR labrpc::network] fail to send resp: Err(Timeout)
[INFO] [stderr] [2025-01-20T07:38:01Z ERROR labrpc::network] fail to send resp: Err(Timeout)
[INFO] [stderr] [2025-01-20T07:38:01Z ERROR labrpc::network] fail to send resp: Err(Timeout)
[INFO] [stderr] [2025-01-20T07:38:01Z ERROR labrpc::network] fail to send resp: Err(Timeout)
[INFO] [stderr] [2025-01-20T07:38:01Z ERROR labrpc::network] fail to send resp: Err(Timeout)
[INFO] [stderr] [2025-01-20T07:38:01Z ERROR labrpc::network] fail to send resp: Err(Timeout)
[INFO] [stderr] [2025-01-20T07:38:01Z ERROR labrpc::network] fail to send resp: Err(Timeout)
[INFO] [stderr] [2025-01-20T07:38:01Z ERROR labrpc::network] fail to send resp: Err(Timeout)
[INFO] [stdout] test tests::test_disconnect ... ok
[INFO] [stderr] [2025-01-20T07:38:01Z ERROR labrpc::network] fail to send resp: Err(Timeout)
[INFO] [stderr] [2025-01-20T07:38:01Z ERROR labrpc::network] fail to send resp: Err(Timeout)
[INFO] [stderr] [2025-01-20T07:38:01Z ERROR labrpc::network] fail to send resp: Err(Timeout)
[INFO] [stderr] [2025-01-20T07:38:01Z ERROR labrpc::network] fail to send resp: Err(Timeout)
[INFO] [stderr] [2025-01-20T07:38:01Z ERROR labrpc::network] fail to send resp: Err(Timeout)
[INFO] [stderr] [2025-01-20T07:38:01Z ERROR labrpc::network] fail to send resp: Err(Timeout)
[INFO] [stdout] test tests::test_regression1 ... ok
[INFO] [stdout] test tests::test_killed ... ok
[INFO] [stdout] test tests::test_unreliable ... ok
[INFO] [stdout] 
[INFO] [stdout] test result: ok. 11 passed; 0 failed; 0 ignored; 0 measured; 0 filtered out; finished in 24.07s
[INFO] [stdout] 
[INFO] [stderr]      Running unittests src/lib.rs (/opt/rustwide/target/debug/deps/linearizability-5caed943dbfb132b)
[INFO] [stdout] 
[INFO] [stdout] running 6 tests
[INFO] [stdout] test models::tests::test_kv_1client_bad ... ok
[INFO] [stdout] test models::tests::test_kv_1client_ok ... ok
[INFO] [stdout] test models::tests::test_kv_10client_bad ... ok
[INFO] [stdout] test models::tests::test_kv_10client_ok ... ok
[INFO] [stdout] test models::tests::test_kv_50client_bad ... ok
[INFO] [stdout] test models::tests::test_kv_50client_ok ... ok
[INFO] [stderr]      Running unittests src/lib.rs (/opt/rustwide/target/debug/deps/raft-0433d4509d878d93)
[INFO] [stdout] 
[INFO] [stdout] test result: ok. 6 passed; 0 failed; 0 ignored; 0 measured; 0 filtered out; finished in 50.67s
[INFO] [stdout] 
[INFO] [stdout] 
[INFO] [stdout] running 45 tests
[INFO] [stderr] 
[INFO] [stdout] 
[INFO] [stderr] thread 'kvraft::tests::test_persist_partition_unreliable_3a' panicked at library/core/src/panicking.rs:226:5:
[INFO] [stdout] thread 'kvraft::tests::test_persist_partition_unreliable_3a' panicked at raft/src/lib.rs:14:5:
[INFO] [stderr] panic in a destructor during cleanup
[INFO] [stdout] not implemented
[INFO] [stderr] thread caused non-unwinding panic. aborting.
[INFO] [stdout] stack backtrace:
[INFO] [stdout]    0:     0x57639178ffea - std::backtrace_rs::backtrace::libunwind::trace::hb059275cfc8d6126
[INFO] [stdout]                                at /rustc/6067b36314ab5eb2eb47cecc464545ba58e1ad24/library/std/src/../../backtrace/src/backtrace/libunwind.rs:116:5
[INFO] [stdout]    1:     0x57639178ffea - std::backtrace_rs::backtrace::trace_unsynchronized::h2da071e4327ce3ee
[INFO] [stdout]                                at /rustc/6067b36314ab5eb2eb47cecc464545ba58e1ad24/library/std/src/../../backtrace/src/backtrace/mod.rs:66:5
[INFO] [stdout]    2:     0x57639178ffea - std::sys::backtrace::_print_fmt::h842a1474e6f8d23f
[INFO] [stdout]                                at /rustc/6067b36314ab5eb2eb47cecc464545ba58e1ad24/library/std/src/sys/backtrace.rs:66:9
[INFO] [stdout]    3:     0x57639178ffea - <std::sys::backtrace::BacktraceLock::print::DisplayBacktrace as core::fmt::Display>::fmt::h71a62eb3b9696b12
[INFO] [stdout]                                at /rustc/6067b36314ab5eb2eb47cecc464545ba58e1ad24/library/std/src/sys/backtrace.rs:39:26
[INFO] [stdout]    4:     0x5763917b7f73 - core::fmt::rt::Argument::fmt::hdb6b616786b41dc1
[INFO] [stdout]                                at /rustc/6067b36314ab5eb2eb47cecc464545ba58e1ad24/library/core/src/fmt/rt.rs:177:76
[INFO] [stdout]    5:     0x5763917b7f73 - core::fmt::write::h2cc1698af7e2d686
[INFO] [stdout]                                at /rustc/6067b36314ab5eb2eb47cecc464545ba58e1ad24/library/core/src/fmt/mod.rs:1440:21
[INFO] [stdout]    6:     0x57639178c963 - std::io::Write::write_fmt::hab1b4cd059a79022
[INFO] [stdout]                                at /rustc/6067b36314ab5eb2eb47cecc464545ba58e1ad24/library/std/src/io/mod.rs:1887:15
[INFO] [stdout]    7:     0x57639178fe32 - std::sys::backtrace::BacktraceLock::print::h147fe35b4ea13b08
[INFO] [stdout]                                at /rustc/6067b36314ab5eb2eb47cecc464545ba58e1ad24/library/std/src/sys/backtrace.rs:42:9
[INFO] [stdout]    8:     0x57639179140f - std::panicking::default_hook::{{closure}}::hbd44223dbdc0d208
[INFO] [stdout]                                at /rustc/6067b36314ab5eb2eb47cecc464545ba58e1ad24/library/std/src/panicking.rs:298:22
[INFO] [stdout]    9:     0x576391791228 - std::panicking::default_hook::h20f81eb0576efcec
[INFO] [stdout]                                at /rustc/6067b36314ab5eb2eb47cecc464545ba58e1ad24/library/std/src/panicking.rs:322:9
[INFO] [stdout]   10:     0x5763916c6e03 - <alloc::boxed::Box<F,A> as core::ops::function::Fn<Args>>::call::hdb53814c496a4d34
[INFO] [stdout]                                at /rustc/6067b36314ab5eb2eb47cecc464545ba58e1ad24/library/alloc/src/boxed.rs:2027:9
[INFO] [stdout]   11:     0x5763916c6e03 - test::test_main::{{closure}}::hc0a4963c59427c24
[INFO] [stdout]                                at /rustc/6067b36314ab5eb2eb47cecc464545ba58e1ad24/library/test/src/lib.rs:134:21
[INFO] [stdout]   12:     0x576391791f03 - <alloc::boxed::Box<F,A> as core::ops::function::Fn<Args>>::call::h591b2225413a77e9
[INFO] [stdout]                                at /rustc/6067b36314ab5eb2eb47cecc464545ba58e1ad24/library/alloc/src/boxed.rs:2027:9
[INFO] [stdout]   13:     0x576391791f03 - std::panicking::rust_panic_with_hook::h625eea43051b2edc
[INFO] [stdout]                                at /rustc/6067b36314ab5eb2eb47cecc464545ba58e1ad24/library/std/src/panicking.rs:839:13
[INFO] [stdout]   14:     0x576391791b86 - std::panicking::begin_panic_handler::{{closure}}::h4f9159cfbc3f6bd3
[INFO] [stdout]                                at /rustc/6067b36314ab5eb2eb47cecc464545ba58e1ad24/library/std/src/panicking.rs:697:13
[INFO] [stdout]   15:     0x5763917904e9 - std::sys::backtrace::__rust_end_short_backtrace::h0390abce48353151
[INFO] [stdout]                                at /rustc/6067b36314ab5eb2eb47cecc464545ba58e1ad24/library/std/src/sys/backtrace.rs:168:18
[INFO] [stdout]   16:     0x57639179184d - rust_begin_unwind
[INFO] [stdout]                                at /rustc/6067b36314ab5eb2eb47cecc464545ba58e1ad24/library/std/src/panicking.rs:695:5
[INFO] [stdout]   17:     0x5763917b6930 - core::panicking::panic_fmt::h9e7c637e9e5f29c9
[INFO] [stdout]                                at /rustc/6067b36314ab5eb2eb47cecc464545ba58e1ad24/library/core/src/panicking.rs:75:14
[INFO] [stdout]   18:     0x5763917b69bc - core::panicking::panic::haa3255ea20181a33
[INFO] [stdout]                                at /rustc/6067b36314ab5eb2eb47cecc464545ba58e1ad24/library/core/src/panicking.rs:145:5
[INFO] [stdout]   19:     0x576391525184 - raft::your_code_here::hf3b4807808495c2e
[INFO] [stdout]                                at /opt/rustwide/workdir/raft/src/lib.rs:14:5
[INFO] [stdout]   20:     0x576391509e1a - raft::raft::Raft::new::hbbaa8201dc470ca3
[INFO] [stdout]                                at /opt/rustwide/workdir/raft/src/raft/mod.rs:93:9
[INFO] [stdout]   21:     0x5763914f5d6d - raft::kvraft::server::KvServer::new::h5b0d72060e1dcf85
[INFO] [stdout]                                at /opt/rustwide/workdir/raft/src/kvraft/server.rs:24:18
[INFO] [stdout]   22:     0x576391505a6d - raft::kvraft::config::Config::start_server::h35efb35db99cf7f9
[INFO] [stdout]                                at /opt/rustwide/workdir/raft/src/kvraft/config.rs:283:18
[INFO] [stdout]   23:     0x576391502aac - raft::kvraft::config::Config::new::h83de8d228be56243
[INFO] [stdout]                                at /opt/rustwide/workdir/raft/src/kvraft/config.rs:78:13
[INFO] [stdout]   24:     0x576391490011 - raft::kvraft::tests::generic_test::h6891f80abe869464
[INFO] [stdout]                                at /opt/rustwide/workdir/raft/src/kvraft/tests.rs:221:24
[INFO] [stdout]   25:     0x576391498bb2 - raft::kvraft::tests::test_persist_partition_unreliable_3a::hb815cd924b4519f3
[INFO] [stdout]                                at /opt/rustwide/workdir/raft/src/kvraft/tests.rs:776:5
[INFO] [stdout]   26:     0x576391498b57 - raft::kvraft::tests::test_persist_partition_unreliable_3a::{{closure}}::h76513d32eb42ea64
[INFO] [stdout]                                at /opt/rustwide/workdir/raft/src/kvraft/tests.rs:774:42
[INFO] [stdout]   27:     0x5763914b6936 - core::ops::function::FnOnce::call_once::hf3139b069ea54f69
[INFO] [stdout]                                at /rustc/6067b36314ab5eb2eb47cecc464545ba58e1ad24/library/core/src/ops/function.rs:250:5
[INFO] [stdout]   28:     0x5763916cc55b - core::ops::function::FnOnce::call_once::he27718dfdd183f43
[INFO] [stdout]                                at /rustc/6067b36314ab5eb2eb47cecc464545ba58e1ad24/library/core/src/ops/function.rs:250:5
[INFO] [stdout]   29:     0x5763916cc55b - test::__rust_begin_short_backtrace::h4e84902998457a5d
[INFO] [stdout]                                at /rustc/6067b36314ab5eb2eb47cecc464545ba58e1ad24/library/test/src/lib.rs:632:18
[INFO] [stdout]   30:     0x5763916cb493 - test::run_test_in_process::{{closure}}::h7176fd18fc1feca0
[INFO] [stdout]                                at /rustc/6067b36314ab5eb2eb47cecc464545ba58e1ad24/library/test/src/lib.rs:655:60
[INFO] [stdout]   31:     0x5763916cb493 - <core::panic::unwind_safe::AssertUnwindSafe<F> as core::ops::function::FnOnce<()>>::call_once::hf79cff2a624d8cf7
[INFO] [stdout]                                at /rustc/6067b36314ab5eb2eb47cecc464545ba58e1ad24/library/core/src/panic/unwind_safe.rs:272:9
[INFO] [stdout]   32:     0x5763916cb493 - std::panicking::try::do_call::h3da0561d9ab99c25
[INFO] [stdout]                                at /rustc/6067b36314ab5eb2eb47cecc464545ba58e1ad24/library/std/src/panicking.rs:587:40
[INFO] [stdout]   33:     0x5763916cb493 - std::panicking::try::h41c9fa508bc61df6
[INFO] [stdout]                                at /rustc/6067b36314ab5eb2eb47cecc464545ba58e1ad24/library/std/src/panicking.rs:550:19
[INFO] [stdout]   34:     0x5763916cb493 - std::panic::catch_unwind::h6b3ff07bb5afad93
[INFO] [stdout]                                at /rustc/6067b36314ab5eb2eb47cecc464545ba58e1ad24/library/std/src/panic.rs:358:14
[INFO] [stdout]   35:     0x5763916cb493 - test::run_test_in_process::hc7253dd11b39b9f4
[INFO] [stdout]                                at /rustc/6067b36314ab5eb2eb47cecc464545ba58e1ad24/library/test/src/lib.rs:655:27
[INFO] [stdout]   36:     0x5763916cb493 - test::run_test::{{closure}}::hfb2007f8649c30bb
[INFO] [stdout]                                at /rustc/6067b36314ab5eb2eb47cecc464545ba58e1ad24/library/test/src/lib.rs:576:43
[INFO] [stdout]   37:     0x57639168e575 - test::run_test::{{closure}}::h56a17aa7a282a9f4
[INFO] [stdout]                                at /rustc/6067b36314ab5eb2eb47cecc464545ba58e1ad24/library/test/src/lib.rs:606:41
[INFO] [stdout]   38:     0x57639168e575 - std::sys::backtrace::__rust_begin_short_backtrace::hd2d2d2fb8e8c6aac
[INFO] [stdout]                                at /rustc/6067b36314ab5eb2eb47cecc464545ba58e1ad24/library/std/src/sys/backtrace.rs:152:18
[INFO] [stdout]   39:     0x576391691e5a - std::thread::Builder::spawn_unchecked_::{{closure}}::{{closure}}::h4faa3f9db6133423
[INFO] [stdout]                                at /rustc/6067b36314ab5eb2eb47cecc464545ba58e1ad24/library/std/src/thread/mod.rs:559:17
[INFO] [stdout]   40:     0x576391691e5a - <core::panic::unwind_safe::AssertUnwindSafe<F> as core::ops::function::FnOnce<()>>::call_once::hf2e855a36a4ea846
[INFO] [stdout]                                at /rustc/6067b36314ab5eb2eb47cecc464545ba58e1ad24/library/core/src/panic/unwind_safe.rs:272:9
[INFO] [stdout]   41:     0x576391691e5a - std::panicking::try::do_call::h2f73af3616c35465
[INFO] [stdout]                                at /rustc/6067b36314ab5eb2eb47cecc464545ba58e1ad24/library/std/src/panicking.rs:587:40
[INFO] [stdout]   42:     0x576391691e5a - std::panicking::try::hd1660ce9efadef5a
[INFO] [stdout]                                at /rustc/6067b36314ab5eb2eb47cecc464545ba58e1ad24/library/std/src/panicking.rs:550:19
[INFO] [stdout]   43:     0x576391691e5a - std::panic::catch_unwind::h5ee8d7823b8ca744
[INFO] [stdout]                                at /rustc/6067b36314ab5eb2eb47cecc464545ba58e1ad24/library/std/src/panic.rs:358:14
[INFO] [stdout]   44:     0x576391691e5a - std::thread::Builder::spawn_unchecked_::{{closure}}::h53c3a1894dce8407
[INFO] [stdout]                                at /rustc/6067b36314ab5eb2eb47cecc464545ba58e1ad24/library/std/src/thread/mod.rs:557:30
[INFO] [stdout]   45:     0x576391691e5a - core::ops::function::FnOnce::call_once{{vtable.shim}}::h048ce291ad4f62bf
[INFO] [stdout]                                at /rustc/6067b36314ab5eb2eb47cecc464545ba58e1ad24/library/core/src/ops/function.rs:250:5
[INFO] [stdout]   46:     0x576391795e4b - <alloc::boxed::Box<F,A> as core::ops::function::FnOnce<Args>>::call_once::ha52bedf99a3b4981
[INFO] [stdout]                                at /rustc/6067b36314ab5eb2eb47cecc464545ba58e1ad24/library/alloc/src/boxed.rs:2013:9
[INFO] [stdout]   47:     0x576391795e4b - <alloc::boxed::Box<F,A> as core::ops::function::FnOnce<Args>>::call_once::h567748934d80ccf8
[INFO] [stdout]                                at /rustc/6067b36314ab5eb2eb47cecc464545ba58e1ad24/library/alloc/src/boxed.rs:2013:9
[INFO] [stdout]   48:     0x576391795e4b - std::sys::pal::unix::thread::Thread::new::thread_start::h2d970728ae887adc
[INFO] [stdout]                                at /rustc/6067b36314ab5eb2eb47cecc464545ba58e1ad24/library/std/src/sys/pal/unix/thread.rs:106:17
[INFO] [stdout]   49:     0x7918ff747ac3 - <unknown>
[INFO] [stdout]   50:     0x7918ff7d8a04 - clone
[INFO] [stdout]   51:                0x0 - <unknown>
[INFO] [stdout] 
[INFO] [stdout] thread 'kvraft::tests::test_persist_partition_unreliable_3a' panicked at raft/src/kvraft/config.rs:359:43:
[INFO] [stdout] called `Result::unwrap()` on an `Err` value: PoisonError { .. }
[INFO] [stdout] stack backtrace:
[INFO] [stdout]    0:     0x57639178ffea - std::backtrace_rs::backtrace::libunwind::trace::hb059275cfc8d6126
[INFO] [stdout]                                at /rustc/6067b36314ab5eb2eb47cecc464545ba58e1ad24/library/std/src/../../backtrace/src/backtrace/libunwind.rs:116:5
[INFO] [stdout]    1:     0x57639178ffea - std::backtrace_rs::backtrace::trace_unsynchronized::h2da071e4327ce3ee
[INFO] [stdout]                                at /rustc/6067b36314ab5eb2eb47cecc464545ba58e1ad24/library/std/src/../../backtrace/src/backtrace/mod.rs:66:5
[INFO] [stdout]    2:     0x57639178ffea - std::sys::backtrace::_print_fmt::h842a1474e6f8d23f
[INFO] [stdout]                                at /rustc/6067b36314ab5eb2eb47cecc464545ba58e1ad24/library/std/src/sys/backtrace.rs:66:9
[INFO] [stdout]    3:     0x57639178ffea - <std::sys::backtrace::BacktraceLock::print::DisplayBacktrace as core::fmt::Display>::fmt::h71a62eb3b9696b12
[INFO] [stdout]                                at /rustc/6067b36314ab5eb2eb47cecc464545ba58e1ad24/library/std/src/sys/backtrace.rs:39:26
[INFO] [stdout]    4:     0x5763917b7f73 - core::fmt::rt::Argument::fmt::hdb6b616786b41dc1
[INFO] [stdout]                                at /rustc/6067b36314ab5eb2eb47cecc464545ba58e1ad24/library/core/src/fmt/rt.rs:177:76
[INFO] [stdout]    5:     0x5763917b7f73 - core::fmt::write::h2cc1698af7e2d686
[INFO] [stdout]                                at /rustc/6067b36314ab5eb2eb47cecc464545ba58e1ad24/library/core/src/fmt/mod.rs:1440:21
[INFO] [stdout]    6:     0x57639178c963 - std::io::Write::write_fmt::hab1b4cd059a79022
[INFO] [stdout]                                at /rustc/6067b36314ab5eb2eb47cecc464545ba58e1ad24/library/std/src/io/mod.rs:1887:15
[INFO] [stdout]    7:     0x57639178fe32 - std::sys::backtrace::BacktraceLock::print::h147fe35b4ea13b08
[INFO] [stdout]                                at /rustc/6067b36314ab5eb2eb47cecc464545ba58e1ad24/library/std/src/sys/backtrace.rs:42:9
[INFO] [stdout]    8:     0x57639179140f - std::panicking::default_hook::{{closure}}::hbd44223dbdc0d208
[INFO] [stdout]                                at /rustc/6067b36314ab5eb2eb47cecc464545ba58e1ad24/library/std/src/panicking.rs:298:22
[INFO] [stdout]    9:     0x576391791228 - std::panicking::default_hook::h20f81eb0576efcec
[INFO] [stdout]                                at /rustc/6067b36314ab5eb2eb47cecc464545ba58e1ad24/library/std/src/panicking.rs:322:9
[INFO] [stdout]   10:     0x5763916c6e03 - <alloc::boxed::Box<F,A> as core::ops::function::Fn<Args>>::call::hdb53814c496a4d34
[INFO] [stdout]                                at /rustc/6067b36314ab5eb2eb47cecc464545ba58e1ad24/library/alloc/src/boxed.rs:2027:9
[INFO] [stdout]   11:     0x5763916c6e03 - test::test_main::{{closure}}::hc0a4963c59427c24
[INFO] [stdout]                                at /rustc/6067b36314ab5eb2eb47cecc464545ba58e1ad24/library/test/src/lib.rs:134:21
[INFO] [stdout]   12:     0x576391791f03 - <alloc::boxed::Box<F,A> as core::ops::function::Fn<Args>>::call::h591b2225413a77e9
[INFO] [stdout]                                at /rustc/6067b36314ab5eb2eb47cecc464545ba58e1ad24/library/alloc/src/boxed.rs:2027:9
[INFO] [stdout]   13:     0x576391791f03 - std::panicking::rust_panic_with_hook::h625eea43051b2edc
[INFO] [stdout]                                at /rustc/6067b36314ab5eb2eb47cecc464545ba58e1ad24/library/std/src/panicking.rs:839:13
[INFO] [stdout]   14:     0x576391791bba - std::panicking::begin_panic_handler::{{closure}}::h4f9159cfbc3f6bd3
[INFO] [stdout]                                at /rustc/6067b36314ab5eb2eb47cecc464545ba58e1ad24/library/std/src/panicking.rs:704:13
[INFO] [stdout]   15:     0x5763917904e9 - std::sys::backtrace::__rust_end_short_backtrace::h0390abce48353151
[INFO] [stdout]                                at /rustc/6067b36314ab5eb2eb47cecc464545ba58e1ad24/library/std/src/sys/backtrace.rs:168:18
[INFO] [stdout]   16:     0x57639179184d - rust_begin_unwind
[INFO] [stdout]                                at /rustc/6067b36314ab5eb2eb47cecc464545ba58e1ad24/library/std/src/panicking.rs:695:5
[INFO] [stdout]   17:     0x5763917b6930 - core::panicking::panic_fmt::h9e7c637e9e5f29c9
[INFO] [stdout]                                at /rustc/6067b36314ab5eb2eb47cecc464545ba58e1ad24/library/core/src/panicking.rs:75:14
[INFO] [stdout]   18:     0x5763917b6da6 - core::result::unwrap_failed::h7979f09313fe1849
[INFO] [stdout]                                at /rustc/6067b36314ab5eb2eb47cecc464545ba58e1ad24/library/core/src/result.rs:1704:5
[INFO] [stdout]   19:     0x576391506e91 - core::result::Result<T,E>::unwrap::h9da8bd7f84e44bae
[INFO] [stdout]                                at /rustc/6067b36314ab5eb2eb47cecc464545ba58e1ad24/library/core/src/result.rs:1109:23
[INFO] [stdout]   20:     0x576391506e91 - <raft::kvraft::config::Config as core::ops::drop::Drop>::drop::h5f09b47bb11eae73
[INFO] [stdout]                                at /opt/rustwide/workdir/raft/src/kvraft/config.rs:359:23
[INFO] [stdout]   21:     0x5763914bbe93 - core::ptr::drop_in_place<raft::kvraft::config::Config>::ha1ec5d315548ebec
[INFO] [stdout]                                at /rustc/6067b36314ab5eb2eb47cecc464545ba58e1ad24/library/core/src/ptr/mod.rs:523:1
[INFO] [stdout]   22:     0x576391502a0b - raft::kvraft::config::Config::new::h83de8d228be56243
[INFO] [stdout]                                at /opt/rustwide/workdir/raft/src/kvraft/config.rs:86:5
[INFO] [stdout]   23:     0x576391490011 - raft::kvraft::tests::generic_test::h6891f80abe869464
[INFO] [stdout]                                at /opt/rustwide/workdir/raft/src/kvraft/tests.rs:221:24
[INFO] [stdout]   24:     0x576391498bb2 - raft::kvraft::tests::test_persist_partition_unreliable_3a::hb815cd924b4519f3
[INFO] [stdout]                                at /opt/rustwide/workdir/raft/src/kvraft/tests.rs:776:5
[INFO] [stdout]   25:     0x576391498b57 - raft::kvraft::tests::test_persist_partition_unreliable_3a::{{closure}}::h76513d32eb42ea64
[INFO] [stdout]                                at /opt/rustwide/workdir/raft/src/kvraft/tests.rs:774:42
[INFO] [stdout]   26:     0x5763914b6936 - core::ops::function::FnOnce::call_once::hf3139b069ea54f69
[INFO] [stdout]                                at /rustc/6067b36314ab5eb2eb47cecc464545ba58e1ad24/library/core/src/ops/function.rs:250:5
[INFO] [stdout]   27:     0x5763916cc55b - core::ops::function::FnOnce::call_once::he27718dfdd183f43
[INFO] [stdout]                                at /rustc/6067b36314ab5eb2eb47cecc464545ba58e1ad24/library/core/src/ops/function.rs:250:5
[INFO] [stdout]   28:     0x5763916cc55b - test::__rust_begin_short_backtrace::h4e84902998457a5d
[INFO] [stdout]                                at /rustc/6067b36314ab5eb2eb47cecc464545ba58e1ad24/library/test/src/lib.rs:632:18
[INFO] [stdout]   29:     0x5763916cb493 - test::run_test_in_process::{{closure}}::h7176fd18fc1feca0
[INFO] [stdout]                                at /rustc/6067b36314ab5eb2eb47cecc464545ba58e1ad24/library/test/src/lib.rs:655:60
[INFO] [stdout]   30:     0x5763916cb493 - <core::panic::unwind_safe::AssertUnwindSafe<F> as core::ops::function::FnOnce<()>>::call_once::hf79cff2a624d8cf7
[INFO] [stdout]                                at /rustc/6067b36314ab5eb2eb47cecc464545ba58e1ad24/library/core/src/panic/unwind_safe.rs:272:9
[INFO] [stdout]   31:     0x5763916cb493 - std::panicking::try::do_call::h3da0561d9ab99c25
[INFO] [stdout]                                at /rustc/6067b36314ab5eb2eb47cecc464545ba58e1ad24/library/std/src/panicking.rs:587:40
[INFO] [stdout]   32:     0x5763916cb493 - std::panicking::try::h41c9fa508bc61df6
[INFO] [stdout]                                at /rustc/6067b36314ab5eb2eb47cecc464545ba58e1ad24/library/std/src/panicking.rs:550:19
[INFO] [stdout]   33:     0x5763916cb493 - std::panic::catch_unwind::h6b3ff07bb5afad93
[INFO] [stdout]                                at /rustc/6067b36314ab5eb2eb47cecc464545ba58e1ad24/library/std/src/panic.rs:358:14
[INFO] [stdout]   34:     0x5763916cb493 - test::run_test_in_process::hc7253dd11b39b9f4
[INFO] [stdout]                                at /rustc/6067b36314ab5eb2eb47cecc464545ba58e1ad24/library/test/src/lib.rs:655:27
[INFO] [stdout]   35:     0x5763916cb493 - test::run_test::{{closure}}::hfb2007f8649c30bb
[INFO] [stdout]                                at /rustc/6067b36314ab5eb2eb47cecc464545ba58e1ad24/library/test/src/lib.rs:576:43
[INFO] [stdout]   36:     0x57639168e575 - test::run_test::{{closure}}::h56a17aa7a282a9f4
[INFO] [stdout]                                at /rustc/6067b36314ab5eb2eb47cecc464545ba58e1ad24/library/test/src/lib.rs:606:41
[INFO] [stdout]   37:     0x57639168e575 - std::sys::backtrace::__rust_begin_short_backtrace::hd2d2d2fb8e8c6aac
[INFO] [stdout]                                at /rustc/6067b36314ab5eb2eb47cecc464545ba58e1ad24/library/std/src/sys/backtrace.rs:152:18
[INFO] [stdout]   38:     0x576391691e5a - std::thread::Builder::spawn_unchecked_::{{closure}}::{{closure}}::h4faa3f9db6133423
[INFO] [stdout]                                at /rustc/6067b36314ab5eb2eb47cecc464545ba58e1ad24/library/std/src/thread/mod.rs:559:17
[INFO] [stdout]   39:     0x576391691e5a - <core::panic::unwind_safe::AssertUnwindSafe<F> as core::ops::function::FnOnce<()>>::call_once::hf2e855a36a4ea846
[INFO] [stdout]                                at /rustc/6067b36314ab5eb2eb47cecc464545ba58e1ad24/library/core/src/panic/unwind_safe.rs:272:9
[INFO] [stdout]   40:     0x576391691e5a - std::panicking::try::do_call::h2f73af3616c35465
[INFO] [stdout]                                at /rustc/6067b36314ab5eb2eb47cecc464545ba58e1ad24/library/std/src/panicking.rs:587:40
[INFO] [stdout]   41:     0x576391691e5a - std::panicking::try::hd1660ce9efadef5a
[INFO] [stdout]                                at /rustc/6067b36314ab5eb2eb47cecc464545ba58e1ad24/library/std/src/panicking.rs:550:19
[INFO] [stdout]   42:     0x576391691e5a - std::panic::catch_unwind::h5ee8d7823b8ca744
[INFO] [stdout]                                at /rustc/6067b36314ab5eb2eb47cecc464545ba58e1ad24/library/std/src/panic.rs:358:14
[INFO] [stdout]   43:     0x576391691e5a - std::thread::Builder::spawn_unchecked_::{{closure}}::h53c3a1894dce8407
[INFO] [stdout]                                at /rustc/6067b36314ab5eb2eb47cecc464545ba58e1ad24/library/std/src/thread/mod.rs:557:30
[INFO] [stdout]   44:     0x576391691e5a - core::ops::function::FnOnce::call_once{{vtable.shim}}::h048ce291ad4f62bf
[INFO] [stdout]                                at /rustc/6067b36314ab5eb2eb47cecc464545ba58e1ad24/library/core/src/ops/function.rs:250:5
[INFO] [stdout]   45:     0x576391795e4b - <alloc::boxed::Box<F,A> as core::ops::function::FnOnce<Args>>::call_once::ha52bedf99a3b4981
[INFO] [stdout]                                at /rustc/6067b36314ab5eb2eb47cecc464545ba58e1ad24/library/alloc/src/boxed.rs:2013:9
[INFO] [stdout]   46:     0x576391795e4b - <alloc::boxed::Box<F,A> as core::ops::function::FnOnce<Args>>::call_once::h567748934d80ccf8
[INFO] [stdout]                                at /rustc/6067b36314ab5eb2eb47cecc464545ba58e1ad24/library/alloc/src/boxed.rs:2013:9
[INFO] [stdout]   47:     0x576391795e4b - std::sys::pal::unix::thread::Thread::new::thread_start::h2d970728ae887adc
[INFO] [stdout]                                at /rustc/6067b36314ab5eb2eb47cecc464545ba58e1ad24/library/std/src/sys/pal/unix/thread.rs:106:17
[INFO] [stdout]   48:     0x7918ff747ac3 - <unknown>
[INFO] [stdout]   49:     0x7918ff7d8a04 - clone
[INFO] [stdout]   50:                0x0 - <unknown>
[INFO] [stderr] error: test failed, to rerun pass `-p raft --lib`
[INFO] [stderr] 
[INFO] [stderr] Caused by:
[INFO] [stderr]   process didn't exit successfully: `/opt/rustwide/target/debug/deps/raft-0433d4509d878d93` (signal: 6, SIGABRT: process abort signal)
[INFO] running `Command { std: "docker" "inspect" "457e487f1f95e18d3b424029c9e4dbe5769086e130bd4ee92d286f7257287c94", kill_on_drop: false }`
[INFO] running `Command { std: "docker" "rm" "-f" "457e487f1f95e18d3b424029c9e4dbe5769086e130bd4ee92d286f7257287c94", kill_on_drop: false }`
[INFO] [stdout] 457e487f1f95e18d3b424029c9e4dbe5769086e130bd4ee92d286f7257287c94
