[INFO] cloning repository https://github.com/Punie/legend
[INFO] running `Command { std: "git" "-c" "credential.helper=" "-c" "credential.helper=/workspace/cargo-home/bin/git-credential-null" "clone" "--bare" "https://github.com/Punie/legend" "/workspace/cache/git-repos/https%3A%2F%2Fgithub.com%2FPunie%2Flegend", kill_on_drop: false }`
[INFO] [stderr] Cloning into bare repository '/workspace/cache/git-repos/https%3A%2F%2Fgithub.com%2FPunie%2Flegend'...
[INFO] running `Command { std: "git" "rev-parse" "HEAD", kill_on_drop: false }`
[INFO] [stdout] e53e28176eb90d8e6e99901eb98cc7220c798617
[INFO] testing Punie/legend against nightly-2025-01-18 for randomize-layout-2
[INFO] running `Command { std: "git" "clone" "/workspace/cache/git-repos/https%3A%2F%2Fgithub.com%2FPunie%2Flegend" "/workspace/builds/worker-2-tc1/source", kill_on_drop: false }`
[INFO] [stderr] Cloning into '/workspace/builds/worker-2-tc1/source'...
[INFO] [stderr] done.
[INFO] validating manifest of git repo https://github.com/Punie/legend on toolchain nightly-2025-01-18
[INFO] running `Command { std: CARGO_HOME="/workspace/cargo-home" RUSTUP_HOME="/workspace/rustup-home" "/workspace/cargo-home/bin/cargo" "+nightly-2025-01-18" "metadata" "--manifest-path" "Cargo.toml" "--no-deps", kill_on_drop: false }`
[INFO] started tweaking git repo https://github.com/Punie/legend
[INFO] finished tweaking git repo https://github.com/Punie/legend
[INFO] tweaked toml for git repo https://github.com/Punie/legend written to /workspace/builds/worker-2-tc1/source/Cargo.toml
[INFO] crate git repo https://github.com/Punie/legend already has a lockfile, it will not be regenerated
[INFO] running `Command { std: CARGO_HOME="/workspace/cargo-home" RUSTUP_HOME="/workspace/rustup-home" "/workspace/cargo-home/bin/cargo" "+nightly-2025-01-18" "fetch" "--manifest-path" "Cargo.toml", kill_on_drop: false }`
[INFO] [stderr]     Updating git repository `https://github.com/jebrosen/Rocket`
[INFO] [stderr]     Updating git repository `https://github.com/rousan/multer-rs.git`
[INFO] [stderr]     Updating git repository `https://github.com/SergioBenitez/state.git`
[INFO] [stderr]     Updating git repository `https://github.com/SergioBenitez/Devise.git`
[INFO] [stderr]  Downloading crates ...
[INFO] [stderr]   Downloaded generator v0.6.25
[INFO] [stderr]   Downloaded tracing-error v0.1.2
[INFO] [stderr]   Downloaded pear v0.2.2
[INFO] [stderr]   Downloaded pear_codegen v0.2.2
[INFO] [stderr]   Downloaded async-stream-impl v0.3.0
[INFO] [stderr]   Downloaded uncased v0.9.5
[INFO] [stderr]   Downloaded async-stream v0.3.0
[INFO] [stderr]   Downloaded async-graphql-derive v2.7.0
[INFO] [stderr]   Downloaded async-graphql-parser v2.6.5
[INFO] [stderr]   Downloaded multer v1.2.2
[INFO] [stderr]   Downloaded figment v0.10.3
[INFO] [stderr]   Downloaded async-graphql-value v2.6.5
[INFO] [stderr]   Downloaded spin v0.9.0
[INFO] [stderr]   Downloaded owo-colors v1.4.2
[INFO] [stderr]   Downloaded whoami v1.1.1
[INFO] [stderr]   Downloaded async-graphql v2.7.0
[INFO] [stderr]   Downloaded color-eyre v0.5.10
[INFO] running `Command { std: "docker" "create" "-v" "/var/lib/crater-agent-workspace/builds/worker-2-tc1/target:/opt/rustwide/target:rw,Z" "-v" "/var/lib/crater-agent-workspace/builds/worker-2-tc1/source:/opt/rustwide/workdir:ro,Z" "-v" "/var/lib/crater-agent-workspace/cargo-home:/opt/rustwide/cargo-home:ro,Z" "-v" "/var/lib/crater-agent-workspace/rustup-home:/opt/rustwide/rustup-home:ro,Z" "-e" "SOURCE_DIR=/opt/rustwide/workdir" "-e" "CARGO_TARGET_DIR=/opt/rustwide/target" "-e" "CARGO_HOME=/opt/rustwide/cargo-home" "-e" "RUSTUP_HOME=/opt/rustwide/rustup-home" "-w" "/opt/rustwide/workdir" "-m" "1610612736" "--user" "0:0" "--network" "none" "ghcr.io/rust-lang/crates-build-env/linux@sha256:819108c5571ea2e421544af4d832f968d213c87fbe3707a016657f43d2f853bc" "/opt/rustwide/cargo-home/bin/cargo" "+nightly-2025-01-18" "metadata" "--no-deps" "--format-version=1", kill_on_drop: false }`
[INFO] [stdout] 147cdf1494bf698b9cbec5c2e46d5bf9e4461314fe2f81aec50f4c1f566451e3
[INFO] running `Command { std: "docker" "start" "-a" "147cdf1494bf698b9cbec5c2e46d5bf9e4461314fe2f81aec50f4c1f566451e3", kill_on_drop: false }`
[INFO] running `Command { std: "docker" "inspect" "147cdf1494bf698b9cbec5c2e46d5bf9e4461314fe2f81aec50f4c1f566451e3", kill_on_drop: false }`
[INFO] running `Command { std: "docker" "rm" "-f" "147cdf1494bf698b9cbec5c2e46d5bf9e4461314fe2f81aec50f4c1f566451e3", kill_on_drop: false }`
[INFO] [stdout] 147cdf1494bf698b9cbec5c2e46d5bf9e4461314fe2f81aec50f4c1f566451e3
[INFO] running `Command { std: "docker" "create" "-v" "/var/lib/crater-agent-workspace/builds/worker-2-tc1/target:/opt/rustwide/target:rw,Z" "-v" "/var/lib/crater-agent-workspace/builds/worker-2-tc1/source:/opt/rustwide/workdir:ro,Z" "-v" "/var/lib/crater-agent-workspace/cargo-home:/opt/rustwide/cargo-home:ro,Z" "-v" "/var/lib/crater-agent-workspace/rustup-home:/opt/rustwide/rustup-home:ro,Z" "-e" "SOURCE_DIR=/opt/rustwide/workdir" "-e" "CARGO_TARGET_DIR=/opt/rustwide/target" "-e" "CARGO_INCREMENTAL=0" "-e" "RUST_BACKTRACE=full" "-e" "RUSTFLAGS=--cap-lints=forbid" "-e" "RUSTDOCFLAGS=--cap-lints=forbid" "-e" "CARGO_HOME=/opt/rustwide/cargo-home" "-e" "RUSTUP_HOME=/opt/rustwide/rustup-home" "-w" "/opt/rustwide/workdir" "-m" "1610612736" "--user" "0:0" "--network" "none" "ghcr.io/rust-lang/crates-build-env/linux@sha256:819108c5571ea2e421544af4d832f968d213c87fbe3707a016657f43d2f853bc" "/opt/rustwide/cargo-home/bin/cargo" "+nightly-2025-01-18" "build" "--frozen" "--message-format=json", kill_on_drop: false }`
[INFO] [stdout] 21ece067fe4b129c55992173c8a3fea98ff65910bb604b68dcd56e30dc95376e
[INFO] running `Command { std: "docker" "start" "-a" "21ece067fe4b129c55992173c8a3fea98ff65910bb604b68dcd56e30dc95376e", kill_on_drop: false }`
[INFO] [stderr]    Compiling proc-macro2 v1.0.24
[INFO] [stderr]    Compiling unicode-xid v0.2.1
[INFO] [stderr]    Compiling syn v1.0.65
[INFO] [stderr]    Compiling libc v0.2.91
[INFO] [stderr]    Compiling memchr v2.3.4
[INFO] [stderr]    Compiling serde_derive v1.0.125
[INFO] [stderr]    Compiling serde v1.0.125
[INFO] [stderr]    Compiling log v0.4.14
[INFO] [stderr]    Compiling futures-core v0.3.13
[INFO] [stderr]    Compiling ahash v0.4.7
[INFO] [stderr]    Compiling futures-sink v0.3.13
[INFO] [stderr]    Compiling regex-syntax v0.6.23
[INFO] [stderr]    Compiling tokio v1.4.0
[INFO] [stderr]    Compiling indexmap v1.6.2
[INFO] [stderr]    Compiling futures-io v0.3.13
[INFO] [stderr]    Compiling hashbrown v0.9.1
[INFO] [stderr]    Compiling futures-channel v0.3.13
[INFO] [stderr]    Compiling futures-task v0.3.13
[INFO] [stderr]    Compiling aho-corasick v0.7.15
[INFO] [stderr]    Compiling slab v0.4.2
[INFO] [stderr]    Compiling getrandom v0.2.2
[INFO] [stderr]    Compiling yansi v0.5.0
[INFO] [stderr]    Compiling signal-hook-registry v1.3.0
[INFO] [stderr]    Compiling num_cpus v1.13.0
[INFO] [stderr]    Compiling mio v0.7.11
[INFO] [stderr]    Compiling quote v1.0.9
[INFO] [stderr]    Compiling tracing-core v0.1.17
[INFO] [stderr]    Compiling proc-macro2-diagnostics v0.9.1
[INFO] [stderr]    Compiling cc v1.0.67
[INFO] [stderr]    Compiling lock_api v0.4.2
[INFO] [stderr]    Compiling http v0.2.3
[INFO] [stderr]    Compiling standback v0.2.17
[INFO] [stderr]    Compiling httparse v1.3.5
[INFO] [stderr]    Compiling byteorder v1.4.3
[INFO] [stderr]    Compiling serde_json v1.0.64
[INFO] [stderr]    Compiling parking_lot_core v0.8.3
[INFO] [stderr]    Compiling const_fn v0.4.5
[INFO] [stderr]    Compiling parking_lot v0.11.1
[INFO] [stderr]    Compiling tinyvec v1.1.1
[INFO] [stderr]    Compiling crossbeam-utils v0.8.3
[INFO] [stderr]    Compiling ring v0.16.20
[INFO] [stderr]    Compiling uncased v0.9.5
[INFO] [stderr]    Compiling time v0.2.26
[INFO] [stderr]    Compiling lexical-core v0.7.5
[INFO] [stderr]    Compiling ucd-trie v0.1.3
[INFO] [stderr]    Compiling pest v2.1.3
[INFO] [stderr]    Compiling regex v1.4.5
[INFO] [stderr]    Compiling unicode-normalization v0.1.17
[INFO] [stderr]    Compiling regex-automata v0.1.9
[INFO] [stderr]    Compiling getrandom v0.1.16
[INFO] [stderr]    Compiling unicode-bidi v0.3.4
[INFO] [stderr]    Compiling rand_core v0.6.2
[INFO] [stderr]    Compiling cookie v0.15.0
[INFO] [stderr]    Compiling convert_case v0.4.0
[INFO] [stderr]    Compiling ref-cast v1.0.6
[INFO] [stderr]    Compiling unchecked-index v0.2.2
[INFO] [stderr]    Compiling inlinable_string v0.1.14
[INFO] [stderr]    Compiling arrayvec v0.5.2
[INFO] [stderr]    Compiling build_const v0.2.1
[INFO] [stderr]    Compiling crc v1.8.1
[INFO] [stderr]    Compiling twoway v0.2.1
[INFO] [stderr]    Compiling want v0.3.0
[INFO] [stderr]    Compiling rand_chacha v0.3.0
[INFO] [stderr]    Compiling matchers v0.0.1
[INFO] [stderr]    Compiling rand_core v0.5.1
[INFO] [stderr]    Compiling http-body v0.4.1
[INFO] [stderr]    Compiling pest_meta v2.1.3
[INFO] [stderr]    Compiling socket2 v0.4.0
[INFO] [stderr]    Compiling ahash v0.6.3
[INFO] [stderr]    Compiling async-trait v0.1.48
[INFO] [stderr]    Compiling cpuid-bool v0.1.2
[INFO] [stderr]    Compiling strsim v0.10.0
[INFO] [stderr]    Compiling ident_case v1.0.1
[INFO] [stderr]    Compiling httpdate v0.3.2
[INFO] [stderr]    Compiling whoami v1.1.1
[INFO] [stderr]    Compiling rand_chacha v0.2.2
[INFO] [stderr]    Compiling rand v0.8.3
[INFO] [stderr]    Compiling webpki v0.21.4
[INFO] [stderr]    Compiling sct v0.6.0
[INFO] [stderr]    Compiling rustls v0.19.0
[INFO] [stderr]    Compiling devise_core v0.3.0 (https://github.com/SergioBenitez/Devise.git?rev=3ebe83#3ebe8382)
[INFO] [stderr]    Compiling nom v6.1.2
[INFO] [stderr]    Compiling pest_generator v2.1.3
[INFO] [stderr]    Compiling darling_core v0.12.2
[INFO] [stderr]    Compiling idna v0.2.2
[INFO] [stderr]    Compiling stable-pattern v0.1.0
[INFO] [stderr]    Compiling atomic v0.5.0
[INFO] [stderr]    Compiling figment v0.10.3
[INFO] [stderr]    Compiling state v0.4.2 (https://github.com/SergioBenitez/state.git?rev=504ef71a#504ef71a)
[INFO] [stderr]    Compiling remove_dir_all v0.5.3
[INFO] [stderr]    Compiling tempfile v3.2.0
[INFO] [stderr]    Compiling url v2.2.1
[INFO] [stderr]    Compiling webpki-roots v0.21.0
[INFO] [stderr]    Compiling rand v0.7.3
[INFO] [stderr]    Compiling sha-1 v0.9.4
[INFO] [stderr]    Compiling tokio-macros v1.1.0
[INFO] [stderr]    Compiling futures-macro v0.3.13
[INFO] [stderr]    Compiling tracing-attributes v0.1.15
[INFO] [stderr]    Compiling time-macros-impl v0.1.1
[INFO] [stderr]    Compiling pin-project-internal v1.0.6
[INFO] [stderr]    Compiling futures-util v0.3.13
[INFO] [stderr]    Compiling thiserror-impl v1.0.24
[INFO] [stderr]    Compiling time-macros v0.1.1
[INFO] [stderr]    Compiling pear_codegen v0.2.2
[INFO] [stderr]    Compiling tracing v0.1.25
[INFO] [stderr]    Compiling pear v0.2.2
[INFO] [stderr]    Compiling thiserror v1.0.24
[INFO] [stderr]    Compiling derive_more v0.99.13
[INFO] [stderr]    Compiling pin-project v1.0.6
[INFO] [stderr]    Compiling ref-cast-impl v1.0.6
[INFO] [stderr]    Compiling tracing-subscriber v0.2.17
[INFO] [stderr]    Compiling devise_codegen v0.3.0 (https://github.com/SergioBenitez/Devise.git?rev=3ebe83#3ebe8382)
[INFO] [stderr]    Compiling darling_macro v0.12.2
[INFO] [stderr]    Compiling sqlformat v0.1.6
[INFO] [stderr]    Compiling pest_derive v2.1.0
[INFO] [stderr]    Compiling devise v0.3.0 (https://github.com/SergioBenitez/Devise.git?rev=3ebe83#3ebe8382)
[INFO] [stderr]    Compiling sha2 v0.9.3
[INFO] [stderr]    Compiling futures-executor v0.3.13
[INFO] [stderr]    Compiling futures v0.3.13
[INFO] [stderr]    Compiling crossbeam-queue v0.3.1
[INFO] [stderr]    Compiling crossbeam-channel v0.5.0
[INFO] [stderr]    Compiling stringprep v0.1.2
[INFO] [stderr]    Compiling hashlink v0.6.0
[INFO] [stderr]    Compiling tokio-util v0.6.5
[INFO] [stderr]    Compiling tokio-rustls v0.22.0
[INFO] [stderr]    Compiling tokio-stream v0.1.5
[INFO] [stderr]    Compiling sqlx-rt v0.3.0
[INFO] [stderr]    Compiling rocket v0.5.0-dev (https://github.com/jebrosen/Rocket?branch=tracing-rebase-202103#9b822d84)
[INFO] [stderr]    Compiling glob v0.3.0
[INFO] [stderr]    Compiling eyre v0.6.5
[INFO] [stderr]    Compiling gimli v0.23.0
[INFO] [stderr]    Compiling multer v1.2.2 (https://github.com/rousan/multer-rs.git?rev=0620e54#0620e54b)
[INFO] [stderr]    Compiling heck v0.3.2
[INFO] [stderr]    Compiling darling v0.12.2
[INFO] [stderr]    Compiling tracing-futures v0.2.5
[INFO] [stderr]    Compiling async-stream-impl v0.3.0
[INFO] [stderr]    Compiling Inflector v0.11.4
[INFO] [stderr]    Compiling atty v0.2.14
[INFO] [stderr]    Compiling rustc-demangle v0.1.18
[INFO] [stderr]    Compiling pin-project-lite v0.1.12
[INFO] [stderr]    Compiling indenter v0.3.3
[INFO] [stderr]    Compiling binascii v0.1.4
[INFO] [stderr]    Compiling dotenv v0.15.0
[INFO] [stderr]    Compiling object v0.23.0
[INFO] [stderr]    Compiling async-stream v0.3.0
[INFO] [stderr]    Compiling multer v1.2.2
[INFO] [stderr]    Compiling tracing-error v0.1.2
[INFO] [stderr]    Compiling spin v0.9.0
[INFO] [stderr]    Compiling owo-colors v1.4.2
[INFO] [stderr]    Compiling either v1.6.1
[INFO] [stderr]    Compiling toml v0.5.8
[INFO] [stderr]    Compiling ubyte v0.10.1
[INFO] [stderr]    Compiling h2 v0.3.2
[INFO] [stderr]    Compiling addr2line v0.14.1
[INFO] [stderr]    Compiling backtrace v0.3.56
[INFO] [stderr]    Compiling proc-macro-crate v1.0.0
[INFO] [stderr]    Compiling async-graphql-value v2.6.5
[INFO] [stderr]    Compiling sqlx-core v0.5.1
[INFO] [stderr]    Compiling async-graphql-parser v2.6.5
[INFO] [stderr]    Compiling color-eyre v0.5.10
[INFO] [stderr]    Compiling hyper v0.14.5
[INFO] [stderr]    Compiling async-graphql-derive v2.7.0
[INFO] [stderr]    Compiling rocket_http v0.5.0-dev (https://github.com/jebrosen/Rocket?branch=tracing-rebase-202103#9b822d84)
[INFO] [stderr]    Compiling sqlx-macros v0.5.1
[INFO] [stderr]    Compiling async-graphql v2.7.0
[INFO] [stderr]    Compiling rocket_codegen v0.5.0-dev (https://github.com/jebrosen/Rocket?branch=tracing-rebase-202103#9b822d84)
[INFO] [stderr]    Compiling sqlx v0.5.1
[INFO] [stderr]    Compiling rocket_contrib v0.5.0-dev (https://github.com/jebrosen/Rocket?branch=tracing-rebase-202103#9b822d84)
[INFO] [stderr]    Compiling legend v0.1.0 (/opt/rustwide/workdir)
[INFO] [stdout] warning: unused import: `graphql_playground`
[INFO] [stdout]    --> src/api/graphql.rs:121:8
[INFO] [stdout]     |
[INFO] [stdout] 121 | pub fn graphql_playground() -> Html<String> {
[INFO] [stdout]     |        ^^^^^^^^^^^^^^^^^^
[INFO] [stdout]     |
[INFO] [stdout]     = note: `#[warn(unused_imports)]` on by default
[INFO] [stdout] 
[INFO] [stdout] 
[INFO] [stdout] warning: unused import: `graphql_query`
[INFO] [stdout]    --> src/api/graphql.rs:126:14
[INFO] [stdout]     |
[INFO] [stdout] 126 | pub async fn graphql_query(schema: State<'_, LegendSchema>, query: Query) -> Response {
[INFO] [stdout]     |              ^^^^^^^^^^^^^
[INFO] [stdout] 
[INFO] [stdout] 
[INFO] [stdout] warning: unused import: `graphql_request`
[INFO] [stdout]    --> src/api/graphql.rs:133:14
[INFO] [stdout]     |
[INFO] [stdout] 133 | pub async fn graphql_request(schema: State<'_, LegendSchema>, request: BatchRequest) -> Response {
[INFO] [stdout]     |              ^^^^^^^^^^^^^^^
[INFO] [stdout] 
[INFO] [stdout] 
[INFO] [stdout] warning: unused import: `list_posts`
[INFO] [stdout]   --> src/api/posts.rs:11:14
[INFO] [stdout]    |
[INFO] [stdout] 11 | pub async fn list_posts(conn: LegendDb) -> Result<Json<Vec<Post>>> {
[INFO] [stdout]    |              ^^^^^^^^^^
[INFO] [stdout] 
[INFO] [stdout] 
[INFO] [stdout] warning: unused import: `create_post`
[INFO] [stdout]   --> src/api/posts.rs:25:14
[INFO] [stdout]    |
[INFO] [stdout] 25 | pub async fn create_post(new_post: Json<NewPost>, conn: LegendDb) -> Result<Created<Json<Post>>> {
[INFO] [stdout]    |              ^^^^^^^^^^^
[INFO] [stdout] 
[INFO] [stdout] 
[INFO] [stdout] warning: unused import: `update_post`
[INFO] [stdout]   --> src/api/posts.rs:33:14
[INFO] [stdout]    |
[INFO] [stdout] 33 | pub async fn update_post(
[INFO] [stdout]    |              ^^^^^^^^^^^
[INFO] [stdout] 
[INFO] [stdout] 
[INFO] [stdout] warning: unused import: `delete_post`
[INFO] [stdout]   --> src/api/posts.rs:44:14
[INFO] [stdout]    |
[INFO] [stdout] 44 | pub async fn delete_post(id: i32, conn: LegendDb) -> Result<Option<NoContent>> {
[INFO] [stdout]    |              ^^^^^^^^^^^
[INFO] [stdout] 
[INFO] [stdout] 
[INFO] [stdout] warning: unused import: `health`
[INFO] [stdout]   --> src/api.rs:12:4
[INFO] [stdout]    |
[INFO] [stdout] 12 | fn health() -> NoContent {
[INFO] [stdout]    |    ^^^^^^
[INFO] [stdout] 
[INFO] [stdout] 
[INFO] [stderr]     Finished `dev` profile [unoptimized + debuginfo] target(s) in 3m 08s
[INFO] [stderr] warning: the following packages contain code that will be rejected by a future version of Rust: nom v6.1.2, sqlx-macros v0.5.1, ubyte v0.10.1
[INFO] [stderr] note: to see what the problems were, use the option `--future-incompat-report`, or run `cargo report future-incompatibilities --id 2`
[INFO] running `Command { std: "docker" "inspect" "21ece067fe4b129c55992173c8a3fea98ff65910bb604b68dcd56e30dc95376e", kill_on_drop: false }`
[INFO] running `Command { std: "docker" "rm" "-f" "21ece067fe4b129c55992173c8a3fea98ff65910bb604b68dcd56e30dc95376e", kill_on_drop: false }`
[INFO] [stdout] 21ece067fe4b129c55992173c8a3fea98ff65910bb604b68dcd56e30dc95376e
[INFO] running `Command { std: "docker" "create" "-v" "/var/lib/crater-agent-workspace/builds/worker-2-tc1/target:/opt/rustwide/target:rw,Z" "-v" "/var/lib/crater-agent-workspace/builds/worker-2-tc1/source:/opt/rustwide/workdir:ro,Z" "-v" "/var/lib/crater-agent-workspace/cargo-home:/opt/rustwide/cargo-home:ro,Z" "-v" "/var/lib/crater-agent-workspace/rustup-home:/opt/rustwide/rustup-home:ro,Z" "-e" "SOURCE_DIR=/opt/rustwide/workdir" "-e" "CARGO_TARGET_DIR=/opt/rustwide/target" "-e" "CARGO_INCREMENTAL=0" "-e" "RUST_BACKTRACE=full" "-e" "RUSTFLAGS=--cap-lints=forbid" "-e" "RUSTDOCFLAGS=--cap-lints=forbid" "-e" "CARGO_HOME=/opt/rustwide/cargo-home" "-e" "RUSTUP_HOME=/opt/rustwide/rustup-home" "-w" "/opt/rustwide/workdir" "-m" "1610612736" "--user" "0:0" "--network" "none" "ghcr.io/rust-lang/crates-build-env/linux@sha256:819108c5571ea2e421544af4d832f968d213c87fbe3707a016657f43d2f853bc" "/opt/rustwide/cargo-home/bin/cargo" "+nightly-2025-01-18" "test" "--frozen" "--no-run" "--message-format=json", kill_on_drop: false }`
[INFO] [stdout] 3c8f53ecd457ba7c32c7c05693139bae7da93d221e3263b7bcf1447a53b63a73
[INFO] running `Command { std: "docker" "start" "-a" "3c8f53ecd457ba7c32c7c05693139bae7da93d221e3263b7bcf1447a53b63a73", kill_on_drop: false }`
[INFO] [stderr]    Compiling legend v0.1.0 (/opt/rustwide/workdir)
[INFO] [stdout] warning: unused import: `graphql_playground`
[INFO] [stdout]    --> src/api/graphql.rs:121:8
[INFO] [stdout]     |
[INFO] [stdout] 121 | pub fn graphql_playground() -> Html<String> {
[INFO] [stdout]     |        ^^^^^^^^^^^^^^^^^^
[INFO] [stdout]     |
[INFO] [stdout]     = note: `#[warn(unused_imports)]` on by default
[INFO] [stdout] 
[INFO] [stdout] 
[INFO] [stdout] warning: unused import: `graphql_query`
[INFO] [stdout]    --> src/api/graphql.rs:126:14
[INFO] [stdout]     |
[INFO] [stdout] 126 | pub async fn graphql_query(schema: State<'_, LegendSchema>, query: Query) -> Response {
[INFO] [stdout]     |              ^^^^^^^^^^^^^
[INFO] [stdout] 
[INFO] [stdout] 
[INFO] [stdout] warning: unused import: `graphql_request`
[INFO] [stdout]    --> src/api/graphql.rs:133:14
[INFO] [stdout]     |
[INFO] [stdout] 133 | pub async fn graphql_request(schema: State<'_, LegendSchema>, request: BatchRequest) -> Response {
[INFO] [stdout]     |              ^^^^^^^^^^^^^^^
[INFO] [stdout] 
[INFO] [stdout] 
[INFO] [stdout] warning: unused import: `list_posts`
[INFO] [stdout]   --> src/api/posts.rs:11:14
[INFO] [stdout]    |
[INFO] [stdout] 11 | pub async fn list_posts(conn: LegendDb) -> Result<Json<Vec<Post>>> {
[INFO] [stdout]    |              ^^^^^^^^^^
[INFO] [stdout] 
[INFO] [stdout] 
[INFO] [stdout] warning: unused import: `create_post`
[INFO] [stdout]   --> src/api/posts.rs:25:14
[INFO] [stdout]    |
[INFO] [stdout] 25 | pub async fn create_post(new_post: Json<NewPost>, conn: LegendDb) -> Result<Created<Json<Post>>> {
[INFO] [stdout]    |              ^^^^^^^^^^^
[INFO] [stdout] 
[INFO] [stdout] 
[INFO] [stdout] warning: unused import: `update_post`
[INFO] [stdout]   --> src/api/posts.rs:33:14
[INFO] [stdout]    |
[INFO] [stdout] 33 | pub async fn update_post(
[INFO] [stdout]    |              ^^^^^^^^^^^
[INFO] [stdout] 
[INFO] [stdout] 
[INFO] [stdout] warning: unused import: `delete_post`
[INFO] [stdout]   --> src/api/posts.rs:44:14
[INFO] [stdout]    |
[INFO] [stdout] 44 | pub async fn delete_post(id: i32, conn: LegendDb) -> Result<Option<NoContent>> {
[INFO] [stdout]    |              ^^^^^^^^^^^
[INFO] [stdout] 
[INFO] [stdout] 
[INFO] [stdout] warning: unused import: `health`
[INFO] [stdout]   --> src/api.rs:12:4
[INFO] [stdout]    |
[INFO] [stdout] 12 | fn health() -> NoContent {
[INFO] [stdout]    |    ^^^^^^
[INFO] [stdout] 
[INFO] [stdout] 
[INFO] [stderr]     Finished `test` profile [unoptimized + debuginfo] target(s) in 8.59s
[INFO] [stderr] warning: the following packages contain code that will be rejected by a future version of Rust: nom v6.1.2, sqlx-macros v0.5.1, ubyte v0.10.1
[INFO] [stderr] note: to see what the problems were, use the option `--future-incompat-report`, or run `cargo report future-incompatibilities --id 2`
[INFO] running `Command { std: "docker" "inspect" "3c8f53ecd457ba7c32c7c05693139bae7da93d221e3263b7bcf1447a53b63a73", kill_on_drop: false }`
[INFO] running `Command { std: "docker" "rm" "-f" "3c8f53ecd457ba7c32c7c05693139bae7da93d221e3263b7bcf1447a53b63a73", kill_on_drop: false }`
[INFO] [stdout] 3c8f53ecd457ba7c32c7c05693139bae7da93d221e3263b7bcf1447a53b63a73
[INFO] running `Command { std: "docker" "create" "-v" "/var/lib/crater-agent-workspace/builds/worker-2-tc1/target:/opt/rustwide/target:rw,Z" "-v" "/var/lib/crater-agent-workspace/builds/worker-2-tc1/source:/opt/rustwide/workdir:ro,Z" "-v" "/var/lib/crater-agent-workspace/cargo-home:/opt/rustwide/cargo-home:ro,Z" "-v" "/var/lib/crater-agent-workspace/rustup-home:/opt/rustwide/rustup-home:ro,Z" "-e" "SOURCE_DIR=/opt/rustwide/workdir" "-e" "CARGO_TARGET_DIR=/opt/rustwide/target" "-e" "CARGO_INCREMENTAL=0" "-e" "RUST_BACKTRACE=full" "-e" "RUSTFLAGS=--cap-lints=forbid" "-e" "RUSTDOCFLAGS=--cap-lints=forbid" "-e" "CARGO_HOME=/opt/rustwide/cargo-home" "-e" "RUSTUP_HOME=/opt/rustwide/rustup-home" "-w" "/opt/rustwide/workdir" "-m" "1610612736" "--user" "0:0" "--network" "none" "ghcr.io/rust-lang/crates-build-env/linux@sha256:819108c5571ea2e421544af4d832f968d213c87fbe3707a016657f43d2f853bc" "/opt/rustwide/cargo-home/bin/cargo" "+nightly-2025-01-18" "test" "--frozen", kill_on_drop: false }`
[INFO] [stdout] 1bf6e38d16efe557119d7382bb8780144ae1b3f0a0b802c815539226af6fc0e2
[INFO] running `Command { std: "docker" "start" "-a" "1bf6e38d16efe557119d7382bb8780144ae1b3f0a0b802c815539226af6fc0e2", kill_on_drop: false }`
[INFO] [stderr] warning: unused import: `graphql_playground`
[INFO] [stderr]    --> src/api/graphql.rs:121:8
[INFO] [stderr]     |
[INFO] [stderr] 121 | pub fn graphql_playground() -> Html<String> {
[INFO] [stderr]     |        ^^^^^^^^^^^^^^^^^^
[INFO] [stderr]     |
[INFO] [stderr]     = note: `#[warn(unused_imports)]` on by default
[INFO] [stderr] 
[INFO] [stderr] warning: unused import: `graphql_query`
[INFO] [stderr]    --> src/api/graphql.rs:126:14
[INFO] [stderr]     |
[INFO] [stderr] 126 | pub async fn graphql_query(schema: State<'_, LegendSchema>, query: Query) -> Response {
[INFO] [stderr]     |              ^^^^^^^^^^^^^
[INFO] [stderr] 
[INFO] [stderr] warning: unused import: `graphql_request`
[INFO] [stderr]    --> src/api/graphql.rs:133:14
[INFO] [stderr]     |
[INFO] [stderr] 133 | pub async fn graphql_request(schema: State<'_, LegendSchema>, request: BatchRequest) -> Response {
[INFO] [stderr]     |              ^^^^^^^^^^^^^^^
[INFO] [stderr] 
[INFO] [stderr] warning: unused import: `list_posts`
[INFO] [stderr]   --> src/api/posts.rs:11:14
[INFO] [stderr]    |
[INFO] [stderr] 11 | pub async fn list_posts(conn: LegendDb) -> Result<Json<Vec<Post>>> {
[INFO] [stderr]    |              ^^^^^^^^^^
[INFO] [stderr] 
[INFO] [stderr] warning: unused import: `create_post`
[INFO] [stderr]   --> src/api/posts.rs:25:14
[INFO] [stderr]    |
[INFO] [stderr] 25 | pub async fn create_post(new_post: Json<NewPost>, conn: LegendDb) -> Result<Created<Json<Post>>> {
[INFO] [stderr]    |              ^^^^^^^^^^^
[INFO] [stderr] 
[INFO] [stderr] warning: unused import: `update_post`
[INFO] [stderr]   --> src/api/posts.rs:33:14
[INFO] [stderr]    |
[INFO] [stderr] 33 | pub async fn update_post(
[INFO] [stderr]    |              ^^^^^^^^^^^
[INFO] [stderr] 
[INFO] [stderr] warning: unused import: `delete_post`
[INFO] [stderr]   --> src/api/posts.rs:44:14
[INFO] [stderr]    |
[INFO] [stderr] 44 | pub async fn delete_post(id: i32, conn: LegendDb) -> Result<Option<NoContent>> {
[INFO] [stderr]    |              ^^^^^^^^^^^
[INFO] [stderr] 
[INFO] [stderr] warning: unused import: `health`
[INFO] [stderr]   --> src/api.rs:12:4
[INFO] [stderr]    |
[INFO] [stderr] 12 | fn health() -> NoContent {
[INFO] [stderr]    |    ^^^^^^
[INFO] [stderr] 
[INFO] [stderr] warning: `legend` (bin "legend" test) generated 8 warnings (run `cargo fix --bin "legend" --tests` to apply 8 suggestions)
[INFO] [stderr]     Finished `test` profile [unoptimized + debuginfo] target(s) in 0.55s
[INFO] [stderr] warning: the following packages contain code that will be rejected by a future version of Rust: nom v6.1.2, sqlx-macros v0.5.1, ubyte v0.10.1
[INFO] [stderr] note: to see what the problems were, use the option `--future-incompat-report`, or run `cargo report future-incompatibilities --id 2`
[INFO] [stderr]      Running unittests src/main.rs (/opt/rustwide/target/debug/deps/legend-ddf5f32c08bcd0b7)
[INFO] [stdout] 
[INFO] [stdout] running 1 test
[INFO] [stdout] test api::tests::health ... FAILED
[INFO] [stdout] 
[INFO] [stdout] failures:
[INFO] [stdout] 
[INFO] [stdout] ---- api::tests::health stdout ----
[INFO] [stdout] Configured for debug.
[INFO] [stdout]     => address: 127.0.0.1
[INFO] [stdout]     => port: 8000
[INFO] [stdout]     => workers: 8
[INFO] [stdout]     => keep_alive: 5s
[INFO] [stdout]     => limits: bytes = 8KiB, data-form = 2MiB, file = 1MiB, form = 32KiB, string = 8KiB
[INFO] [stdout]     => tls: disabled
[INFO] [stdout]     => temp_dir: /tmp
[INFO] [stdout]     => log_level: normal
[INFO] [stdout]     => cli_colors: true
[INFO] [stdout] 
[INFO] [stdout] thread '<unnamed>' panicked at /opt/rustwide/cargo-home/registry/src/index.crates.io-1949cf8c6b5b557f/sqlx-core-0.5.1/src/pool/inner.rs:337:5:
[INFO] [stdout] there is no reactor running, must be called from the context of a Tokio 1.x runtime
[INFO] [stdout] stack backtrace:
[INFO] [stdout]    0:     0x563587c2c13a - std::backtrace_rs::backtrace::libunwind::trace::hb059275cfc8d6126
[INFO] [stdout]                                at /rustc/6067b36314ab5eb2eb47cecc464545ba58e1ad24/library/std/src/../../backtrace/src/backtrace/libunwind.rs:116:5
[INFO] [stdout]    1:     0x563587c2c13a - std::backtrace_rs::backtrace::trace_unsynchronized::h2da071e4327ce3ee
[INFO] [stdout]                                at /rustc/6067b36314ab5eb2eb47cecc464545ba58e1ad24/library/std/src/../../backtrace/src/backtrace/mod.rs:66:5
[INFO] [stdout]    2:     0x563587c2c13a - std::sys::backtrace::_print_fmt::h842a1474e6f8d23f
[INFO] [stdout]                                at /rustc/6067b36314ab5eb2eb47cecc464545ba58e1ad24/library/std/src/sys/backtrace.rs:66:9
[INFO] [stdout]    3:     0x563587c2c13a - <std::sys::backtrace::BacktraceLock::print::DisplayBacktrace as core::fmt::Display>::fmt::h71a62eb3b9696b12
[INFO] [stdout]                                at /rustc/6067b36314ab5eb2eb47cecc464545ba58e1ad24/library/std/src/sys/backtrace.rs:39:26
[INFO] [stdout]    4:     0x563587c597f3 - core::fmt::rt::Argument::fmt::hdb6b616786b41dc1
[INFO] [stdout]                                at /rustc/6067b36314ab5eb2eb47cecc464545ba58e1ad24/library/core/src/fmt/rt.rs:177:76
[INFO] [stdout]    5:     0x563587c597f3 - core::fmt::write::h2cc1698af7e2d686
[INFO] [stdout]                                at /rustc/6067b36314ab5eb2eb47cecc464545ba58e1ad24/library/core/src/fmt/mod.rs:1440:21
[INFO] [stdout]    6:     0x563587c280a3 - std::io::Write::write_fmt::hab1b4cd059a79022
[INFO] [stdout]                                at /rustc/6067b36314ab5eb2eb47cecc464545ba58e1ad24/library/std/src/io/mod.rs:1887:15
[INFO] [stdout]    7:     0x563587c2bf82 - std::sys::backtrace::BacktraceLock::print::h147fe35b4ea13b08
[INFO] [stdout]                                at /rustc/6067b36314ab5eb2eb47cecc464545ba58e1ad24/library/std/src/sys/backtrace.rs:42:9
[INFO] [stdout]    8:     0x563587c2d55f - std::panicking::default_hook::{{closure}}::hbd44223dbdc0d208
[INFO] [stdout]                                at /rustc/6067b36314ab5eb2eb47cecc464545ba58e1ad24/library/std/src/panicking.rs:298:22
[INFO] [stdout]    9:     0x563587c2d378 - std::panicking::default_hook::h20f81eb0576efcec
[INFO] [stdout]                                at /rustc/6067b36314ab5eb2eb47cecc464545ba58e1ad24/library/std/src/panicking.rs:322:9
[INFO] [stdout]   10:     0x563587091383 - <alloc::boxed::Box<F,A> as core::ops::function::Fn<Args>>::call::hdb53814c496a4d34
[INFO] [stdout]                                at /rustc/6067b36314ab5eb2eb47cecc464545ba58e1ad24/library/alloc/src/boxed.rs:2027:9
[INFO] [stdout]   11:     0x563587091383 - test::test_main::{{closure}}::hc0a4963c59427c24
[INFO] [stdout]                                at /rustc/6067b36314ab5eb2eb47cecc464545ba58e1ad24/library/test/src/lib.rs:134:21
[INFO] [stdout]   12:     0x563587c2e053 - <alloc::boxed::Box<F,A> as core::ops::function::Fn<Args>>::call::h591b2225413a77e9
[INFO] [stdout]                                at /rustc/6067b36314ab5eb2eb47cecc464545ba58e1ad24/library/alloc/src/boxed.rs:2027:9
[INFO] [stdout]   13:     0x563587c2e053 - std::panicking::rust_panic_with_hook::h625eea43051b2edc
[INFO] [stdout]                                at /rustc/6067b36314ab5eb2eb47cecc464545ba58e1ad24/library/std/src/panicking.rs:839:13
[INFO] [stdout]   14:     0x563587c2dd0a - std::panicking::begin_panic_handler::{{closure}}::h4f9159cfbc3f6bd3
[INFO] [stdout]                                at /rustc/6067b36314ab5eb2eb47cecc464545ba58e1ad24/library/std/src/panicking.rs:704:13
[INFO] [stdout]   15:     0x563587c2c639 - std::sys::backtrace::__rust_end_short_backtrace::h0390abce48353151
[INFO] [stdout]                                at /rustc/6067b36314ab5eb2eb47cecc464545ba58e1ad24/library/std/src/sys/backtrace.rs:168:18
[INFO] [stdout]   16:     0x563587c2d99d - rust_begin_unwind
[INFO] [stdout]                                at /rustc/6067b36314ab5eb2eb47cecc464545ba58e1ad24/library/std/src/panicking.rs:695:5
[INFO] [stdout]   17:     0x563587c57360 - core::panicking::panic_fmt::h9e7c637e9e5f29c9
[INFO] [stdout]                                at /rustc/6067b36314ab5eb2eb47cecc464545ba58e1ad24/library/core/src/panicking.rs:75:14
[INFO] [stdout]   18:     0x563587c5733b - core::panicking::panic_display::hd8e666a41baebd7d
[INFO] [stdout]                                at /rustc/6067b36314ab5eb2eb47cecc464545ba58e1ad24/library/core/src/panicking.rs:261:5
[INFO] [stdout]   19:     0x563587c5733b - core::option::expect_failed::he3b89fed4e21ec1e
[INFO] [stdout]                                at /rustc/6067b36314ab5eb2eb47cecc464545ba58e1ad24/library/core/src/option.rs:2024:5
[INFO] [stdout]   20:     0x563587124274 - core::option::Option<T>::expect::h442676efea53b7bd
[INFO] [stdout]                                at /rustc/6067b36314ab5eb2eb47cecc464545ba58e1ad24/library/core/src/option.rs:933:21
[INFO] [stdout]   21:     0x563586fbf39a - tokio::task::spawn::spawn::h7512afb4a303cd4b
[INFO] [stdout]                                at /opt/rustwide/cargo-home/registry/src/index.crates.io-1949cf8c6b5b557f/tokio-1.4.0/src/task/spawn.rs:132:28
[INFO] [stdout]   22:     0x563586fa23d4 - sqlx_core::pool::inner::spawn_reaper::h12b877c1fb1da8fd
[INFO] [stdout]                                at /opt/rustwide/cargo-home/registry/src/index.crates.io-1949cf8c6b5b557f/sqlx-core-0.5.1/src/pool/inner.rs:337:5
[INFO] [stdout]   23:     0x563586fa3249 - sqlx_core::pool::inner::SharedPool<DB>::new_arc::h83b161108d0c2c83
[INFO] [stdout]                                at /opt/rustwide/cargo-home/registry/src/index.crates.io-1949cf8c6b5b557f/sqlx-core-0.5.1/src/pool/inner.rs:175:9
[INFO] [stdout]   24:     0x563586f7ebd6 - sqlx_core::pool::options::PoolOptions<DB>::connect_with::{{closure}}::habc331bd4cf656f6
[INFO] [stdout]                                at /opt/rustwide/cargo-home/registry/src/index.crates.io-1949cf8c6b5b557f/sqlx-core-0.5.1/src/pool/options.rs:201:22
[INFO] [stdout]   25:     0x563586f7f5e3 - sqlx_core::pool::options::PoolOptions<DB>::connect::{{closure}}::hf2cb1df55a651dda
[INFO] [stdout]                                at /opt/rustwide/cargo-home/registry/src/index.crates.io-1949cf8c6b5b557f/sqlx-core-0.5.1/src/pool/options.rs:193:41
[INFO] [stdout]   26:     0x5635870520b0 - legend::database::LegendDb::fairing::{{closure}}::{{closure}}::ha160f1dd4296e83a
[INFO] [stdout]                                at /opt/rustwide/workdir/src/database.rs:56:18
[INFO] [stdout]   27:     0x56358768c850 - <core::pin::Pin<P> as core::future::future::Future>::poll::h8faff56eca9b83e2
[INFO] [stdout]                                at /rustc/6067b36314ab5eb2eb47cecc464545ba58e1ad24/library/core/src/future/future.rs:124:9
[INFO] [stdout]   28:     0x5635875d666f - <rocket::fairing::ad_hoc::AdHoc as rocket::fairing::Fairing>::on_attach::{{closure}}::ha0f06a43657f0fb9
[INFO] [stdout]                                at /opt/rustwide/cargo-home/git/checkouts/rocket-281f4c68ec958d2d/9b822d8/core/lib/src/fairing/ad_hoc.rs:236:23
[INFO] [stdout]   29:     0x56358768c850 - <core::pin::Pin<P> as core::future::future::Future>::poll::h8faff56eca9b83e2
[INFO] [stdout]                                at /rustc/6067b36314ab5eb2eb47cecc464545ba58e1ad24/library/core/src/future/future.rs:124:9
[INFO] [stdout]   30:     0x563587014945 - rocket::fairing::fairings::Fairings::attach::{{closure}}::hb166a1c3b7f01d69
[INFO] [stdout]                                at /opt/rustwide/cargo-home/git/checkouts/rocket-281f4c68ec958d2d/9b822d8/core/lib/src/fairing/fairings.rs:30:48
[INFO] [stdout]   31:     0x56358704c277 - rocket::rocket::Rocket::attach::{{closure}}::hdc1797985e28c8bb
[INFO] [stdout]                                at /opt/rustwide/cargo-home/git/checkouts/rocket-281f4c68ec958d2d/9b822d8/core/lib/src/rocket.rs:344:57
[INFO] [stdout]   32:     0x56358703fa5a - <tracing_futures::Instrumented<T> as core::future::future::Future>::poll::h6f776ee8697c2773
[INFO] [stdout]                                at /opt/rustwide/cargo-home/registry/src/index.crates.io-1949cf8c6b5b557f/tracing-futures-0.2.5/src/lib.rs:283:9
[INFO] [stdout]   33:     0x563587039f7f - futures_executor::local_pool::block_on::{{closure}}::h23252a48857c0d70
[INFO] [stdout]                                at /opt/rustwide/cargo-home/registry/src/index.crates.io-1949cf8c6b5b557f/futures-executor-0.3.13/src/local_pool.rs:317:23
[INFO] [stdout]   34:     0x563587039c25 - futures_executor::local_pool::run_executor::{{closure}}::h2c47e42d7079b28a
[INFO] [stdout]                                at /opt/rustwide/cargo-home/registry/src/index.crates.io-1949cf8c6b5b557f/futures-executor-0.3.13/src/local_pool.rs:87:37
[INFO] [stdout]   35:     0x56358704345c - std::thread::local::LocalKey<T>::try_with::hddd27bb98827b4ac
[INFO] [stdout]                                at /rustc/6067b36314ab5eb2eb47cecc464545ba58e1ad24/library/std/src/thread/local.rs:308:12
[INFO] [stdout]   36:     0x5635870431ba - std::thread::local::LocalKey<T>::with::h3255422f8e94cd0a
[INFO] [stdout]                                at /rustc/6067b36314ab5eb2eb47cecc464545ba58e1ad24/library/std/src/thread/local.rs:272:9
[INFO] [stdout]   37:     0x563587039b78 - futures_executor::local_pool::run_executor::h8e2e88a656bef09a
[INFO] [stdout]                                at /opt/rustwide/cargo-home/registry/src/index.crates.io-1949cf8c6b5b557f/futures-executor-0.3.13/src/local_pool.rs:83:5
[INFO] [stdout]   38:     0x563587039f0e - futures_executor::local_pool::block_on::he8e15f28b2443098
[INFO] [stdout]                                at /opt/rustwide/cargo-home/registry/src/index.crates.io-1949cf8c6b5b557f/futures-executor-0.3.13/src/local_pool.rs:317:5
[INFO] [stdout]   39:     0x56358704b81d - rocket::rocket::Rocket::attach::{{closure}}::h0aae3eec98699445
[INFO] [stdout]                                at /opt/rustwide/cargo-home/git/checkouts/rocket-281f4c68ec958d2d/9b822d8/core/lib/src/rocket.rs:358:21
[INFO] [stdout]   40:     0x56358702d0f1 - std::sys::backtrace::__rust_begin_short_backtrace::h56bb06765304a40a
[INFO] [stdout]                                at /rustc/6067b36314ab5eb2eb47cecc464545ba58e1ad24/library/std/src/sys/backtrace.rs:152:18
[INFO] [stdout]   41:     0x563586f7ad63 - std::thread::Builder::spawn_unchecked_::{{closure}}::{{closure}}::h2f2ec0df485c5da0
[INFO] [stdout]                                at /rustc/6067b36314ab5eb2eb47cecc464545ba58e1ad24/library/std/src/thread/mod.rs:559:17
[INFO] [stdout]   42:     0x563586fb930f - <core::panic::unwind_safe::AssertUnwindSafe<F> as core::ops::function::FnOnce<()>>::call_once::heb38556c60dfda51
[INFO] [stdout]                                at /rustc/6067b36314ab5eb2eb47cecc464545ba58e1ad24/library/core/src/panic/unwind_safe.rs:272:9
[INFO] [stdout]   43:     0x563586fde328 - std::panicking::try::do_call::h73cc151f327c65d1
[INFO] [stdout]                                at /rustc/6067b36314ab5eb2eb47cecc464545ba58e1ad24/library/std/src/panicking.rs:587:40
[INFO] [stdout]   44:     0x563586f7f6cb - __rust_try
[INFO] [stdout]   45:     0x563586f79a51 - std::panicking::try::h9120976cc80f20a8
[INFO] [stdout]                                at /rustc/6067b36314ab5eb2eb47cecc464545ba58e1ad24/library/std/src/panicking.rs:550:19
[INFO] [stdout]   46:     0x563586f79a51 - std::panic::catch_unwind::hb23caf257097e15a
[INFO] [stdout]                                at /rustc/6067b36314ab5eb2eb47cecc464545ba58e1ad24/library/std/src/panic.rs:358:14
[INFO] [stdout]   47:     0x563586f79a51 - std::thread::Builder::spawn_unchecked_::{{closure}}::hc03e72ede84df2ae
[INFO] [stdout]                                at /rustc/6067b36314ab5eb2eb47cecc464545ba58e1ad24/library/std/src/thread/mod.rs:557:30
[INFO] [stdout]   48:     0x563586f5c41e - core::ops::function::FnOnce::call_once{{vtable.shim}}::haae418348ba47823
[INFO] [stdout]                                at /rustc/6067b36314ab5eb2eb47cecc464545ba58e1ad24/library/core/src/ops/function.rs:250:5
[INFO] [stdout]   49:     0x563587c3215b - <alloc::boxed::Box<F,A> as core::ops::function::FnOnce<Args>>::call_once::ha52bedf99a3b4981
[INFO] [stdout]                                at /rustc/6067b36314ab5eb2eb47cecc464545ba58e1ad24/library/alloc/src/boxed.rs:2013:9
[INFO] [stdout]   50:     0x563587c3215b - <alloc::boxed::Box<F,A> as core::ops::function::FnOnce<Args>>::call_once::h567748934d80ccf8
[INFO] [stdout]                                at /rustc/6067b36314ab5eb2eb47cecc464545ba58e1ad24/library/alloc/src/boxed.rs:2013:9
[INFO] [stdout]   51:     0x563587c3215b - std::sys::pal::unix::thread::Thread::new::thread_start::h2d970728ae887adc
[INFO] [stdout]                                at /rustc/6067b36314ab5eb2eb47cecc464545ba58e1ad24/library/std/src/sys/pal/unix/thread.rs:106:17
[INFO] [stdout]   52:     0x758147169ac3 - <unknown>
[INFO] [stdout]   53:     0x7581471faa04 - clone
[INFO] [stdout]   54:                0x0 - <unknown>
[INFO] [stdout] 
[INFO] [stdout] thread 'api::tests::health' panicked at /opt/rustwide/cargo-home/git/checkouts/rocket-281f4c68ec958d2d/9b822d8/core/lib/src/rocket.rs:359:27:
[INFO] [stdout] called `Result::unwrap()` on an `Err` value: Any { .. }
[INFO] [stdout] stack backtrace:
[INFO] [stdout]    0:     0x563587c2c13a - std::backtrace_rs::backtrace::libunwind::trace::hb059275cfc8d6126
[INFO] [stdout]                                at /rustc/6067b36314ab5eb2eb47cecc464545ba58e1ad24/library/std/src/../../backtrace/src/backtrace/libunwind.rs:116:5
[INFO] [stdout]    1:     0x563587c2c13a - std::backtrace_rs::backtrace::trace_unsynchronized::h2da071e4327ce3ee
[INFO] [stdout]                                at /rustc/6067b36314ab5eb2eb47cecc464545ba58e1ad24/library/std/src/../../backtrace/src/backtrace/mod.rs:66:5
[INFO] [stdout]    2:     0x563587c2c13a - std::sys::backtrace::_print_fmt::h842a1474e6f8d23f
[INFO] [stdout]                                at /rustc/6067b36314ab5eb2eb47cecc464545ba58e1ad24/library/std/src/sys/backtrace.rs:66:9
[INFO] [stdout]    3:     0x563587c2c13a - <std::sys::backtrace::BacktraceLock::print::DisplayBacktrace as core::fmt::Display>::fmt::h71a62eb3b9696b12
[INFO] [stdout]                                at /rustc/6067b36314ab5eb2eb47cecc464545ba58e1ad24/library/std/src/sys/backtrace.rs:39:26
[INFO] [stdout]    4:     0x563587c597f3 - core::fmt::rt::Argument::fmt::hdb6b616786b41dc1
[INFO] [stdout]                                at /rustc/6067b36314ab5eb2eb47cecc464545ba58e1ad24/library/core/src/fmt/rt.rs:177:76
[INFO] [stdout]    5:     0x563587c597f3 - core::fmt::write::h2cc1698af7e2d686
[INFO] [stdout]                                at /rustc/6067b36314ab5eb2eb47cecc464545ba58e1ad24/library/core/src/fmt/mod.rs:1440:21
[INFO] [stdout]    6:     0x563587c280a3 - std::io::Write::write_fmt::hab1b4cd059a79022
[INFO] [stdout]                                at /rustc/6067b36314ab5eb2eb47cecc464545ba58e1ad24/library/std/src/io/mod.rs:1887:15
[INFO] [stdout]    7:     0x563587c2bf82 - std::sys::backtrace::BacktraceLock::print::h147fe35b4ea13b08
[INFO] [stdout]                                at /rustc/6067b36314ab5eb2eb47cecc464545ba58e1ad24/library/std/src/sys/backtrace.rs:42:9
[INFO] [stdout]    8:     0x563587c2d55f - std::panicking::default_hook::{{closure}}::hbd44223dbdc0d208
[INFO] [stdout]                                at /rustc/6067b36314ab5eb2eb47cecc464545ba58e1ad24/library/std/src/panicking.rs:298:22
[INFO] [stdout]    9:     0x563587c2d378 - std::panicking::default_hook::h20f81eb0576efcec
[INFO] [stdout]                                at /rustc/6067b36314ab5eb2eb47cecc464545ba58e1ad24/library/std/src/panicking.rs:322:9
[INFO] [stdout]   10:     0x563587091383 - <alloc::boxed::Box<F,A> as core::ops::function::Fn<Args>>::call::hdb53814c496a4d34
[INFO] [stdout]                                at /rustc/6067b36314ab5eb2eb47cecc464545ba58e1ad24/library/alloc/src/boxed.rs:2027:9
[INFO] [stdout]   11:     0x563587091383 - test::test_main::{{closure}}::hc0a4963c59427c24
[INFO] [stdout]                                at /rustc/6067b36314ab5eb2eb47cecc464545ba58e1ad24/library/test/src/lib.rs:134:21
[INFO] [stdout]   12:     0x563587c2e053 - <alloc::boxed::Box<F,A> as core::ops::function::Fn<Args>>::call::h591b2225413a77e9
[INFO] [stdout]                                at /rustc/6067b36314ab5eb2eb47cecc464545ba58e1ad24/library/alloc/src/boxed.rs:2027:9
[INFO] [stdout]   13:     0x563587c2e053 - std::panicking::rust_panic_with_hook::h625eea43051b2edc
[INFO] [stdout]                                at /rustc/6067b36314ab5eb2eb47cecc464545ba58e1ad24/library/std/src/panicking.rs:839:13
[INFO] [stdout]   14:     0x563587c2dd0a - std::panicking::begin_panic_handler::{{closure}}::h4f9159cfbc3f6bd3
[INFO] [stdout]                                at /rustc/6067b36314ab5eb2eb47cecc464545ba58e1ad24/library/std/src/panicking.rs:704:13
[INFO] [stdout]   15:     0x563587c2c639 - std::sys::backtrace::__rust_end_short_backtrace::h0390abce48353151
[INFO] [stdout]                                at /rustc/6067b36314ab5eb2eb47cecc464545ba58e1ad24/library/std/src/sys/backtrace.rs:168:18
[INFO] [stdout]   16:     0x563587c2d99d - rust_begin_unwind
[INFO] [stdout]                                at /rustc/6067b36314ab5eb2eb47cecc464545ba58e1ad24/library/std/src/panicking.rs:695:5
[INFO] [stdout]   17:     0x563587c57360 - core::panicking::panic_fmt::h9e7c637e9e5f29c9
[INFO] [stdout]                                at /rustc/6067b36314ab5eb2eb47cecc464545ba58e1ad24/library/core/src/panicking.rs:75:14
[INFO] [stdout]   18:     0x563587c577d6 - core::result::unwrap_failed::h7979f09313fe1849
[INFO] [stdout]                                at /rustc/6067b36314ab5eb2eb47cecc464545ba58e1ad24/library/core/src/result.rs:1704:5
[INFO] [stdout]   19:     0x56358704ae8b - core::result::Result<T,E>::unwrap::h61a1951bd6621087
[INFO] [stdout]                                at /rustc/6067b36314ab5eb2eb47cecc464545ba58e1ad24/library/core/src/result.rs:1109:23
[INFO] [stdout]   20:     0x56358704ae8b - rocket::rocket::Rocket::attach::h0339024be3be0b8f
[INFO] [stdout]                                at /opt/rustwide/cargo-home/git/checkouts/rocket-281f4c68ec958d2d/9b822d8/core/lib/src/rocket.rs:357:17
[INFO] [stdout]   21:     0x563587036250 - legend::api::rocket::h3a91a8aecac25ebd
[INFO] [stdout]                                at /opt/rustwide/workdir/src/api.rs:17:5
[INFO] [stdout]   22:     0x563587052968 - legend::api::tests::health::h99521e5cb971c7dc
[INFO] [stdout]                                at /opt/rustwide/workdir/src/api.rs:39:38
[INFO] [stdout]   23:     0x563587052927 - legend::api::tests::health::{{closure}}::h4a74a12a3fecc1f0
[INFO] [stdout]                                at /opt/rustwide/workdir/src/api.rs:38:16
[INFO] [stdout]   24:     0x563586f5c6e6 - core::ops::function::FnOnce::call_once::h1f515b5d01304bf9
[INFO] [stdout]                                at /rustc/6067b36314ab5eb2eb47cecc464545ba58e1ad24/library/core/src/ops/function.rs:250:5
[INFO] [stdout]   25:     0x563587096adb - core::ops::function::FnOnce::call_once::he27718dfdd183f43
[INFO] [stdout]                                at /rustc/6067b36314ab5eb2eb47cecc464545ba58e1ad24/library/core/src/ops/function.rs:250:5
[INFO] [stdout]   26:     0x563587096adb - test::__rust_begin_short_backtrace::h4e84902998457a5d
[INFO] [stdout]                                at /rustc/6067b36314ab5eb2eb47cecc464545ba58e1ad24/library/test/src/lib.rs:632:18
[INFO] [stdout]   27:     0x563587095a13 - test::run_test_in_process::{{closure}}::h7176fd18fc1feca0
[INFO] [stdout]                                at /rustc/6067b36314ab5eb2eb47cecc464545ba58e1ad24/library/test/src/lib.rs:655:60
[INFO] [stdout]   28:     0x563587095a13 - <core::panic::unwind_safe::AssertUnwindSafe<F> as core::ops::function::FnOnce<()>>::call_once::hf79cff2a624d8cf7
[INFO] [stdout]                                at /rustc/6067b36314ab5eb2eb47cecc464545ba58e1ad24/library/core/src/panic/unwind_safe.rs:272:9
[INFO] [stdout]   29:     0x563587095a13 - std::panicking::try::do_call::h3da0561d9ab99c25
[INFO] [stdout]                                at /rustc/6067b36314ab5eb2eb47cecc464545ba58e1ad24/library/std/src/panicking.rs:587:40
[INFO] [stdout]   30:     0x563587095a13 - std::panicking::try::h41c9fa508bc61df6
[INFO] [stdout]                                at /rustc/6067b36314ab5eb2eb47cecc464545ba58e1ad24/library/std/src/panicking.rs:550:19
[INFO] [stdout]   31:     0x563587095a13 - std::panic::catch_unwind::h6b3ff07bb5afad93
[INFO] [stdout]                                at /rustc/6067b36314ab5eb2eb47cecc464545ba58e1ad24/library/std/src/panic.rs:358:14
[INFO] [stdout]   32:     0x563587095a13 - test::run_test_in_process::hc7253dd11b39b9f4
[INFO] [stdout]                                at /rustc/6067b36314ab5eb2eb47cecc464545ba58e1ad24/library/test/src/lib.rs:655:27
[INFO] [stdout]   33:     0x563587095a13 - test::run_test::{{closure}}::hfb2007f8649c30bb
[INFO] [stdout]                                at /rustc/6067b36314ab5eb2eb47cecc464545ba58e1ad24/library/test/src/lib.rs:576:43
[INFO] [stdout]   34:     0x563587058af5 - test::run_test::{{closure}}::h56a17aa7a282a9f4
[INFO] [stdout]                                at /rustc/6067b36314ab5eb2eb47cecc464545ba58e1ad24/library/test/src/lib.rs:606:41
[INFO] [stdout]   35:     0x563587058af5 - std::sys::backtrace::__rust_begin_short_backtrace::hd2d2d2fb8e8c6aac
[INFO] [stdout]                                at /rustc/6067b36314ab5eb2eb47cecc464545ba58e1ad24/library/std/src/sys/backtrace.rs:152:18
[INFO] [stdout]   36:     0x56358705c3da - std::thread::Builder::spawn_unchecked_::{{closure}}::{{closure}}::h4faa3f9db6133423
[INFO] [stdout]                                at /rustc/6067b36314ab5eb2eb47cecc464545ba58e1ad24/library/std/src/thread/mod.rs:559:17
[INFO] [stdout]   37:     0x56358705c3da - <core::panic::unwind_safe::AssertUnwindSafe<F> as core::ops::function::FnOnce<()>>::call_once::hf2e855a36a4ea846
[INFO] [stdout]                                at /rustc/6067b36314ab5eb2eb47cecc464545ba58e1ad24/library/core/src/panic/unwind_safe.rs:272:9
[INFO] [stdout]   38:     0x56358705c3da - std::panicking::try::do_call::h2f73af3616c35465
[INFO] [stdout]                                at /rustc/6067b36314ab5eb2eb47cecc464545ba58e1ad24/library/std/src/panicking.rs:587:40
[INFO] [stdout]   39:     0x56358705c3da - std::panicking::try::hd1660ce9efadef5a
[INFO] [stdout]                                at /rustc/6067b36314ab5eb2eb47cecc464545ba58e1ad24/library/std/src/panicking.rs:550:19
[INFO] [stdout]   40:     0x56358705c3da - std::panic::catch_unwind::h5ee8d7823b8ca744
[INFO] [stdout]                                at /rustc/6067b36314ab5eb2eb47cecc464545ba58e1ad24/library/std/src/panic.rs:358:14
[INFO] [stdout]   41:     0x56358705c3da - std::thread::Builder::spawn_unchecked_::{{closure}}::h53c3a1894dce8407
[INFO] [stdout]                                at /rustc/6067b36314ab5eb2eb47cecc464545ba58e1ad24/library/std/src/thread/mod.rs:557:30
[INFO] [stdout]   42:     0x56358705c3da - core::ops::function::FnOnce::call_once{{vtable.shim}}::h048ce291ad4f62bf
[INFO] [stdout]                                at /rustc/6067b36314ab5eb2eb47cecc464545ba58e1ad24/library/core/src/ops/function.rs:250:5
[INFO] [stdout]   43:     0x563587c3215b - <alloc::boxed::Box<F,A> as core::ops::function::FnOnce<Args>>::call_once::ha52bedf99a3b4981
[INFO] [stdout]                                at /rustc/6067b36314ab5eb2eb47cecc464545ba58e1ad24/library/alloc/src/boxed.rs:2013:9
[INFO] [stdout]   44:     0x563587c3215b - <alloc::boxed::Box<F,A> as core::ops::function::FnOnce<Args>>::call_once::h567748934d80ccf8
[INFO] [stdout]                                at /rustc/6067b36314ab5eb2eb47cecc464545ba58e1ad24/library/alloc/src/boxed.rs:2013:9
[INFO] [stdout]   45:     0x563587c3215b - std::sys::pal::unix::thread::Thread::new::thread_start::h2d970728ae887adc
[INFO] [stdout]                                at /rustc/6067b36314ab5eb2eb47cecc464545ba58e1ad24/library/std/src/sys/pal/unix/thread.rs:106:17
[INFO] [stdout]   46:     0x758147169ac3 - <unknown>
[INFO] [stdout]   47:     0x7581471faa04 - clone
[INFO] [stdout]   48:                0x0 - <unknown>
[INFO] [stdout] 
[INFO] [stdout] 
[INFO] [stdout] failures:
[INFO] [stdout]     api::tests::health
[INFO] [stdout] 
[INFO] [stdout] test result: FAILED. 0 passed; 1 failed; 0 ignored; 0 measured; 0 filtered out; finished in 0.17s
[INFO] [stdout] 
[INFO] [stderr] error: test failed, to rerun pass `--bin legend`
[INFO] running `Command { std: "docker" "inspect" "1bf6e38d16efe557119d7382bb8780144ae1b3f0a0b802c815539226af6fc0e2", kill_on_drop: false }`
[INFO] running `Command { std: "docker" "rm" "-f" "1bf6e38d16efe557119d7382bb8780144ae1b3f0a0b802c815539226af6fc0e2", kill_on_drop: false }`
[INFO] [stdout] 1bf6e38d16efe557119d7382bb8780144ae1b3f0a0b802c815539226af6fc0e2
