[INFO] cloning repository https://github.com/Pjottos/binary-brain
[INFO] running `Command { std: "git" "-c" "credential.helper=" "-c" "credential.helper=/workspace/cargo-home/bin/git-credential-null" "clone" "--bare" "https://github.com/Pjottos/binary-brain" "/workspace/cache/git-repos/https%3A%2F%2Fgithub.com%2FPjottos%2Fbinary-brain", kill_on_drop: false }`
[INFO] [stderr] Cloning into bare repository '/workspace/cache/git-repos/https%3A%2F%2Fgithub.com%2FPjottos%2Fbinary-brain'...
[INFO] running `Command { std: "git" "rev-parse" "HEAD", kill_on_drop: false }`
[INFO] [stdout] d253b68506253e7e7dda8e31b1a3810fedd74955
[INFO] testing Pjottos/binary-brain against nightly-2025-01-18 for randomize-layout-2
[INFO] running `Command { std: "git" "clone" "/workspace/cache/git-repos/https%3A%2F%2Fgithub.com%2FPjottos%2Fbinary-brain" "/workspace/builds/worker-3-tc1/source", kill_on_drop: false }`
[INFO] [stderr] Cloning into '/workspace/builds/worker-3-tc1/source'...
[INFO] [stderr] done.
[INFO] validating manifest of git repo https://github.com/Pjottos/binary-brain on toolchain nightly-2025-01-18
[INFO] running `Command { std: CARGO_HOME="/workspace/cargo-home" RUSTUP_HOME="/workspace/rustup-home" "/workspace/cargo-home/bin/cargo" "+nightly-2025-01-18" "metadata" "--manifest-path" "Cargo.toml" "--no-deps", kill_on_drop: false }`
[INFO] started tweaking git repo https://github.com/Pjottos/binary-brain
[INFO] finished tweaking git repo https://github.com/Pjottos/binary-brain
[INFO] tweaked toml for git repo https://github.com/Pjottos/binary-brain written to /workspace/builds/worker-3-tc1/source/Cargo.toml
[INFO] crate git repo https://github.com/Pjottos/binary-brain already has a lockfile, it will not be regenerated
[INFO] running `Command { std: CARGO_HOME="/workspace/cargo-home" RUSTUP_HOME="/workspace/rustup-home" "/workspace/cargo-home/bin/cargo" "+nightly-2025-01-18" "fetch" "--manifest-path" "Cargo.toml", kill_on_drop: false }`
[INFO] [stderr] warning: `dev_dependencies` is deprecated in favor of `dev-dependencies` and will not work in the 2024 edition
[INFO] [stderr] (in the `binary-brain` package)
[INFO] [stderr]     Updating crates.io index
[INFO] [stderr]  Downloading crates ...
[INFO] [stderr]   Downloaded gym v2.2.1
[INFO] [stderr]   Downloaded cpython v0.4.1
[INFO] [stderr]   Downloaded python3-sys v0.4.1
[INFO] [stderr]   Downloaded ndarray v0.13.1
[INFO] running `Command { std: "docker" "create" "-v" "/var/lib/crater-agent-workspace/builds/worker-3-tc1/target:/opt/rustwide/target:rw,Z" "-v" "/var/lib/crater-agent-workspace/builds/worker-3-tc1/source:/opt/rustwide/workdir:ro,Z" "-v" "/var/lib/crater-agent-workspace/cargo-home:/opt/rustwide/cargo-home:ro,Z" "-v" "/var/lib/crater-agent-workspace/rustup-home:/opt/rustwide/rustup-home:ro,Z" "-e" "SOURCE_DIR=/opt/rustwide/workdir" "-e" "CARGO_TARGET_DIR=/opt/rustwide/target" "-e" "CARGO_HOME=/opt/rustwide/cargo-home" "-e" "RUSTUP_HOME=/opt/rustwide/rustup-home" "-w" "/opt/rustwide/workdir" "-m" "1610612736" "--user" "0:0" "--network" "none" "ghcr.io/rust-lang/crates-build-env/linux@sha256:819108c5571ea2e421544af4d832f968d213c87fbe3707a016657f43d2f853bc" "/opt/rustwide/cargo-home/bin/cargo" "+nightly-2025-01-18" "metadata" "--no-deps" "--format-version=1", kill_on_drop: false }`
[INFO] [stdout] a308bb4605625bdbed217f9e9dd7a588db97787598c247e2c100e9d22574144d
[INFO] running `Command { std: "docker" "start" "-a" "a308bb4605625bdbed217f9e9dd7a588db97787598c247e2c100e9d22574144d", kill_on_drop: false }`
[INFO] running `Command { std: "docker" "inspect" "a308bb4605625bdbed217f9e9dd7a588db97787598c247e2c100e9d22574144d", kill_on_drop: false }`
[INFO] running `Command { std: "docker" "rm" "-f" "a308bb4605625bdbed217f9e9dd7a588db97787598c247e2c100e9d22574144d", kill_on_drop: false }`
[INFO] [stdout] a308bb4605625bdbed217f9e9dd7a588db97787598c247e2c100e9d22574144d
[INFO] running `Command { std: "docker" "create" "-v" "/var/lib/crater-agent-workspace/builds/worker-3-tc1/target:/opt/rustwide/target:rw,Z" "-v" "/var/lib/crater-agent-workspace/builds/worker-3-tc1/source:/opt/rustwide/workdir:ro,Z" "-v" "/var/lib/crater-agent-workspace/cargo-home:/opt/rustwide/cargo-home:ro,Z" "-v" "/var/lib/crater-agent-workspace/rustup-home:/opt/rustwide/rustup-home:ro,Z" "-e" "SOURCE_DIR=/opt/rustwide/workdir" "-e" "CARGO_TARGET_DIR=/opt/rustwide/target" "-e" "CARGO_INCREMENTAL=0" "-e" "RUST_BACKTRACE=full" "-e" "RUSTFLAGS=--cap-lints=forbid" "-e" "RUSTDOCFLAGS=--cap-lints=forbid" "-e" "CARGO_HOME=/opt/rustwide/cargo-home" "-e" "RUSTUP_HOME=/opt/rustwide/rustup-home" "-w" "/opt/rustwide/workdir" "-m" "1610612736" "--user" "0:0" "--network" "none" "ghcr.io/rust-lang/crates-build-env/linux@sha256:819108c5571ea2e421544af4d832f968d213c87fbe3707a016657f43d2f853bc" "/opt/rustwide/cargo-home/bin/cargo" "+nightly-2025-01-18" "build" "--frozen" "--message-format=json", kill_on_drop: false }`
[INFO] [stdout] be8b2a13d707313cb8b549be761e82c42dd04b776d86ef5bda38c9e591dacacc
[INFO] running `Command { std: "docker" "start" "-a" "be8b2a13d707313cb8b549be761e82c42dd04b776d86ef5bda38c9e591dacacc", kill_on_drop: false }`
[INFO] [stderr] warning: `dev_dependencies` is deprecated in favor of `dev-dependencies` and will not work in the 2024 edition
[INFO] [stderr] (in the `binary-brain` package)
[INFO] [stderr]    Compiling autocfg v1.0.1
[INFO] [stderr]    Compiling libc v0.2.80
[INFO] [stderr]    Compiling const_fn v0.4.3
[INFO] [stderr]    Compiling getrandom v0.1.15
[INFO] [stderr]    Compiling rayon-core v1.9.0
[INFO] [stderr]    Compiling cfg-if v0.1.10
[INFO] [stderr]    Compiling byteorder v1.3.4
[INFO] [stderr]    Compiling ppv-lite86 v0.2.10
[INFO] [stderr]    Compiling either v1.6.1
[INFO] [stderr]    Compiling crossbeam-utils v0.8.0
[INFO] [stderr]    Compiling memoffset v0.5.6
[INFO] [stderr]    Compiling rayon v1.5.0
[INFO] [stderr]    Compiling num_cpus v1.13.0
[INFO] [stderr]    Compiling rand_core v0.5.1
[INFO] [stderr]    Compiling crossbeam-epoch v0.9.0
[INFO] [stderr]    Compiling crossbeam-channel v0.5.0
[INFO] [stderr]    Compiling rand_chacha v0.2.2
[INFO] [stderr]    Compiling rand v0.7.3
[INFO] [stderr]    Compiling crossbeam-deque v0.8.0
[INFO] [stderr]    Compiling binary-brain v0.4.0 (/opt/rustwide/workdir)
[INFO] [stdout] warning: method `jump` is never used
[INFO] [stdout]   --> src/util.rs:80:12
[INFO] [stdout]    |
[INFO] [stdout] 10 | impl Xoshiro128PlusPlusAvx2 {
[INFO] [stdout]    | --------------------------- method in this implementation
[INFO] [stdout] ...
[INFO] [stdout] 80 |     pub fn jump(&mut self) {
[INFO] [stdout]    |            ^^^^
[INFO] [stdout]    |
[INFO] [stdout]    = note: `#[warn(dead_code)]` on by default
[INFO] [stdout] 
[INFO] [stdout] 
[INFO] [stdout] warning: the type `[u64; 4]` does not permit being left uninitialized
[INFO] [stdout]   --> src/util.rs:23:52
[INFO] [stdout]    |
[INFO] [stdout] 23 |         let mut s1: [u64; Self::UNROLL] = unsafe { mem::MaybeUninit::uninit().assume_init() };
[INFO] [stdout]    |                                                    ^^^^^^^^^^^^^^^^^^^^^^^^^^^^^^^^^^^^^^^^
[INFO] [stdout]    |                                                    |
[INFO] [stdout]    |                                                    this code causes undefined behavior when executed
[INFO] [stdout]    |                                                    help: use `MaybeUninit<T>` instead, and only call `assume_init` after initialization is done
[INFO] [stdout]    |
[INFO] [stdout]    = note: integers must be initialized
[INFO] [stdout]    = note: `#[warn(invalid_value)]` on by default
[INFO] [stdout] 
[INFO] [stdout] 
[INFO] [stdout] warning: the type `[u64; 4]` does not permit being left uninitialized
[INFO] [stdout]   --> src/util.rs:24:56
[INFO] [stdout]    |
[INFO] [stdout] 24 |         let mut result: [u64; Self::UNROLL] = unsafe { mem::MaybeUninit::uninit().assume_init() };
[INFO] [stdout]    |                                                        ^^^^^^^^^^^^^^^^^^^^^^^^^^^^^^^^^^^^^^^^
[INFO] [stdout]    |                                                        |
[INFO] [stdout]    |                                                        this code causes undefined behavior when executed
[INFO] [stdout]    |                                                        help: use `MaybeUninit<T>` instead, and only call `assume_init` after initialization is done
[INFO] [stdout]    |
[INFO] [stdout]    = note: integers must be initialized
[INFO] [stdout] 
[INFO] [stdout] 
[INFO] [stdout] warning: the type `[i8; 32]` does not permit being left uninitialized
[INFO] [stdout]   --> src/util.rs:69:68
[INFO] [stdout]    |
[INFO] [stdout] 69 |                 let mut compare: [i8; Self::UNROLL * 8] = unsafe { mem::MaybeUninit::uninit().assume_init() };
[INFO] [stdout]    |                                                                    ^^^^^^^^^^^^^^^^^^^^^^^^^^^^^^^^^^^^^^^^
[INFO] [stdout]    |                                                                    |
[INFO] [stdout]    |                                                                    this code causes undefined behavior when executed
[INFO] [stdout]    |                                                                    help: use `MaybeUninit<T>` instead, and only call `assume_init` after initialization is done
[INFO] [stdout]    |
[INFO] [stdout]    = note: integers must be initialized
[INFO] [stdout] 
[INFO] [stdout] 
[INFO] [stderr]     Finished `dev` profile [unoptimized + debuginfo] target(s) in 6.28s
[INFO] running `Command { std: "docker" "inspect" "be8b2a13d707313cb8b549be761e82c42dd04b776d86ef5bda38c9e591dacacc", kill_on_drop: false }`
[INFO] running `Command { std: "docker" "rm" "-f" "be8b2a13d707313cb8b549be761e82c42dd04b776d86ef5bda38c9e591dacacc", kill_on_drop: false }`
[INFO] [stdout] be8b2a13d707313cb8b549be761e82c42dd04b776d86ef5bda38c9e591dacacc
[INFO] running `Command { std: "docker" "create" "-v" "/var/lib/crater-agent-workspace/builds/worker-3-tc1/target:/opt/rustwide/target:rw,Z" "-v" "/var/lib/crater-agent-workspace/builds/worker-3-tc1/source:/opt/rustwide/workdir:ro,Z" "-v" "/var/lib/crater-agent-workspace/cargo-home:/opt/rustwide/cargo-home:ro,Z" "-v" "/var/lib/crater-agent-workspace/rustup-home:/opt/rustwide/rustup-home:ro,Z" "-e" "SOURCE_DIR=/opt/rustwide/workdir" "-e" "CARGO_TARGET_DIR=/opt/rustwide/target" "-e" "CARGO_INCREMENTAL=0" "-e" "RUST_BACKTRACE=full" "-e" "RUSTFLAGS=--cap-lints=forbid" "-e" "RUSTDOCFLAGS=--cap-lints=forbid" "-e" "CARGO_HOME=/opt/rustwide/cargo-home" "-e" "RUSTUP_HOME=/opt/rustwide/rustup-home" "-w" "/opt/rustwide/workdir" "-m" "1610612736" "--user" "0:0" "--network" "none" "ghcr.io/rust-lang/crates-build-env/linux@sha256:819108c5571ea2e421544af4d832f968d213c87fbe3707a016657f43d2f853bc" "/opt/rustwide/cargo-home/bin/cargo" "+nightly-2025-01-18" "test" "--frozen" "--no-run" "--message-format=json", kill_on_drop: false }`
[INFO] [stdout] 70108e4ab7f6f113c54c81799145ce2652a770d176b6c185b5c8187879d6b15d
[INFO] running `Command { std: "docker" "start" "-a" "70108e4ab7f6f113c54c81799145ce2652a770d176b6c185b5c8187879d6b15d", kill_on_drop: false }`
[INFO] [stderr] warning: `dev_dependencies` is deprecated in favor of `dev-dependencies` and will not work in the 2024 edition
[INFO] [stderr] (in the `binary-brain` package)
[INFO] [stderr]    Compiling memchr v2.3.4
[INFO] [stderr]    Compiling proc-macro2 v1.0.24
[INFO] [stderr]    Compiling num-traits v0.2.14
[INFO] [stderr]    Compiling regex-syntax v0.6.21
[INFO] [stderr]    Compiling unicode-xid v0.2.1
[INFO] [stderr]    Compiling syn v1.0.48
[INFO] [stderr]    Compiling miniz_oxide v0.4.3
[INFO] [stderr]    Compiling thread_local v1.0.1
[INFO] [stderr]    Compiling num-integer v0.1.44
[INFO] [stderr]    Compiling num-complex v0.2.4
[INFO] [stderr]    Compiling gimli v0.23.0
[INFO] [stderr]    Compiling failure_derive v0.1.8
[INFO] [stderr]    Compiling adler v0.2.3
[INFO] [stderr]    Compiling ndarray v0.13.1
[INFO] [stderr]    Compiling cpython v0.4.1
[INFO] [stderr]    Compiling rawpointer v0.2.1
[INFO] [stderr]    Compiling rustc-demangle v0.1.18
[INFO] [stderr]    Compiling object v0.22.0
[INFO] [stderr]    Compiling matrixmultiply v0.2.3
[INFO] [stdout] warning: method `jump` is never used
[INFO] [stdout]   --> src/util.rs:80:12
[INFO] [stdout]    |
[INFO] [stdout] 10 | impl Xoshiro128PlusPlusAvx2 {
[INFO] [stdout]    | --------------------------- method in this implementation
[INFO] [stdout] ...
[INFO] [stdout] 80 |     pub fn jump(&mut self) {
[INFO] [stdout]    |            ^^^^
[INFO] [stdout]    |
[INFO] [stdout]    = note: `#[warn(dead_code)]` on by default
[INFO] [stdout] 
[INFO] [stdout] 
[INFO] [stdout] warning: the type `[u64; 4]` does not permit being left uninitialized
[INFO] [stdout]   --> src/util.rs:23:52
[INFO] [stdout]    |
[INFO] [stdout] 23 |         let mut s1: [u64; Self::UNROLL] = unsafe { mem::MaybeUninit::uninit().assume_init() };
[INFO] [stdout]    |                                                    ^^^^^^^^^^^^^^^^^^^^^^^^^^^^^^^^^^^^^^^^
[INFO] [stdout]    |                                                    |
[INFO] [stdout]    |                                                    this code causes undefined behavior when executed
[INFO] [stdout]    |                                                    help: use `MaybeUninit<T>` instead, and only call `assume_init` after initialization is done
[INFO] [stdout]    |
[INFO] [stdout]    = note: integers must be initialized
[INFO] [stdout]    = note: `#[warn(invalid_value)]` on by default
[INFO] [stdout] 
[INFO] [stdout] 
[INFO] [stdout] warning: the type `[u64; 4]` does not permit being left uninitialized
[INFO] [stdout]   --> src/util.rs:24:56
[INFO] [stdout]    |
[INFO] [stdout] 24 |         let mut result: [u64; Self::UNROLL] = unsafe { mem::MaybeUninit::uninit().assume_init() };
[INFO] [stdout]    |                                                        ^^^^^^^^^^^^^^^^^^^^^^^^^^^^^^^^^^^^^^^^
[INFO] [stdout]    |                                                        |
[INFO] [stdout]    |                                                        this code causes undefined behavior when executed
[INFO] [stdout]    |                                                        help: use `MaybeUninit<T>` instead, and only call `assume_init` after initialization is done
[INFO] [stdout]    |
[INFO] [stdout]    = note: integers must be initialized
[INFO] [stdout] 
[INFO] [stdout] 
[INFO] [stdout] warning: the type `[i8; 32]` does not permit being left uninitialized
[INFO] [stdout]   --> src/util.rs:69:68
[INFO] [stdout]    |
[INFO] [stdout] 69 |                 let mut compare: [i8; Self::UNROLL * 8] = unsafe { mem::MaybeUninit::uninit().assume_init() };
[INFO] [stdout]    |                                                                    ^^^^^^^^^^^^^^^^^^^^^^^^^^^^^^^^^^^^^^^^
[INFO] [stdout]    |                                                                    |
[INFO] [stdout]    |                                                                    this code causes undefined behavior when executed
[INFO] [stdout]    |                                                                    help: use `MaybeUninit<T>` instead, and only call `assume_init` after initialization is done
[INFO] [stdout]    |
[INFO] [stdout]    = note: integers must be initialized
[INFO] [stdout] 
[INFO] [stdout] 
[INFO] [stderr]    Compiling aho-corasick v0.7.15
[INFO] [stderr]    Compiling quote v1.0.7
[INFO] [stderr]    Compiling regex v1.4.2
[INFO] [stderr]    Compiling addr2line v0.14.0
[INFO] [stderr]    Compiling backtrace v0.3.54
[INFO] [stderr]    Compiling synstructure v0.12.4
[INFO] [stderr]    Compiling python3-sys v0.4.1
[INFO] [stderr]    Compiling failure v0.1.8
[INFO] [stderr]    Compiling gym v2.2.1
[INFO] [stderr]    Compiling binary-brain v0.4.0 (/opt/rustwide/workdir)
[INFO] [stdout] warning: method `jump` is never used
[INFO] [stdout]   --> src/util.rs:80:12
[INFO] [stdout]    |
[INFO] [stdout] 10 | impl Xoshiro128PlusPlusAvx2 {
[INFO] [stdout]    | --------------------------- method in this implementation
[INFO] [stdout] ...
[INFO] [stdout] 80 |     pub fn jump(&mut self) {
[INFO] [stdout]    |            ^^^^
[INFO] [stdout]    |
[INFO] [stdout]    = note: `#[warn(dead_code)]` on by default
[INFO] [stdout] 
[INFO] [stdout] 
[INFO] [stdout] warning: the type `[u64; 4]` does not permit being left uninitialized
[INFO] [stdout]   --> src/util.rs:23:52
[INFO] [stdout]    |
[INFO] [stdout] 23 |         let mut s1: [u64; Self::UNROLL] = unsafe { mem::MaybeUninit::uninit().assume_init() };
[INFO] [stdout]    |                                                    ^^^^^^^^^^^^^^^^^^^^^^^^^^^^^^^^^^^^^^^^
[INFO] [stdout]    |                                                    |
[INFO] [stdout]    |                                                    this code causes undefined behavior when executed
[INFO] [stdout]    |                                                    help: use `MaybeUninit<T>` instead, and only call `assume_init` after initialization is done
[INFO] [stdout]    |
[INFO] [stdout]    = note: integers must be initialized
[INFO] [stdout]    = note: `#[warn(invalid_value)]` on by default
[INFO] [stdout] 
[INFO] [stdout] 
[INFO] [stdout] warning: the type `[u64; 4]` does not permit being left uninitialized
[INFO] [stdout]   --> src/util.rs:24:56
[INFO] [stdout]    |
[INFO] [stdout] 24 |         let mut result: [u64; Self::UNROLL] = unsafe { mem::MaybeUninit::uninit().assume_init() };
[INFO] [stdout]    |                                                        ^^^^^^^^^^^^^^^^^^^^^^^^^^^^^^^^^^^^^^^^
[INFO] [stdout]    |                                                        |
[INFO] [stdout]    |                                                        this code causes undefined behavior when executed
[INFO] [stdout]    |                                                        help: use `MaybeUninit<T>` instead, and only call `assume_init` after initialization is done
[INFO] [stdout]    |
[INFO] [stdout]    = note: integers must be initialized
[INFO] [stdout] 
[INFO] [stdout] 
[INFO] [stdout] warning: the type `[i8; 32]` does not permit being left uninitialized
[INFO] [stdout]   --> src/util.rs:69:68
[INFO] [stdout]    |
[INFO] [stdout] 69 |                 let mut compare: [i8; Self::UNROLL * 8] = unsafe { mem::MaybeUninit::uninit().assume_init() };
[INFO] [stdout]    |                                                                    ^^^^^^^^^^^^^^^^^^^^^^^^^^^^^^^^^^^^^^^^
[INFO] [stdout]    |                                                                    |
[INFO] [stdout]    |                                                                    this code causes undefined behavior when executed
[INFO] [stdout]    |                                                                    help: use `MaybeUninit<T>` instead, and only call `assume_init` after initialization is done
[INFO] [stdout]    |
[INFO] [stdout]    = note: integers must be initialized
[INFO] [stdout] 
[INFO] [stdout] 
[INFO] [stderr]     Finished `test` profile [unoptimized + debuginfo] target(s) in 11.59s
[INFO] running `Command { std: "docker" "inspect" "70108e4ab7f6f113c54c81799145ce2652a770d176b6c185b5c8187879d6b15d", kill_on_drop: false }`
[INFO] running `Command { std: "docker" "rm" "-f" "70108e4ab7f6f113c54c81799145ce2652a770d176b6c185b5c8187879d6b15d", kill_on_drop: false }`
[INFO] [stdout] 70108e4ab7f6f113c54c81799145ce2652a770d176b6c185b5c8187879d6b15d
[INFO] running `Command { std: "docker" "create" "-v" "/var/lib/crater-agent-workspace/builds/worker-3-tc1/target:/opt/rustwide/target:rw,Z" "-v" "/var/lib/crater-agent-workspace/builds/worker-3-tc1/source:/opt/rustwide/workdir:ro,Z" "-v" "/var/lib/crater-agent-workspace/cargo-home:/opt/rustwide/cargo-home:ro,Z" "-v" "/var/lib/crater-agent-workspace/rustup-home:/opt/rustwide/rustup-home:ro,Z" "-e" "SOURCE_DIR=/opt/rustwide/workdir" "-e" "CARGO_TARGET_DIR=/opt/rustwide/target" "-e" "CARGO_INCREMENTAL=0" "-e" "RUST_BACKTRACE=full" "-e" "RUSTFLAGS=--cap-lints=forbid" "-e" "RUSTDOCFLAGS=--cap-lints=forbid" "-e" "CARGO_HOME=/opt/rustwide/cargo-home" "-e" "RUSTUP_HOME=/opt/rustwide/rustup-home" "-w" "/opt/rustwide/workdir" "-m" "1610612736" "--user" "0:0" "--network" "none" "ghcr.io/rust-lang/crates-build-env/linux@sha256:819108c5571ea2e421544af4d832f968d213c87fbe3707a016657f43d2f853bc" "/opt/rustwide/cargo-home/bin/cargo" "+nightly-2025-01-18" "test" "--frozen", kill_on_drop: false }`
[INFO] [stdout] d269d94a0c83a6456f6da9a97bc049537aff9a024177221b387daca961ac6318
[INFO] running `Command { std: "docker" "start" "-a" "d269d94a0c83a6456f6da9a97bc049537aff9a024177221b387daca961ac6318", kill_on_drop: false }`
[INFO] [stderr] warning: `dev_dependencies` is deprecated in favor of `dev-dependencies` and will not work in the 2024 edition
[INFO] [stderr] (in the `binary-brain` package)
[INFO] [stderr] warning: method `jump` is never used
[INFO] [stderr]   --> src/util.rs:80:12
[INFO] [stderr]    |
[INFO] [stderr] 10 | impl Xoshiro128PlusPlusAvx2 {
[INFO] [stderr]    | --------------------------- method in this implementation
[INFO] [stderr] ...
[INFO] [stderr] 80 |     pub fn jump(&mut self) {
[INFO] [stderr]    |            ^^^^
[INFO] [stderr]    |
[INFO] [stderr]    = note: `#[warn(dead_code)]` on by default
[INFO] [stderr] 
[INFO] [stderr] warning: the type `[u64; 4]` does not permit being left uninitialized
[INFO] [stderr]   --> src/util.rs:23:52
[INFO] [stderr]    |
[INFO] [stderr] 23 |         let mut s1: [u64; Self::UNROLL] = unsafe { mem::MaybeUninit::uninit().assume_init() };
[INFO] [stderr]    |                                                    ^^^^^^^^^^^^^^^^^^^^^^^^^^^^^^^^^^^^^^^^
[INFO] [stderr]    |                                                    |
[INFO] [stderr]    |                                                    this code causes undefined behavior when executed
[INFO] [stderr]    |                                                    help: use `MaybeUninit<T>` instead, and only call `assume_init` after initialization is done
[INFO] [stderr]    |
[INFO] [stderr]    = note: integers must be initialized
[INFO] [stderr]    = note: `#[warn(invalid_value)]` on by default
[INFO] [stderr] 
[INFO] [stderr] warning: the type `[u64; 4]` does not permit being left uninitialized
[INFO] [stderr]   --> src/util.rs:24:56
[INFO] [stderr]    |
[INFO] [stderr] 24 |         let mut result: [u64; Self::UNROLL] = unsafe { mem::MaybeUninit::uninit().assume_init() };
[INFO] [stderr]    |                                                        ^^^^^^^^^^^^^^^^^^^^^^^^^^^^^^^^^^^^^^^^
[INFO] [stderr]    |                                                        |
[INFO] [stderr]    |                                                        this code causes undefined behavior when executed
[INFO] [stderr]    |                                                        help: use `MaybeUninit<T>` instead, and only call `assume_init` after initialization is done
[INFO] [stderr]    |
[INFO] [stderr]    = note: integers must be initialized
[INFO] [stderr] 
[INFO] [stderr] warning: the type `[i8; 32]` does not permit being left uninitialized
[INFO] [stderr]   --> src/util.rs:69:68
[INFO] [stderr]    |
[INFO] [stderr] 69 |                 let mut compare: [i8; Self::UNROLL * 8] = unsafe { mem::MaybeUninit::uninit().assume_init() };
[INFO] [stderr]    |                                                                    ^^^^^^^^^^^^^^^^^^^^^^^^^^^^^^^^^^^^^^^^
[INFO] [stderr]    |                                                                    |
[INFO] [stderr]    |                                                                    this code causes undefined behavior when executed
[INFO] [stderr]    |                                                                    help: use `MaybeUninit<T>` instead, and only call `assume_init` after initialization is done
[INFO] [stderr]    |
[INFO] [stderr]    = note: integers must be initialized
[INFO] [stderr] 
[INFO] [stderr] warning: `binary-brain` (lib) generated 4 warnings
[INFO] [stderr] warning: `binary-brain` (lib test) generated 4 warnings (4 duplicates)
[INFO] [stderr]     Finished `test` profile [unoptimized + debuginfo] target(s) in 0.07s
[INFO] [stderr]      Running unittests src/lib.rs (/opt/rustwide/target/debug/deps/binary_brain-75cf2e038759574f)
[INFO] [stdout] 
[INFO] [stdout] running 9 tests
[INFO] [stdout] test benches::cycle_64 ... ok
[INFO] [stdout] test benches::cycle_512 ... ok
[INFO] [stdout] test train::genetic::benches::genetic_breed_64_16 ... FAILED
[INFO] [stdout] test util::benches::xorshiro128plusplus_next ... FAILED
[INFO] [stdout] test util::benches::xorshiro128plusplus_next_with_bias ... FAILED
[INFO] [stdout] test train::genetic::benches::genetic_breed_512_16 ... FAILED
[INFO] [stdout] test benches::cycle_4096 ... ok
[INFO] [stdout] test train::genetic::benches::genetic_breed_4096_16 ... FAILED
[INFO] [stdout] test benches::cycle_32768 ... ok
[INFO] [stdout] 
[INFO] [stdout] failures:
[INFO] [stdout] 
[INFO] [stdout] ---- train::genetic::benches::genetic_breed_64_16 stdout ----
[INFO] [stdout] 
[INFO] [stdout] thread 'train::genetic::benches::genetic_breed_64_16' panicked at src/util.rs:66:52:
[INFO] [stdout] attempt to add with overflow
[INFO] [stdout] stack backtrace:
[INFO] [stdout]    0:     0x63b37adedc5a - std::backtrace_rs::backtrace::libunwind::trace::hb059275cfc8d6126
[INFO] [stdout]                                at /rustc/6067b36314ab5eb2eb47cecc464545ba58e1ad24/library/std/src/../../backtrace/src/backtrace/libunwind.rs:116:5
[INFO] [stdout]    1:     0x63b37adedc5a - std::backtrace_rs::backtrace::trace_unsynchronized::h2da071e4327ce3ee
[INFO] [stdout]                                at /rustc/6067b36314ab5eb2eb47cecc464545ba58e1ad24/library/std/src/../../backtrace/src/backtrace/mod.rs:66:5
[INFO] [stdout]    2:     0x63b37adedc5a - std::sys::backtrace::_print_fmt::h842a1474e6f8d23f
[INFO] [stdout]                                at /rustc/6067b36314ab5eb2eb47cecc464545ba58e1ad24/library/std/src/sys/backtrace.rs:66:9
[INFO] [stdout]    3:     0x63b37adedc5a - <std::sys::backtrace::BacktraceLock::print::DisplayBacktrace as core::fmt::Display>::fmt::h71a62eb3b9696b12
[INFO] [stdout]                                at /rustc/6067b36314ab5eb2eb47cecc464545ba58e1ad24/library/std/src/sys/backtrace.rs:39:26
[INFO] [stdout]    4:     0x63b37ae15823 - core::fmt::rt::Argument::fmt::hdb6b616786b41dc1
[INFO] [stdout]                                at /rustc/6067b36314ab5eb2eb47cecc464545ba58e1ad24/library/core/src/fmt/rt.rs:177:76
[INFO] [stdout]    5:     0x63b37ae15823 - core::fmt::write::h2cc1698af7e2d686
[INFO] [stdout]                                at /rustc/6067b36314ab5eb2eb47cecc464545ba58e1ad24/library/core/src/fmt/mod.rs:1440:21
[INFO] [stdout]    6:     0x63b37adea7b3 - std::io::Write::write_fmt::hab1b4cd059a79022
[INFO] [stdout]                                at /rustc/6067b36314ab5eb2eb47cecc464545ba58e1ad24/library/std/src/io/mod.rs:1887:15
[INFO] [stdout]    7:     0x63b37adedaa2 - std::sys::backtrace::BacktraceLock::print::h147fe35b4ea13b08
[INFO] [stdout]                                at /rustc/6067b36314ab5eb2eb47cecc464545ba58e1ad24/library/std/src/sys/backtrace.rs:42:9
[INFO] [stdout]    8:     0x63b37adef07f - std::panicking::default_hook::{{closure}}::hbd44223dbdc0d208
[INFO] [stdout]                                at /rustc/6067b36314ab5eb2eb47cecc464545ba58e1ad24/library/std/src/panicking.rs:298:22
[INFO] [stdout]    9:     0x63b37adeee98 - std::panicking::default_hook::h20f81eb0576efcec
[INFO] [stdout]                                at /rustc/6067b36314ab5eb2eb47cecc464545ba58e1ad24/library/std/src/panicking.rs:322:9
[INFO] [stdout]   10:     0x63b37adb7cb3 - <alloc::boxed::Box<F,A> as core::ops::function::Fn<Args>>::call::hdb53814c496a4d34
[INFO] [stdout]                                at /rustc/6067b36314ab5eb2eb47cecc464545ba58e1ad24/library/alloc/src/boxed.rs:2027:9
[INFO] [stdout]   11:     0x63b37adb7cb3 - test::test_main::{{closure}}::hc0a4963c59427c24
[INFO] [stdout]                                at /rustc/6067b36314ab5eb2eb47cecc464545ba58e1ad24/library/test/src/lib.rs:134:21
[INFO] [stdout]   12:     0x63b37adefb73 - <alloc::boxed::Box<F,A> as core::ops::function::Fn<Args>>::call::h591b2225413a77e9
[INFO] [stdout]                                at /rustc/6067b36314ab5eb2eb47cecc464545ba58e1ad24/library/alloc/src/boxed.rs:2027:9
[INFO] [stdout]   13:     0x63b37adefb73 - std::panicking::rust_panic_with_hook::h625eea43051b2edc
[INFO] [stdout]                                at /rustc/6067b36314ab5eb2eb47cecc464545ba58e1ad24/library/std/src/panicking.rs:839:13
[INFO] [stdout]   14:     0x63b37adef7f6 - std::panicking::begin_panic_handler::{{closure}}::h4f9159cfbc3f6bd3
[INFO] [stdout]                                at /rustc/6067b36314ab5eb2eb47cecc464545ba58e1ad24/library/std/src/panicking.rs:697:13
[INFO] [stdout]   15:     0x63b37adee159 - std::sys::backtrace::__rust_end_short_backtrace::h0390abce48353151
[INFO] [stdout]                                at /rustc/6067b36314ab5eb2eb47cecc464545ba58e1ad24/library/std/src/sys/backtrace.rs:168:18
[INFO] [stdout]   16:     0x63b37adef4bd - rust_begin_unwind
[INFO] [stdout]                                at /rustc/6067b36314ab5eb2eb47cecc464545ba58e1ad24/library/std/src/panicking.rs:695:5
[INFO] [stdout]   17:     0x63b37ae14200 - core::panicking::panic_fmt::h9e7c637e9e5f29c9
[INFO] [stdout]                                at /rustc/6067b36314ab5eb2eb47cecc464545ba58e1ad24/library/core/src/panicking.rs:75:14
[INFO] [stdout]   18:     0x63b37ae1a397 - core::panicking::panic_const::panic_const_add_overflow::h9b11e2550743af0c
[INFO] [stdout]                                at /rustc/6067b36314ab5eb2eb47cecc464545ba58e1ad24/library/core/src/panicking.rs:178:21
[INFO] [stdout]   19:     0x63b37ad460a8 - binary_brain::util::Xoshiro128PlusPlusAvx2::next_with_bias::{{closure}}::h05fa25ffcf527f0c
[INFO] [stdout]                                at /opt/rustwide/workdir/src/util.rs:66:52
[INFO] [stdout]   20:     0x63b37ad448d2 - core::iter::traits::iterator::Iterator::for_each::call::{{closure}}::h19816b1d84288700
[INFO] [stdout]                                at /rustc/6067b36314ab5eb2eb47cecc464545ba58e1ad24/library/core/src/iter/traits/iterator.rs:797:29
[INFO] [stdout]   21:     0x63b37ad3bdea - core::iter::traits::iterator::Iterator::fold::h10eaded9e547a70b
[INFO] [stdout]                                at /rustc/6067b36314ab5eb2eb47cecc464545ba58e1ad24/library/core/src/iter/traits/iterator.rs:2546:21
[INFO] [stdout]   22:     0x63b37ad3c5f7 - core::iter::traits::iterator::Iterator::for_each::h8892a6bc755804aa
[INFO] [stdout]                                at /rustc/6067b36314ab5eb2eb47cecc464545ba58e1ad24/library/core/src/iter/traits/iterator.rs:800:9
[INFO] [stdout]   23:     0x63b37ad45e4b - binary_brain::util::Xoshiro128PlusPlusAvx2::next_with_bias::he5c53ad557158cf3
[INFO] [stdout]                                at /opt/rustwide/workdir/src/util.rs:66:17
[INFO] [stdout]   24:     0x63b37ad3e44e - binary_brain::train::genetic::Genetic::breed::h426795487847d553
[INFO] [stdout]                                at /opt/rustwide/workdir/src/train/genetic.rs:92:33
[INFO] [stdout]   25:     0x63b37ad4316e - binary_brain::train::genetic::benches::genetic_breed_64_16::{{closure}}::h06a0b33dc749756d
[INFO] [stdout]                                at /opt/rustwide/workdir/src/train/genetic.rs:188:13
[INFO] [stdout]   26:     0x63b37ad36301 - test::bench::ns_iter_inner::hb4d2880bdcf6769c
[INFO] [stdout]                                at /rustc/6067b36314ab5eb2eb47cecc464545ba58e1ad24/library/test/src/bench.rs:118:19
[INFO] [stdout]   27:     0x63b37ad3b238 - test::bench::Bencher::iter::h391da74f2b4cc5b9
[INFO] [stdout]                                at /rustc/6067b36314ab5eb2eb47cecc464545ba58e1ad24/library/test/src/bench.rs:43:13
[INFO] [stdout]   28:     0x63b37ad430fb - binary_brain::train::genetic::benches::genetic_breed_64_16::hef4afacbfec0cdab
[INFO] [stdout]                                at /opt/rustwide/workdir/src/train/genetic.rs:183:9
[INFO] [stdout]   29:     0x63b37ad42e68 - binary_brain::train::genetic::benches::genetic_breed_64_16::{{closure}}::hfe4485a2c5500f3b
[INFO] [stdout]                                at /opt/rustwide/workdir/src/train/genetic.rs:178:44
[INFO] [stdout]   30:     0x63b37ad400df - core::ops::function::FnOnce::call_once::hd3d63b14ca6ea79e
[INFO] [stdout]                                at /rustc/6067b36314ab5eb2eb47cecc464545ba58e1ad24/library/core/src/ops/function.rs:250:5
[INFO] [stdout]   31:     0x63b37adbd4a1 - test::types::RunnableTest::run::{{closure}}::{{closure}}::ha9335dae88509b6e
[INFO] [stdout]                                at /rustc/6067b36314ab5eb2eb47cecc464545ba58e1ad24/library/test/src/types.rs:148:76
[INFO] [stdout]   32:     0x63b37adbd4a1 - test::__rust_begin_short_backtrace::ha0bbe665b090adab
[INFO] [stdout]                                at /rustc/6067b36314ab5eb2eb47cecc464545ba58e1ad24/library/test/src/lib.rs:632:18
[INFO] [stdout]   33:     0x63b37adb6969 - test::types::RunnableTest::run::{{closure}}::h307255b36abff63c
[INFO] [stdout]                                at /rustc/6067b36314ab5eb2eb47cecc464545ba58e1ad24/library/test/src/types.rs:148:44
[INFO] [stdout]   34:     0x63b37adb6969 - test::bench::Bencher::bench::h388142f2c2314357
[INFO] [stdout]                                at /rustc/6067b36314ab5eb2eb47cecc464545ba58e1ad24/library/test/src/bench.rs:54:22
[INFO] [stdout]   35:     0x63b37adb6969 - test::bench::run_once::h4c36d70cecf69c4e
[INFO] [stdout]                                at /rustc/6067b36314ab5eb2eb47cecc464545ba58e1ad24/library/test/src/bench.rs:243:5
[INFO] [stdout]   36:     0x63b37adb6969 - test::types::RunnableTest::run::hda4aa645f834d457
[INFO] [stdout]                                at /rustc/6067b36314ab5eb2eb47cecc464545ba58e1ad24/library/test/src/types.rs:148:17
[INFO] [stdout]   37:     0x63b37adbc343 - test::run_test_in_process::{{closure}}::h7176fd18fc1feca0
[INFO] [stdout]                                at /rustc/6067b36314ab5eb2eb47cecc464545ba58e1ad24/library/test/src/lib.rs:655:60
[INFO] [stdout]   38:     0x63b37adbc343 - <core::panic::unwind_safe::AssertUnwindSafe<F> as core::ops::function::FnOnce<()>>::call_once::hf79cff2a624d8cf7
[INFO] [stdout]                                at /rustc/6067b36314ab5eb2eb47cecc464545ba58e1ad24/library/core/src/panic/unwind_safe.rs:272:9
[INFO] [stdout]   39:     0x63b37adbc343 - std::panicking::try::do_call::h3da0561d9ab99c25
[INFO] [stdout]                                at /rustc/6067b36314ab5eb2eb47cecc464545ba58e1ad24/library/std/src/panicking.rs:587:40
[INFO] [stdout]   40:     0x63b37adbc343 - std::panicking::try::h41c9fa508bc61df6
[INFO] [stdout]                                at /rustc/6067b36314ab5eb2eb47cecc464545ba58e1ad24/library/std/src/panicking.rs:550:19
[INFO] [stdout]   41:     0x63b37adbc343 - std::panic::catch_unwind::h6b3ff07bb5afad93
[INFO] [stdout]                                at /rustc/6067b36314ab5eb2eb47cecc464545ba58e1ad24/library/std/src/panic.rs:358:14
[INFO] [stdout]   42:     0x63b37adbc343 - test::run_test_in_process::hc7253dd11b39b9f4
[INFO] [stdout]                                at /rustc/6067b36314ab5eb2eb47cecc464545ba58e1ad24/library/test/src/lib.rs:655:27
[INFO] [stdout]   43:     0x63b37adbc343 - test::run_test::{{closure}}::hfb2007f8649c30bb
[INFO] [stdout]                                at /rustc/6067b36314ab5eb2eb47cecc464545ba58e1ad24/library/test/src/lib.rs:576:43
[INFO] [stdout]   44:     0x63b37ad7f215 - test::run_test::{{closure}}::h56a17aa7a282a9f4
[INFO] [stdout]                                at /rustc/6067b36314ab5eb2eb47cecc464545ba58e1ad24/library/test/src/lib.rs:606:41
[INFO] [stdout]   45:     0x63b37ad7f215 - std::sys::backtrace::__rust_begin_short_backtrace::hd2d2d2fb8e8c6aac
[INFO] [stdout]                                at /rustc/6067b36314ab5eb2eb47cecc464545ba58e1ad24/library/std/src/sys/backtrace.rs:152:18
[INFO] [stdout]   46:     0x63b37ad82afa - std::thread::Builder::spawn_unchecked_::{{closure}}::{{closure}}::h4faa3f9db6133423
[INFO] [stdout]                                at /rustc/6067b36314ab5eb2eb47cecc464545ba58e1ad24/library/std/src/thread/mod.rs:559:17
[INFO] [stdout]   47:     0x63b37ad82afa - <core::panic::unwind_safe::AssertUnwindSafe<F> as core::ops::function::FnOnce<()>>::call_once::hf2e855a36a4ea846
[INFO] [stdout]                                at /rustc/6067b36314ab5eb2eb47cecc464545ba58e1ad24/library/core/src/panic/unwind_safe.rs:272:9
[INFO] [stdout]   48:     0x63b37ad82afa - std::panicking::try::do_call::h2f73af3616c35465
[INFO] [stdout]                                at /rustc/6067b36314ab5eb2eb47cecc464545ba58e1ad24/library/std/src/panicking.rs:587:40
[INFO] [stdout]   49:     0x63b37ad82afa - std::panicking::try::hd1660ce9efadef5a
[INFO] [stdout]                                at /rustc/6067b36314ab5eb2eb47cecc464545ba58e1ad24/library/std/src/panicking.rs:550:19
[INFO] [stdout]   50:     0x63b37ad82afa - std::panic::catch_unwind::h5ee8d7823b8ca744
[INFO] [stdout]                                at /rustc/6067b36314ab5eb2eb47cecc464545ba58e1ad24/library/std/src/panic.rs:358:14
[INFO] [stdout]   51:     0x63b37ad82afa - std::thread::Builder::spawn_unchecked_::{{closure}}::h53c3a1894dce8407
[INFO] [stdout]                                at /rustc/6067b36314ab5eb2eb47cecc464545ba58e1ad24/library/std/src/thread/mod.rs:557:30
[INFO] [stdout]   52:     0x63b37ad82afa - core::ops::function::FnOnce::call_once{{vtable.shim}}::h048ce291ad4f62bf
[INFO] [stdout]                                at /rustc/6067b36314ab5eb2eb47cecc464545ba58e1ad24/library/core/src/ops/function.rs:250:5
[INFO] [stdout]   53:     0x63b37adf3aab - <alloc::boxed::Box<F,A> as core::ops::function::FnOnce<Args>>::call_once::ha52bedf99a3b4981
[INFO] [stdout]                                at /rustc/6067b36314ab5eb2eb47cecc464545ba58e1ad24/library/alloc/src/boxed.rs:2013:9
[INFO] [stdout]   54:     0x63b37adf3aab - <alloc::boxed::Box<F,A> as core::ops::function::FnOnce<Args>>::call_once::h567748934d80ccf8
[INFO] [stdout]                                at /rustc/6067b36314ab5eb2eb47cecc464545ba58e1ad24/library/alloc/src/boxed.rs:2013:9
[INFO] [stdout]   55:     0x63b37adf3aab - std::sys::pal::unix::thread::Thread::new::thread_start::h2d970728ae887adc
[INFO] [stdout]                                at /rustc/6067b36314ab5eb2eb47cecc464545ba58e1ad24/library/std/src/sys/pal/unix/thread.rs:106:17
[INFO] [stdout]   56:     0x7b41fb526ac3 - <unknown>
[INFO] [stdout]   57:     0x7b41fb5b7a04 - clone
[INFO] [stdout]   58:                0x0 - <unknown>
[INFO] [stdout] 
[INFO] [stdout] ---- util::benches::xorshiro128plusplus_next stdout ----
[INFO] [stdout] 
[INFO] [stdout] thread 'util::benches::xorshiro128plusplus_next' panicked at src/util.rs:26:52:
[INFO] [stdout] attempt to add with overflow
[INFO] [stdout] stack backtrace:
[INFO] [stdout]    0:     0x63b37adedc5a - std::backtrace_rs::backtrace::libunwind::trace::hb059275cfc8d6126
[INFO] [stdout]                                at /rustc/6067b36314ab5eb2eb47cecc464545ba58e1ad24/library/std/src/../../backtrace/src/backtrace/libunwind.rs:116:5
[INFO] [stdout]    1:     0x63b37adedc5a - std::backtrace_rs::backtrace::trace_unsynchronized::h2da071e4327ce3ee
[INFO] [stdout]                                at /rustc/6067b36314ab5eb2eb47cecc464545ba58e1ad24/library/std/src/../../backtrace/src/backtrace/mod.rs:66:5
[INFO] [stdout]    2:     0x63b37adedc5a - std::sys::backtrace::_print_fmt::h842a1474e6f8d23f
[INFO] [stdout]                                at /rustc/6067b36314ab5eb2eb47cecc464545ba58e1ad24/library/std/src/sys/backtrace.rs:66:9
[INFO] [stdout]    3:     0x63b37adedc5a - <std::sys::backtrace::BacktraceLock::print::DisplayBacktrace as core::fmt::Display>::fmt::h71a62eb3b9696b12
[INFO] [stdout]                                at /rustc/6067b36314ab5eb2eb47cecc464545ba58e1ad24/library/std/src/sys/backtrace.rs:39:26
[INFO] [stdout]    4:     0x63b37ae15823 - core::fmt::rt::Argument::fmt::hdb6b616786b41dc1
[INFO] [stdout]                                at /rustc/6067b36314ab5eb2eb47cecc464545ba58e1ad24/library/core/src/fmt/rt.rs:177:76
[INFO] [stdout]    5:     0x63b37ae15823 - core::fmt::write::h2cc1698af7e2d686
[INFO] [stdout]                                at /rustc/6067b36314ab5eb2eb47cecc464545ba58e1ad24/library/core/src/fmt/mod.rs:1440:21
[INFO] [stdout]    6:     0x63b37adea7b3 - std::io::Write::write_fmt::hab1b4cd059a79022
[INFO] [stdout]                                at /rustc/6067b36314ab5eb2eb47cecc464545ba58e1ad24/library/std/src/io/mod.rs:1887:15
[INFO] [stdout]    7:     0x63b37adedaa2 - std::sys::backtrace::BacktraceLock::print::h147fe35b4ea13b08
[INFO] [stdout]                                at /rustc/6067b36314ab5eb2eb47cecc464545ba58e1ad24/library/std/src/sys/backtrace.rs:42:9
[INFO] [stdout]    8:     0x63b37adef07f - std::panicking::default_hook::{{closure}}::hbd44223dbdc0d208
[INFO] [stdout]                                at /rustc/6067b36314ab5eb2eb47cecc464545ba58e1ad24/library/std/src/panicking.rs:298:22
[INFO] [stdout]    9:     0x63b37adeee98 - std::panicking::default_hook::h20f81eb0576efcec
[INFO] [stdout]                                at /rustc/6067b36314ab5eb2eb47cecc464545ba58e1ad24/library/std/src/panicking.rs:322:9
[INFO] [stdout]   10:     0x63b37adb7cb3 - <alloc::boxed::Box<F,A> as core::ops::function::Fn<Args>>::call::hdb53814c496a4d34
[INFO] [stdout]                                at /rustc/6067b36314ab5eb2eb47cecc464545ba58e1ad24/library/alloc/src/boxed.rs:2027:9
[INFO] [stdout]   11:     0x63b37adb7cb3 - test::test_main::{{closure}}::hc0a4963c59427c24
[INFO] [stdout]                                at /rustc/6067b36314ab5eb2eb47cecc464545ba58e1ad24/library/test/src/lib.rs:134:21
[INFO] [stdout]   12:     0x63b37adefb73 - <alloc::boxed::Box<F,A> as core::ops::function::Fn<Args>>::call::h591b2225413a77e9
[INFO] [stdout]                                at /rustc/6067b36314ab5eb2eb47cecc464545ba58e1ad24/library/alloc/src/boxed.rs:2027:9
[INFO] [stdout]   13:     0x63b37adefb73 - std::panicking::rust_panic_with_hook::h625eea43051b2edc
[INFO] [stdout]                                at /rustc/6067b36314ab5eb2eb47cecc464545ba58e1ad24/library/std/src/panicking.rs:839:13
[INFO] [stdout]   14:     0x63b37adef7f6 - std::panicking::begin_panic_handler::{{closure}}::h4f9159cfbc3f6bd3
[INFO] [stdout]                                at /rustc/6067b36314ab5eb2eb47cecc464545ba58e1ad24/library/std/src/panicking.rs:697:13
[INFO] [stdout]   15:     0x63b37adee159 - std::sys::backtrace::__rust_end_short_backtrace::h0390abce48353151
[INFO] [stdout]                                at /rustc/6067b36314ab5eb2eb47cecc464545ba58e1ad24/library/std/src/sys/backtrace.rs:168:18
[INFO] [stdout]   16:     0x63b37adef4bd - rust_begin_unwind
[INFO] [stdout]                                at /rustc/6067b36314ab5eb2eb47cecc464545ba58e1ad24/library/std/src/panicking.rs:695:5
[INFO] [stdout]   17:     0x63b37ae14200 - core::panicking::panic_fmt::h9e7c637e9e5f29c9
[INFO] [stdout]                                at /rustc/6067b36314ab5eb2eb47cecc464545ba58e1ad24/library/core/src/panicking.rs:75:14
[INFO] [stdout]   18:     0x63b37ae1a397 - core::panicking::panic_const::panic_const_add_overflow::h9b11e2550743af0c
[INFO] [stdout]                                at /rustc/6067b36314ab5eb2eb47cecc464545ba58e1ad24/library/core/src/panicking.rs:178:21
[INFO] [stdout]   19:     0x63b37ad459f9 - binary_brain::util::Xoshiro128PlusPlusAvx2::next::{{closure}}::ha02204a5b6baee66
[INFO] [stdout]                                at /opt/rustwide/workdir/src/util.rs:26:52
[INFO] [stdout]   20:     0x63b37ad448f2 - core::iter::traits::iterator::Iterator::for_each::call::{{closure}}::h4d108a90e91d20dc
[INFO] [stdout]                                at /rustc/6067b36314ab5eb2eb47cecc464545ba58e1ad24/library/core/src/iter/traits/iterator.rs:797:29
[INFO] [stdout]   21:     0x63b37ad3c141 - core::iter::traits::iterator::Iterator::fold::hbe8f8007e889537b
[INFO] [stdout]                                at /rustc/6067b36314ab5eb2eb47cecc464545ba58e1ad24/library/core/src/iter/traits/iterator.rs:2546:21
[INFO] [stdout]   22:     0x63b37ad3c5cd - core::iter::traits::iterator::Iterator::for_each::h57cd1f72c9fed25f
[INFO] [stdout]                                at /rustc/6067b36314ab5eb2eb47cecc464545ba58e1ad24/library/core/src/iter/traits/iterator.rs:800:9
[INFO] [stdout]   23:     0x63b37ad45836 - binary_brain::util::Xoshiro128PlusPlusAvx2::next::hdb835fcea65873f6
[INFO] [stdout]                                at /opt/rustwide/workdir/src/util.rs:26:9
[INFO] [stdout]   24:     0x63b37ad43299 - binary_brain::util::benches::xorshiro128plusplus_next::{{closure}}::h53d64e5dba96454b
[INFO] [stdout]                                at /opt/rustwide/workdir/src/util.rs:139:13
[INFO] [stdout]   25:     0x63b37ad36006 - test::bench::ns_iter_inner::h59b0d9c040357e77
[INFO] [stdout]                                at /rustc/6067b36314ab5eb2eb47cecc464545ba58e1ad24/library/test/src/bench.rs:118:19
[INFO] [stdout]   26:     0x63b37ad3b4e8 - test::bench::Bencher::iter::h61366624d632911b
[INFO] [stdout]                                at /rustc/6067b36314ab5eb2eb47cecc464545ba58e1ad24/library/test/src/bench.rs:43:13
[INFO] [stdout]   27:     0x63b37ad4326b - binary_brain::util::benches::xorshiro128plusplus_next::he323183da5afefca
[INFO] [stdout]                                at /opt/rustwide/workdir/src/util.rs:138:9
[INFO] [stdout]   28:     0x63b37ad431d8 - binary_brain::util::benches::xorshiro128plusplus_next::{{closure}}::h940c8b2ae6c7418a
[INFO] [stdout]                                at /opt/rustwide/workdir/src/util.rs:133:49
[INFO] [stdout]   29:     0x63b37ad4012f - core::ops::function::FnOnce::call_once::heb4f4d6ffb264b8a
[INFO] [stdout]                                at /rustc/6067b36314ab5eb2eb47cecc464545ba58e1ad24/library/core/src/ops/function.rs:250:5
[INFO] [stdout]   30:     0x63b37adbd4a1 - test::types::RunnableTest::run::{{closure}}::{{closure}}::ha9335dae88509b6e
[INFO] [stdout]                                at /rustc/6067b36314ab5eb2eb47cecc464545ba58e1ad24/library/test/src/types.rs:148:76
[INFO] [stdout]   31:     0x63b37adbd4a1 - test::__rust_begin_short_backtrace::ha0bbe665b090adab
[INFO] [stdout]                                at /rustc/6067b36314ab5eb2eb47cecc464545ba58e1ad24/library/test/src/lib.rs:632:18
[INFO] [stdout]   32:     0x63b37adb6969 - test::types::RunnableTest::run::{{closure}}::h307255b36abff63c
[INFO] [stdout]                                at /rustc/6067b36314ab5eb2eb47cecc464545ba58e1ad24/library/test/src/types.rs:148:44
[INFO] [stdout]   33:     0x63b37adb6969 - test::bench::Bencher::bench::h388142f2c2314357
[INFO] [stdout]                                at /rustc/6067b36314ab5eb2eb47cecc464545ba58e1ad24/library/test/src/bench.rs:54:22
[INFO] [stdout]   34:     0x63b37adb6969 - test::bench::run_once::h4c36d70cecf69c4e
[INFO] [stdout]                                at /rustc/6067b36314ab5eb2eb47cecc464545ba58e1ad24/library/test/src/bench.rs:243:5
[INFO] [stdout]   35:     0x63b37adb6969 - test::types::RunnableTest::run::hda4aa645f834d457
[INFO] [stdout]                                at /rustc/6067b36314ab5eb2eb47cecc464545ba58e1ad24/library/test/src/types.rs:148:17
[INFO] [stdout]   36:     0x63b37adbc343 - test::run_test_in_process::{{closure}}::h7176fd18fc1feca0
[INFO] [stdout]                                at /rustc/6067b36314ab5eb2eb47cecc464545ba58e1ad24/library/test/src/lib.rs:655:60
[INFO] [stdout]   37:     0x63b37adbc343 - <core::panic::unwind_safe::AssertUnwindSafe<F> as core::ops::function::FnOnce<()>>::call_once::hf79cff2a624d8cf7
[INFO] [stdout]                                at /rustc/6067b36314ab5eb2eb47cecc464545ba58e1ad24/library/core/src/panic/unwind_safe.rs:272:9
[INFO] [stdout]   38:     0x63b37adbc343 - std::panicking::try::do_call::h3da0561d9ab99c25
[INFO] [stdout]                                at /rustc/6067b36314ab5eb2eb47cecc464545ba58e1ad24/library/std/src/panicking.rs:587:40
[INFO] [stdout]   39:     0x63b37adbc343 - std::panicking::try::h41c9fa508bc61df6
[INFO] [stdout]                                at /rustc/6067b36314ab5eb2eb47cecc464545ba58e1ad24/library/std/src/panicking.rs:550:19
[INFO] [stdout]   40:     0x63b37adbc343 - std::panic::catch_unwind::h6b3ff07bb5afad93
[INFO] [stdout]                                at /rustc/6067b36314ab5eb2eb47cecc464545ba58e1ad24/library/std/src/panic.rs:358:14
[INFO] [stdout]   41:     0x63b37adbc343 - test::run_test_in_process::hc7253dd11b39b9f4
[INFO] [stdout]                                at /rustc/6067b36314ab5eb2eb47cecc464545ba58e1ad24/library/test/src/lib.rs:655:27
[INFO] [stdout]   42:     0x63b37adbc343 - test::run_test::{{closure}}::hfb2007f8649c30bb
[INFO] [stdout]                                at /rustc/6067b36314ab5eb2eb47cecc464545ba58e1ad24/library/test/src/lib.rs:576:43
[INFO] [stdout]   43:     0x63b37ad7f215 - test::run_test::{{closure}}::h56a17aa7a282a9f4
[INFO] [stdout]                                at /rustc/6067b36314ab5eb2eb47cecc464545ba58e1ad24/library/test/src/lib.rs:606:41
[INFO] [stdout]   44:     0x63b37ad7f215 - std::sys::backtrace::__rust_begin_short_backtrace::hd2d2d2fb8e8c6aac
[INFO] [stdout]                                at /rustc/6067b36314ab5eb2eb47cecc464545ba58e1ad24/library/std/src/sys/backtrace.rs:152:18
[INFO] [stdout]   45:     0x63b37ad82afa - std::thread::Builder::spawn_unchecked_::{{closure}}::{{closure}}::h4faa3f9db6133423
[INFO] [stdout]                                at /rustc/6067b36314ab5eb2eb47cecc464545ba58e1ad24/library/std/src/thread/mod.rs:559:17
[INFO] [stdout]   46:     0x63b37ad82afa - <core::panic::unwind_safe::AssertUnwindSafe<F> as core::ops::function::FnOnce<()>>::call_once::hf2e855a36a4ea846
[INFO] [stdout]                                at /rustc/6067b36314ab5eb2eb47cecc464545ba58e1ad24/library/core/src/panic/unwind_safe.rs:272:9
[INFO] [stdout]   47:     0x63b37ad82afa - std::panicking::try::do_call::h2f73af3616c35465
[INFO] [stdout]                                at /rustc/6067b36314ab5eb2eb47cecc464545ba58e1ad24/library/std/src/panicking.rs:587:40
[INFO] [stdout]   48:     0x63b37ad82afa - std::panicking::try::hd1660ce9efadef5a
[INFO] [stdout]                                at /rustc/6067b36314ab5eb2eb47cecc464545ba58e1ad24/library/std/src/panicking.rs:550:19
[INFO] [stdout]   49:     0x63b37ad82afa - std::panic::catch_unwind::h5ee8d7823b8ca744
[INFO] [stdout]                                at /rustc/6067b36314ab5eb2eb47cecc464545ba58e1ad24/library/std/src/panic.rs:358:14
[INFO] [stdout]   50:     0x63b37ad82afa - std::thread::Builder::spawn_unchecked_::{{closure}}::h53c3a1894dce8407
[INFO] [stdout]                                at /rustc/6067b36314ab5eb2eb47cecc464545ba58e1ad24/library/std/src/thread/mod.rs:557:30
[INFO] [stdout]   51:     0x63b37ad82afa - core::ops::function::FnOnce::call_once{{vtable.shim}}::h048ce291ad4f62bf
[INFO] [stdout]                                at /rustc/6067b36314ab5eb2eb47cecc464545ba58e1ad24/library/core/src/ops/function.rs:250:5
[INFO] [stdout]   52:     0x63b37adf3aab - <alloc::boxed::Box<F,A> as core::ops::function::FnOnce<Args>>::call_once::ha52bedf99a3b4981
[INFO] [stdout]                                at /rustc/6067b36314ab5eb2eb47cecc464545ba58e1ad24/library/alloc/src/boxed.rs:2013:9
[INFO] [stdout]   53:     0x63b37adf3aab - <alloc::boxed::Box<F,A> as core::ops::function::FnOnce<Args>>::call_once::h567748934d80ccf8
[INFO] [stdout]                                at /rustc/6067b36314ab5eb2eb47cecc464545ba58e1ad24/library/alloc/src/boxed.rs:2013:9
[INFO] [stdout]   54:     0x63b37adf3aab - std::sys::pal::unix::thread::Thread::new::thread_start::h2d970728ae887adc
[INFO] [stdout]                                at /rustc/6067b36314ab5eb2eb47cecc464545ba58e1ad24/library/std/src/sys/pal/unix/thread.rs:106:17
[INFO] [stdout]   55:     0x7b41fb526ac3 - <unknown>
[INFO] [stdout]   56:     0x7b41fb5b7a04 - clone
[INFO] [stdout]   57:                0x0 - <unknown>
[INFO] [stdout] 
[INFO] [stdout] ---- util::benches::xorshiro128plusplus_next_with_bias stdout ----
[INFO] [stdout] 
[INFO] [stdout] thread 'util::benches::xorshiro128plusplus_next_with_bias' panicked at src/util.rs:26:52:
[INFO] [stdout] attempt to add with overflow
[INFO] [stdout] stack backtrace:
[INFO] [stdout]    0:     0x63b37adedc5a - std::backtrace_rs::backtrace::libunwind::trace::hb059275cfc8d6126
[INFO] [stdout]                                at /rustc/6067b36314ab5eb2eb47cecc464545ba58e1ad24/library/std/src/../../backtrace/src/backtrace/libunwind.rs:116:5
[INFO] [stdout]    1:     0x63b37adedc5a - std::backtrace_rs::backtrace::trace_unsynchronized::h2da071e4327ce3ee
[INFO] [stdout]                                at /rustc/6067b36314ab5eb2eb47cecc464545ba58e1ad24/library/std/src/../../backtrace/src/backtrace/mod.rs:66:5
[INFO] [stdout]    2:     0x63b37adedc5a - std::sys::backtrace::_print_fmt::h842a1474e6f8d23f
[INFO] [stdout]                                at /rustc/6067b36314ab5eb2eb47cecc464545ba58e1ad24/library/std/src/sys/backtrace.rs:66:9
[INFO] [stdout]    3:     0x63b37adedc5a - <std::sys::backtrace::BacktraceLock::print::DisplayBacktrace as core::fmt::Display>::fmt::h71a62eb3b9696b12
[INFO] [stdout]                                at /rustc/6067b36314ab5eb2eb47cecc464545ba58e1ad24/library/std/src/sys/backtrace.rs:39:26
[INFO] [stdout]    4:     0x63b37ae15823 - core::fmt::rt::Argument::fmt::hdb6b616786b41dc1
[INFO] [stdout]                                at /rustc/6067b36314ab5eb2eb47cecc464545ba58e1ad24/library/core/src/fmt/rt.rs:177:76
[INFO] [stdout]    5:     0x63b37ae15823 - core::fmt::write::h2cc1698af7e2d686
[INFO] [stdout]                                at /rustc/6067b36314ab5eb2eb47cecc464545ba58e1ad24/library/core/src/fmt/mod.rs:1440:21
[INFO] [stdout]    6:     0x63b37adea7b3 - std::io::Write::write_fmt::hab1b4cd059a79022
[INFO] [stdout]                                at /rustc/6067b36314ab5eb2eb47cecc464545ba58e1ad24/library/std/src/io/mod.rs:1887:15
[INFO] [stdout]    7:     0x63b37adedaa2 - std::sys::backtrace::BacktraceLock::print::h147fe35b4ea13b08
[INFO] [stdout]                                at /rustc/6067b36314ab5eb2eb47cecc464545ba58e1ad24/library/std/src/sys/backtrace.rs:42:9
[INFO] [stdout]    8:     0x63b37adef07f - std::panicking::default_hook::{{closure}}::hbd44223dbdc0d208
[INFO] [stdout]                                at /rustc/6067b36314ab5eb2eb47cecc464545ba58e1ad24/library/std/src/panicking.rs:298:22
[INFO] [stdout]    9:     0x63b37adeee98 - std::panicking::default_hook::h20f81eb0576efcec
[INFO] [stdout]                                at /rustc/6067b36314ab5eb2eb47cecc464545ba58e1ad24/library/std/src/panicking.rs:322:9
[INFO] [stdout]   10:     0x63b37adb7cb3 - <alloc::boxed::Box<F,A> as core::ops::function::Fn<Args>>::call::hdb53814c496a4d34
[INFO] [stdout]                                at /rustc/6067b36314ab5eb2eb47cecc464545ba58e1ad24/library/alloc/src/boxed.rs:2027:9
[INFO] [stdout]   11:     0x63b37adb7cb3 - test::test_main::{{closure}}::hc0a4963c59427c24
[INFO] [stdout]                                at /rustc/6067b36314ab5eb2eb47cecc464545ba58e1ad24/library/test/src/lib.rs:134:21
[INFO] [stdout]   12:     0x63b37adefb73 - <alloc::boxed::Box<F,A> as core::ops::function::Fn<Args>>::call::h591b2225413a77e9
[INFO] [stdout]                                at /rustc/6067b36314ab5eb2eb47cecc464545ba58e1ad24/library/alloc/src/boxed.rs:2027:9
[INFO] [stdout]   13:     0x63b37adefb73 - std::panicking::rust_panic_with_hook::h625eea43051b2edc
[INFO] [stdout]                                at /rustc/6067b36314ab5eb2eb47cecc464545ba58e1ad24/library/std/src/panicking.rs:839:13
[INFO] [stdout]   14:     0x63b37adef7f6 - std::panicking::begin_panic_handler::{{closure}}::h4f9159cfbc3f6bd3
[INFO] [stdout]                                at /rustc/6067b36314ab5eb2eb47cecc464545ba58e1ad24/library/std/src/panicking.rs:697:13
[INFO] [stdout]   15:     0x63b37adee159 - std::sys::backtrace::__rust_end_short_backtrace::h0390abce48353151
[INFO] [stdout]                                at /rustc/6067b36314ab5eb2eb47cecc464545ba58e1ad24/library/std/src/sys/backtrace.rs:168:18
[INFO] [stdout]   16:     0x63b37adef4bd - rust_begin_unwind
[INFO] [stdout]                                at /rustc/6067b36314ab5eb2eb47cecc464545ba58e1ad24/library/std/src/panicking.rs:695:5
[INFO] [stdout]   17:     0x63b37ae14200 - core::panicking::panic_fmt::h9e7c637e9e5f29c9
[INFO] [stdout]                                at /rustc/6067b36314ab5eb2eb47cecc464545ba58e1ad24/library/core/src/panicking.rs:75:14
[INFO] [stdout]   18:     0x63b37ae1a397 - core::panicking::panic_const::panic_const_add_overflow::h9b11e2550743af0c
[INFO] [stdout]                                at /rustc/6067b36314ab5eb2eb47cecc464545ba58e1ad24/library/core/src/panicking.rs:178:21
[INFO] [stdout]   19:     0x63b37ad4599d - binary_brain::util::Xoshiro128PlusPlusAvx2::next::{{closure}}::ha02204a5b6baee66
[INFO] [stdout]                                at /opt/rustwide/workdir/src/util.rs:26:52
[INFO] [stdout]   20:     0x63b37ad448f2 - core::iter::traits::iterator::Iterator::for_each::call::{{closure}}::h4d108a90e91d20dc
[INFO] [stdout]                                at /rustc/6067b36314ab5eb2eb47cecc464545ba58e1ad24/library/core/src/iter/traits/iterator.rs:797:29
[INFO] [stdout]   21:     0x63b37ad3c141 - core::iter::traits::iterator::Iterator::fold::hbe8f8007e889537b
[INFO] [stdout]                                at /rustc/6067b36314ab5eb2eb47cecc464545ba58e1ad24/library/core/src/iter/traits/iterator.rs:2546:21
[INFO] [stdout]   22:     0x63b37ad3c5cd - core::iter::traits::iterator::Iterator::for_each::h57cd1f72c9fed25f
[INFO] [stdout]                                at /rustc/6067b36314ab5eb2eb47cecc464545ba58e1ad24/library/core/src/iter/traits/iterator.rs:800:9
[INFO] [stdout]   23:     0x63b37ad45836 - binary_brain::util::Xoshiro128PlusPlusAvx2::next::hdb835fcea65873f6
[INFO] [stdout]                                at /opt/rustwide/workdir/src/util.rs:26:9
[INFO] [stdout]   24:     0x63b37ad45e5d - binary_brain::util::Xoshiro128PlusPlusAvx2::next_with_bias::he5c53ad557158cf3
[INFO] [stdout]                                at /opt/rustwide/workdir/src/util.rs:68:78
[INFO] [stdout]   25:     0x63b37ad433b0 - binary_brain::util::benches::xorshiro128plusplus_next_with_bias::{{closure}}::hd4a5534313b3a8f6
[INFO] [stdout]                                at /opt/rustwide/workdir/src/util.rs:151:13
[INFO] [stdout]   26:     0x63b37ad364e1 - test::bench::ns_iter_inner::hea86cf1b6c90eae2
[INFO] [stdout]                                at /rustc/6067b36314ab5eb2eb47cecc464545ba58e1ad24/library/test/src/bench.rs:118:19
[INFO] [stdout]   27:     0x63b37ad3b158 - test::bench::Bencher::iter::h310b243372c09257
[INFO] [stdout]                                at /rustc/6067b36314ab5eb2eb47cecc464545ba58e1ad24/library/test/src/bench.rs:43:13
[INFO] [stdout]   28:     0x63b37ad4336b - binary_brain::util::benches::xorshiro128plusplus_next_with_bias::h1ab3cbd0f31b09d0
[INFO] [stdout]                                at /opt/rustwide/workdir/src/util.rs:149:9
[INFO] [stdout]   29:     0x63b37ad432d8 - binary_brain::util::benches::xorshiro128plusplus_next_with_bias::{{closure}}::h3d2550581aa71fa3
[INFO] [stdout]                                at /opt/rustwide/workdir/src/util.rs:144:59
[INFO] [stdout]   30:     0x63b37ad4000f - core::ops::function::FnOnce::call_once::h67ef9fb3df155a44
[INFO] [stdout]                                at /rustc/6067b36314ab5eb2eb47cecc464545ba58e1ad24/library/core/src/ops/function.rs:250:5
[INFO] [stdout]   31:     0x63b37adbd4a1 - test::types::RunnableTest::run::{{closure}}::{{closure}}::ha9335dae88509b6e
[INFO] [stdout]                                at /rustc/6067b36314ab5eb2eb47cecc464545ba58e1ad24/library/test/src/types.rs:148:76
[INFO] [stdout]   32:     0x63b37adbd4a1 - test::__rust_begin_short_backtrace::ha0bbe665b090adab
[INFO] [stdout]                                at /rustc/6067b36314ab5eb2eb47cecc464545ba58e1ad24/library/test/src/lib.rs:632:18
[INFO] [stdout]   33:     0x63b37adb6969 - test::types::RunnableTest::run::{{closure}}::h307255b36abff63c
[INFO] [stdout]                                at /rustc/6067b36314ab5eb2eb47cecc464545ba58e1ad24/library/test/src/types.rs:148:44
[INFO] [stdout]   34:     0x63b37adb6969 - test::bench::Bencher::bench::h388142f2c2314357
[INFO] [stdout]                                at /rustc/6067b36314ab5eb2eb47cecc464545ba58e1ad24/library/test/src/bench.rs:54:22
[INFO] [stdout]   35:     0x63b37adb6969 - test::bench::run_once::h4c36d70cecf69c4e
[INFO] [stdout]                                at /rustc/6067b36314ab5eb2eb47cecc464545ba58e1ad24/library/test/src/bench.rs:243:5
[INFO] [stdout]   36:     0x63b37adb6969 - test::types::RunnableTest::run::hda4aa645f834d457
[INFO] [stdout]                                at /rustc/6067b36314ab5eb2eb47cecc464545ba58e1ad24/library/test/src/types.rs:148:17
[INFO] [stdout]   37:     0x63b37adbc343 - test::run_test_in_process::{{closure}}::h7176fd18fc1feca0
[INFO] [stdout]                                at /rustc/6067b36314ab5eb2eb47cecc464545ba58e1ad24/library/test/src/lib.rs:655:60
[INFO] [stdout]   38:     0x63b37adbc343 - <core::panic::unwind_safe::AssertUnwindSafe<F> as core::ops::function::FnOnce<()>>::call_once::hf79cff2a624d8cf7
[INFO] [stdout]                                at /rustc/6067b36314ab5eb2eb47cecc464545ba58e1ad24/library/core/src/panic/unwind_safe.rs:272:9
[INFO] [stdout]   39:     0x63b37adbc343 - std::panicking::try::do_call::h3da0561d9ab99c25
[INFO] [stdout]                                at /rustc/6067b36314ab5eb2eb47cecc464545ba58e1ad24/library/std/src/panicking.rs:587:40
[INFO] [stdout]   40:     0x63b37adbc343 - std::panicking::try::h41c9fa508bc61df6
[INFO] [stdout]                                at /rustc/6067b36314ab5eb2eb47cecc464545ba58e1ad24/library/std/src/panicking.rs:550:19
[INFO] [stdout]   41:     0x63b37adbc343 - std::panic::catch_unwind::h6b3ff07bb5afad93
[INFO] [stdout]                                at /rustc/6067b36314ab5eb2eb47cecc464545ba58e1ad24/library/std/src/panic.rs:358:14
[INFO] [stdout]   42:     0x63b37adbc343 - test::run_test_in_process::hc7253dd11b39b9f4
[INFO] [stdout]                                at /rustc/6067b36314ab5eb2eb47cecc464545ba58e1ad24/library/test/src/lib.rs:655:27
[INFO] [stdout]   43:     0x63b37adbc343 - test::run_test::{{closure}}::hfb2007f8649c30bb
[INFO] [stdout]                                at /rustc/6067b36314ab5eb2eb47cecc464545ba58e1ad24/library/test/src/lib.rs:576:43
[INFO] [stdout]   44:     0x63b37ad7f215 - test::run_test::{{closure}}::h56a17aa7a282a9f4
[INFO] [stdout]                                at /rustc/6067b36314ab5eb2eb47cecc464545ba58e1ad24/library/test/src/lib.rs:606:41
[INFO] [stdout]   45:     0x63b37ad7f215 - std::sys::backtrace::__rust_begin_short_backtrace::hd2d2d2fb8e8c6aac
[INFO] [stdout]                                at /rustc/6067b36314ab5eb2eb47cecc464545ba58e1ad24/library/std/src/sys/backtrace.rs:152:18
[INFO] [stdout]   46:     0x63b37ad82afa - std::thread::Builder::spawn_unchecked_::{{closure}}::{{closure}}::h4faa3f9db6133423
[INFO] [stdout]                                at /rustc/6067b36314ab5eb2eb47cecc464545ba58e1ad24/library/std/src/thread/mod.rs:559:17
[INFO] [stdout]   47:     0x63b37ad82afa - <core::panic::unwind_safe::AssertUnwindSafe<F> as core::ops::function::FnOnce<()>>::call_once::hf2e855a36a4ea846
[INFO] [stdout]                                at /rustc/6067b36314ab5eb2eb47cecc464545ba58e1ad24/library/core/src/panic/unwind_safe.rs:272:9
[INFO] [stdout]   48:     0x63b37ad82afa - std::panicking::try::do_call::h2f73af3616c35465
[INFO] [stdout]                                at /rustc/6067b36314ab5eb2eb47cecc464545ba58e1ad24/library/std/src/panicking.rs:587:40
[INFO] [stdout]   49:     0x63b37ad82afa - std::panicking::try::hd1660ce9efadef5a
[INFO] [stdout]                                at /rustc/6067b36314ab5eb2eb47cecc464545ba58e1ad24/library/std/src/panicking.rs:550:19
[INFO] [stdout]   50:     0x63b37ad82afa - std::panic::catch_unwind::h5ee8d7823b8ca744
[INFO] [stdout]                                at /rustc/6067b36314ab5eb2eb47cecc464545ba58e1ad24/library/std/src/panic.rs:358:14
[INFO] [stdout]   51:     0x63b37ad82afa - std::thread::Builder::spawn_unchecked_::{{closure}}::h53c3a1894dce8407
[INFO] [stdout]                                at /rustc/6067b36314ab5eb2eb47cecc464545ba58e1ad24/library/std/src/thread/mod.rs:557:30
[INFO] [stdout]   52:     0x63b37ad82afa - core::ops::function::FnOnce::call_once{{vtable.shim}}::h048ce291ad4f62bf
[INFO] [stdout]                                at /rustc/6067b36314ab5eb2eb47cecc464545ba58e1ad24/library/core/src/ops/function.rs:250:5
[INFO] [stdout]   53:     0x63b37adf3aab - <alloc::boxed::Box<F,A> as core::ops::function::FnOnce<Args>>::call_once::ha52bedf99a3b4981
[INFO] [stdout]                                at /rustc/6067b36314ab5eb2eb47cecc464545ba58e1ad24/library/alloc/src/boxed.rs:2013:9
[INFO] [stdout]   54:     0x63b37adf3aab - <alloc::boxed::Box<F,A> as core::ops::function::FnOnce<Args>>::call_once::h567748934d80ccf8
[INFO] [stdout]                                at /rustc/6067b36314ab5eb2eb47cecc464545ba58e1ad24/library/alloc/src/boxed.rs:2013:9
[INFO] [stdout]   55:     0x63b37adf3aab - std::sys::pal::unix::thread::Thread::new::thread_start::h2d970728ae887adc
[INFO] [stdout]                                at /rustc/6067b36314ab5eb2eb47cecc464545ba58e1ad24/library/std/src/sys/pal/unix/thread.rs:106:17
[INFO] [stdout]   56:     0x7b41fb526ac3 - <unknown>
[INFO] [stdout]   57:     0x7b41fb5b7a04 - clone
[INFO] [stdout]   58:                0x0 - <unknown>
[INFO] [stdout] 
[INFO] [stdout] ---- train::genetic::benches::genetic_breed_512_16 stdout ----
[INFO] [stdout] 
[INFO] [stdout] thread 'train::genetic::benches::genetic_breed_512_16' panicked at src/util.rs:26:52:
[INFO] [stdout] attempt to add with overflow
[INFO] [stdout] stack backtrace:
[INFO] [stdout]    0:     0x63b37adedc5a - std::backtrace_rs::backtrace::libunwind::trace::hb059275cfc8d6126
[INFO] [stdout]                                at /rustc/6067b36314ab5eb2eb47cecc464545ba58e1ad24/library/std/src/../../backtrace/src/backtrace/libunwind.rs:116:5
[INFO] [stdout]    1:     0x63b37adedc5a - std::backtrace_rs::backtrace::trace_unsynchronized::h2da071e4327ce3ee
[INFO] [stdout]                                at /rustc/6067b36314ab5eb2eb47cecc464545ba58e1ad24/library/std/src/../../backtrace/src/backtrace/mod.rs:66:5
[INFO] [stdout]    2:     0x63b37adedc5a - std::sys::backtrace::_print_fmt::h842a1474e6f8d23f
[INFO] [stdout]                                at /rustc/6067b36314ab5eb2eb47cecc464545ba58e1ad24/library/std/src/sys/backtrace.rs:66:9
[INFO] [stdout]    3:     0x63b37adedc5a - <std::sys::backtrace::BacktraceLock::print::DisplayBacktrace as core::fmt::Display>::fmt::h71a62eb3b9696b12
[INFO] [stdout]                                at /rustc/6067b36314ab5eb2eb47cecc464545ba58e1ad24/library/std/src/sys/backtrace.rs:39:26
[INFO] [stdout]    4:     0x63b37ae15823 - core::fmt::rt::Argument::fmt::hdb6b616786b41dc1
[INFO] [stdout]                                at /rustc/6067b36314ab5eb2eb47cecc464545ba58e1ad24/library/core/src/fmt/rt.rs:177:76
[INFO] [stdout]    5:     0x63b37ae15823 - core::fmt::write::h2cc1698af7e2d686
[INFO] [stdout]                                at /rustc/6067b36314ab5eb2eb47cecc464545ba58e1ad24/library/core/src/fmt/mod.rs:1440:21
[INFO] [stdout]    6:     0x63b37adea7b3 - std::io::Write::write_fmt::hab1b4cd059a79022
[INFO] [stdout]                                at /rustc/6067b36314ab5eb2eb47cecc464545ba58e1ad24/library/std/src/io/mod.rs:1887:15
[INFO] [stdout]    7:     0x63b37adedaa2 - std::sys::backtrace::BacktraceLock::print::h147fe35b4ea13b08
[INFO] [stdout]                                at /rustc/6067b36314ab5eb2eb47cecc464545ba58e1ad24/library/std/src/sys/backtrace.rs:42:9
[INFO] [stdout]    8:     0x63b37adef07f - std::panicking::default_hook::{{closure}}::hbd44223dbdc0d208
[INFO] [stdout]                                at /rustc/6067b36314ab5eb2eb47cecc464545ba58e1ad24/library/std/src/panicking.rs:298:22
[INFO] [stdout]    9:     0x63b37adeee98 - std::panicking::default_hook::h20f81eb0576efcec
[INFO] [stdout]                                at /rustc/6067b36314ab5eb2eb47cecc464545ba58e1ad24/library/std/src/panicking.rs:322:9
[INFO] [stdout]   10:     0x63b37adb7cb3 - <alloc::boxed::Box<F,A> as core::ops::function::Fn<Args>>::call::hdb53814c496a4d34
[INFO] [stdout]                                at /rustc/6067b36314ab5eb2eb47cecc464545ba58e1ad24/library/alloc/src/boxed.rs:2027:9
[INFO] [stdout]   11:     0x63b37adb7cb3 - test::test_main::{{closure}}::hc0a4963c59427c24
[INFO] [stdout]                                at /rustc/6067b36314ab5eb2eb47cecc464545ba58e1ad24/library/test/src/lib.rs:134:21
[INFO] [stdout]   12:     0x63b37adefb73 - <alloc::boxed::Box<F,A> as core::ops::function::Fn<Args>>::call::h591b2225413a77e9
[INFO] [stdout]                                at /rustc/6067b36314ab5eb2eb47cecc464545ba58e1ad24/library/alloc/src/boxed.rs:2027:9
[INFO] [stdout]   13:     0x63b37adefb73 - std::panicking::rust_panic_with_hook::h625eea43051b2edc
[INFO] [stdout]                                at /rustc/6067b36314ab5eb2eb47cecc464545ba58e1ad24/library/std/src/panicking.rs:839:13
[INFO] [stdout]   14:     0x63b37adef7f6 - std::panicking::begin_panic_handler::{{closure}}::h4f9159cfbc3f6bd3
[INFO] [stdout]                                at /rustc/6067b36314ab5eb2eb47cecc464545ba58e1ad24/library/std/src/panicking.rs:697:13
[INFO] [stdout]   15:     0x63b37adee159 - std::sys::backtrace::__rust_end_short_backtrace::h0390abce48353151
[INFO] [stdout]                                at /rustc/6067b36314ab5eb2eb47cecc464545ba58e1ad24/library/std/src/sys/backtrace.rs:168:18
[INFO] [stdout]   16:     0x63b37adef4bd - rust_begin_unwind
[INFO] [stdout]                                at /rustc/6067b36314ab5eb2eb47cecc464545ba58e1ad24/library/std/src/panicking.rs:695:5
[INFO] [stdout]   17:     0x63b37ae14200 - core::panicking::panic_fmt::h9e7c637e9e5f29c9
[INFO] [stdout]                                at /rustc/6067b36314ab5eb2eb47cecc464545ba58e1ad24/library/core/src/panicking.rs:75:14
[INFO] [stdout]   18:     0x63b37ae1a397 - core::panicking::panic_const::panic_const_add_overflow::h9b11e2550743af0c
[INFO] [stdout]                                at /rustc/6067b36314ab5eb2eb47cecc464545ba58e1ad24/library/core/src/panicking.rs:178:21
[INFO] [stdout]   19:     0x63b37ad459f9 - binary_brain::util::Xoshiro128PlusPlusAvx2::next::{{closure}}::ha02204a5b6baee66
[INFO] [stdout]                                at /opt/rustwide/workdir/src/util.rs:26:52
[INFO] [stdout]   20:     0x63b37ad448f2 - core::iter::traits::iterator::Iterator::for_each::call::{{closure}}::h4d108a90e91d20dc
[INFO] [stdout]                                at /rustc/6067b36314ab5eb2eb47cecc464545ba58e1ad24/library/core/src/iter/traits/iterator.rs:797:29
[INFO] [stdout]   21:     0x63b37ad3c141 - core::iter::traits::iterator::Iterator::fold::hbe8f8007e889537b
[INFO] [stdout]                                at /rustc/6067b36314ab5eb2eb47cecc464545ba58e1ad24/library/core/src/iter/traits/iterator.rs:2546:21
[INFO] [stdout]   22:     0x63b37ad3c5cd - core::iter::traits::iterator::Iterator::for_each::h57cd1f72c9fed25f
[INFO] [stdout]                                at /rustc/6067b36314ab5eb2eb47cecc464545ba58e1ad24/library/core/src/iter/traits/iterator.rs:800:9
[INFO] [stdout]   23:     0x63b37ad45836 - binary_brain::util::Xoshiro128PlusPlusAvx2::next::hdb835fcea65873f6
[INFO] [stdout]                                at /opt/rustwide/workdir/src/util.rs:26:9
[INFO] [stdout]   24:     0x63b37ad45e5d - binary_brain::util::Xoshiro128PlusPlusAvx2::next_with_bias::he5c53ad557158cf3
[INFO] [stdout]                                at /opt/rustwide/workdir/src/util.rs:68:78
[INFO] [stdout]   25:     0x63b37ad3e44e - binary_brain::train::genetic::Genetic::breed::h426795487847d553
[INFO] [stdout]                                at /opt/rustwide/workdir/src/train/genetic.rs:92:33
[INFO] [stdout]   26:     0x63b37ad42dfe - binary_brain::train::genetic::benches::genetic_breed_512_16::{{closure}}::h24836ccc81a6b2a1
[INFO] [stdout]                                at /opt/rustwide/workdir/src/train/genetic.rs:173:13
[INFO] [stdout]   27:     0x63b37ad363f1 - test::bench::ns_iter_inner::hc21ad4aa75c48188
[INFO] [stdout]                                at /rustc/6067b36314ab5eb2eb47cecc464545ba58e1ad24/library/test/src/bench.rs:118:19
[INFO] [stdout]   28:     0x63b37ad3b7a8 - test::bench::Bencher::iter::he970c6818a9faa90
[INFO] [stdout]                                at /rustc/6067b36314ab5eb2eb47cecc464545ba58e1ad24/library/test/src/bench.rs:43:13
[INFO] [stdout]   29:     0x63b37ad42d8b - binary_brain::train::genetic::benches::genetic_breed_512_16::h4348dec52eea1c81
[INFO] [stdout]                                at /opt/rustwide/workdir/src/train/genetic.rs:168:9
[INFO] [stdout]   30:     0x63b37ad42af8 - binary_brain::train::genetic::benches::genetic_breed_512_16::{{closure}}::h8e73898229e1d915
[INFO] [stdout]                                at /opt/rustwide/workdir/src/train/genetic.rs:163:45
[INFO] [stdout]   31:     0x63b37ad3ff9f - core::ops::function::FnOnce::call_once::h5d69e9f7f82b618d
[INFO] [stdout]                                at /rustc/6067b36314ab5eb2eb47cecc464545ba58e1ad24/library/core/src/ops/function.rs:250:5
[INFO] [stdout]   32:     0x63b37adbd4a1 - test::types::RunnableTest::run::{{closure}}::{{closure}}::ha9335dae88509b6e
[INFO] [stdout]                                at /rustc/6067b36314ab5eb2eb47cecc464545ba58e1ad24/library/test/src/types.rs:148:76
[INFO] [stdout]   33:     0x63b37adbd4a1 - test::__rust_begin_short_backtrace::ha0bbe665b090adab
[INFO] [stdout]                                at /rustc/6067b36314ab5eb2eb47cecc464545ba58e1ad24/library/test/src/lib.rs:632:18
[INFO] [stdout]   34:     0x63b37adb6969 - test::types::RunnableTest::run::{{closure}}::h307255b36abff63c
[INFO] [stdout]                                at /rustc/6067b36314ab5eb2eb47cecc464545ba58e1ad24/library/test/src/types.rs:148:44
[INFO] [stdout]   35:     0x63b37adb6969 - test::bench::Bencher::bench::h388142f2c2314357
[INFO] [stdout]                                at /rustc/6067b36314ab5eb2eb47cecc464545ba58e1ad24/library/test/src/bench.rs:54:22
[INFO] [stdout]   36:     0x63b37adb6969 - test::bench::run_once::h4c36d70cecf69c4e
[INFO] [stdout]                                at /rustc/6067b36314ab5eb2eb47cecc464545ba58e1ad24/library/test/src/bench.rs:243:5
[INFO] [stdout]   37:     0x63b37adb6969 - test::types::RunnableTest::run::hda4aa645f834d457
[INFO] [stdout]                                at /rustc/6067b36314ab5eb2eb47cecc464545ba58e1ad24/library/test/src/types.rs:148:17
[INFO] [stdout]   38:     0x63b37adbc343 - test::run_test_in_process::{{closure}}::h7176fd18fc1feca0
[INFO] [stdout]                                at /rustc/6067b36314ab5eb2eb47cecc464545ba58e1ad24/library/test/src/lib.rs:655:60
[INFO] [stdout]   39:     0x63b37adbc343 - <core::panic::unwind_safe::AssertUnwindSafe<F> as core::ops::function::FnOnce<()>>::call_once::hf79cff2a624d8cf7
[INFO] [stdout]                                at /rustc/6067b36314ab5eb2eb47cecc464545ba58e1ad24/library/core/src/panic/unwind_safe.rs:272:9
[INFO] [stdout]   40:     0x63b37adbc343 - std::panicking::try::do_call::h3da0561d9ab99c25
[INFO] [stdout]                                at /rustc/6067b36314ab5eb2eb47cecc464545ba58e1ad24/library/std/src/panicking.rs:587:40
[INFO] [stdout]   41:     0x63b37adbc343 - std::panicking::try::h41c9fa508bc61df6
[INFO] [stdout]                                at /rustc/6067b36314ab5eb2eb47cecc464545ba58e1ad24/library/std/src/panicking.rs:550:19
[INFO] [stdout]   42:     0x63b37adbc343 - std::panic::catch_unwind::h6b3ff07bb5afad93
[INFO] [stdout]                                at /rustc/6067b36314ab5eb2eb47cecc464545ba58e1ad24/library/std/src/panic.rs:358:14
[INFO] [stdout]   43:     0x63b37adbc343 - test::run_test_in_process::hc7253dd11b39b9f4
[INFO] [stdout]                                at /rustc/6067b36314ab5eb2eb47cecc464545ba58e1ad24/library/test/src/lib.rs:655:27
[INFO] [stdout]   44:     0x63b37adbc343 - test::run_test::{{closure}}::hfb2007f8649c30bb
[INFO] [stdout]                                at /rustc/6067b36314ab5eb2eb47cecc464545ba58e1ad24/library/test/src/lib.rs:576:43
[INFO] [stdout]   45:     0x63b37ad7f215 - test::run_test::{{closure}}::h56a17aa7a282a9f4
[INFO] [stdout]                                at /rustc/6067b36314ab5eb2eb47cecc464545ba58e1ad24/library/test/src/lib.rs:606:41
[INFO] [stdout]   46:     0x63b37ad7f215 - std::sys::backtrace::__rust_begin_short_backtrace::hd2d2d2fb8e8c6aac
[INFO] [stdout]                                at /rustc/6067b36314ab5eb2eb47cecc464545ba58e1ad24/library/std/src/sys/backtrace.rs:152:18
[INFO] [stdout]   47:     0x63b37ad82afa - std::thread::Builder::spawn_unchecked_::{{closure}}::{{closure}}::h4faa3f9db6133423
[INFO] [stdout]                                at /rustc/6067b36314ab5eb2eb47cecc464545ba58e1ad24/library/std/src/thread/mod.rs:559:17
[INFO] [stdout]   48:     0x63b37ad82afa - <core::panic::unwind_safe::AssertUnwindSafe<F> as core::ops::function::FnOnce<()>>::call_once::hf2e855a36a4ea846
[INFO] [stdout]                                at /rustc/6067b36314ab5eb2eb47cecc464545ba58e1ad24/library/core/src/panic/unwind_safe.rs:272:9
[INFO] [stdout]   49:     0x63b37ad82afa - std::panicking::try::do_call::h2f73af3616c35465
[INFO] [stdout]                                at /rustc/6067b36314ab5eb2eb47cecc464545ba58e1ad24/library/std/src/panicking.rs:587:40
[INFO] [stdout]   50:     0x63b37ad82afa - std::panicking::try::hd1660ce9efadef5a
[INFO] [stdout]                                at /rustc/6067b36314ab5eb2eb47cecc464545ba58e1ad24/library/std/src/panicking.rs:550:19
[INFO] [stdout]   51:     0x63b37ad82afa - std::panic::catch_unwind::h5ee8d7823b8ca744
[INFO] [stdout]                                at /rustc/6067b36314ab5eb2eb47cecc464545ba58e1ad24/library/std/src/panic.rs:358:14
[INFO] [stdout]   52:     0x63b37ad82afa - std::thread::Builder::spawn_unchecked_::{{closure}}::h53c3a1894dce8407
[INFO] [stdout]                                at /rustc/6067b36314ab5eb2eb47cecc464545ba58e1ad24/library/std/src/thread/mod.rs:557:30
[INFO] [stdout]   53:     0x63b37ad82afa - core::ops::function::FnOnce::call_once{{vtable.shim}}::h048ce291ad4f62bf
[INFO] [stdout]                                at /rustc/6067b36314ab5eb2eb47cecc464545ba58e1ad24/library/core/src/ops/function.rs:250:5
[INFO] [stdout]   54:     0x63b37adf3aab - <alloc::boxed::Box<F,A> as core::ops::function::FnOnce<Args>>::call_once::ha52bedf99a3b4981
[INFO] [stdout]                                at /rustc/6067b36314ab5eb2eb47cecc464545ba58e1ad24/library/alloc/src/boxed.rs:2013:9
[INFO] [stdout]   55:     0x63b37adf3aab - <alloc::boxed::Box<F,A> as core::ops::function::FnOnce<Args>>::call_once::h567748934d80ccf8
[INFO] [stdout]                                at /rustc/6067b36314ab5eb2eb47cecc464545ba58e1ad24/library/alloc/src/boxed.rs:2013:9
[INFO] [stdout]   56:     0x63b37adf3aab - std::sys::pal::unix::thread::Thread::new::thread_start::h2d970728ae887adc
[INFO] [stdout]                                at /rustc/6067b36314ab5eb2eb47cecc464545ba58e1ad24/library/std/src/sys/pal/unix/thread.rs:106:17
[INFO] [stdout]   57:     0x7b41fb526ac3 - <unknown>
[INFO] [stdout]   58:     0x7b41fb5b7a04 - clone
[INFO] [stdout]   59:                0x0 - <unknown>
[INFO] [stdout] 
[INFO] [stdout] ---- train::genetic::benches::genetic_breed_4096_16 stdout ----
[INFO] [stdout] 
[INFO] [stdout] thread 'train::genetic::benches::genetic_breed_4096_16' panicked at src/util.rs:26:52:
[INFO] [stdout] attempt to add with overflow
[INFO] [stdout] stack backtrace:
[INFO] [stdout]    0:     0x63b37adedc5a - std::backtrace_rs::backtrace::libunwind::trace::hb059275cfc8d6126
[INFO] [stdout]                                at /rustc/6067b36314ab5eb2eb47cecc464545ba58e1ad24/library/std/src/../../backtrace/src/backtrace/libunwind.rs:116:5
[INFO] [stdout]    1:     0x63b37adedc5a - std::backtrace_rs::backtrace::trace_unsynchronized::h2da071e4327ce3ee
[INFO] [stdout]                                at /rustc/6067b36314ab5eb2eb47cecc464545ba58e1ad24/library/std/src/../../backtrace/src/backtrace/mod.rs:66:5
[INFO] [stdout]    2:     0x63b37adedc5a - std::sys::backtrace::_print_fmt::h842a1474e6f8d23f
[INFO] [stdout]                                at /rustc/6067b36314ab5eb2eb47cecc464545ba58e1ad24/library/std/src/sys/backtrace.rs:66:9
[INFO] [stdout]    3:     0x63b37adedc5a - <std::sys::backtrace::BacktraceLock::print::DisplayBacktrace as core::fmt::Display>::fmt::h71a62eb3b9696b12
[INFO] [stdout]                                at /rustc/6067b36314ab5eb2eb47cecc464545ba58e1ad24/library/std/src/sys/backtrace.rs:39:26
[INFO] [stdout]    4:     0x63b37ae15823 - core::fmt::rt::Argument::fmt::hdb6b616786b41dc1
[INFO] [stdout]                                at /rustc/6067b36314ab5eb2eb47cecc464545ba58e1ad24/library/core/src/fmt/rt.rs:177:76
[INFO] [stdout]    5:     0x63b37ae15823 - core::fmt::write::h2cc1698af7e2d686
[INFO] [stdout]                                at /rustc/6067b36314ab5eb2eb47cecc464545ba58e1ad24/library/core/src/fmt/mod.rs:1440:21
[INFO] [stdout]    6:     0x63b37adea7b3 - std::io::Write::write_fmt::hab1b4cd059a79022
[INFO] [stdout]                                at /rustc/6067b36314ab5eb2eb47cecc464545ba58e1ad24/library/std/src/io/mod.rs:1887:15
[INFO] [stdout]    7:     0x63b37adedaa2 - std::sys::backtrace::BacktraceLock::print::h147fe35b4ea13b08
[INFO] [stdout]                                at /rustc/6067b36314ab5eb2eb47cecc464545ba58e1ad24/library/std/src/sys/backtrace.rs:42:9
[INFO] [stdout]    8:     0x63b37adef07f - std::panicking::default_hook::{{closure}}::hbd44223dbdc0d208
[INFO] [stdout]                                at /rustc/6067b36314ab5eb2eb47cecc464545ba58e1ad24/library/std/src/panicking.rs:298:22
[INFO] [stdout]    9:     0x63b37adeee98 - std::panicking::default_hook::h20f81eb0576efcec
[INFO] [stdout]                                at /rustc/6067b36314ab5eb2eb47cecc464545ba58e1ad24/library/std/src/panicking.rs:322:9
[INFO] [stdout]   10:     0x63b37adb7cb3 - <alloc::boxed::Box<F,A> as core::ops::function::Fn<Args>>::call::hdb53814c496a4d34
[INFO] [stdout]                                at /rustc/6067b36314ab5eb2eb47cecc464545ba58e1ad24/library/alloc/src/boxed.rs:2027:9
[INFO] [stdout]   11:     0x63b37adb7cb3 - test::test_main::{{closure}}::hc0a4963c59427c24
[INFO] [stdout]                                at /rustc/6067b36314ab5eb2eb47cecc464545ba58e1ad24/library/test/src/lib.rs:134:21
[INFO] [stdout]   12:     0x63b37adefb73 - <alloc::boxed::Box<F,A> as core::ops::function::Fn<Args>>::call::h591b2225413a77e9
[INFO] [stdout]                                at /rustc/6067b36314ab5eb2eb47cecc464545ba58e1ad24/library/alloc/src/boxed.rs:2027:9
[INFO] [stdout]   13:     0x63b37adefb73 - std::panicking::rust_panic_with_hook::h625eea43051b2edc
[INFO] [stdout]                                at /rustc/6067b36314ab5eb2eb47cecc464545ba58e1ad24/library/std/src/panicking.rs:839:13
[INFO] [stdout]   14:     0x63b37adef7f6 - std::panicking::begin_panic_handler::{{closure}}::h4f9159cfbc3f6bd3
[INFO] [stdout]                                at /rustc/6067b36314ab5eb2eb47cecc464545ba58e1ad24/library/std/src/panicking.rs:697:13
[INFO] [stdout]   15:     0x63b37adee159 - std::sys::backtrace::__rust_end_short_backtrace::h0390abce48353151
[INFO] [stdout]                                at /rustc/6067b36314ab5eb2eb47cecc464545ba58e1ad24/library/std/src/sys/backtrace.rs:168:18
[INFO] [stdout]   16:     0x63b37adef4bd - rust_begin_unwind
[INFO] [stdout]                                at /rustc/6067b36314ab5eb2eb47cecc464545ba58e1ad24/library/std/src/panicking.rs:695:5
[INFO] [stdout]   17:     0x63b37ae14200 - core::panicking::panic_fmt::h9e7c637e9e5f29c9
[INFO] [stdout]                                at /rustc/6067b36314ab5eb2eb47cecc464545ba58e1ad24/library/core/src/panicking.rs:75:14
[INFO] [stdout]   18:     0x63b37ae1a397 - core::panicking::panic_const::panic_const_add_overflow::h9b11e2550743af0c
[INFO] [stdout]                                at /rustc/6067b36314ab5eb2eb47cecc464545ba58e1ad24/library/core/src/panicking.rs:178:21
[INFO] [stdout]   19:     0x63b37ad4599d - binary_brain::util::Xoshiro128PlusPlusAvx2::next::{{closure}}::ha02204a5b6baee66
[INFO] [stdout]                                at /opt/rustwide/workdir/src/util.rs:26:52
[INFO] [stdout]   20:     0x63b37ad448f2 - core::iter::traits::iterator::Iterator::for_each::call::{{closure}}::h4d108a90e91d20dc
[INFO] [stdout]                                at /rustc/6067b36314ab5eb2eb47cecc464545ba58e1ad24/library/core/src/iter/traits/iterator.rs:797:29
[INFO] [stdout]   21:     0x63b37ad3c141 - core::iter::traits::iterator::Iterator::fold::hbe8f8007e889537b
[INFO] [stdout]                                at /rustc/6067b36314ab5eb2eb47cecc464545ba58e1ad24/library/core/src/iter/traits/iterator.rs:2546:21
[INFO] [stdout]   22:     0x63b37ad3c5cd - core::iter::traits::iterator::Iterator::for_each::h57cd1f72c9fed25f
[INFO] [stdout]                                at /rustc/6067b36314ab5eb2eb47cecc464545ba58e1ad24/library/core/src/iter/traits/iterator.rs:800:9
[INFO] [stdout]   23:     0x63b37ad45836 - binary_brain::util::Xoshiro128PlusPlusAvx2::next::hdb835fcea65873f6
[INFO] [stdout]                                at /opt/rustwide/workdir/src/util.rs:26:9
[INFO] [stdout]   24:     0x63b37ad45e5d - binary_brain::util::Xoshiro128PlusPlusAvx2::next_with_bias::he5c53ad557158cf3
[INFO] [stdout]                                at /opt/rustwide/workdir/src/util.rs:68:78
[INFO] [stdout]   25:     0x63b37ad3e44e - binary_brain::train::genetic::Genetic::breed::h426795487847d553
[INFO] [stdout]                                at /opt/rustwide/workdir/src/train/genetic.rs:92:33
[INFO] [stdout]   26:     0x63b37ad42a8e - binary_brain::train::genetic::benches::genetic_breed_4096_16::{{closure}}::h68a8b6dce483903d
[INFO] [stdout]                                at /opt/rustwide/workdir/src/train/genetic.rs:158:13
[INFO] [stdout]   27:     0x63b37ad36211 - test::bench::ns_iter_inner::hb3103d9f02d75dee
[INFO] [stdout]                                at /rustc/6067b36314ab5eb2eb47cecc464545ba58e1ad24/library/test/src/bench.rs:118:19
[INFO] [stdout]   28:     0x63b37ad3b318 - test::bench::Bencher::iter::h3a8e2364724bd0b8
[INFO] [stdout]                                at /rustc/6067b36314ab5eb2eb47cecc464545ba58e1ad24/library/test/src/bench.rs:43:13
[INFO] [stdout]   29:     0x63b37ad42a1b - binary_brain::train::genetic::benches::genetic_breed_4096_16::h9aa52a1829e2b2da
[INFO] [stdout]                                at /opt/rustwide/workdir/src/train/genetic.rs:153:9
[INFO] [stdout]   30:     0x63b37ad42788 - binary_brain::train::genetic::benches::genetic_breed_4096_16::{{closure}}::h3713530bf02a8e2b
[INFO] [stdout]                                at /opt/rustwide/workdir/src/train/genetic.rs:148:46
[INFO] [stdout]   31:     0x63b37ad3fe5f - core::ops::function::FnOnce::call_once::h31250b1c9c95e0c4
[INFO] [stdout]                                at /rustc/6067b36314ab5eb2eb47cecc464545ba58e1ad24/library/core/src/ops/function.rs:250:5
[INFO] [stdout]   32:     0x63b37adbd4a1 - test::types::RunnableTest::run::{{closure}}::{{closure}}::ha9335dae88509b6e
[INFO] [stdout]                                at /rustc/6067b36314ab5eb2eb47cecc464545ba58e1ad24/library/test/src/types.rs:148:76
[INFO] [stdout]   33:     0x63b37adbd4a1 - test::__rust_begin_short_backtrace::ha0bbe665b090adab
[INFO] [stdout]                                at /rustc/6067b36314ab5eb2eb47cecc464545ba58e1ad24/library/test/src/lib.rs:632:18
[INFO] [stdout]   34:     0x63b37adb6969 - test::types::RunnableTest::run::{{closure}}::h307255b36abff63c
[INFO] [stdout]                                at /rustc/6067b36314ab5eb2eb47cecc464545ba58e1ad24/library/test/src/types.rs:148:44
[INFO] [stdout]   35:     0x63b37adb6969 - test::bench::Bencher::bench::h388142f2c2314357
[INFO] [stdout]                                at /rustc/6067b36314ab5eb2eb47cecc464545ba58e1ad24/library/test/src/bench.rs:54:22
[INFO] [stdout]   36:     0x63b37adb6969 - test::bench::run_once::h4c36d70cecf69c4e
[INFO] [stdout]                                at /rustc/6067b36314ab5eb2eb47cecc464545ba58e1ad24/library/test/src/bench.rs:243:5
[INFO] [stdout]   37:     0x63b37adb6969 - test::types::RunnableTest::run::hda4aa645f834d457
[INFO] [stdout]                                at /rustc/6067b36314ab5eb2eb47cecc464545ba58e1ad24/library/test/src/types.rs:148:17
[INFO] [stdout]   38:     0x63b37adbc343 - test::run_test_in_process::{{closure}}::h7176fd18fc1feca0
[INFO] [stdout]                                at /rustc/6067b36314ab5eb2eb47cecc464545ba58e1ad24/library/test/src/lib.rs:655:60
[INFO] [stdout]   39:     0x63b37adbc343 - <core::panic::unwind_safe::AssertUnwindSafe<F> as core::ops::function::FnOnce<()>>::call_once::hf79cff2a624d8cf7
[INFO] [stdout]                                at /rustc/6067b36314ab5eb2eb47cecc464545ba58e1ad24/library/core/src/panic/unwind_safe.rs:272:9
[INFO] [stdout]   40:     0x63b37adbc343 - std::panicking::try::do_call::h3da0561d9ab99c25
[INFO] [stdout]                                at /rustc/6067b36314ab5eb2eb47cecc464545ba58e1ad24/library/std/src/panicking.rs:587:40
[INFO] [stdout]   41:     0x63b37adbc343 - std::panicking::try::h41c9fa508bc61df6
[INFO] [stdout]                                at /rustc/6067b36314ab5eb2eb47cecc464545ba58e1ad24/library/std/src/panicking.rs:550:19
[INFO] [stdout]   42:     0x63b37adbc343 - std::panic::catch_unwind::h6b3ff07bb5afad93
[INFO] [stdout]                                at /rustc/6067b36314ab5eb2eb47cecc464545ba58e1ad24/library/std/src/panic.rs:358:14
[INFO] [stdout]   43:     0x63b37adbc343 - test::run_test_in_process::hc7253dd11b39b9f4
[INFO] [stdout]                                at /rustc/6067b36314ab5eb2eb47cecc464545ba58e1ad24/library/test/src/lib.rs:655:27
[INFO] [stdout]   44:     0x63b37adbc343 - test::run_test::{{closure}}::hfb2007f8649c30bb
[INFO] [stdout]                                at /rustc/6067b36314ab5eb2eb47cecc464545ba58e1ad24/library/test/src/lib.rs:576:43
[INFO] [stdout]   45:     0x63b37ad7f215 - test::run_test::{{closure}}::h56a17aa7a282a9f4
[INFO] [stdout]                                at /rustc/6067b36314ab5eb2eb47cecc464545ba58e1ad24/library/test/src/lib.rs:606:41
[INFO] [stdout]   46:     0x63b37ad7f215 - std::sys::backtrace::__rust_begin_short_backtrace::hd2d2d2fb8e8c6aac
[INFO] [stdout]                                at /rustc/6067b36314ab5eb2eb47cecc464545ba58e1ad24/library/std/src/sys/backtrace.rs:152:18
[INFO] [stdout]   47:     0x63b37ad82afa - std::thread::Builder::spawn_unchecked_::{{closure}}::{{closure}}::h4faa3f9db6133423
[INFO] [stdout]                                at /rustc/6067b36314ab5eb2eb47cecc464545ba58e1ad24/library/std/src/thread/mod.rs:559:17
[INFO] [stdout]   48:     0x63b37ad82afa - <core::panic::unwind_safe::AssertUnwindSafe<F> as core::ops::function::FnOnce<()>>::call_once::hf2e855a36a4ea846
[INFO] [stdout]                                at /rustc/6067b36314ab5eb2eb47cecc464545ba58e1ad24/library/core/src/panic/unwind_safe.rs:272:9
[INFO] [stdout]   49:     0x63b37ad82afa - std::panicking::try::do_call::h2f73af3616c35465
[INFO] [stdout]                                at /rustc/6067b36314ab5eb2eb47cecc464545ba58e1ad24/library/std/src/panicking.rs:587:40
[INFO] [stdout]   50:     0x63b37ad82afa - std::panicking::try::hd1660ce9efadef5a
[INFO] [stdout]                                at /rustc/6067b36314ab5eb2eb47cecc464545ba58e1ad24/library/std/src/panicking.rs:550:19
[INFO] [stdout]   51:     0x63b37ad82afa - std::panic::catch_unwind::h5ee8d7823b8ca744
[INFO] [stdout]                                at /rustc/6067b36314ab5eb2eb47cecc464545ba58e1ad24/library/std/src/panic.rs:358:14
[INFO] [stdout]   52:     0x63b37ad82afa - std::thread::Builder::spawn_unchecked_::{{closure}}::h53c3a1894dce8407
[INFO] [stdout]                                at /rustc/6067b36314ab5eb2eb47cecc464545ba58e1ad24/library/std/src/thread/mod.rs:557:30
[INFO] [stdout]   53:     0x63b37ad82afa - core::ops::function::FnOnce::call_once{{vtable.shim}}::h048ce291ad4f62bf
[INFO] [stdout]                                at /rustc/6067b36314ab5eb2eb47cecc464545ba58e1ad24/library/core/src/ops/function.rs:250:5
[INFO] [stdout]   54:     0x63b37adf3aab - <alloc::boxed::Box<F,A> as core::ops::function::FnOnce<Args>>::call_once::ha52bedf99a3b4981
[INFO] [stdout]                                at /rustc/6067b36314ab5eb2eb47cecc464545ba58e1ad24/library/alloc/src/boxed.rs:2013:9
[INFO] [stdout]   55:     0x63b37adf3aab - <alloc::boxed::Box<F,A> as core::ops::function::FnOnce<Args>>::call_once::h567748934d80ccf8
[INFO] [stdout]                                at /rustc/6067b36314ab5eb2eb47cecc464545ba58e1ad24/library/alloc/src/boxed.rs:2013:9
[INFO] [stdout]   56:     0x63b37adf3aab - std::sys::pal::unix::thread::Thread::new::thread_start::h2d970728ae887adc
[INFO] [stdout]                                at /rustc/6067b36314ab5eb2eb47cecc464545ba58e1ad24/library/std/src/sys/pal/unix/thread.rs:106:17
[INFO] [stdout]   57:     0x7b41fb526ac3 - <unknown>
[INFO] [stdout]   58:     0x7b41fb5b7a04 - clone
[INFO] [stdout]   59:                0x0 - <unknown>
[INFO] [stdout] 
[INFO] [stdout] 
[INFO] [stdout] failures:
[INFO] [stdout]     train::genetic::benches::genetic_breed_4096_16
[INFO] [stdout]     train::genetic::benches::genetic_breed_512_16
[INFO] [stdout]     train::genetic::benches::genetic_breed_64_16
[INFO] [stdout]     util::benches::xorshiro128plusplus_next
[INFO] [stdout]     util::benches::xorshiro128plusplus_next_with_bias
[INFO] [stdout] 
[INFO] [stdout] test result: FAILED. 4 passed; 5 failed; 0 ignored; 0 measured; 0 filtered out; finished in 18.46s
[INFO] [stdout] 
[INFO] [stderr] error: test failed, to rerun pass `--lib`
[INFO] running `Command { std: "docker" "inspect" "d269d94a0c83a6456f6da9a97bc049537aff9a024177221b387daca961ac6318", kill_on_drop: false }`
[INFO] running `Command { std: "docker" "rm" "-f" "d269d94a0c83a6456f6da9a97bc049537aff9a024177221b387daca961ac6318", kill_on_drop: false }`
[INFO] [stdout] d269d94a0c83a6456f6da9a97bc049537aff9a024177221b387daca961ac6318
