[INFO] cloning repository https://github.com/PauloRSF/camas
[INFO] running `Command { std: "git" "-c" "credential.helper=" "-c" "credential.helper=/workspace/cargo-home/bin/git-credential-null" "clone" "--bare" "https://github.com/PauloRSF/camas" "/workspace/cache/git-repos/https%3A%2F%2Fgithub.com%2FPauloRSF%2Fcamas", kill_on_drop: false }`
[INFO] [stderr] Cloning into bare repository '/workspace/cache/git-repos/https%3A%2F%2Fgithub.com%2FPauloRSF%2Fcamas'...
[INFO] running `Command { std: "git" "rev-parse" "HEAD", kill_on_drop: false }`
[INFO] [stdout] 0c79b3ba7de9c187608cee684cc197d02d3030b5
[INFO] testing PauloRSF/camas against nightly-2025-01-18 for randomize-layout-2
[INFO] running `Command { std: "git" "clone" "/workspace/cache/git-repos/https%3A%2F%2Fgithub.com%2FPauloRSF%2Fcamas" "/workspace/builds/worker-3-tc1/source", kill_on_drop: false }`
[INFO] [stderr] Cloning into '/workspace/builds/worker-3-tc1/source'...
[INFO] [stderr] done.
[INFO] validating manifest of git repo https://github.com/PauloRSF/camas on toolchain nightly-2025-01-18
[INFO] running `Command { std: CARGO_HOME="/workspace/cargo-home" RUSTUP_HOME="/workspace/rustup-home" "/workspace/cargo-home/bin/cargo" "+nightly-2025-01-18" "metadata" "--manifest-path" "Cargo.toml" "--no-deps", kill_on_drop: false }`
[INFO] started tweaking git repo https://github.com/PauloRSF/camas
[INFO] finished tweaking git repo https://github.com/PauloRSF/camas
[INFO] tweaked toml for git repo https://github.com/PauloRSF/camas written to /workspace/builds/worker-3-tc1/source/Cargo.toml
[INFO] crate git repo https://github.com/PauloRSF/camas already has a lockfile, it will not be regenerated
[INFO] running `Command { std: CARGO_HOME="/workspace/cargo-home" RUSTUP_HOME="/workspace/rustup-home" "/workspace/cargo-home/bin/cargo" "+nightly-2025-01-18" "fetch" "--manifest-path" "Cargo.toml", kill_on_drop: false }`
[INFO] running `Command { std: "docker" "create" "-v" "/var/lib/crater-agent-workspace/builds/worker-3-tc1/target:/opt/rustwide/target:rw,Z" "-v" "/var/lib/crater-agent-workspace/builds/worker-3-tc1/source:/opt/rustwide/workdir:ro,Z" "-v" "/var/lib/crater-agent-workspace/cargo-home:/opt/rustwide/cargo-home:ro,Z" "-v" "/var/lib/crater-agent-workspace/rustup-home:/opt/rustwide/rustup-home:ro,Z" "-e" "SOURCE_DIR=/opt/rustwide/workdir" "-e" "CARGO_TARGET_DIR=/opt/rustwide/target" "-e" "CARGO_HOME=/opt/rustwide/cargo-home" "-e" "RUSTUP_HOME=/opt/rustwide/rustup-home" "-w" "/opt/rustwide/workdir" "-m" "1610612736" "--user" "0:0" "--network" "none" "ghcr.io/rust-lang/crates-build-env/linux@sha256:819108c5571ea2e421544af4d832f968d213c87fbe3707a016657f43d2f853bc" "/opt/rustwide/cargo-home/bin/cargo" "+nightly-2025-01-18" "metadata" "--no-deps" "--format-version=1", kill_on_drop: false }`
[INFO] [stdout] 30f68ca6b473babb75cb73f9d9426ac29d5ccd68c211faa8f4dd0459c6932636
[INFO] running `Command { std: "docker" "start" "-a" "30f68ca6b473babb75cb73f9d9426ac29d5ccd68c211faa8f4dd0459c6932636", kill_on_drop: false }`
[INFO] running `Command { std: "docker" "inspect" "30f68ca6b473babb75cb73f9d9426ac29d5ccd68c211faa8f4dd0459c6932636", kill_on_drop: false }`
[INFO] running `Command { std: "docker" "rm" "-f" "30f68ca6b473babb75cb73f9d9426ac29d5ccd68c211faa8f4dd0459c6932636", kill_on_drop: false }`
[INFO] [stdout] 30f68ca6b473babb75cb73f9d9426ac29d5ccd68c211faa8f4dd0459c6932636
[INFO] running `Command { std: "docker" "create" "-v" "/var/lib/crater-agent-workspace/builds/worker-3-tc1/target:/opt/rustwide/target:rw,Z" "-v" "/var/lib/crater-agent-workspace/builds/worker-3-tc1/source:/opt/rustwide/workdir:ro,Z" "-v" "/var/lib/crater-agent-workspace/cargo-home:/opt/rustwide/cargo-home:ro,Z" "-v" "/var/lib/crater-agent-workspace/rustup-home:/opt/rustwide/rustup-home:ro,Z" "-e" "SOURCE_DIR=/opt/rustwide/workdir" "-e" "CARGO_TARGET_DIR=/opt/rustwide/target" "-e" "CARGO_INCREMENTAL=0" "-e" "RUST_BACKTRACE=full" "-e" "RUSTFLAGS=--cap-lints=forbid" "-e" "RUSTDOCFLAGS=--cap-lints=forbid" "-e" "CARGO_HOME=/opt/rustwide/cargo-home" "-e" "RUSTUP_HOME=/opt/rustwide/rustup-home" "-w" "/opt/rustwide/workdir" "-m" "1610612736" "--user" "0:0" "--network" "none" "ghcr.io/rust-lang/crates-build-env/linux@sha256:819108c5571ea2e421544af4d832f968d213c87fbe3707a016657f43d2f853bc" "/opt/rustwide/cargo-home/bin/cargo" "+nightly-2025-01-18" "build" "--frozen" "--message-format=json", kill_on_drop: false }`
[INFO] [stdout] c33fcc8229f3d51cd5505a8d1f2c25683ce9bfa258b4731f4be30f7a7ab79859
[INFO] running `Command { std: "docker" "start" "-a" "c33fcc8229f3d51cd5505a8d1f2c25683ce9bfa258b4731f4be30f7a7ab79859", kill_on_drop: false }`
[INFO] [stderr]    Compiling autocfg v1.2.0
[INFO] [stderr]    Compiling strsim v0.10.0
[INFO] [stderr]    Compiling ident_case v1.0.1
[INFO] [stderr]    Compiling fnv v1.0.7
[INFO] [stderr]    Compiling minimal-lexical v0.2.1
[INFO] [stderr]    Compiling memchr v2.7.2
[INFO] [stderr]    Compiling termcolor v1.4.1
[INFO] [stderr]    Compiling syn v2.0.58
[INFO] [stderr]    Compiling log v0.4.21
[INFO] [stderr]    Compiling owo-colors v4.0.0
[INFO] [stderr]    Compiling num-traits v0.2.18
[INFO] [stderr]    Compiling num-bigint v0.4.4
[INFO] [stderr]    Compiling nom v7.1.3
[INFO] [stderr]    Compiling num-integer v0.1.46
[INFO] [stderr]    Compiling darling_core v0.20.8
[INFO] [stderr]    Compiling darling_macro v0.20.8
[INFO] [stderr]    Compiling darling v0.20.8
[INFO] [stderr]    Compiling derive_builder_core v0.20.0
[INFO] [stderr]    Compiling derive_builder_macro v0.20.0
[INFO] [stderr]    Compiling derive_builder v0.20.0
[INFO] [stderr]    Compiling camas v0.0.1 (/opt/rustwide/workdir)
[INFO] [stderr]     Finished `dev` profile [unoptimized + debuginfo] target(s) in 18.44s
[INFO] running `Command { std: "docker" "inspect" "c33fcc8229f3d51cd5505a8d1f2c25683ce9bfa258b4731f4be30f7a7ab79859", kill_on_drop: false }`
[INFO] running `Command { std: "docker" "rm" "-f" "c33fcc8229f3d51cd5505a8d1f2c25683ce9bfa258b4731f4be30f7a7ab79859", kill_on_drop: false }`
[INFO] [stdout] c33fcc8229f3d51cd5505a8d1f2c25683ce9bfa258b4731f4be30f7a7ab79859
[INFO] running `Command { std: "docker" "create" "-v" "/var/lib/crater-agent-workspace/builds/worker-3-tc1/target:/opt/rustwide/target:rw,Z" "-v" "/var/lib/crater-agent-workspace/builds/worker-3-tc1/source:/opt/rustwide/workdir:ro,Z" "-v" "/var/lib/crater-agent-workspace/cargo-home:/opt/rustwide/cargo-home:ro,Z" "-v" "/var/lib/crater-agent-workspace/rustup-home:/opt/rustwide/rustup-home:ro,Z" "-e" "SOURCE_DIR=/opt/rustwide/workdir" "-e" "CARGO_TARGET_DIR=/opt/rustwide/target" "-e" "CARGO_INCREMENTAL=0" "-e" "RUST_BACKTRACE=full" "-e" "RUSTFLAGS=--cap-lints=forbid" "-e" "RUSTDOCFLAGS=--cap-lints=forbid" "-e" "CARGO_HOME=/opt/rustwide/cargo-home" "-e" "RUSTUP_HOME=/opt/rustwide/rustup-home" "-w" "/opt/rustwide/workdir" "-m" "1610612736" "--user" "0:0" "--network" "none" "ghcr.io/rust-lang/crates-build-env/linux@sha256:819108c5571ea2e421544af4d832f968d213c87fbe3707a016657f43d2f853bc" "/opt/rustwide/cargo-home/bin/cargo" "+nightly-2025-01-18" "test" "--frozen" "--no-run" "--message-format=json", kill_on_drop: false }`
[INFO] [stdout] 77c0e61fc614e41205f8dd6f67e6291559aeb232e2c5ac7c5542eeec45abb6b6
[INFO] running `Command { std: "docker" "start" "-a" "77c0e61fc614e41205f8dd6f67e6291559aeb232e2c5ac7c5542eeec45abb6b6", kill_on_drop: false }`
[INFO] [stderr]    Compiling memchr v2.7.2
[INFO] [stderr]    Compiling slab v0.4.9
[INFO] [stderr]    Compiling libc v0.2.153
[INFO] [stderr]    Compiling lock_api v0.4.11
[INFO] [stderr]    Compiling futures-sink v0.3.30
[INFO] [stderr]    Compiling parking_lot_core v0.9.9
[INFO] [stderr]    Compiling futures-core v0.3.30
[INFO] [stderr]    Compiling log v0.4.21
[INFO] [stderr]    Compiling futures-channel v0.3.30
[INFO] [stderr]    Compiling regex-syntax v0.8.3
[INFO] [stderr]    Compiling futures-task v0.3.30
[INFO] [stderr]    Compiling pin-project-lite v0.2.14
[INFO] [stderr]    Compiling futures-io v0.3.30
[INFO] [stderr]    Compiling scopeguard v1.2.0
[INFO] [stderr]    Compiling smallvec v1.13.2
[INFO] [stderr]    Compiling hashbrown v0.14.3
[INFO] [stderr]    Compiling anstream v0.6.13
[INFO] [stderr]    Compiling serial_test_derive v3.0.0
[INFO] [stderr]    Compiling lazy_static v1.4.0
[INFO] [stderr]    Compiling humantime v2.1.0
[INFO] [stderr]    Compiling aho-corasick v1.1.3
[INFO] [stderr]    Compiling futures-util v0.3.30
[INFO] [stderr]    Compiling nom v7.1.3
[INFO] [stderr]    Compiling parking_lot v0.12.1
[INFO] [stderr]    Compiling dashmap v5.5.3
[INFO] [stderr]    Compiling regex-automata v0.4.6
[INFO] [stderr]    Compiling camas v0.0.1 (/opt/rustwide/workdir)
[INFO] [stderr]    Compiling futures-executor v0.3.30
[INFO] [stderr]    Compiling futures v0.3.30
[INFO] [stderr]    Compiling serial_test v3.0.0
[INFO] [stderr]    Compiling regex v1.10.4
[INFO] [stderr]    Compiling env_filter v0.1.0
[INFO] [stderr]    Compiling env_logger v0.11.3
[INFO] [stderr]     Finished `test` profile [unoptimized + debuginfo] target(s) in 23.49s
[INFO] running `Command { std: "docker" "inspect" "77c0e61fc614e41205f8dd6f67e6291559aeb232e2c5ac7c5542eeec45abb6b6", kill_on_drop: false }`
[INFO] running `Command { std: "docker" "rm" "-f" "77c0e61fc614e41205f8dd6f67e6291559aeb232e2c5ac7c5542eeec45abb6b6", kill_on_drop: false }`
[INFO] [stdout] 77c0e61fc614e41205f8dd6f67e6291559aeb232e2c5ac7c5542eeec45abb6b6
[INFO] running `Command { std: "docker" "create" "-v" "/var/lib/crater-agent-workspace/builds/worker-3-tc1/target:/opt/rustwide/target:rw,Z" "-v" "/var/lib/crater-agent-workspace/builds/worker-3-tc1/source:/opt/rustwide/workdir:ro,Z" "-v" "/var/lib/crater-agent-workspace/cargo-home:/opt/rustwide/cargo-home:ro,Z" "-v" "/var/lib/crater-agent-workspace/rustup-home:/opt/rustwide/rustup-home:ro,Z" "-e" "SOURCE_DIR=/opt/rustwide/workdir" "-e" "CARGO_TARGET_DIR=/opt/rustwide/target" "-e" "CARGO_INCREMENTAL=0" "-e" "RUST_BACKTRACE=full" "-e" "RUSTFLAGS=--cap-lints=forbid" "-e" "RUSTDOCFLAGS=--cap-lints=forbid" "-e" "CARGO_HOME=/opt/rustwide/cargo-home" "-e" "RUSTUP_HOME=/opt/rustwide/rustup-home" "-w" "/opt/rustwide/workdir" "-m" "1610612736" "--user" "0:0" "--network" "none" "ghcr.io/rust-lang/crates-build-env/linux@sha256:819108c5571ea2e421544af4d832f968d213c87fbe3707a016657f43d2f853bc" "/opt/rustwide/cargo-home/bin/cargo" "+nightly-2025-01-18" "test" "--frozen", kill_on_drop: false }`
[INFO] [stdout] 4571d15e4a63c5d0363f4a58b596937512af13719e69a7eabd3cf6789794492c
[INFO] running `Command { std: "docker" "start" "-a" "4571d15e4a63c5d0363f4a58b596937512af13719e69a7eabd3cf6789794492c", kill_on_drop: false }`
[INFO] [stderr]     Finished `test` profile [unoptimized + debuginfo] target(s) in 0.12s
[INFO] [stderr]      Running unittests src/lib.rs (/opt/rustwide/target/debug/deps/camas-67635ed311761dee)
[INFO] [stdout] 
[INFO] [stdout] running 49 tests
[INFO] [stdout] test commands::del::protocol_arguments::builds_correctly ... ok
[INFO] [stdout] test commands::flushdb::protocol_arguments::builds_in_async_mode ... ok
[INFO] [stdout] test protocol::parsing::parses_array_with_no_items ... ok
[INFO] [stdout] test protocol::parsing::parses_bulk_error ... ok
[INFO] [stdout] test protocol::parsing::parses_bulk_string ... ok
[INFO] [stdout] test protocol::parsing::parses_bulk_string_with_zero_length ... ok
[INFO] [stdout] test protocol::parsing::parses_double_with_infinity ... ok
[INFO] [stdout] test protocol::parsing::parses_double_with_negative_infinity ... ok
[INFO] [stdout] test protocol::parsing::parses_double_with_not_a_number ... ok
[INFO] [stdout] test protocol::parsing::parses_negative_big_number ... ok
[INFO] [stdout] test protocol::parsing::parses_negative_double_with_fractional_part ... ok
[INFO] [stdout] test protocol::parsing::parses_negative_double_with_no_fractional_part ... ok
[INFO] [stdout] test protocol::parsing::parses_negative_integer ... ok
[INFO] [stdout] test protocol::parsing::parses_nested_array ... ok
[INFO] [stdout] test protocol::parsing::parses_positive_big_number ... ok
[INFO] [stdout] test protocol::parsing::parses_positive_double_with_fractional_part ... ok
[INFO] [stdout] test protocol::parsing::parses_positive_double_with_no_fractional_part ... ok
[INFO] [stdout] test protocol::parsing::parses_positive_integer ... ok
[INFO] [stdout] test protocol::parsing::parses_simple_error ... ok
[INFO] [stdout] test protocol::parsing::parses_simple_string ... ok
[INFO] [stdout] test protocol::parsing::parses_unsigned_double_with_fractional_part ... ok
[INFO] [stdout] test protocol::parsing::parses_unsigned_double_with_no_fractional_part ... ok
[INFO] [stdout] test protocol::parsing::parses_unsigned_integer ... ok
[INFO] [stdout] test protocol::serialization::serializes_array ... ok
[INFO] [stdout] test protocol::serialization::serializes_array_with_no_items ... ok
[INFO] [stdout] test protocol::serialization::serializes_boolean_false ... ok
[INFO] [stdout] test protocol::serialization::serializes_boolean_true ... ok
[INFO] [stdout] test protocol::serialization::serializes_bulk_error ... ok
[INFO] [stdout] test protocol::serialization::serializes_bulk_string ... ok
[INFO] [stdout] test protocol::serialization::serializes_bulk_string_with_zero_length ... ok
[INFO] [stdout] test protocol::serialization::serializes_double_with_fractional_part ... ok
[INFO] [stdout] test protocol::serialization::serializes_double_with_infinity ... ok
[INFO] [stdout] test protocol::serialization::serializes_double_with_negative_infinity ... ok
[INFO] [stdout] test protocol::serialization::serializes_double_with_no_fractional_part ... ok
[INFO] [stdout] test protocol::serialization::serializes_double_with_not_a_number ... ok
[INFO] [stdout] test protocol::serialization::serializes_negative_big_number ... ok
[INFO] [stdout] test protocol::serialization::serializes_negative_integer ... ok
[INFO] [stdout] test protocol::serialization::serializes_nested_array ... ok
[INFO] [stdout] test protocol::serialization::serializes_null ... ok
[INFO] [stdout] test protocol::serialization::serializes_positive_big_number ... ok
[INFO] [stdout] test protocol::serialization::serializes_positive_integer ... ok
[INFO] [stdout] test protocol::serialization::serializes_simple_error ... ok
[INFO] [stdout] test protocol::serialization::serializes_simple_string ... ok
[INFO] [stdout] test commands::flushdb::protocol_arguments::builds_in_sync_mode ... ok
[INFO] [stdout] test commands::get::protocol_arguments::builds_correctly ... ok
[INFO] [stdout] test protocol::parsing::parses_boolean_true ... ok
[INFO] [stdout] test protocol::parsing::parses_array ... ok
[INFO] [stdout] test protocol::parsing::parses_null ... ok
[INFO] [stdout] test protocol::parsing::parses_boolean_false ... ok
[INFO] [stdout] 
[INFO] [stdout] test result: ok. 49 passed; 0 failed; 0 ignored; 0 measured; 0 filtered out; finished in 0.02s
[INFO] [stdout] 
[INFO] [stderr]      Running tests/client.rs (/opt/rustwide/target/debug/deps/client-52643122cefa120b)
[INFO] [stdout] 
[INFO] [stdout] running 5 tests
[INFO] [stderr] error: test failed, to rerun pass `--test client`
[INFO] [stdout] test get_with_non_existent_key_returns_none ... FAILED
[INFO] [stdout] test get_with_existent_key_returns_stored_value ... FAILED
[INFO] [stdout] test set_with_get_option_returns_previous_value_when_key_was_set ... FAILED
[INFO] [stdout] test set_with_get_option_returns_no_previous_value_when_key_was_not_set ... FAILED
[INFO] [stdout] test set_with_default_options_returns_ok ... FAILED
[INFO] [stdout] 
[INFO] [stdout] failures:
[INFO] [stdout] 
[INFO] [stdout] ---- get_with_non_existent_key_returns_none stdout ----
[INFO] [stdout] Error: Os { code: 111, kind: ConnectionRefused, message: "Connection refused" }
[INFO] [stdout] 
[INFO] [stdout] ---- get_with_existent_key_returns_stored_value stdout ----
[INFO] [stdout] Error: Os { code: 111, kind: ConnectionRefused, message: "Connection refused" }
[INFO] [stdout] 
[INFO] [stdout] ---- set_with_get_option_returns_previous_value_when_key_was_set stdout ----
[INFO] [stdout] Error: Os { code: 111, kind: ConnectionRefused, message: "Connection refused" }
[INFO] [stdout] 
[INFO] [stdout] ---- set_with_get_option_returns_no_previous_value_when_key_was_not_set stdout ----
[INFO] [stdout] Error: Os { code: 111, kind: ConnectionRefused, message: "Connection refused" }
[INFO] [stdout] 
[INFO] [stdout] ---- set_with_default_options_returns_ok stdout ----
[INFO] [stdout] Error: Os { code: 111, kind: ConnectionRefused, message: "Connection refused" }
[INFO] [stdout] 
[INFO] [stdout] 
[INFO] [stdout] failures:
[INFO] [stdout]     get_with_existent_key_returns_stored_value
[INFO] [stdout]     get_with_non_existent_key_returns_none
[INFO] [stdout]     set_with_default_options_returns_ok
[INFO] [stdout]     set_with_get_option_returns_no_previous_value_when_key_was_not_set
[INFO] [stdout]     set_with_get_option_returns_previous_value_when_key_was_set
[INFO] [stdout] 
[INFO] [stdout] test result: FAILED. 0 passed; 5 failed; 0 ignored; 0 measured; 0 filtered out; finished in 0.01s
[INFO] [stdout] 
[INFO] running `Command { std: "docker" "inspect" "4571d15e4a63c5d0363f4a58b596937512af13719e69a7eabd3cf6789794492c", kill_on_drop: false }`
[INFO] running `Command { std: "docker" "rm" "-f" "4571d15e4a63c5d0363f4a58b596937512af13719e69a7eabd3cf6789794492c", kill_on_drop: false }`
[INFO] [stdout] 4571d15e4a63c5d0363f4a58b596937512af13719e69a7eabd3cf6789794492c
