[INFO] cloning repository https://github.com/Patches72790/projecteuler
[INFO] running `Command { std: "git" "-c" "credential.helper=" "-c" "credential.helper=/workspace/cargo-home/bin/git-credential-null" "clone" "--bare" "https://github.com/Patches72790/projecteuler" "/workspace/cache/git-repos/https%3A%2F%2Fgithub.com%2FPatches72790%2Fprojecteuler", kill_on_drop: false }`
[INFO] [stderr] Cloning into bare repository '/workspace/cache/git-repos/https%3A%2F%2Fgithub.com%2FPatches72790%2Fprojecteuler'...
[INFO] running `Command { std: "git" "rev-parse" "HEAD", kill_on_drop: false }`
[INFO] [stdout] 0b5d1943bb74cc78babfd9e9b674d1fdd0895b84
[INFO] testing Patches72790/projecteuler against nightly-2025-01-18 for randomize-layout-2
[INFO] running `Command { std: "git" "clone" "/workspace/cache/git-repos/https%3A%2F%2Fgithub.com%2FPatches72790%2Fprojecteuler" "/workspace/builds/worker-5-tc1/source", kill_on_drop: false }`
[INFO] [stderr] Cloning into '/workspace/builds/worker-5-tc1/source'...
[INFO] [stderr] done.
[INFO] validating manifest of git repo https://github.com/Patches72790/projecteuler on toolchain nightly-2025-01-18
[INFO] running `Command { std: CARGO_HOME="/workspace/cargo-home" RUSTUP_HOME="/workspace/rustup-home" "/workspace/cargo-home/bin/cargo" "+nightly-2025-01-18" "metadata" "--manifest-path" "Cargo.toml" "--no-deps", kill_on_drop: false }`
[INFO] started tweaking git repo https://github.com/Patches72790/projecteuler
[INFO] finished tweaking git repo https://github.com/Patches72790/projecteuler
[INFO] tweaked toml for git repo https://github.com/Patches72790/projecteuler written to /workspace/builds/worker-5-tc1/source/Cargo.toml
[INFO] crate git repo https://github.com/Patches72790/projecteuler already has a lockfile, it will not be regenerated
[INFO] running `Command { std: CARGO_HOME="/workspace/cargo-home" RUSTUP_HOME="/workspace/rustup-home" "/workspace/cargo-home/bin/cargo" "+nightly-2025-01-18" "fetch" "--manifest-path" "Cargo.toml", kill_on_drop: false }`
[INFO] running `Command { std: "docker" "create" "-v" "/var/lib/crater-agent-workspace/builds/worker-5-tc1/target:/opt/rustwide/target:rw,Z" "-v" "/var/lib/crater-agent-workspace/builds/worker-5-tc1/source:/opt/rustwide/workdir:ro,Z" "-v" "/var/lib/crater-agent-workspace/cargo-home:/opt/rustwide/cargo-home:ro,Z" "-v" "/var/lib/crater-agent-workspace/rustup-home:/opt/rustwide/rustup-home:ro,Z" "-e" "SOURCE_DIR=/opt/rustwide/workdir" "-e" "CARGO_TARGET_DIR=/opt/rustwide/target" "-e" "CARGO_HOME=/opt/rustwide/cargo-home" "-e" "RUSTUP_HOME=/opt/rustwide/rustup-home" "-w" "/opt/rustwide/workdir" "-m" "1610612736" "--user" "0:0" "--network" "none" "ghcr.io/rust-lang/crates-build-env/linux@sha256:819108c5571ea2e421544af4d832f968d213c87fbe3707a016657f43d2f853bc" "/opt/rustwide/cargo-home/bin/cargo" "+nightly-2025-01-18" "metadata" "--no-deps" "--format-version=1", kill_on_drop: false }`
[INFO] [stdout] 820afcc1812408aacedd6dc3f23332c788aaeaf2484575fd2d19e21a9dda6aff
[INFO] running `Command { std: "docker" "start" "-a" "820afcc1812408aacedd6dc3f23332c788aaeaf2484575fd2d19e21a9dda6aff", kill_on_drop: false }`
[INFO] running `Command { std: "docker" "inspect" "820afcc1812408aacedd6dc3f23332c788aaeaf2484575fd2d19e21a9dda6aff", kill_on_drop: false }`
[INFO] running `Command { std: "docker" "rm" "-f" "820afcc1812408aacedd6dc3f23332c788aaeaf2484575fd2d19e21a9dda6aff", kill_on_drop: false }`
[INFO] [stdout] 820afcc1812408aacedd6dc3f23332c788aaeaf2484575fd2d19e21a9dda6aff
[INFO] running `Command { std: "docker" "create" "-v" "/var/lib/crater-agent-workspace/builds/worker-5-tc1/target:/opt/rustwide/target:rw,Z" "-v" "/var/lib/crater-agent-workspace/builds/worker-5-tc1/source:/opt/rustwide/workdir:ro,Z" "-v" "/var/lib/crater-agent-workspace/cargo-home:/opt/rustwide/cargo-home:ro,Z" "-v" "/var/lib/crater-agent-workspace/rustup-home:/opt/rustwide/rustup-home:ro,Z" "-e" "SOURCE_DIR=/opt/rustwide/workdir" "-e" "CARGO_TARGET_DIR=/opt/rustwide/target" "-e" "CARGO_INCREMENTAL=0" "-e" "RUST_BACKTRACE=full" "-e" "RUSTFLAGS=--cap-lints=forbid" "-e" "RUSTDOCFLAGS=--cap-lints=forbid" "-e" "CARGO_HOME=/opt/rustwide/cargo-home" "-e" "RUSTUP_HOME=/opt/rustwide/rustup-home" "-w" "/opt/rustwide/workdir" "-m" "1610612736" "--user" "0:0" "--network" "none" "ghcr.io/rust-lang/crates-build-env/linux@sha256:819108c5571ea2e421544af4d832f968d213c87fbe3707a016657f43d2f853bc" "/opt/rustwide/cargo-home/bin/cargo" "+nightly-2025-01-18" "build" "--frozen" "--message-format=json", kill_on_drop: false }`
[INFO] [stdout] d9d06437bbd418f9baa399055268051c8abd28ac76bb4ad34f5ac2bd4bd6a778
[INFO] running `Command { std: "docker" "start" "-a" "d9d06437bbd418f9baa399055268051c8abd28ac76bb4ad34f5ac2bd4bd6a778", kill_on_drop: false }`
[INFO] [stderr]    Compiling projecteuler v0.1.0 (/opt/rustwide/workdir)
[INFO] [stdout] warning: constant `TEST_GRID` is never used
[INFO] [stdout]  --> src/largestproductgrid/mod.rs:2:7
[INFO] [stdout]   |
[INFO] [stdout] 2 | const TEST_GRID: &str = r#"
[INFO] [stdout]   |       ^^^^^^^^^
[INFO] [stdout]   |
[INFO] [stdout]   = note: `#[warn(dead_code)]` on by default
[INFO] [stdout] 
[INFO] [stdout] 
[INFO] [stdout] warning: constant `GRID` is never used
[INFO] [stdout]  --> src/largestproductgrid/mod.rs:8:7
[INFO] [stdout]   |
[INFO] [stdout] 8 | const GRID: &str = r#"
[INFO] [stdout]   |       ^^^^
[INFO] [stdout] 
[INFO] [stdout] 
[INFO] [stdout] warning: function `is_palindrome` is never used
[INFO] [stdout]  --> src/palindromproduct/mod.rs:6:4
[INFO] [stdout]   |
[INFO] [stdout] 6 | fn is_palindrome(num: usize) -> bool {
[INFO] [stdout]   |    ^^^^^^^^^^^^^
[INFO] [stdout] 
[INFO] [stdout] 
[INFO] [stdout] warning: function `product` is never used
[INFO] [stdout]   --> src/palindromproduct/mod.rs:13:4
[INFO] [stdout]    |
[INFO] [stdout] 13 | fn product<'a, 'b>(a: &'a [usize], b: &'b [usize]) -> Vec<(&'a usize, &'b usize)> {
[INFO] [stdout]    |    ^^^^^^^
[INFO] [stdout] 
[INFO] [stdout] 
[INFO] [stdout] warning: function `find_max_palindrome_number` is never used
[INFO] [stdout]   --> src/palindromproduct/mod.rs:17:4
[INFO] [stdout]    |
[INFO] [stdout] 17 | fn find_max_palindrome_number() -> usize {
[INFO] [stdout]    |    ^^^^^^^^^^^^^^^^^^^^^^^^^^
[INFO] [stdout] 
[INFO] [stdout] 
[INFO] [stderr]     Finished `dev` profile [unoptimized + debuginfo] target(s) in 0.76s
[INFO] running `Command { std: "docker" "inspect" "d9d06437bbd418f9baa399055268051c8abd28ac76bb4ad34f5ac2bd4bd6a778", kill_on_drop: false }`
[INFO] running `Command { std: "docker" "rm" "-f" "d9d06437bbd418f9baa399055268051c8abd28ac76bb4ad34f5ac2bd4bd6a778", kill_on_drop: false }`
[INFO] [stdout] d9d06437bbd418f9baa399055268051c8abd28ac76bb4ad34f5ac2bd4bd6a778
[INFO] running `Command { std: "docker" "create" "-v" "/var/lib/crater-agent-workspace/builds/worker-5-tc1/target:/opt/rustwide/target:rw,Z" "-v" "/var/lib/crater-agent-workspace/builds/worker-5-tc1/source:/opt/rustwide/workdir:ro,Z" "-v" "/var/lib/crater-agent-workspace/cargo-home:/opt/rustwide/cargo-home:ro,Z" "-v" "/var/lib/crater-agent-workspace/rustup-home:/opt/rustwide/rustup-home:ro,Z" "-e" "SOURCE_DIR=/opt/rustwide/workdir" "-e" "CARGO_TARGET_DIR=/opt/rustwide/target" "-e" "CARGO_INCREMENTAL=0" "-e" "RUST_BACKTRACE=full" "-e" "RUSTFLAGS=--cap-lints=forbid" "-e" "RUSTDOCFLAGS=--cap-lints=forbid" "-e" "CARGO_HOME=/opt/rustwide/cargo-home" "-e" "RUSTUP_HOME=/opt/rustwide/rustup-home" "-w" "/opt/rustwide/workdir" "-m" "1610612736" "--user" "0:0" "--network" "none" "ghcr.io/rust-lang/crates-build-env/linux@sha256:819108c5571ea2e421544af4d832f968d213c87fbe3707a016657f43d2f853bc" "/opt/rustwide/cargo-home/bin/cargo" "+nightly-2025-01-18" "test" "--frozen" "--no-run" "--message-format=json", kill_on_drop: false }`
[INFO] [stdout] 7205a93e60b2cad127daebb69aa804c7075459d598f825d9495470022c2a698a
[INFO] running `Command { std: "docker" "start" "-a" "7205a93e60b2cad127daebb69aa804c7075459d598f825d9495470022c2a698a", kill_on_drop: false }`
[INFO] [stdout] warning: constant `TEST_GRID` is never used
[INFO] [stdout]  --> src/largestproductgrid/mod.rs:2:7
[INFO] [stdout]   |
[INFO] [stdout] 2 | const TEST_GRID: &str = r#"
[INFO] [stdout]   |       ^^^^^^^^^
[INFO] [stdout]   |
[INFO] [stdout]   = note: `#[warn(dead_code)]` on by default
[INFO] [stdout] 
[INFO] [stdout] 
[INFO] [stderr]    Compiling projecteuler v0.1.0 (/opt/rustwide/workdir)
[INFO] [stdout] warning: constant `GRID` is never used
[INFO] [stdout]  --> src/largestproductgrid/mod.rs:8:7
[INFO] [stdout]   |
[INFO] [stdout] 8 | const GRID: &str = r#"
[INFO] [stdout]   |       ^^^^
[INFO] [stdout] 
[INFO] [stdout] 
[INFO] [stdout] warning: function `is_palindrome` is never used
[INFO] [stdout]  --> src/palindromproduct/mod.rs:6:4
[INFO] [stdout]   |
[INFO] [stdout] 6 | fn is_palindrome(num: usize) -> bool {
[INFO] [stdout]   |    ^^^^^^^^^^^^^
[INFO] [stdout] 
[INFO] [stdout] 
[INFO] [stdout] warning: function `product` is never used
[INFO] [stdout]   --> src/palindromproduct/mod.rs:13:4
[INFO] [stdout]    |
[INFO] [stdout] 13 | fn product<'a, 'b>(a: &'a [usize], b: &'b [usize]) -> Vec<(&'a usize, &'b usize)> {
[INFO] [stdout]    |    ^^^^^^^
[INFO] [stdout] 
[INFO] [stdout] 
[INFO] [stdout] warning: function `find_max_palindrome_number` is never used
[INFO] [stdout]   --> src/palindromproduct/mod.rs:17:4
[INFO] [stdout]    |
[INFO] [stdout] 17 | fn find_max_palindrome_number() -> usize {
[INFO] [stdout]    |    ^^^^^^^^^^^^^^^^^^^^^^^^^^
[INFO] [stdout] 
[INFO] [stdout] 
[INFO] [stderr]     Finished `test` profile [unoptimized + debuginfo] target(s) in 0.97s
[INFO] running `Command { std: "docker" "inspect" "7205a93e60b2cad127daebb69aa804c7075459d598f825d9495470022c2a698a", kill_on_drop: false }`
[INFO] running `Command { std: "docker" "rm" "-f" "7205a93e60b2cad127daebb69aa804c7075459d598f825d9495470022c2a698a", kill_on_drop: false }`
[INFO] [stdout] 7205a93e60b2cad127daebb69aa804c7075459d598f825d9495470022c2a698a
[INFO] running `Command { std: "docker" "create" "-v" "/var/lib/crater-agent-workspace/builds/worker-5-tc1/target:/opt/rustwide/target:rw,Z" "-v" "/var/lib/crater-agent-workspace/builds/worker-5-tc1/source:/opt/rustwide/workdir:ro,Z" "-v" "/var/lib/crater-agent-workspace/cargo-home:/opt/rustwide/cargo-home:ro,Z" "-v" "/var/lib/crater-agent-workspace/rustup-home:/opt/rustwide/rustup-home:ro,Z" "-e" "SOURCE_DIR=/opt/rustwide/workdir" "-e" "CARGO_TARGET_DIR=/opt/rustwide/target" "-e" "CARGO_INCREMENTAL=0" "-e" "RUST_BACKTRACE=full" "-e" "RUSTFLAGS=--cap-lints=forbid" "-e" "RUSTDOCFLAGS=--cap-lints=forbid" "-e" "CARGO_HOME=/opt/rustwide/cargo-home" "-e" "RUSTUP_HOME=/opt/rustwide/rustup-home" "-w" "/opt/rustwide/workdir" "-m" "1610612736" "--user" "0:0" "--network" "none" "ghcr.io/rust-lang/crates-build-env/linux@sha256:819108c5571ea2e421544af4d832f968d213c87fbe3707a016657f43d2f853bc" "/opt/rustwide/cargo-home/bin/cargo" "+nightly-2025-01-18" "test" "--frozen", kill_on_drop: false }`
[INFO] [stdout] 2d96ae3c502f4a8d3498e02dbf27549281e1143bca908682fe87c4b6bf419a3b
[INFO] running `Command { std: "docker" "start" "-a" "2d96ae3c502f4a8d3498e02dbf27549281e1143bca908682fe87c4b6bf419a3b", kill_on_drop: false }`
[INFO] [stderr] warning: constant `TEST_GRID` is never used
[INFO] [stderr]  --> src/largestproductgrid/mod.rs:2:7
[INFO] [stderr]   |
[INFO] [stderr] 2 | const TEST_GRID: &str = r#"
[INFO] [stderr]   |       ^^^^^^^^^
[INFO] [stderr]   |
[INFO] [stderr]   = note: `#[warn(dead_code)]` on by default
[INFO] [stderr] 
[INFO] [stderr] warning: constant `GRID` is never used
[INFO] [stderr]  --> src/largestproductgrid/mod.rs:8:7
[INFO] [stderr]   |
[INFO] [stderr] 8 | const GRID: &str = r#"
[INFO] [stderr]   |       ^^^^
[INFO] [stderr] 
[INFO] [stderr] warning: function `is_palindrome` is never used
[INFO] [stderr]  --> src/palindromproduct/mod.rs:6:4
[INFO] [stderr]   |
[INFO] [stderr] 6 | fn is_palindrome(num: usize) -> bool {
[INFO] [stderr]   |    ^^^^^^^^^^^^^
[INFO] [stderr] 
[INFO] [stderr] warning: function `product` is never used
[INFO] [stderr]   --> src/palindromproduct/mod.rs:13:4
[INFO] [stderr]    |
[INFO] [stderr] 13 | fn product<'a, 'b>(a: &'a [usize], b: &'b [usize]) -> Vec<(&'a usize, &'b usize)> {
[INFO] [stderr]    |    ^^^^^^^
[INFO] [stderr] 
[INFO] [stderr] warning: function `find_max_palindrome_number` is never used
[INFO] [stderr]   --> src/palindromproduct/mod.rs:17:4
[INFO] [stderr]    |
[INFO] [stderr] 17 | fn find_max_palindrome_number() -> usize {
[INFO] [stderr]    |    ^^^^^^^^^^^^^^^^^^^^^^^^^^
[INFO] [stderr] 
[INFO] [stderr] warning: `projecteuler` (lib) generated 5 warnings
[INFO] [stderr]     Finished `test` profile [unoptimized + debuginfo] target(s) in 0.02s
[INFO] [stderr]      Running unittests src/lib.rs (/opt/rustwide/target/debug/deps/projecteuler-200d404194fefd1c)
[INFO] [stdout] 
[INFO] [stdout] running 7 tests
[INFO] [stdout] test largestproductgrid::test::test_largest_product_grid ... ok
[INFO] [stdout] test palindromproduct::tests::test_palindrome ... ok
[INFO] [stdout] test palindromproduct::tests::test_products ... ok
[INFO] [stdout] test sumofprimes::tests::test_sieve_25 ... ok
[INFO] [stdout] test largestproductgrid::test::test_largest_product_grid_real ... ok
[INFO] [stdout] test palindromproduct::tests::test_palindrom_numbers ... FAILED
[INFO] [stdout] test sumofprimes::tests::test_sieve_2_000_000 ... ok
[INFO] [stdout] 
[INFO] [stdout] failures:
[INFO] [stdout] 
[INFO] [stdout] ---- palindromproduct::tests::test_palindrom_numbers stdout ----
[INFO] [stdout] 906609
[INFO] [stdout] 
[INFO] [stdout] thread 'palindromproduct::tests::test_palindrom_numbers' panicked at src/palindromproduct/mod.rs:48:9:
[INFO] [stdout] explicit panic
[INFO] [stdout] stack backtrace:
[INFO] [stdout]    0:     0x55a7cbe0cb4a - std::backtrace_rs::backtrace::libunwind::trace::hb059275cfc8d6126
[INFO] [stdout]                                at /rustc/6067b36314ab5eb2eb47cecc464545ba58e1ad24/library/std/src/../../backtrace/src/backtrace/libunwind.rs:116:5
[INFO] [stdout]    1:     0x55a7cbe0cb4a - std::backtrace_rs::backtrace::trace_unsynchronized::h2da071e4327ce3ee
[INFO] [stdout]                                at /rustc/6067b36314ab5eb2eb47cecc464545ba58e1ad24/library/std/src/../../backtrace/src/backtrace/mod.rs:66:5
[INFO] [stdout]    2:     0x55a7cbe0cb4a - std::sys::backtrace::_print_fmt::h842a1474e6f8d23f
[INFO] [stdout]                                at /rustc/6067b36314ab5eb2eb47cecc464545ba58e1ad24/library/std/src/sys/backtrace.rs:66:9
[INFO] [stdout]    3:     0x55a7cbe0cb4a - <std::sys::backtrace::BacktraceLock::print::DisplayBacktrace as core::fmt::Display>::fmt::h71a62eb3b9696b12
[INFO] [stdout]                                at /rustc/6067b36314ab5eb2eb47cecc464545ba58e1ad24/library/std/src/sys/backtrace.rs:39:26
[INFO] [stdout]    4:     0x55a7cbe34303 - core::fmt::rt::Argument::fmt::hdb6b616786b41dc1
[INFO] [stdout]                                at /rustc/6067b36314ab5eb2eb47cecc464545ba58e1ad24/library/core/src/fmt/rt.rs:177:76
[INFO] [stdout]    5:     0x55a7cbe34303 - core::fmt::write::h2cc1698af7e2d686
[INFO] [stdout]                                at /rustc/6067b36314ab5eb2eb47cecc464545ba58e1ad24/library/core/src/fmt/mod.rs:1440:21
[INFO] [stdout]    6:     0x55a7cbe096a3 - std::io::Write::write_fmt::hab1b4cd059a79022
[INFO] [stdout]                                at /rustc/6067b36314ab5eb2eb47cecc464545ba58e1ad24/library/std/src/io/mod.rs:1887:15
[INFO] [stdout]    7:     0x55a7cbe0c992 - std::sys::backtrace::BacktraceLock::print::h147fe35b4ea13b08
[INFO] [stdout]                                at /rustc/6067b36314ab5eb2eb47cecc464545ba58e1ad24/library/std/src/sys/backtrace.rs:42:9
[INFO] [stdout]    8:     0x55a7cbe0df6f - std::panicking::default_hook::{{closure}}::hbd44223dbdc0d208
[INFO] [stdout]                                at /rustc/6067b36314ab5eb2eb47cecc464545ba58e1ad24/library/std/src/panicking.rs:298:22
[INFO] [stdout]    9:     0x55a7cbe0dd88 - std::panicking::default_hook::h20f81eb0576efcec
[INFO] [stdout]                                at /rustc/6067b36314ab5eb2eb47cecc464545ba58e1ad24/library/std/src/panicking.rs:322:9
[INFO] [stdout]   10:     0x55a7cbdd6ba3 - <alloc::boxed::Box<F,A> as core::ops::function::Fn<Args>>::call::hdb53814c496a4d34
[INFO] [stdout]                                at /rustc/6067b36314ab5eb2eb47cecc464545ba58e1ad24/library/alloc/src/boxed.rs:2027:9
[INFO] [stdout]   11:     0x55a7cbdd6ba3 - test::test_main::{{closure}}::hc0a4963c59427c24
[INFO] [stdout]                                at /rustc/6067b36314ab5eb2eb47cecc464545ba58e1ad24/library/test/src/lib.rs:134:21
[INFO] [stdout]   12:     0x55a7cbe0ea63 - <alloc::boxed::Box<F,A> as core::ops::function::Fn<Args>>::call::h591b2225413a77e9
[INFO] [stdout]                                at /rustc/6067b36314ab5eb2eb47cecc464545ba58e1ad24/library/alloc/src/boxed.rs:2027:9
[INFO] [stdout]   13:     0x55a7cbe0ea63 - std::panicking::rust_panic_with_hook::h625eea43051b2edc
[INFO] [stdout]                                at /rustc/6067b36314ab5eb2eb47cecc464545ba58e1ad24/library/std/src/panicking.rs:839:13
[INFO] [stdout]   14:     0x55a7cbe0e71a - std::panicking::begin_panic_handler::{{closure}}::h4f9159cfbc3f6bd3
[INFO] [stdout]                                at /rustc/6067b36314ab5eb2eb47cecc464545ba58e1ad24/library/std/src/panicking.rs:704:13
[INFO] [stdout]   15:     0x55a7cbe0d049 - std::sys::backtrace::__rust_end_short_backtrace::h0390abce48353151
[INFO] [stdout]                                at /rustc/6067b36314ab5eb2eb47cecc464545ba58e1ad24/library/std/src/sys/backtrace.rs:168:18
[INFO] [stdout]   16:     0x55a7cbe0e3ad - rust_begin_unwind
[INFO] [stdout]                                at /rustc/6067b36314ab5eb2eb47cecc464545ba58e1ad24/library/std/src/panicking.rs:695:5
[INFO] [stdout]   17:     0x55a7cbe32c80 - core::panicking::panic_fmt::h9e7c637e9e5f29c9
[INFO] [stdout]                                at /rustc/6067b36314ab5eb2eb47cecc464545ba58e1ad24/library/core/src/panicking.rs:75:14
[INFO] [stdout]   18:     0x55a7cbe32e06 - core::panicking::panic_display::hd8e666a41baebd7d
[INFO] [stdout]                                at /rustc/6067b36314ab5eb2eb47cecc464545ba58e1ad24/library/core/src/panicking.rs:261:5
[INFO] [stdout]   19:     0x55a7cbe32e06 - core::panicking::panic_explicit::h9407dada34874bb0
[INFO] [stdout]                                at /rustc/6067b36314ab5eb2eb47cecc464545ba58e1ad24/library/core/src/panicking.rs:234:5
[INFO] [stdout]   20:     0x55a7cbd8d72a - projecteuler::palindromproduct::tests::test_palindrom_numbers::panic_cold_explicit::ha83f0bdedc7c7d1b
[INFO] [stdout]                                at /rustc/6067b36314ab5eb2eb47cecc464545ba58e1ad24/library/core/src/panic.rs:88:13
[INFO] [stdout]   21:     0x55a7cbd8d71a - projecteuler::palindromproduct::tests::test_palindrom_numbers::h3e05b153526f5b40
[INFO] [stdout]                                at /opt/rustwide/workdir/src/palindromproduct/mod.rs:48:9
[INFO] [stdout]   22:     0x55a7cbd8d6a7 - projecteuler::palindromproduct::tests::test_palindrom_numbers::{{closure}}::hd24c6adb56df0d0c
[INFO] [stdout]                                at /opt/rustwide/workdir/src/palindromproduct/mod.rs:43:32
[INFO] [stdout]   23:     0x55a7cbd927d6 - core::ops::function::FnOnce::call_once::hdfc1db6d7c4abfe1
[INFO] [stdout]                                at /rustc/6067b36314ab5eb2eb47cecc464545ba58e1ad24/library/core/src/ops/function.rs:250:5
[INFO] [stdout]   24:     0x55a7cbddc2fb - core::ops::function::FnOnce::call_once::he27718dfdd183f43
[INFO] [stdout]                                at /rustc/6067b36314ab5eb2eb47cecc464545ba58e1ad24/library/core/src/ops/function.rs:250:5
[INFO] [stdout]   25:     0x55a7cbddc2fb - test::__rust_begin_short_backtrace::h4e84902998457a5d
[INFO] [stdout]                                at /rustc/6067b36314ab5eb2eb47cecc464545ba58e1ad24/library/test/src/lib.rs:632:18
[INFO] [stdout]   26:     0x55a7cbddb233 - test::run_test_in_process::{{closure}}::h7176fd18fc1feca0
[INFO] [stdout]                                at /rustc/6067b36314ab5eb2eb47cecc464545ba58e1ad24/library/test/src/lib.rs:655:60
[INFO] [stdout]   27:     0x55a7cbddb233 - <core::panic::unwind_safe::AssertUnwindSafe<F> as core::ops::function::FnOnce<()>>::call_once::hf79cff2a624d8cf7
[INFO] [stdout]                                at /rustc/6067b36314ab5eb2eb47cecc464545ba58e1ad24/library/core/src/panic/unwind_safe.rs:272:9
[INFO] [stdout]   28:     0x55a7cbddb233 - std::panicking::try::do_call::h3da0561d9ab99c25
[INFO] [stdout]                                at /rustc/6067b36314ab5eb2eb47cecc464545ba58e1ad24/library/std/src/panicking.rs:587:40
[INFO] [stdout]   29:     0x55a7cbddb233 - std::panicking::try::h41c9fa508bc61df6
[INFO] [stdout]                                at /rustc/6067b36314ab5eb2eb47cecc464545ba58e1ad24/library/std/src/panicking.rs:550:19
[INFO] [stdout]   30:     0x55a7cbddb233 - std::panic::catch_unwind::h6b3ff07bb5afad93
[INFO] [stdout]                                at /rustc/6067b36314ab5eb2eb47cecc464545ba58e1ad24/library/std/src/panic.rs:358:14
[INFO] [stdout]   31:     0x55a7cbddb233 - test::run_test_in_process::hc7253dd11b39b9f4
[INFO] [stdout]                                at /rustc/6067b36314ab5eb2eb47cecc464545ba58e1ad24/library/test/src/lib.rs:655:27
[INFO] [stdout]   32:     0x55a7cbddb233 - test::run_test::{{closure}}::hfb2007f8649c30bb
[INFO] [stdout]                                at /rustc/6067b36314ab5eb2eb47cecc464545ba58e1ad24/library/test/src/lib.rs:576:43
[INFO] [stdout]   33:     0x55a7cbd9e315 - test::run_test::{{closure}}::h56a17aa7a282a9f4
[INFO] [stdout]                                at /rustc/6067b36314ab5eb2eb47cecc464545ba58e1ad24/library/test/src/lib.rs:606:41
[INFO] [stdout]   34:     0x55a7cbd9e315 - std::sys::backtrace::__rust_begin_short_backtrace::hd2d2d2fb8e8c6aac
[INFO] [stdout]                                at /rustc/6067b36314ab5eb2eb47cecc464545ba58e1ad24/library/std/src/sys/backtrace.rs:152:18
[INFO] [stdout]   35:     0x55a7cbda1bfa - std::thread::Builder::spawn_unchecked_::{{closure}}::{{closure}}::h4faa3f9db6133423
[INFO] [stdout]                                at /rustc/6067b36314ab5eb2eb47cecc464545ba58e1ad24/library/std/src/thread/mod.rs:559:17
[INFO] [stdout]   36:     0x55a7cbda1bfa - <core::panic::unwind_safe::AssertUnwindSafe<F> as core::ops::function::FnOnce<()>>::call_once::hf2e855a36a4ea846
[INFO] [stdout]                                at /rustc/6067b36314ab5eb2eb47cecc464545ba58e1ad24/library/core/src/panic/unwind_safe.rs:272:9
[INFO] [stdout]   37:     0x55a7cbda1bfa - std::panicking::try::do_call::h2f73af3616c35465
[INFO] [stdout]                                at /rustc/6067b36314ab5eb2eb47cecc464545ba58e1ad24/library/std/src/panicking.rs:587:40
[INFO] [stdout]   38:     0x55a7cbda1bfa - std::panicking::try::hd1660ce9efadef5a
[INFO] [stdout]                                at /rustc/6067b36314ab5eb2eb47cecc464545ba58e1ad24/library/std/src/panicking.rs:550:19
[INFO] [stdout]   39:     0x55a7cbda1bfa - std::panic::catch_unwind::h5ee8d7823b8ca744
[INFO] [stdout]                                at /rustc/6067b36314ab5eb2eb47cecc464545ba58e1ad24/library/std/src/panic.rs:358:14
[INFO] [stdout]   40:     0x55a7cbda1bfa - std::thread::Builder::spawn_unchecked_::{{closure}}::h53c3a1894dce8407
[INFO] [stdout]                                at /rustc/6067b36314ab5eb2eb47cecc464545ba58e1ad24/library/std/src/thread/mod.rs:557:30
[INFO] [stdout]   41:     0x55a7cbda1bfa - core::ops::function::FnOnce::call_once{{vtable.shim}}::h048ce291ad4f62bf
[INFO] [stdout]                                at /rustc/6067b36314ab5eb2eb47cecc464545ba58e1ad24/library/core/src/ops/function.rs:250:5
[INFO] [stdout]   42:     0x55a7cbe1299b - <alloc::boxed::Box<F,A> as core::ops::function::FnOnce<Args>>::call_once::ha52bedf99a3b4981
[INFO] [stdout]                                at /rustc/6067b36314ab5eb2eb47cecc464545ba58e1ad24/library/alloc/src/boxed.rs:2013:9
[INFO] [stdout]   43:     0x55a7cbe1299b - <alloc::boxed::Box<F,A> as core::ops::function::FnOnce<Args>>::call_once::h567748934d80ccf8
[INFO] [stdout]                                at /rustc/6067b36314ab5eb2eb47cecc464545ba58e1ad24/library/alloc/src/boxed.rs:2013:9
[INFO] [stdout]   44:     0x55a7cbe1299b - std::sys::pal::unix::thread::Thread::new::thread_start::h2d970728ae887adc
[INFO] [stdout]                                at /rustc/6067b36314ab5eb2eb47cecc464545ba58e1ad24/library/std/src/sys/pal/unix/thread.rs:106:17
[INFO] [stdout]   45:     0x734a53071ac3 - <unknown>
[INFO] [stdout]   46:     0x734a53102a04 - clone
[INFO] [stdout]   47:                0x0 - <unknown>
[INFO] [stdout] 
[INFO] [stdout] 
[INFO] [stdout] failures:
[INFO] [stdout]     palindromproduct::tests::test_palindrom_numbers
[INFO] [stdout] 
[INFO] [stdout] test result: FAILED. 6 passed; 1 failed; 0 ignored; 0 measured; 0 filtered out; finished in 12.02s
[INFO] [stdout] 
[INFO] [stderr] error: test failed, to rerun pass `--lib`
[INFO] running `Command { std: "docker" "inspect" "2d96ae3c502f4a8d3498e02dbf27549281e1143bca908682fe87c4b6bf419a3b", kill_on_drop: false }`
[INFO] running `Command { std: "docker" "rm" "-f" "2d96ae3c502f4a8d3498e02dbf27549281e1143bca908682fe87c4b6bf419a3b", kill_on_drop: false }`
[INFO] [stdout] 2d96ae3c502f4a8d3498e02dbf27549281e1143bca908682fe87c4b6bf419a3b
