[INFO] cloning repository https://github.com/PTNobel/RISC-V-Assembler
[INFO] running `Command { std: "git" "-c" "credential.helper=" "-c" "credential.helper=/workspace/cargo-home/bin/git-credential-null" "clone" "--bare" "https://github.com/PTNobel/RISC-V-Assembler" "/workspace/cache/git-repos/https%3A%2F%2Fgithub.com%2FPTNobel%2FRISC-V-Assembler", kill_on_drop: false }`
[INFO] [stderr] Cloning into bare repository '/workspace/cache/git-repos/https%3A%2F%2Fgithub.com%2FPTNobel%2FRISC-V-Assembler'...
[INFO] running `Command { std: "git" "rev-parse" "HEAD", kill_on_drop: false }`
[INFO] [stdout] 18043a60fa86a33fe737f7dd8ff01e638e508cba
[INFO] testing PTNobel/RISC-V-Assembler against nightly-2025-01-18+rustflags=-Zrandomize-layout for randomize-layout-2
[INFO] running `Command { std: "git" "clone" "/workspace/cache/git-repos/https%3A%2F%2Fgithub.com%2FPTNobel%2FRISC-V-Assembler" "/workspace/builds/worker-5-tc2/source", kill_on_drop: false }`
[INFO] [stderr] Cloning into '/workspace/builds/worker-5-tc2/source'...
[INFO] [stderr] done.
[INFO] validating manifest of git repo https://github.com/PTNobel/RISC-V-Assembler on toolchain nightly-2025-01-18
[INFO] running `Command { std: CARGO_HOME="/workspace/cargo-home" RUSTUP_HOME="/workspace/rustup-home" "/workspace/cargo-home/bin/cargo" "+nightly-2025-01-18" "metadata" "--manifest-path" "Cargo.toml" "--no-deps", kill_on_drop: false }`
[INFO] started tweaking git repo https://github.com/PTNobel/RISC-V-Assembler
[INFO] finished tweaking git repo https://github.com/PTNobel/RISC-V-Assembler
[INFO] tweaked toml for git repo https://github.com/PTNobel/RISC-V-Assembler written to /workspace/builds/worker-5-tc2/source/Cargo.toml
[INFO] crate git repo https://github.com/PTNobel/RISC-V-Assembler already has a lockfile, it will not be regenerated
[INFO] running `Command { std: CARGO_HOME="/workspace/cargo-home" RUSTUP_HOME="/workspace/rustup-home" "/workspace/cargo-home/bin/cargo" "+nightly-2025-01-18" "fetch" "--manifest-path" "Cargo.toml", kill_on_drop: false }`
[INFO] [stderr] warning: no edition set: defaulting to the 2015 edition while the latest is 2024
[INFO] running `Command { std: "docker" "create" "-v" "/var/lib/crater-agent-workspace/builds/worker-5-tc2/target:/opt/rustwide/target:rw,Z" "-v" "/var/lib/crater-agent-workspace/builds/worker-5-tc2/source:/opt/rustwide/workdir:ro,Z" "-v" "/var/lib/crater-agent-workspace/cargo-home:/opt/rustwide/cargo-home:ro,Z" "-v" "/var/lib/crater-agent-workspace/rustup-home:/opt/rustwide/rustup-home:ro,Z" "-e" "SOURCE_DIR=/opt/rustwide/workdir" "-e" "CARGO_TARGET_DIR=/opt/rustwide/target" "-e" "CARGO_HOME=/opt/rustwide/cargo-home" "-e" "RUSTUP_HOME=/opt/rustwide/rustup-home" "-w" "/opt/rustwide/workdir" "-m" "1610612736" "--user" "0:0" "--network" "none" "ghcr.io/rust-lang/crates-build-env/linux@sha256:819108c5571ea2e421544af4d832f968d213c87fbe3707a016657f43d2f853bc" "/opt/rustwide/cargo-home/bin/cargo" "+nightly-2025-01-18" "metadata" "--no-deps" "--format-version=1", kill_on_drop: false }`
[INFO] [stdout] d0d7242cd937c0572e87c830098d99f506830f8b0d6ee6460d9fe519d91e6ffb
[INFO] running `Command { std: "docker" "start" "-a" "d0d7242cd937c0572e87c830098d99f506830f8b0d6ee6460d9fe519d91e6ffb", kill_on_drop: false }`
[INFO] running `Command { std: "docker" "inspect" "d0d7242cd937c0572e87c830098d99f506830f8b0d6ee6460d9fe519d91e6ffb", kill_on_drop: false }`
[INFO] running `Command { std: "docker" "rm" "-f" "d0d7242cd937c0572e87c830098d99f506830f8b0d6ee6460d9fe519d91e6ffb", kill_on_drop: false }`
[INFO] [stdout] d0d7242cd937c0572e87c830098d99f506830f8b0d6ee6460d9fe519d91e6ffb
[INFO] running `Command { std: "docker" "create" "-v" "/var/lib/crater-agent-workspace/builds/worker-5-tc2/target:/opt/rustwide/target:rw,Z" "-v" "/var/lib/crater-agent-workspace/builds/worker-5-tc2/source:/opt/rustwide/workdir:ro,Z" "-v" "/var/lib/crater-agent-workspace/cargo-home:/opt/rustwide/cargo-home:ro,Z" "-v" "/var/lib/crater-agent-workspace/rustup-home:/opt/rustwide/rustup-home:ro,Z" "-e" "SOURCE_DIR=/opt/rustwide/workdir" "-e" "CARGO_TARGET_DIR=/opt/rustwide/target" "-e" "CARGO_INCREMENTAL=0" "-e" "RUST_BACKTRACE=full" "-e" "RUSTFLAGS=--cap-lints=forbid -Zrandomize-layout" "-e" "RUSTDOCFLAGS=--cap-lints=forbid" "-e" "CARGO_HOME=/opt/rustwide/cargo-home" "-e" "RUSTUP_HOME=/opt/rustwide/rustup-home" "-w" "/opt/rustwide/workdir" "-m" "1610612736" "--user" "0:0" "--network" "none" "ghcr.io/rust-lang/crates-build-env/linux@sha256:819108c5571ea2e421544af4d832f968d213c87fbe3707a016657f43d2f853bc" "/opt/rustwide/cargo-home/bin/cargo" "+nightly-2025-01-18" "build" "--frozen" "--message-format=json", kill_on_drop: false }`
[INFO] [stdout] aafafb0eabfbfe9142d89c9c973df13d2cc889ea6878c7e4d6e896c0ae1cbb24
[INFO] running `Command { std: "docker" "start" "-a" "aafafb0eabfbfe9142d89c9c973df13d2cc889ea6878c7e4d6e896c0ae1cbb24", kill_on_drop: false }`
[INFO] [stderr] warning: no edition set: defaulting to the 2015 edition while the latest is 2024
[INFO] [stderr]    Compiling proc-macro2 v0.4.19
[INFO] [stderr]    Compiling unicode-xid v0.1.0
[INFO] [stderr]    Compiling ucd-trie v0.1.1
[INFO] [stderr]    Compiling maplit v1.0.1
[INFO] [stderr]    Compiling pest v2.0.1
[INFO] [stderr]    Compiling quote v0.6.8
[INFO] [stderr]    Compiling syn v0.14.9
[INFO] [stderr]    Compiling pest_meta v2.0.3
[INFO] [stderr]    Compiling pest_generator v2.0.0
[INFO] [stderr]    Compiling pest_derive v2.0.1
[INFO] [stderr]    Compiling riscv_assembler v0.1.0 (/opt/rustwide/workdir)
[INFO] [stdout] warning: unused variable: `name`
[INFO] [stdout]  --> src/instructions.rs:9:12
[INFO] [stdout]   |
[INFO] [stdout] 9 |     fn new(name: &str) -> Self {
[INFO] [stdout]   |            ^^^^ help: if this is intentional, prefix it with an underscore: `_name`
[INFO] [stdout]   |
[INFO] [stdout]   = note: `#[warn(unused_variables)]` on by default
[INFO] [stdout] 
[INFO] [stdout] 
[INFO] [stdout] warning: unused variable: `opcode`
[INFO] [stdout]    --> src/instructions.rs:122:28
[INFO] [stdout]     |
[INFO] [stdout] 122 |             Instruction::I{opcode, rd, funct3, rs1, imm} => {},
[INFO] [stdout]     |                            ^^^^^^ help: try ignoring the field: `opcode: _`
[INFO] [stdout] 
[INFO] [stdout] 
[INFO] [stdout] warning: unused variable: `rd`
[INFO] [stdout]    --> src/instructions.rs:122:36
[INFO] [stdout]     |
[INFO] [stdout] 122 |             Instruction::I{opcode, rd, funct3, rs1, imm} => {},
[INFO] [stdout]     |                                    ^^ help: try ignoring the field: `rd: _`
[INFO] [stdout] 
[INFO] [stdout] 
[INFO] [stdout] warning: unused variable: `funct3`
[INFO] [stdout]    --> src/instructions.rs:122:40
[INFO] [stdout]     |
[INFO] [stdout] 122 |             Instruction::I{opcode, rd, funct3, rs1, imm} => {},
[INFO] [stdout]     |                                        ^^^^^^ help: try ignoring the field: `funct3: _`
[INFO] [stdout] 
[INFO] [stdout] 
[INFO] [stdout] warning: unused variable: `rs1`
[INFO] [stdout]    --> src/instructions.rs:122:48
[INFO] [stdout]     |
[INFO] [stdout] 122 |             Instruction::I{opcode, rd, funct3, rs1, imm} => {},
[INFO] [stdout]     |                                                ^^^ help: try ignoring the field: `rs1: _`
[INFO] [stdout] 
[INFO] [stdout] 
[INFO] [stdout] warning: unused variable: `imm`
[INFO] [stdout]    --> src/instructions.rs:122:53
[INFO] [stdout]     |
[INFO] [stdout] 122 |             Instruction::I{opcode, rd, funct3, rs1, imm} => {},
[INFO] [stdout]     |                                                     ^^^ help: try ignoring the field: `imm: _`
[INFO] [stdout] 
[INFO] [stdout] 
[INFO] [stdout] warning: unused variable: `opcode`
[INFO] [stdout]    --> src/instructions.rs:123:28
[INFO] [stdout]     |
[INFO] [stdout] 123 |             Instruction::S{opcode, funct3, rs1, rs2, imm} => {},
[INFO] [stdout]     |                            ^^^^^^ help: try ignoring the field: `opcode: _`
[INFO] [stdout] 
[INFO] [stdout] 
[INFO] [stdout] warning: unused variable: `funct3`
[INFO] [stdout]    --> src/instructions.rs:123:36
[INFO] [stdout]     |
[INFO] [stdout] 123 |             Instruction::S{opcode, funct3, rs1, rs2, imm} => {},
[INFO] [stdout]     |                                    ^^^^^^ help: try ignoring the field: `funct3: _`
[INFO] [stdout] 
[INFO] [stdout] 
[INFO] [stdout] warning: unused variable: `rs1`
[INFO] [stdout]    --> src/instructions.rs:123:44
[INFO] [stdout]     |
[INFO] [stdout] 123 |             Instruction::S{opcode, funct3, rs1, rs2, imm} => {},
[INFO] [stdout]     |                                            ^^^ help: try ignoring the field: `rs1: _`
[INFO] [stdout] 
[INFO] [stdout] 
[INFO] [stdout] warning: unused variable: `rs2`
[INFO] [stdout]    --> src/instructions.rs:123:49
[INFO] [stdout]     |
[INFO] [stdout] 123 |             Instruction::S{opcode, funct3, rs1, rs2, imm} => {},
[INFO] [stdout]     |                                                 ^^^ help: try ignoring the field: `rs2: _`
[INFO] [stdout] 
[INFO] [stdout] 
[INFO] [stdout] warning: unused variable: `imm`
[INFO] [stdout]    --> src/instructions.rs:123:54
[INFO] [stdout]     |
[INFO] [stdout] 123 |             Instruction::S{opcode, funct3, rs1, rs2, imm} => {},
[INFO] [stdout]     |                                                      ^^^ help: try ignoring the field: `imm: _`
[INFO] [stdout] 
[INFO] [stdout] 
[INFO] [stdout] warning: unused variable: `opcode`
[INFO] [stdout]    --> src/instructions.rs:124:29
[INFO] [stdout]     |
[INFO] [stdout] 124 |             Instruction::SB{opcode, funct3, rs1, rs2, imm} => {},
[INFO] [stdout]     |                             ^^^^^^ help: try ignoring the field: `opcode: _`
[INFO] [stdout] 
[INFO] [stdout] 
[INFO] [stdout] warning: unused variable: `funct3`
[INFO] [stdout]    --> src/instructions.rs:124:37
[INFO] [stdout]     |
[INFO] [stdout] 124 |             Instruction::SB{opcode, funct3, rs1, rs2, imm} => {},
[INFO] [stdout]     |                                     ^^^^^^ help: try ignoring the field: `funct3: _`
[INFO] [stdout] 
[INFO] [stdout] 
[INFO] [stdout] warning: unused variable: `rs1`
[INFO] [stdout]    --> src/instructions.rs:124:45
[INFO] [stdout]     |
[INFO] [stdout] 124 |             Instruction::SB{opcode, funct3, rs1, rs2, imm} => {},
[INFO] [stdout]     |                                             ^^^ help: try ignoring the field: `rs1: _`
[INFO] [stdout] 
[INFO] [stdout] 
[INFO] [stdout] warning: unused variable: `rs2`
[INFO] [stdout]    --> src/instructions.rs:124:50
[INFO] [stdout]     |
[INFO] [stdout] 124 |             Instruction::SB{opcode, funct3, rs1, rs2, imm} => {},
[INFO] [stdout]     |                                                  ^^^ help: try ignoring the field: `rs2: _`
[INFO] [stdout] 
[INFO] [stdout] 
[INFO] [stdout] warning: unused variable: `imm`
[INFO] [stdout]    --> src/instructions.rs:124:55
[INFO] [stdout]     |
[INFO] [stdout] 124 |             Instruction::SB{opcode, funct3, rs1, rs2, imm} => {},
[INFO] [stdout]     |                                                       ^^^ help: try ignoring the field: `imm: _`
[INFO] [stdout] 
[INFO] [stdout] 
[INFO] [stdout] warning: unused variable: `opcode`
[INFO] [stdout]    --> src/instructions.rs:125:28
[INFO] [stdout]     |
[INFO] [stdout] 125 |             Instruction::U{opcode, rd, imm} => {},
[INFO] [stdout]     |                            ^^^^^^ help: try ignoring the field: `opcode: _`
[INFO] [stdout] 
[INFO] [stdout] 
[INFO] [stdout] warning: unused variable: `rd`
[INFO] [stdout]    --> src/instructions.rs:125:36
[INFO] [stdout]     |
[INFO] [stdout] 125 |             Instruction::U{opcode, rd, imm} => {},
[INFO] [stdout]     |                                    ^^ help: try ignoring the field: `rd: _`
[INFO] [stdout] 
[INFO] [stdout] 
[INFO] [stdout] warning: unused variable: `imm`
[INFO] [stdout]    --> src/instructions.rs:125:40
[INFO] [stdout]     |
[INFO] [stdout] 125 |             Instruction::U{opcode, rd, imm} => {},
[INFO] [stdout]     |                                        ^^^ help: try ignoring the field: `imm: _`
[INFO] [stdout] 
[INFO] [stdout] 
[INFO] [stdout] warning: unused variable: `opcode`
[INFO] [stdout]    --> src/instructions.rs:126:29
[INFO] [stdout]     |
[INFO] [stdout] 126 |             Instruction::UJ{opcode, rd, imm} => {},
[INFO] [stdout]     |                             ^^^^^^ help: try ignoring the field: `opcode: _`
[INFO] [stdout] 
[INFO] [stdout] 
[INFO] [stdout] warning: unused variable: `rd`
[INFO] [stdout]    --> src/instructions.rs:126:37
[INFO] [stdout]     |
[INFO] [stdout] 126 |             Instruction::UJ{opcode, rd, imm} => {},
[INFO] [stdout]     |                                     ^^ help: try ignoring the field: `rd: _`
[INFO] [stdout] 
[INFO] [stdout] 
[INFO] [stdout] warning: unused variable: `imm`
[INFO] [stdout]    --> src/instructions.rs:126:41
[INFO] [stdout]     |
[INFO] [stdout] 126 |             Instruction::UJ{opcode, rd, imm} => {},
[INFO] [stdout]     |                                         ^^^ help: try ignoring the field: `imm: _`
[INFO] [stdout] 
[INFO] [stdout] 
[INFO] [stdout] warning: struct `GrammarParser` is never constructed
[INFO] [stdout]  --> src/main.rs:8:8
[INFO] [stdout]   |
[INFO] [stdout] 8 | struct GrammarParser;
[INFO] [stdout]   |        ^^^^^^^^^^^^^
[INFO] [stdout]   |
[INFO] [stdout]   = note: `#[warn(dead_code)]` on by default
[INFO] [stdout] 
[INFO] [stdout] 
[INFO] [stdout] warning: struct `InstructionLiterals` is never constructed
[INFO] [stdout]  --> src/instructions.rs:2:12
[INFO] [stdout]   |
[INFO] [stdout] 2 | pub struct InstructionLiterals {
[INFO] [stdout]   |            ^^^^^^^^^^^^^^^^^^^
[INFO] [stdout] 
[INFO] [stdout] 
[INFO] [stdout] warning: associated function `new` is never used
[INFO] [stdout]  --> src/instructions.rs:9:8
[INFO] [stdout]   |
[INFO] [stdout] 8 | impl InstructionLiterals {
[INFO] [stdout]   | ------------------------ associated function in this implementation
[INFO] [stdout] 9 |     fn new(name: &str) -> Self {
[INFO] [stdout]   |        ^^^
[INFO] [stdout] 
[INFO] [stdout] 
[INFO] [stdout] warning: struct `Register` is never constructed
[INFO] [stdout]   --> src/instructions.rs:22:12
[INFO] [stdout]    |
[INFO] [stdout] 22 | pub struct Register([bool; 5]);
[INFO] [stdout]    |            ^^^^^^^^
[INFO] [stdout] 
[INFO] [stdout] 
[INFO] [stdout] warning: associated function `new` is never used
[INFO] [stdout]   --> src/instructions.rs:25:12
[INFO] [stdout]    |
[INFO] [stdout] 24 | impl Register {
[INFO] [stdout]    | ------------- associated function in this implementation
[INFO] [stdout] 25 |     pub fn new(name: &str) -> Self {
[INFO] [stdout]    |            ^^^
[INFO] [stdout] 
[INFO] [stdout] 
[INFO] [stdout] warning: enum `Instruction` is never used
[INFO] [stdout]   --> src/instructions.rs:43:10
[INFO] [stdout]    |
[INFO] [stdout] 43 | pub enum Instruction {
[INFO] [stdout]    |          ^^^^^^^^^^^
[INFO] [stdout] 
[INFO] [stdout] 
[INFO] [stdout] warning: method `to_word` is never used
[INFO] [stdout]   --> src/instructions.rs:87:12
[INFO] [stdout]    |
[INFO] [stdout] 86 | impl Instruction {
[INFO] [stdout]    | ---------------- method in this implementation
[INFO] [stdout] 87 |     pub fn to_word(&self) -> [bool; 32] {
[INFO] [stdout]    |            ^^^^^^^
[INFO] [stdout] 
[INFO] [stdout] 
[INFO] [stdout] warning: function `convert_bit_array_to_byte_array` is never used
[INFO] [stdout]    --> src/instructions.rs:132:8
[INFO] [stdout]     |
[INFO] [stdout] 132 | pub fn convert_bit_array_to_byte_array(bit_array: [bool; 32]) -> [u8; 4] {
[INFO] [stdout]     |        ^^^^^^^^^^^^^^^^^^^^^^^^^^^^^^^
[INFO] [stdout] 
[INFO] [stdout] 
[INFO] [stderr]     Finished `dev` profile [unoptimized + debuginfo] target(s) in 5.82s
[INFO] [stderr] warning: the following packages contain code that will be rejected by a future version of Rust: syn v0.14.9
[INFO] [stderr] note: to see what the problems were, use the option `--future-incompat-report`, or run `cargo report future-incompatibilities --id 1`
[INFO] running `Command { std: "docker" "inspect" "aafafb0eabfbfe9142d89c9c973df13d2cc889ea6878c7e4d6e896c0ae1cbb24", kill_on_drop: false }`
[INFO] running `Command { std: "docker" "rm" "-f" "aafafb0eabfbfe9142d89c9c973df13d2cc889ea6878c7e4d6e896c0ae1cbb24", kill_on_drop: false }`
[INFO] [stdout] aafafb0eabfbfe9142d89c9c973df13d2cc889ea6878c7e4d6e896c0ae1cbb24
[INFO] running `Command { std: "docker" "create" "-v" "/var/lib/crater-agent-workspace/builds/worker-5-tc2/target:/opt/rustwide/target:rw,Z" "-v" "/var/lib/crater-agent-workspace/builds/worker-5-tc2/source:/opt/rustwide/workdir:ro,Z" "-v" "/var/lib/crater-agent-workspace/cargo-home:/opt/rustwide/cargo-home:ro,Z" "-v" "/var/lib/crater-agent-workspace/rustup-home:/opt/rustwide/rustup-home:ro,Z" "-e" "SOURCE_DIR=/opt/rustwide/workdir" "-e" "CARGO_TARGET_DIR=/opt/rustwide/target" "-e" "CARGO_INCREMENTAL=0" "-e" "RUST_BACKTRACE=full" "-e" "RUSTFLAGS=--cap-lints=forbid -Zrandomize-layout" "-e" "RUSTDOCFLAGS=--cap-lints=forbid" "-e" "CARGO_HOME=/opt/rustwide/cargo-home" "-e" "RUSTUP_HOME=/opt/rustwide/rustup-home" "-w" "/opt/rustwide/workdir" "-m" "1610612736" "--user" "0:0" "--network" "none" "ghcr.io/rust-lang/crates-build-env/linux@sha256:819108c5571ea2e421544af4d832f968d213c87fbe3707a016657f43d2f853bc" "/opt/rustwide/cargo-home/bin/cargo" "+nightly-2025-01-18" "test" "--frozen" "--no-run" "--message-format=json", kill_on_drop: false }`
[INFO] [stdout] 0b5017f8fe592b0af8f3853b7ff8645367cc4cfea9374869891701d5444536be
[INFO] running `Command { std: "docker" "start" "-a" "0b5017f8fe592b0af8f3853b7ff8645367cc4cfea9374869891701d5444536be", kill_on_drop: false }`
[INFO] [stderr] warning: no edition set: defaulting to the 2015 edition while the latest is 2024
[INFO] [stderr]    Compiling riscv_assembler v0.1.0 (/opt/rustwide/workdir)
[INFO] [stdout] warning: unused variable: `name`
[INFO] [stdout]  --> src/instructions.rs:9:12
[INFO] [stdout]   |
[INFO] [stdout] 9 |     fn new(name: &str) -> Self {
[INFO] [stdout]   |            ^^^^ help: if this is intentional, prefix it with an underscore: `_name`
[INFO] [stdout]   |
[INFO] [stdout]   = note: `#[warn(unused_variables)]` on by default
[INFO] [stdout] 
[INFO] [stdout] 
[INFO] [stdout] warning: unused variable: `opcode`
[INFO] [stdout]    --> src/instructions.rs:122:28
[INFO] [stdout]     |
[INFO] [stdout] 122 |             Instruction::I{opcode, rd, funct3, rs1, imm} => {},
[INFO] [stdout]     |                            ^^^^^^ help: try ignoring the field: `opcode: _`
[INFO] [stdout] 
[INFO] [stdout] 
[INFO] [stdout] warning: unused variable: `rd`
[INFO] [stdout]    --> src/instructions.rs:122:36
[INFO] [stdout]     |
[INFO] [stdout] 122 |             Instruction::I{opcode, rd, funct3, rs1, imm} => {},
[INFO] [stdout]     |                                    ^^ help: try ignoring the field: `rd: _`
[INFO] [stdout] 
[INFO] [stdout] 
[INFO] [stdout] warning: unused variable: `funct3`
[INFO] [stdout]    --> src/instructions.rs:122:40
[INFO] [stdout]     |
[INFO] [stdout] 122 |             Instruction::I{opcode, rd, funct3, rs1, imm} => {},
[INFO] [stdout]     |                                        ^^^^^^ help: try ignoring the field: `funct3: _`
[INFO] [stdout] 
[INFO] [stdout] 
[INFO] [stdout] warning: unused variable: `rs1`
[INFO] [stdout]    --> src/instructions.rs:122:48
[INFO] [stdout]     |
[INFO] [stdout] 122 |             Instruction::I{opcode, rd, funct3, rs1, imm} => {},
[INFO] [stdout]     |                                                ^^^ help: try ignoring the field: `rs1: _`
[INFO] [stdout] 
[INFO] [stdout] 
[INFO] [stdout] warning: unused variable: `imm`
[INFO] [stdout]    --> src/instructions.rs:122:53
[INFO] [stdout]     |
[INFO] [stdout] 122 |             Instruction::I{opcode, rd, funct3, rs1, imm} => {},
[INFO] [stdout]     |                                                     ^^^ help: try ignoring the field: `imm: _`
[INFO] [stdout] 
[INFO] [stdout] 
[INFO] [stdout] warning: unused variable: `opcode`
[INFO] [stdout]    --> src/instructions.rs:123:28
[INFO] [stdout]     |
[INFO] [stdout] 123 |             Instruction::S{opcode, funct3, rs1, rs2, imm} => {},
[INFO] [stdout]     |                            ^^^^^^ help: try ignoring the field: `opcode: _`
[INFO] [stdout] 
[INFO] [stdout] 
[INFO] [stdout] warning: unused variable: `funct3`
[INFO] [stdout]    --> src/instructions.rs:123:36
[INFO] [stdout]     |
[INFO] [stdout] 123 |             Instruction::S{opcode, funct3, rs1, rs2, imm} => {},
[INFO] [stdout]     |                                    ^^^^^^ help: try ignoring the field: `funct3: _`
[INFO] [stdout] 
[INFO] [stdout] 
[INFO] [stdout] warning: unused variable: `rs1`
[INFO] [stdout]    --> src/instructions.rs:123:44
[INFO] [stdout]     |
[INFO] [stdout] 123 |             Instruction::S{opcode, funct3, rs1, rs2, imm} => {},
[INFO] [stdout]     |                                            ^^^ help: try ignoring the field: `rs1: _`
[INFO] [stdout] 
[INFO] [stdout] 
[INFO] [stdout] warning: unused variable: `rs2`
[INFO] [stdout]    --> src/instructions.rs:123:49
[INFO] [stdout]     |
[INFO] [stdout] 123 |             Instruction::S{opcode, funct3, rs1, rs2, imm} => {},
[INFO] [stdout]     |                                                 ^^^ help: try ignoring the field: `rs2: _`
[INFO] [stdout] 
[INFO] [stdout] 
[INFO] [stdout] warning: unused variable: `imm`
[INFO] [stdout]    --> src/instructions.rs:123:54
[INFO] [stdout]     |
[INFO] [stdout] 123 |             Instruction::S{opcode, funct3, rs1, rs2, imm} => {},
[INFO] [stdout]     |                                                      ^^^ help: try ignoring the field: `imm: _`
[INFO] [stdout] 
[INFO] [stdout] 
[INFO] [stdout] warning: unused variable: `opcode`
[INFO] [stdout]    --> src/instructions.rs:124:29
[INFO] [stdout]     |
[INFO] [stdout] 124 |             Instruction::SB{opcode, funct3, rs1, rs2, imm} => {},
[INFO] [stdout]     |                             ^^^^^^ help: try ignoring the field: `opcode: _`
[INFO] [stdout] 
[INFO] [stdout] 
[INFO] [stdout] warning: unused variable: `funct3`
[INFO] [stdout]    --> src/instructions.rs:124:37
[INFO] [stdout]     |
[INFO] [stdout] 124 |             Instruction::SB{opcode, funct3, rs1, rs2, imm} => {},
[INFO] [stdout]     |                                     ^^^^^^ help: try ignoring the field: `funct3: _`
[INFO] [stdout] 
[INFO] [stdout] 
[INFO] [stdout] warning: unused variable: `rs1`
[INFO] [stdout]    --> src/instructions.rs:124:45
[INFO] [stdout]     |
[INFO] [stdout] 124 |             Instruction::SB{opcode, funct3, rs1, rs2, imm} => {},
[INFO] [stdout]     |                                             ^^^ help: try ignoring the field: `rs1: _`
[INFO] [stdout] 
[INFO] [stdout] 
[INFO] [stdout] warning: unused variable: `rs2`
[INFO] [stdout]    --> src/instructions.rs:124:50
[INFO] [stdout]     |
[INFO] [stdout] 124 |             Instruction::SB{opcode, funct3, rs1, rs2, imm} => {},
[INFO] [stdout]     |                                                  ^^^ help: try ignoring the field: `rs2: _`
[INFO] [stdout] 
[INFO] [stdout] 
[INFO] [stdout] warning: unused variable: `imm`
[INFO] [stdout]    --> src/instructions.rs:124:55
[INFO] [stdout]     |
[INFO] [stdout] 124 |             Instruction::SB{opcode, funct3, rs1, rs2, imm} => {},
[INFO] [stdout]     |                                                       ^^^ help: try ignoring the field: `imm: _`
[INFO] [stdout] 
[INFO] [stdout] 
[INFO] [stdout] warning: unused variable: `opcode`
[INFO] [stdout]    --> src/instructions.rs:125:28
[INFO] [stdout]     |
[INFO] [stdout] 125 |             Instruction::U{opcode, rd, imm} => {},
[INFO] [stdout]     |                            ^^^^^^ help: try ignoring the field: `opcode: _`
[INFO] [stdout] 
[INFO] [stdout] 
[INFO] [stdout] warning: unused variable: `rd`
[INFO] [stdout]    --> src/instructions.rs:125:36
[INFO] [stdout]     |
[INFO] [stdout] 125 |             Instruction::U{opcode, rd, imm} => {},
[INFO] [stdout]     |                                    ^^ help: try ignoring the field: `rd: _`
[INFO] [stdout] 
[INFO] [stdout] 
[INFO] [stdout] warning: unused variable: `imm`
[INFO] [stdout]    --> src/instructions.rs:125:40
[INFO] [stdout]     |
[INFO] [stdout] 125 |             Instruction::U{opcode, rd, imm} => {},
[INFO] [stdout]     |                                        ^^^ help: try ignoring the field: `imm: _`
[INFO] [stdout] 
[INFO] [stdout] 
[INFO] [stdout] warning: unused variable: `opcode`
[INFO] [stdout]    --> src/instructions.rs:126:29
[INFO] [stdout]     |
[INFO] [stdout] 126 |             Instruction::UJ{opcode, rd, imm} => {},
[INFO] [stdout]     |                             ^^^^^^ help: try ignoring the field: `opcode: _`
[INFO] [stdout] 
[INFO] [stdout] 
[INFO] [stdout] warning: unused variable: `rd`
[INFO] [stdout]    --> src/instructions.rs:126:37
[INFO] [stdout]     |
[INFO] [stdout] 126 |             Instruction::UJ{opcode, rd, imm} => {},
[INFO] [stdout]     |                                     ^^ help: try ignoring the field: `rd: _`
[INFO] [stdout] 
[INFO] [stdout] 
[INFO] [stdout] warning: unused variable: `imm`
[INFO] [stdout]    --> src/instructions.rs:126:41
[INFO] [stdout]     |
[INFO] [stdout] 126 |             Instruction::UJ{opcode, rd, imm} => {},
[INFO] [stdout]     |                                         ^^^ help: try ignoring the field: `imm: _`
[INFO] [stdout] 
[INFO] [stdout] 
[INFO] [stdout] warning: struct `GrammarParser` is never constructed
[INFO] [stdout]  --> src/main.rs:8:8
[INFO] [stdout]   |
[INFO] [stdout] 8 | struct GrammarParser;
[INFO] [stdout]   |        ^^^^^^^^^^^^^
[INFO] [stdout]   |
[INFO] [stdout]   = note: `#[warn(dead_code)]` on by default
[INFO] [stdout] 
[INFO] [stdout] 
[INFO] [stdout] warning: struct `InstructionLiterals` is never constructed
[INFO] [stdout]  --> src/instructions.rs:2:12
[INFO] [stdout]   |
[INFO] [stdout] 2 | pub struct InstructionLiterals {
[INFO] [stdout]   |            ^^^^^^^^^^^^^^^^^^^
[INFO] [stdout] 
[INFO] [stdout] 
[INFO] [stdout] warning: associated function `new` is never used
[INFO] [stdout]  --> src/instructions.rs:9:8
[INFO] [stdout]   |
[INFO] [stdout] 8 | impl InstructionLiterals {
[INFO] [stdout]   | ------------------------ associated function in this implementation
[INFO] [stdout] 9 |     fn new(name: &str) -> Self {
[INFO] [stdout]   |        ^^^
[INFO] [stdout] 
[INFO] [stdout] 
[INFO] [stdout] warning: variants `I`, `S`, `SB`, `U`, and `UJ` are never constructed
[INFO] [stdout]   --> src/instructions.rs:52:4
[INFO] [stdout]    |
[INFO] [stdout] 43 | pub enum Instruction {
[INFO] [stdout]    |          ----------- variants in this enum
[INFO] [stdout] ...
[INFO] [stdout] 52 |    I {
[INFO] [stdout]    |    ^
[INFO] [stdout] ...
[INFO] [stdout] 60 |    S {
[INFO] [stdout]    |    ^
[INFO] [stdout] ...
[INFO] [stdout] 67 |    SB {
[INFO] [stdout]    |    ^^
[INFO] [stdout] ...
[INFO] [stdout] 74 |    U {
[INFO] [stdout]    |    ^
[INFO] [stdout] ...
[INFO] [stdout] 79 |    UJ {
[INFO] [stdout]    |    ^^
[INFO] [stdout] 
[INFO] [stdout] 
[INFO] [stderr]     Finished `test` profile [unoptimized + debuginfo] target(s) in 0.40s
[INFO] [stderr] warning: the following packages contain code that will be rejected by a future version of Rust: syn v0.14.9
[INFO] [stderr] note: to see what the problems were, use the option `--future-incompat-report`, or run `cargo report future-incompatibilities --id 1`
[INFO] running `Command { std: "docker" "inspect" "0b5017f8fe592b0af8f3853b7ff8645367cc4cfea9374869891701d5444536be", kill_on_drop: false }`
[INFO] running `Command { std: "docker" "rm" "-f" "0b5017f8fe592b0af8f3853b7ff8645367cc4cfea9374869891701d5444536be", kill_on_drop: false }`
[INFO] [stdout] 0b5017f8fe592b0af8f3853b7ff8645367cc4cfea9374869891701d5444536be
[INFO] running `Command { std: "docker" "create" "-v" "/var/lib/crater-agent-workspace/builds/worker-5-tc2/target:/opt/rustwide/target:rw,Z" "-v" "/var/lib/crater-agent-workspace/builds/worker-5-tc2/source:/opt/rustwide/workdir:ro,Z" "-v" "/var/lib/crater-agent-workspace/cargo-home:/opt/rustwide/cargo-home:ro,Z" "-v" "/var/lib/crater-agent-workspace/rustup-home:/opt/rustwide/rustup-home:ro,Z" "-e" "SOURCE_DIR=/opt/rustwide/workdir" "-e" "CARGO_TARGET_DIR=/opt/rustwide/target" "-e" "CARGO_INCREMENTAL=0" "-e" "RUST_BACKTRACE=full" "-e" "RUSTFLAGS=--cap-lints=forbid -Zrandomize-layout" "-e" "RUSTDOCFLAGS=--cap-lints=forbid" "-e" "CARGO_HOME=/opt/rustwide/cargo-home" "-e" "RUSTUP_HOME=/opt/rustwide/rustup-home" "-w" "/opt/rustwide/workdir" "-m" "1610612736" "--user" "0:0" "--network" "none" "ghcr.io/rust-lang/crates-build-env/linux@sha256:819108c5571ea2e421544af4d832f968d213c87fbe3707a016657f43d2f853bc" "/opt/rustwide/cargo-home/bin/cargo" "+nightly-2025-01-18" "test" "--frozen", kill_on_drop: false }`
[INFO] [stdout] e9b00ed382e3689773226c77aa8a3d4c507741a08476e5ccc83cd6c6f53b4f10
[INFO] running `Command { std: "docker" "start" "-a" "e9b00ed382e3689773226c77aa8a3d4c507741a08476e5ccc83cd6c6f53b4f10", kill_on_drop: false }`
[INFO] [stderr] warning: no edition set: defaulting to the 2015 edition while the latest is 2024
[INFO] [stderr] warning: unused variable: `name`
[INFO] [stderr]  --> src/instructions.rs:9:12
[INFO] [stderr]   |
[INFO] [stderr] 9 |     fn new(name: &str) -> Self {
[INFO] [stderr]   |            ^^^^ help: if this is intentional, prefix it with an underscore: `_name`
[INFO] [stderr]   |
[INFO] [stderr]   = note: `#[warn(unused_variables)]` on by default
[INFO] [stderr] 
[INFO] [stderr] warning: unused variable: `opcode`
[INFO] [stderr]    --> src/instructions.rs:122:28
[INFO] [stderr]     |
[INFO] [stderr] 122 |             Instruction::I{opcode, rd, funct3, rs1, imm} => {},
[INFO] [stderr]     |                            ^^^^^^ help: try ignoring the field: `opcode: _`
[INFO] [stderr] 
[INFO] [stderr] warning: unused variable: `rd`
[INFO] [stderr]    --> src/instructions.rs:122:36
[INFO] [stderr]     |
[INFO] [stderr] 122 |             Instruction::I{opcode, rd, funct3, rs1, imm} => {},
[INFO] [stderr]     |                                    ^^ help: try ignoring the field: `rd: _`
[INFO] [stderr] 
[INFO] [stderr] warning: unused variable: `funct3`
[INFO] [stderr]    --> src/instructions.rs:122:40
[INFO] [stderr]     |
[INFO] [stderr] 122 |             Instruction::I{opcode, rd, funct3, rs1, imm} => {},
[INFO] [stderr]     |                                        ^^^^^^ help: try ignoring the field: `funct3: _`
[INFO] [stderr] 
[INFO] [stderr] warning: unused variable: `rs1`
[INFO] [stderr]    --> src/instructions.rs:122:48
[INFO] [stderr]     |
[INFO] [stderr] 122 |             Instruction::I{opcode, rd, funct3, rs1, imm} => {},
[INFO] [stderr]     |                                                ^^^ help: try ignoring the field: `rs1: _`
[INFO] [stderr] 
[INFO] [stderr] warning: unused variable: `imm`
[INFO] [stderr]    --> src/instructions.rs:122:53
[INFO] [stderr]     |
[INFO] [stderr] 122 |             Instruction::I{opcode, rd, funct3, rs1, imm} => {},
[INFO] [stderr]     |                                                     ^^^ help: try ignoring the field: `imm: _`
[INFO] [stderr] 
[INFO] [stderr] warning: unused variable: `opcode`
[INFO] [stderr]    --> src/instructions.rs:123:28
[INFO] [stderr]     |
[INFO] [stderr] 123 |             Instruction::S{opcode, funct3, rs1, rs2, imm} => {},
[INFO] [stderr]     |                            ^^^^^^ help: try ignoring the field: `opcode: _`
[INFO] [stderr] 
[INFO] [stderr] warning: unused variable: `funct3`
[INFO] [stderr]    --> src/instructions.rs:123:36
[INFO] [stderr]     |
[INFO] [stderr] 123 |             Instruction::S{opcode, funct3, rs1, rs2, imm} => {},
[INFO] [stderr]     |                                    ^^^^^^ help: try ignoring the field: `funct3: _`
[INFO] [stderr] 
[INFO] [stderr] warning: unused variable: `rs1`
[INFO] [stderr]    --> src/instructions.rs:123:44
[INFO] [stderr]     |
[INFO] [stderr] 123 |             Instruction::S{opcode, funct3, rs1, rs2, imm} => {},
[INFO] [stderr]     |                                            ^^^ help: try ignoring the field: `rs1: _`
[INFO] [stderr] 
[INFO] [stderr] warning: unused variable: `rs2`
[INFO] [stderr]    --> src/instructions.rs:123:49
[INFO] [stderr]     |
[INFO] [stderr] 123 |             Instruction::S{opcode, funct3, rs1, rs2, imm} => {},
[INFO] [stderr]     |                                                 ^^^ help: try ignoring the field: `rs2: _`
[INFO] [stderr] 
[INFO] [stderr] warning: unused variable: `imm`
[INFO] [stderr]    --> src/instructions.rs:123:54
[INFO] [stderr]     |
[INFO] [stderr] 123 |             Instruction::S{opcode, funct3, rs1, rs2, imm} => {},
[INFO] [stderr]     |                                                      ^^^ help: try ignoring the field: `imm: _`
[INFO] [stderr] 
[INFO] [stderr] warning: unused variable: `opcode`
[INFO] [stderr]    --> src/instructions.rs:124:29
[INFO] [stderr]     |
[INFO] [stderr] 124 |             Instruction::SB{opcode, funct3, rs1, rs2, imm} => {},
[INFO] [stderr]     |                             ^^^^^^ help: try ignoring the field: `opcode: _`
[INFO] [stderr] 
[INFO] [stderr] warning: unused variable: `funct3`
[INFO] [stderr]    --> src/instructions.rs:124:37
[INFO] [stderr]     |
[INFO] [stderr] 124 |             Instruction::SB{opcode, funct3, rs1, rs2, imm} => {},
[INFO] [stderr]     |                                     ^^^^^^ help: try ignoring the field: `funct3: _`
[INFO] [stderr] 
[INFO] [stderr] warning: unused variable: `rs1`
[INFO] [stderr]    --> src/instructions.rs:124:45
[INFO] [stderr]     |
[INFO] [stderr] 124 |             Instruction::SB{opcode, funct3, rs1, rs2, imm} => {},
[INFO] [stderr]     |                                             ^^^ help: try ignoring the field: `rs1: _`
[INFO] [stderr] 
[INFO] [stderr] warning: unused variable: `rs2`
[INFO] [stderr]    --> src/instructions.rs:124:50
[INFO] [stderr]     |
[INFO] [stderr] 124 |             Instruction::SB{opcode, funct3, rs1, rs2, imm} => {},
[INFO] [stderr]     |                                                  ^^^ help: try ignoring the field: `rs2: _`
[INFO] [stderr] 
[INFO] [stderr] warning: unused variable: `imm`
[INFO] [stderr]    --> src/instructions.rs:124:55
[INFO] [stderr]     |
[INFO] [stderr] 124 |             Instruction::SB{opcode, funct3, rs1, rs2, imm} => {},
[INFO] [stderr]     |                                                       ^^^ help: try ignoring the field: `imm: _`
[INFO] [stderr] 
[INFO] [stderr] warning: unused variable: `opcode`
[INFO] [stderr]    --> src/instructions.rs:125:28
[INFO] [stderr]     |
[INFO] [stderr] 125 |             Instruction::U{opcode, rd, imm} => {},
[INFO] [stderr]     |                            ^^^^^^ help: try ignoring the field: `opcode: _`
[INFO] [stderr] 
[INFO] [stderr] warning: unused variable: `rd`
[INFO] [stderr]    --> src/instructions.rs:125:36
[INFO] [stderr]     |
[INFO] [stderr] 125 |             Instruction::U{opcode, rd, imm} => {},
[INFO] [stderr]     |                                    ^^ help: try ignoring the field: `rd: _`
[INFO] [stderr] 
[INFO] [stderr] warning: unused variable: `imm`
[INFO] [stderr]    --> src/instructions.rs:125:40
[INFO] [stderr]     |
[INFO] [stderr] 125 |             Instruction::U{opcode, rd, imm} => {},
[INFO] [stderr]     |                                        ^^^ help: try ignoring the field: `imm: _`
[INFO] [stderr] 
[INFO] [stderr] warning: unused variable: `opcode`
[INFO] [stderr]    --> src/instructions.rs:126:29
[INFO] [stderr]     |
[INFO] [stderr] 126 |             Instruction::UJ{opcode, rd, imm} => {},
[INFO] [stderr]     |                             ^^^^^^ help: try ignoring the field: `opcode: _`
[INFO] [stderr] 
[INFO] [stderr] warning: unused variable: `rd`
[INFO] [stderr]    --> src/instructions.rs:126:37
[INFO] [stderr]     |
[INFO] [stderr] 126 |             Instruction::UJ{opcode, rd, imm} => {},
[INFO] [stderr]     |                                     ^^ help: try ignoring the field: `rd: _`
[INFO] [stderr] 
[INFO] [stderr] warning: unused variable: `imm`
[INFO] [stderr]    --> src/instructions.rs:126:41
[INFO] [stderr]     |
[INFO] [stderr] 126 |             Instruction::UJ{opcode, rd, imm} => {},
[INFO] [stderr]     |                                         ^^^ help: try ignoring the field: `imm: _`
[INFO] [stderr] 
[INFO] [stderr] warning: struct `GrammarParser` is never constructed
[INFO] [stderr]  --> src/main.rs:8:8
[INFO] [stderr]   |
[INFO] [stderr] 8 | struct GrammarParser;
[INFO] [stderr]   |        ^^^^^^^^^^^^^
[INFO] [stderr]   |
[INFO] [stderr]   = note: `#[warn(dead_code)]` on by default
[INFO] [stderr] 
[INFO] [stderr] warning: struct `InstructionLiterals` is never constructed
[INFO] [stderr]  --> src/instructions.rs:2:12
[INFO] [stderr]   |
[INFO] [stderr] 2 | pub struct InstructionLiterals {
[INFO] [stderr]   |            ^^^^^^^^^^^^^^^^^^^
[INFO] [stderr] 
[INFO] [stderr] warning: associated function `new` is never used
[INFO] [stderr]  --> src/instructions.rs:9:8
[INFO] [stderr]   |
[INFO] [stderr] 8 | impl InstructionLiterals {
[INFO] [stderr]   | ------------------------ associated function in this implementation
[INFO] [stderr] 9 |     fn new(name: &str) -> Self {
[INFO] [stderr]   |        ^^^
[INFO] [stderr] 
[INFO] [stderr] warning: variants `I`, `S`, `SB`, `U`, and `UJ` are never constructed
[INFO] [stderr]   --> src/instructions.rs:52:4
[INFO] [stderr]    |
[INFO] [stderr] 43 | pub enum Instruction {
[INFO] [stderr]    |          ----------- variants in this enum
[INFO] [stderr] ...
[INFO] [stderr] 52 |    I {
[INFO] [stderr]    |    ^
[INFO] [stderr] ...
[INFO] [stderr] 60 |    S {
[INFO] [stderr]    |    ^
[INFO] [stderr] ...
[INFO] [stderr] 67 |    SB {
[INFO] [stderr]    |    ^^
[INFO] [stderr] ...
[INFO] [stderr] 74 |    U {
[INFO] [stderr]    |    ^
[INFO] [stderr] ...
[INFO] [stderr] 79 |    UJ {
[INFO] [stderr]    |    ^^
[INFO] [stderr] 
[INFO] [stderr] warning: `riscv_assembler` (bin "riscv_assembler" test) generated 26 warnings
[INFO] [stderr]     Finished `test` profile [unoptimized + debuginfo] target(s) in 0.03s
[INFO] [stderr] warning: the following packages contain code that will be rejected by a future version of Rust: syn v0.14.9
[INFO] [stderr] note: to see what the problems were, use the option `--future-incompat-report`, or run `cargo report future-incompatibilities --id 1`
[INFO] [stderr]      Running unittests src/main.rs (/opt/rustwide/target/debug/deps/riscv_assembler-687dc0faba899fd1)
[INFO] [stdout] 
[INFO] [stdout] running 4 tests
[INFO] [stdout] test instructions::tests::generate_register_x10 ... ok
[INFO] [stdout] test instructions::tests::generate_register_x11 ... ok
[INFO] [stdout] test instructions::tests::test_convert_bit_array_to_byte_array ... ok
[INFO] [stdout] test instructions::tests::generate_an_op_code ... FAILED
[INFO] [stdout] 
[INFO] [stdout] failures:
[INFO] [stdout] 
[INFO] [stdout] ---- instructions::tests::generate_an_op_code stdout ----
[INFO] [stdout] 
[INFO] [stdout] thread 'instructions::tests::generate_an_op_code' panicked at src/instructions.rs:189:9:
[INFO] [stdout] assertion `left == right` failed
[INFO] [stdout]   left: [0, 197, 133, 51]
[INFO] [stdout]  right: [1, 69, 133, 51]
[INFO] [stdout] stack backtrace:
[INFO] [stdout]    0:     0x5806e837acba - std::backtrace_rs::backtrace::libunwind::trace::hb059275cfc8d6126
[INFO] [stdout]                                at /rustc/6067b36314ab5eb2eb47cecc464545ba58e1ad24/library/std/src/../../backtrace/src/backtrace/libunwind.rs:116:5
[INFO] [stdout]    1:     0x5806e837acba - std::backtrace_rs::backtrace::trace_unsynchronized::h2da071e4327ce3ee
[INFO] [stdout]                                at /rustc/6067b36314ab5eb2eb47cecc464545ba58e1ad24/library/std/src/../../backtrace/src/backtrace/mod.rs:66:5
[INFO] [stdout]    2:     0x5806e837acba - std::sys::backtrace::_print_fmt::h842a1474e6f8d23f
[INFO] [stdout]                                at /rustc/6067b36314ab5eb2eb47cecc464545ba58e1ad24/library/std/src/sys/backtrace.rs:66:9
[INFO] [stdout]    3:     0x5806e837acba - <std::sys::backtrace::BacktraceLock::print::DisplayBacktrace as core::fmt::Display>::fmt::h71a62eb3b9696b12
[INFO] [stdout]                                at /rustc/6067b36314ab5eb2eb47cecc464545ba58e1ad24/library/std/src/sys/backtrace.rs:39:26
[INFO] [stdout]    4:     0x5806e83a2233 - core::fmt::rt::Argument::fmt::hdb6b616786b41dc1
[INFO] [stdout]                                at /rustc/6067b36314ab5eb2eb47cecc464545ba58e1ad24/library/core/src/fmt/rt.rs:177:76
[INFO] [stdout]    5:     0x5806e83a2233 - core::fmt::write::h2cc1698af7e2d686
[INFO] [stdout]                                at /rustc/6067b36314ab5eb2eb47cecc464545ba58e1ad24/library/core/src/fmt/mod.rs:1440:21
[INFO] [stdout]    6:     0x5806e8377813 - std::io::Write::write_fmt::hab1b4cd059a79022
[INFO] [stdout]                                at /rustc/6067b36314ab5eb2eb47cecc464545ba58e1ad24/library/std/src/io/mod.rs:1887:15
[INFO] [stdout]    7:     0x5806e837ab02 - std::sys::backtrace::BacktraceLock::print::h147fe35b4ea13b08
[INFO] [stdout]                                at /rustc/6067b36314ab5eb2eb47cecc464545ba58e1ad24/library/std/src/sys/backtrace.rs:42:9
[INFO] [stdout]    8:     0x5806e837c0df - std::panicking::default_hook::{{closure}}::hbd44223dbdc0d208
[INFO] [stdout]                                at /rustc/6067b36314ab5eb2eb47cecc464545ba58e1ad24/library/std/src/panicking.rs:298:22
[INFO] [stdout]    9:     0x5806e837bef8 - std::panicking::default_hook::h20f81eb0576efcec
[INFO] [stdout]                                at /rustc/6067b36314ab5eb2eb47cecc464545ba58e1ad24/library/std/src/panicking.rs:322:9
[INFO] [stdout]   10:     0x5806e8344a73 - <alloc::boxed::Box<F,A> as core::ops::function::Fn<Args>>::call::hdb53814c496a4d34
[INFO] [stdout]                                at /rustc/6067b36314ab5eb2eb47cecc464545ba58e1ad24/library/alloc/src/boxed.rs:2027:9
[INFO] [stdout]   11:     0x5806e8344a73 - test::test_main::{{closure}}::hc0a4963c59427c24
[INFO] [stdout]                                at /rustc/6067b36314ab5eb2eb47cecc464545ba58e1ad24/library/test/src/lib.rs:134:21
[INFO] [stdout]   12:     0x5806e837cbd3 - <alloc::boxed::Box<F,A> as core::ops::function::Fn<Args>>::call::h591b2225413a77e9
[INFO] [stdout]                                at /rustc/6067b36314ab5eb2eb47cecc464545ba58e1ad24/library/alloc/src/boxed.rs:2027:9
[INFO] [stdout]   13:     0x5806e837cbd3 - std::panicking::rust_panic_with_hook::h625eea43051b2edc
[INFO] [stdout]                                at /rustc/6067b36314ab5eb2eb47cecc464545ba58e1ad24/library/std/src/panicking.rs:839:13
[INFO] [stdout]   14:     0x5806e837c88a - std::panicking::begin_panic_handler::{{closure}}::h4f9159cfbc3f6bd3
[INFO] [stdout]                                at /rustc/6067b36314ab5eb2eb47cecc464545ba58e1ad24/library/std/src/panicking.rs:704:13
[INFO] [stdout]   15:     0x5806e837b1b9 - std::sys::backtrace::__rust_end_short_backtrace::h0390abce48353151
[INFO] [stdout]                                at /rustc/6067b36314ab5eb2eb47cecc464545ba58e1ad24/library/std/src/sys/backtrace.rs:168:18
[INFO] [stdout]   16:     0x5806e837c51d - rust_begin_unwind
[INFO] [stdout]                                at /rustc/6067b36314ab5eb2eb47cecc464545ba58e1ad24/library/std/src/panicking.rs:695:5
[INFO] [stdout]   17:     0x5806e83a0ce0 - core::panicking::panic_fmt::h9e7c637e9e5f29c9
[INFO] [stdout]                                at /rustc/6067b36314ab5eb2eb47cecc464545ba58e1ad24/library/core/src/panicking.rs:75:14
[INFO] [stdout]   18:     0x5806e83a1002 - core::panicking::assert_failed_inner::h538bec7c1374cd9c
[INFO] [stdout]   19:     0x5806e8308ec4 - core::panicking::assert_failed::h657f2da780e9b2e2
[INFO] [stdout]                                at /rustc/6067b36314ab5eb2eb47cecc464545ba58e1ad24/library/core/src/panicking.rs:364:5
[INFO] [stdout]   20:     0x5806e830a964 - riscv_assembler::instructions::tests::generate_an_op_code::h61ef37e484445ee4
[INFO] [stdout]                                at /opt/rustwide/workdir/src/instructions.rs:189:9
[INFO] [stdout]   21:     0x5806e830a747 - riscv_assembler::instructions::tests::generate_an_op_code::{{closure}}::h71cb34fa9736da80
[INFO] [stdout]                                at /opt/rustwide/workdir/src/instructions.rs:176:29
[INFO] [stdout]   22:     0x5806e83087e6 - core::ops::function::FnOnce::call_once::h10bb817a5c3f9298
[INFO] [stdout]                                at /rustc/6067b36314ab5eb2eb47cecc464545ba58e1ad24/library/core/src/ops/function.rs:250:5
[INFO] [stdout]   23:     0x5806e834a1cb - core::ops::function::FnOnce::call_once::he27718dfdd183f43
[INFO] [stdout]                                at /rustc/6067b36314ab5eb2eb47cecc464545ba58e1ad24/library/core/src/ops/function.rs:250:5
[INFO] [stdout]   24:     0x5806e834a1cb - test::__rust_begin_short_backtrace::h4e84902998457a5d
[INFO] [stdout]                                at /rustc/6067b36314ab5eb2eb47cecc464545ba58e1ad24/library/test/src/lib.rs:632:18
[INFO] [stdout]   25:     0x5806e8349103 - test::run_test_in_process::{{closure}}::h7176fd18fc1feca0
[INFO] [stdout]                                at /rustc/6067b36314ab5eb2eb47cecc464545ba58e1ad24/library/test/src/lib.rs:655:60
[INFO] [stdout]   26:     0x5806e8349103 - <core::panic::unwind_safe::AssertUnwindSafe<F> as core::ops::function::FnOnce<()>>::call_once::hf79cff2a624d8cf7
[INFO] [stdout]                                at /rustc/6067b36314ab5eb2eb47cecc464545ba58e1ad24/library/core/src/panic/unwind_safe.rs:272:9
[INFO] [stdout]   27:     0x5806e8349103 - std::panicking::try::do_call::h3da0561d9ab99c25
[INFO] [stdout]                                at /rustc/6067b36314ab5eb2eb47cecc464545ba58e1ad24/library/std/src/panicking.rs:587:40
[INFO] [stdout]   28:     0x5806e8349103 - std::panicking::try::h41c9fa508bc61df6
[INFO] [stdout]                                at /rustc/6067b36314ab5eb2eb47cecc464545ba58e1ad24/library/std/src/panicking.rs:550:19
[INFO] [stdout]   29:     0x5806e8349103 - std::panic::catch_unwind::h6b3ff07bb5afad93
[INFO] [stdout]                                at /rustc/6067b36314ab5eb2eb47cecc464545ba58e1ad24/library/std/src/panic.rs:358:14
[INFO] [stdout]   30:     0x5806e8349103 - test::run_test_in_process::hc7253dd11b39b9f4
[INFO] [stdout]                                at /rustc/6067b36314ab5eb2eb47cecc464545ba58e1ad24/library/test/src/lib.rs:655:27
[INFO] [stdout]   31:     0x5806e8349103 - test::run_test::{{closure}}::hfb2007f8649c30bb
[INFO] [stdout]                                at /rustc/6067b36314ab5eb2eb47cecc464545ba58e1ad24/library/test/src/lib.rs:576:43
[INFO] [stdout]   32:     0x5806e830c1e5 - test::run_test::{{closure}}::h56a17aa7a282a9f4
[INFO] [stdout]                                at /rustc/6067b36314ab5eb2eb47cecc464545ba58e1ad24/library/test/src/lib.rs:606:41
[INFO] [stdout]   33:     0x5806e830c1e5 - std::sys::backtrace::__rust_begin_short_backtrace::hd2d2d2fb8e8c6aac
[INFO] [stdout]                                at /rustc/6067b36314ab5eb2eb47cecc464545ba58e1ad24/library/std/src/sys/backtrace.rs:152:18
[INFO] [stdout]   34:     0x5806e830faca - std::thread::Builder::spawn_unchecked_::{{closure}}::{{closure}}::h4faa3f9db6133423
[INFO] [stdout]                                at /rustc/6067b36314ab5eb2eb47cecc464545ba58e1ad24/library/std/src/thread/mod.rs:559:17
[INFO] [stdout]   35:     0x5806e830faca - <core::panic::unwind_safe::AssertUnwindSafe<F> as core::ops::function::FnOnce<()>>::call_once::hf2e855a36a4ea846
[INFO] [stdout]                                at /rustc/6067b36314ab5eb2eb47cecc464545ba58e1ad24/library/core/src/panic/unwind_safe.rs:272:9
[INFO] [stdout]   36:     0x5806e830faca - std::panicking::try::do_call::h2f73af3616c35465
[INFO] [stdout]                                at /rustc/6067b36314ab5eb2eb47cecc464545ba58e1ad24/library/std/src/panicking.rs:587:40
[INFO] [stdout]   37:     0x5806e830faca - std::panicking::try::hd1660ce9efadef5a
[INFO] [stdout]                                at /rustc/6067b36314ab5eb2eb47cecc464545ba58e1ad24/library/std/src/panicking.rs:550:19
[INFO] [stdout]   38:     0x5806e830faca - std::panic::catch_unwind::h5ee8d7823b8ca744
[INFO] [stdout]                                at /rustc/6067b36314ab5eb2eb47cecc464545ba58e1ad24/library/std/src/panic.rs:358:14
[INFO] [stdout]   39:     0x5806e830faca - std::thread::Builder::spawn_unchecked_::{{closure}}::h53c3a1894dce8407
[INFO] [stdout]                                at /rustc/6067b36314ab5eb2eb47cecc464545ba58e1ad24/library/std/src/thread/mod.rs:557:30
[INFO] [stdout]   40:     0x5806e830faca - core::ops::function::FnOnce::call_once{{vtable.shim}}::h048ce291ad4f62bf
[INFO] [stdout]                                at /rustc/6067b36314ab5eb2eb47cecc464545ba58e1ad24/library/core/src/ops/function.rs:250:5
[INFO] [stdout]   41:     0x5806e8380b0b - <alloc::boxed::Box<F,A> as core::ops::function::FnOnce<Args>>::call_once::ha52bedf99a3b4981
[INFO] [stdout]                                at /rustc/6067b36314ab5eb2eb47cecc464545ba58e1ad24/library/alloc/src/boxed.rs:2013:9
[INFO] [stdout]   42:     0x5806e8380b0b - <alloc::boxed::Box<F,A> as core::ops::function::FnOnce<Args>>::call_once::h567748934d80ccf8
[INFO] [stdout]                                at /rustc/6067b36314ab5eb2eb47cecc464545ba58e1ad24/library/alloc/src/boxed.rs:2013:9
[INFO] [stdout]   43:     0x5806e8380b0b - std::sys::pal::unix::thread::Thread::new::thread_start::h2d970728ae887adc
[INFO] [stdout]                                at /rustc/6067b36314ab5eb2eb47cecc464545ba58e1ad24/library/std/src/sys/pal/unix/thread.rs:106:17
[INFO] [stdout]   44:     0x705f70461ac3 - <unknown>
[INFO] [stdout]   45:     0x705f704f2a04 - clone
[INFO] [stdout]   46:                0x0 - <unknown>
[INFO] [stdout] 
[INFO] [stdout] 
[INFO] [stdout] failures:
[INFO] [stdout]     instructions::tests::generate_an_op_code
[INFO] [stdout] 
[INFO] [stdout] test result: FAILED. 3 passed; 1 failed; 0 ignored; 0 measured; 0 filtered out; finished in 0.04s
[INFO] [stdout] 
[INFO] [stderr] error: test failed, to rerun pass `--bin riscv_assembler`
[INFO] running `Command { std: "docker" "inspect" "e9b00ed382e3689773226c77aa8a3d4c507741a08476e5ccc83cd6c6f53b4f10", kill_on_drop: false }`
[INFO] running `Command { std: "docker" "rm" "-f" "e9b00ed382e3689773226c77aa8a3d4c507741a08476e5ccc83cd6c6f53b4f10", kill_on_drop: false }`
[INFO] [stdout] e9b00ed382e3689773226c77aa8a3d4c507741a08476e5ccc83cd6c6f53b4f10
